Report for Pod-Simple-3.33_04

Back
From: metabase:user:cd035d39-6d5b-1014-ab3a-39c0c09612a1
Subject: FAIL Pod-Simple-3.33_04 v5.22.1 
Date: 2016-02-29T21:51:18Z

This distribution has been tested as part of the CPAN Testers
project, supporting the Perl programming language.  See
http://wiki.cpantesters.org/ for more information or email
questions to cpan-testers-discuss@perl.org


--
Dear Neil Bowers,

This is a computer-generated report for Pod-Simple-3.33_04
on perl 5.22.1, created by CPAN-Reporter-1.2016.

Thank you for uploading your work to CPAN.  However, there was a problem
testing your distribution.

If you think this report is invalid, please consult the CPAN Testers Wiki
for suggestions on how to avoid getting FAIL reports for missing library
or binary dependencies, unsupported operating systems, and so on:

http://wiki.cpantesters.org/wiki/CPANAuthorNotes

Sections of this report:

    * Tester comments
    * Program output
    * Prerequisites
    * Environment and other context

------------------------------
TESTER COMMENTS
------------------------------

Additional comments from tester:

this report is from an automated smoke testing program
and was not reviewed by a human for accuracy

------------------------------
PROGRAM OUTPUT
------------------------------

Output from 'C:\strawberry\c\bin\dmake.EXE test':

"C:\Strawberry\perl\bin\perl.exe" "-MExtUtils::Command::MM" "-MTest::Harness" "-e" "undef *Test::Harness::Switches; test_harness(0, 'blib\lib', 'blib\arch')" t/*.t
t/00about.t ....... ok
t/20_skip.t ....... ok
t/ac_d.t .......... ok
t/accept01.t ...... ok
t/accept05.t ...... ok
t/basic.t ......... ok
t/begin.t ......... ok
t/cbacks.t ........ ok
t/chunking.t ...... ok
t/closeys.t ....... ok
t/corpus.t ........ ok
t/emptylists.t .... ok
t/enc-chars.t ..... ok
t/encod01.t ....... ok
t/encod02.t ....... ok
t/encod03.t ....... ok
# Failed test 4 in t/encod04.t at line 130 *TODO*
#  t/encod04.t line 130 is:             ok 0;
# parser guessed wrong encoding expected 'CP1252' got 'UTF-8'
t/encod04.t ....... ok
t/end_over.t ...... ok
t/eol.t ........... ok
t/eol2.t .......... ok
t/fake-closers.t .. ok
t/fcodes.t ........ ok
t/fcodes_e.t ...... ok
t/fcodes_l.t ...... ok
t/fcodes_s.t ...... ok
t/for.t ........... ok
t/fornot.t ........ ok
t/heads.t ......... ok
t/html01.t ........ ok
t/html02.t ........ ok
t/html03.t ........ ok
t/htmlbat.t ....... ok
t/items.t ......... ok
t/items02.t ....... ok
t/itemstar.t ...... ok
t/linkclas.t ...... ok
t/output.t ........ ok
t/puller.t ........ ok
t/pulltitl.t ...... ok
t/reinit.t ........ ok
t/render.t ........ ok
t/search05.t ...... ok
t/search10.t ...... ok
t/search12.t ...... ok
t/search20.t ...... ok
t/search22.t ...... ok
t/search25.t ...... ok
t/search26.t ...... ok
t/search27.t ...... ok
t/search28.t ...... ok
t/search29.t ...... ok

#   Failed test ' find('perlpodstyle') should match survey's name2where{perlpodstyle}'
#   at t/search50.t line 78.
#          got: 'C:/Strawberry/perl/site/lib/Pod/perlpodstyle'
#     expected: 'C:/Strawberry/perl/site/lib/Pod/perlpodstyle.pod'
# Looks like you failed 1 test of 4120.
t/search50.t ...... 
Dubious, test returned 1 (wstat 256, 0x100)
Failed 1/4120 subtests 
t/stree.t ......... ok
t/strpvbtm.t ...... ok
t/tiedfh.t ........ ok
t/verb_fmt.t ...... ok
t/verbatim.t ...... ok
t/whine.t ......... ok
t/x_nixer.t ....... ok
t/xhtml-bkb.t ..... ok
t/xhtml01.t ....... ok
t/xhtml05.t ....... ok
t/xhtml10.t ....... ok
t/xhtml15.t ....... ok
t/xhtml20.t ....... ok

Test Summary Report
-------------------
t/search50.t    (Wstat: 256 Tests: 4120 Failed: 1)
  Failed test:  36
  Non-zero exit status: 1
Files=65, Tests=5589, 159 wallclock secs ( 1.56 usr +  0.14 sys =  1.70 CPU)
Result: FAIL
Failed 1/65 test programs. 1/5589 subtests failed.
dmake.EXE:  Error code 255, while making 'test_dynamic'

------------------------------
PREREQUISITES
------------------------------

Prerequisite modules loaded:

requires:

    Module              Need      Have     
    ------------------- --------- ---------
    Carp                0         1.38     
    Config              0         5.022001 
    Cwd                 0         3.62     
    File::Basename      0         2.85     
    File::Find          0         1.29     
    File::Spec          0         3.62     
    integer             0         1.01     
    overload            0         1.26     
    perl                5.006     5.022001 
    Pod::Escapes        1.04      1.07     
    strict              0         1.09     
    Symbol              0         1.07     
    Test                1.25      1.26     
    Test::More          0         1.001014 
    Text::Wrap          98.112902 2013.0523

build_requires:

    Module              Need      Have     
    ------------------- --------- ---------
    ExtUtils::MakeMaker 0         7.10     

configure_requires:

    Module              Need      Have     
    ------------------- --------- ---------
    ExtUtils::MakeMaker 0         7.10     


------------------------------
ENVIRONMENT AND OTHER CONTEXT
------------------------------

Environment variables:

    AUTOMATED_TESTING = 1
    COMSPEC = C:\WINDOWS.0\system32\cmd.exe
    NONINTERACTIVE_TESTING = 1
    NUMBER_OF_PROCESSORS = 1
    PATH = C:\WINDOWS.0\system32;C:\strawberry\c\bin;C:\strawberry\perl\site\bin;C:\strawberry\perl\bin
    PERL5LIB = 
    PERL5OPT = 
    PERL5_CPANPLUS_IS_RUNNING = 288
    PERL5_CPAN_IS_RUNNING = 288
    PERL5_CPAN_IS_RUNNING_IN_RECURSION = 3312,288
    PERL_CR_SMOKER_CURRENT = Pod-Simple-3.33_04
    PERL_EXTUTILS_AUTOINSTALL = --defaultdeps
    PERL_MM_USE_DEFAULT = 1
    PROCESSOR_IDENTIFIER = x86 Family 6 Model 14 Stepping 8, GenuineIntel
    TEMP = C:\DOKUME~1\smoker\LOKALE~1\Temp
    TERM = dumb

Perl special variables (and OS-specific diagnostics, for MSWin32):

    $^X = C:\Strawberry\perl\bin\perl.exe
    $UID/$EUID = 0 / 0
    $GID = 0
    $EGID = 0
    Win32::GetOSName = WinXP/.Net
    Win32::GetOSVersion = Service Pack 3, 5, 1, 2600, 2, 3, 0, 256, 1
    Win32::FsType = NTFS
    Win32::IsAdminUser = 1

Perl module toolchain versions installed:

    Module              Have    
    ------------------- --------
    CPAN                2.11    
    CPAN::Meta          2.150005
    Cwd                 3.62    
    ExtUtils::CBuilder  0.280224
    ExtUtils::Command   7.10    
    ExtUtils::Install   2.04    
    ExtUtils::MakeMaker 7.10    
    ExtUtils::Manifest  1.70    
    ExtUtils::ParseXS   3.30    
    File::Spec          3.62    
    JSON                2.90    
    JSON::PP            2.27300 
    Module::Build       0.4216  
    Module::Signature   0.79    
    Parse::CPAN::Meta   1.4417  
    Test::Harness       3.36    
    Test::More          1.001014
    YAML                1.15    
    YAML::Syck          n/a     
    version             0.9914  


--

Summary of my perl5 (revision 5 version 22 subversion 1) configuration:
   
  Platform:
    osname=MSWin32, osvers=6.3, archname=MSWin32-x86-multi-thread-64int
    uname='Win32 strawberry-perl 5.22.1.2 #1 Wed Jan  6 13:49:46 2016 i386'
    config_args='undef'
    hint=recommended, useposix=true, d_sigaction=undef
    useithreads=define, usemultiplicity=define
    use64bitint=define, use64bitall=undef, uselongdouble=undef
    usemymalloc=n, bincompat5005=undef
  Compiler:
    cc='gcc', ccflags =' -s -O2 -DWIN32  -DPERL_TEXTMODE_SCRIPTS -DPERL_IMPLICIT_CONTEXT -DPERL_IMPLICIT_SYS -fwrapv -fno-strict-aliasing -mms-bitfields',
    optimize='-s -O2',
    cppflags='-DWIN32'
    ccversion='', gccversion='4.9.2', gccosandvers=''
    intsize=4, longsize=4, ptrsize=4, doublesize=8, byteorder=12345678, doublekind=3
    d_longlong=define, longlongsize=8, d_longdbl=define, longdblsize=12, longdblkind=3
    ivtype='long long', ivsize=8, nvtype='double', nvsize=8, Off_t='long long', lseeksize=8
    alignbytes=8, prototype=define
  Linker and Libraries:
    ld='g++', ldflags ='-s -L"C:\STRAWB~1\perl\lib\CORE" -L"C:\STRAWB~1\c\lib"'
    libpth=C:\STRAWB~1\c\lib C:\STRAWB~1\c\i686-w64-mingw32\lib C:\STRAWB~1\c\lib\gcc\i686-w64-mingw32\4.9.2
    libs=-lmoldname -lkernel32 -luser32 -lgdi32 -lwinspool -lcomdlg32 -ladvapi32 -lshell32 -lole32 -loleaut32 -lnetapi32 -luuid -lws2_32 -lmpr -lwinmm -lversion -lodbc32 -lodbccp32 -lcomctl32
    perllibs=-lmoldname -lkernel32 -luser32 -lgdi32 -lwinspool -lcomdlg32 -ladvapi32 -lshell32 -lole32 -loleaut32 -lnetapi32 -luuid -lws2_32 -lmpr -lwinmm -lversion -lodbc32 -lodbccp32 -lcomctl32
    libc=, so=dll, useshrplib=true, libperl=libperl522.a
    gnulibc_version=''
  Dynamic Linking:
    dlsrc=dl_win32.xs, dlext=xs.dll, d_dlsymun=undef, ccdlflags=' '
    cccdlflags=' ', lddlflags='-mdll -s -L"C:\STRAWB~1\perl\lib\CORE" -L"C:\STRAWB~1\c\lib"'


Characteristics of this binary (from libperl): 
  Compile-time options: HAS_TIMES HAVE_INTERP_INTERN MULTIPLICITY
                        PERLIO_LAYERS PERL_DONT_CREATE_GVSV
                        PERL_HASH_FUNC_ONE_AT_A_TIME_HARD
                        PERL_IMPLICIT_CONTEXT PERL_IMPLICIT_SYS
                        PERL_MALLOC_WRAP PERL_NEW_COPY_ON_WRITE
                        PERL_PRESERVE_IVUV USE_64_BIT_INT USE_ITHREADS
                        USE_LARGE_FILES USE_LOCALE USE_LOCALE_COLLATE
                        USE_LOCALE_CTYPE USE_LOCALE_NUMERIC USE_LOCALE_TIME
                        USE_PERLIO USE_PERL_ATOF
  Built under MSWin32
  Compiled at Jan  6 2016 13:55:01
  %ENV:
    PERL5_CPANPLUS_IS_RUNNING="288"
    PERL5_CPAN_IS_RUNNING="288"
    PERL5_CPAN_IS_RUNNING_IN_RECURSION="3312,288"
    PERL_CR_SMOKER_CURRENT="Pod-Simple-3.33_04"
    PERL_EXTUTILS_AUTOINSTALL="--defaultdeps"
    PERL_MM_USE_DEFAULT="1"
  @INC:
    C:/Strawberry/perl/site/lib
    C:/Strawberry/perl/vendor/lib
    C:/Strawberry/perl/lib
    .