Report for Test-LeakTrace-0.15

Back
From: metabase:user:314402c4-2aae-11df-837a-5e0a49663a4f
Subject: FAIL Test-LeakTrace-0.15 v5.21.6 FreeBSD
Date: 2014-11-21T18:07:49Z

This distribution has been tested as part of the CPAN Testers
project, supporting the Perl programming language.  See
http://wiki.cpantesters.org/ for more information or email
questions to cpan-testers-discuss@perl.org


--
Dear Goro Fuji,

This is a computer-generated report for Test-LeakTrace-0.15
on perl 5.21.6, created by CPAN-Reporter-1.2011.

Thank you for uploading your work to CPAN.  However, there was a problem
testing your distribution.

If you think this report is invalid, please consult the CPAN Testers Wiki
for suggestions on how to avoid getting FAIL reports for missing library
or binary dependencies, unsupported operating systems, and so on:

http://wiki.cpantesters.org/wiki/CPANAuthorNotes

Sections of this report:

    * Tester comments
    * Program output
    * Prerequisites
    * Environment and other context

------------------------------
TESTER COMMENTS
------------------------------

Additional comments from tester:

none provided

------------------------------
PROGRAM OUTPUT
------------------------------

Output from '/usr/bin/make test':

Running Mkbootstrap for Test::LeakTrace ()
chmod 644 "LeakTrace.bs"
PERL_DL_NONLAZY=1 "/usr/perl5.21.6/bin/perl5.21.6" "-MExtUtils::Command::MM" "-MTest::Harness" "-e" "undef *Test::Harness::Switches; test_harness(0, 'inc', 'blib/lib', 'blib/arch')" t/*.t
# Testing Test::LeakTrace/0.15
t/00_compile.t ..... ok
t/01_info.t ........ 
Failed 2/4 subtests 
t/02_refs.t ........ ok
t/03_count.t ....... ok
t/04_test_funcs.t .. ok
t/05_script.t ...... ok
t/06_threads.t ..... skipped: require threads
t/07_eval.t ........ ok
t/08_leaktrace.t ... 
All 428 subtests passed 
t/09_info_more.t ... ok
t/10_bad_use.t ..... ok
t/11_logfp.t ....... ok
t/12_padstale.t .... ok
t/13_do.t .......... ok

Test Summary Report
-------------------
t/01_info.t      (Wstat: 11 Tests: 2 Failed: 0)
  Non-zero wait status: 11
  Parse errors: Bad plan.  You planned 4 tests but ran 2.
t/08_leaktrace.t (Wstat: 11 Tests: 428 Failed: 0)
  Non-zero wait status: 11
  Parse errors: No plan found in TAP output
Files=14, Tests=485,  2 wallclock secs ( 0.17 usr  0.04 sys +  1.48 cusr  0.25 csys =  1.94 CPU)
Result: FAIL
Failed 2/14 test programs. 0/485 subtests failed.
*** [test_dynamic] Error code 255

Stop in /usr/local/src/CPAN/build/Test-LeakTrace-0.15-FOAb8L.

------------------------------
PREREQUISITES
------------------------------

Prerequisite modules loaded:

requires:

    Module              Need     Have        
    ------------------- -------- ------------
    Exporter            5.57     5.72        
    perl                5.008001 5.021006    
    Test::More          0.62     1.301001_075

build_requires:

    Module              Need     Have        
    ------------------- -------- ------------
    ExtUtils::MakeMaker 6.59     7.02        

configure_requires:

    Module              Need     Have        
    ------------------- -------- ------------
    ExtUtils::MakeMaker 6.59     7.02        


------------------------------
ENVIRONMENT AND OTHER CONTEXT
------------------------------

Environment variables:

    DBIC_NO_WARN_BAD_PERL = 1
    LC_ALL = de_DE.ISO8859-1
    PATH = /usr/local/bin:/usr/bin:/bin:/usr/local/sbin:/usr/sbin:/sbin:/home/e/eserte/bin/freebsd9.1:/home/e/eserte/bin/sh:/home/e/eserte/bin:/usr/games:/home/e/eserte/devel:/home/e/eserte/src/srezic-misc/scripts
    PERL5LIB = 
    PERL5OPT = 
    PERL5_CPANPLUS_IS_RUNNING = 20051
    PERL5_CPAN_IS_RUNNING = 20051
    PERL5_CPAN_IS_RUNNING_IN_RECURSION = 19983,20051
    PERLDOC = -MPod::Perldoc::ToTextOverstrike
    PERL_BATCH = yes
    PERL_CPAN_REPORTER_CONFIG = /var/tmp/cpansmoker-1000/MqIQQ8wcRI_config.ini
    PERL_EXTUTILS_AUTOINSTALL = --defaultdeps
    PERL_HTML_DISPLAY_CLASS = HTML::Display::Mozilla
    SHELL = /usr/local/bin/zsh
    STDPERL = perl
    TERM = screen
    TMPDIR = /var/tmp/cpansmoker-1000

Perl special variables (and OS-specific diagnostics, for MSWin32):

    $^X = /usr/perl5.21.6/bin/perl5.21.6
    $UID/$EUID = 1000 / 1000
    $GID = 1000 1000 0 5 1023 1024
    $EGID = 1000 1000 0 5 1023 1024

Perl module toolchain versions installed:

    Module              Have        
    ------------------- ------------
    CPAN                2.05        
    CPAN::Meta          2.143240    
    Cwd                 3.51        
    ExtUtils::CBuilder  0.280220    
    ExtUtils::Command   1.18        
    ExtUtils::Install   2.04        
    ExtUtils::MakeMaker 7.02        
    ExtUtils::Manifest  1.69        
    ExtUtils::ParseXS   3.26        
    File::Spec          3.51        
    JSON                2.90        
    JSON::PP            2.27300     
    Module::Build       0.4210      
    Module::Signature   n/a         
    Parse::CPAN::Meta   1.4414      
    Test::Harness       3.34        
    Test::More          1.301001_075
    YAML                1.13        
    YAML::Syck          1.27        
    version             0.9909      


--

Summary of my perl5 (revision 5 version 21 subversion 6) configuration:
   
  Platform:
    osname=freebsd, osvers=9.2-release, archname=amd64-freebsd
    uname='freebsd cvrsnica.herceg.de 9.2-release freebsd 9.2-release #0 r255898: thu sep 26 22:50:31 utc 2013 root@bake.isc.freebsd.org:usrobjusrsrcsysgeneric amd64 '
    config_args='-D useshrplib=true -Dprefix=/usr/perl5.21.6 -Dusemymalloc=n -D cc=ccache cc -D usedevel=define -Dgccansipedantic -Duse64bit -de -D hintfile=myfreebsd'
    hint=recommended, useposix=true, d_sigaction=define
    useithreads=undef, usemultiplicity=undef
    use64bitint=define, use64bitall=define, uselongdouble=undef
    usemymalloc=n, bincompat5005=undef
  Compiler:
    cc='ccache cc', ccflags ='-DHAS_FPSETMASK -DHAS_FLOATINGPOINT_H -fno-strict-aliasing -pipe -fstack-protector -I/usr/local/include -D_FORTIFY_SOURCE=2',
    optimize='-O',
    cppflags='-DHAS_FPSETMASK -DHAS_FLOATINGPOINT_H -fno-strict-aliasing -pipe -fstack-protector -I/usr/local/include'
    ccversion='', gccversion='4.2.1 20070831 patched [FreeBSD]', gccosandvers=''
    intsize=4, longsize=8, ptrsize=8, doublesize=8, byteorder=12345678, doublekind=3
    d_longlong=define, longlongsize=8, d_longdbl=define, longdblsize=16, longdblkind=3
    ivtype='long', ivsize=8, nvtype='double', nvsize=8, Off_t='off_t', lseeksize=8
    alignbytes=8, prototype=define
  Linker and Libraries:
    ld='ccache cc', ldflags ='-Wl,-E  -fstack-protector -L/usr/local/lib'
    libpth=/usr/lib /usr/local/lib /usr/include/gcc/4.2 /usr/lib
    libs=-lgdbm -lm -lcrypt -lutil -lc
    perllibs=-lm -lcrypt -lutil -lc
    libc=, so=so, useshrplib=true, libperl=libperl.so
    gnulibc_version=''
  Dynamic Linking:
    dlsrc=dl_dlopen.xs, dlext=so, d_dlsymun=undef, ccdlflags='  -Wl,-R/usr/perl5.21.6/lib/5.21.6/amd64-freebsd/CORE'
    cccdlflags='-DPIC -fPIC', lddlflags='-shared  -L/usr/local/lib -fstack-protector'


Characteristics of this binary (from libperl): 
  Compile-time options: HAS_TIMES PERLIO_LAYERS PERL_DONT_CREATE_GVSV
                        PERL_HASH_FUNC_ONE_AT_A_TIME_HARD PERL_MALLOC_WRAP
                        PERL_NEW_COPY_ON_WRITE PERL_PRESERVE_IVUV
                        PERL_USE_DEVEL USE_64_BIT_ALL USE_64_BIT_INT
                        USE_LARGE_FILES USE_LOCALE USE_LOCALE_COLLATE
                        USE_LOCALE_CTYPE USE_LOCALE_NUMERIC USE_LOCALE_TIME
                        USE_PERLIO USE_PERL_ATOF
  Built under freebsd
  Compiled at Nov 21 2014 07:37:22
  %ENV:
    PERL5LIB=""
    PERL5OPT=""
    PERL5_CPANPLUS_IS_RUNNING="20051"
    PERL5_CPAN_IS_RUNNING="20051"
    PERL5_CPAN_IS_RUNNING_IN_RECURSION="19983,20051"
    PERLDOC="-MPod::Perldoc::ToTextOverstrike"
    PERL_BATCH="yes"
    PERL_CPAN_REPORTER_CONFIG="/var/tmp/cpansmoker-1000/MqIQQ8wcRI_config.ini"
    PERL_EXTUTILS_AUTOINSTALL="--defaultdeps"
    PERL_HTML_DISPLAY_CLASS="HTML::Display::Mozilla"
  @INC:
    /usr/perl5.21.6/lib/site_perl/5.21.6/amd64-freebsd
    /usr/perl5.21.6/lib/site_perl/5.21.6
    /usr/perl5.21.6/lib/5.21.6/amd64-freebsd
    /usr/perl5.21.6/lib/5.21.6
    .