Report for PDL-Graphics-PLplot-0.55

Back
From: metabase:user:322078bc-2aae-11df-837a-5e0a49663a4f
Subject: FAIL PDL-Graphics-PLplot-0.55 v5.8.8 Mac OS X
Date: 2011-05-01T11:36:49Z

This distribution has been tested as part of the CPAN Testers
project, supporting the Perl programming language.  See
http://wiki.cpantesters.org/ for more information or email
questions to cpan-testers-discuss@perl.org


--

Dear DHUNT,

This is a computer-generated error report created automatically by
CPANPLUS, version 0.9104. Testers personal comments may appear
at the end of this report.


Thank you for uploading your work to CPAN.  However, it appears that
there were some problems testing your distribution.

TEST RESULTS:

Below is the error stack from stage 'make test':

[MSG] [Sun May  1 12:07:04 2011] cp Inline.pod blib/lib/Inline.pod
cp lib/Inline/MakeMaker/Changes blib/lib/Inline/MakeMaker/Changes
cp lib/Inline/denter.pm blib/lib/Inline/denter.pm
AutoSplitting blib/lib/Inline/denter.pm (blib/lib/auto/Inline/denter)
cp Inline.pm blib/lib/Inline.pm
AutoSplitting blib/lib/Inline.pm (blib/lib/auto/Inline)
cp lib/Inline/Foo.pm blib/lib/Inline/Foo.pm
cp Inline-API.pod blib/lib/Inline-API.pod
cp lib/Inline/MakeMaker.pm blib/lib/Inline/MakeMaker.pm
cp Inline-FAQ.pod blib/lib/Inline-FAQ.pod
cp Inline-Support.pod blib/lib/Inline-Support.pod
cp lib/Inline/C/ParseRegExp.pm ../blib/lib/Inline/C/ParseRegExp.pm
cp C-Cookbook.pod ../blib/lib/Inline/C-Cookbook.pod
cp C.pm ../blib/lib/Inline/C.pm
cp C.pod ../blib/lib/Inline/C.pod
cp lib/Inline/C/ParseRecDescent.pm ../blib/lib/Inline/C/ParseRecDescent.pm
Manifying ../blib/man3/Inline::C::ParseRegExp.3
Manifying ../blib/man3/Inline::C-Cookbook.3
Manifying ../blib/man3/Inline::C::ParseRecDescent.3
Manifying ../blib/man3/Inline::C.3
Manifying blib/man3/Inline.3
Manifying blib/man3/Inline-API.3
Manifying blib/man3/Inline-FAQ.3
Manifying blib/man3/Inline-Support.3

[MSG] [Sun May  1 12:11:09 2011] MAKE TEST passed: PERL_DL_NONLAZY=1 /Volumes/Media/smoke/rel/perl-5.8.8/bin/perl "-MExtUtils::Command::MM" "-e" "test_harness(0, 'blib/lib', 'blib/arch')" t/*.t
t/00init.t .... ok
t/01usages.t .. ok
t/02config.t .. ok
t/03errors.t .. ok
t/04create.t .. ok
t/05files.t ... skipped: (no reason given)
All tests successful.
Files=6, Tests=14, 17 wallclock secs ( 0.30 usr  0.16 sys +  5.10 cusr  1.23 csys =  6.79 CPU)
Result: PASS
PERL_DL_NONLAZY=1 /Volumes/Media/smoke/rel/perl-5.8.8/bin/perl "-MExtUtils::Command::MM" "-e" "test_harness(0, '../blib/lib', '../blib/arch')" t/*.t
t/00init.t .............. ok
t/01syntax.t ............ ok
t/02config.t ............ ok
t/03typemap.t ........... ok
t/04perlapi.t ........... ok
t/05xsmode.t ............ ok
t/06parseregexp.t ....... ok
t/07typemap_multi.t ..... ok
t/08taint.t ............. ok

This test could take a couple of minutes to run
t/09parser.t ............ ok
t/10callback.t .......... ok
t/11default_readonly.t .. ok
Skipped - applies only to perl 5.6.x
t/12taint_old.t ......... ok
All tests successful.
Files=13, Tests=33, 226 wallclock secs ( 0.50 usr  0.30 sys + 154.22 cusr 62.84 csys = 217.86 CPU)
Result: PASS

[MSG] [Sun May  1 12:11:10 2011] Sending test report for 'Inline-0.48'
[MSG] [Sun May  1 12:11:10 2011] Successfully sent 'pass' report for 'Inline-0.48'
[MSG] [Sun May  1 12:33:18 2011] /Volumes/Media/smoke/rel/perl-5.8.8/bin/perl "-Iblib/arch" "-Iblib/lib" pdldoc.PL pdldoc
Extracting pdldoc (WITH bad value support)
cp LiteF.pm ../blib/lib/PDL/LiteF.pm
cp Reduce.pm ../blib/lib/PDL/Reduce.pm
cp default.perldlrc ../blib/lib/PDL/default.perldlrc
cp AutoLoader.pm ../blib/lib/PDL/AutoLoader.pm
cp Lvalue.pm ../blib/lib/PDL/Lvalue.pm
cp Matrix.pm ../blib/lib/PDL/Matrix.pm
cp PDL.pm ../blib/lib/PDL.pm
cp Lite.pm ../blib/lib/PDL/Lite.pm
cp Options.pm ../blib/lib/PDL/Options.pm
cp Constants.pm ../blib/lib/PDL/Constants.pm
/Volumes/Media/smoke/rel/perl-5.8.8/bin/perl -MPod::Select -e "podselect('../Gen/Inline/Pdlpp.pm');" > PP-Inline.pod
cp BadValues.pod ../../blib/lib/PDL/BadValues.pod
cp Internals.pod ../../blib/lib/PDL/Internals.pod
cp FAQ.pod ../../blib/lib/PDL/FAQ.pod
cp MATLAB.pod ../../blib/lib/PDL/MATLAB.pod
cp Philosophy.pod ../../blib/lib/PDL/Philosophy.pod
cp Objects.pod ../../blib/lib/PDL/Objects.pod
cp PP.pod ../../blib/lib/PDL/PP.pod
cp Scilab.pod ../../blib/lib/PDL/Scilab.pod
cp PP-Inline.pod ../../blib/lib/PDL/PP-Inline.pod
cp Tips.pod ../../blib/lib/PDL/Tips.pod
cp Dataflow.pod ../../blib/lib/PDL/Dataflow.pod
cp Course.pod ../../blib/lib/PDL/Course.pod
cp Delta.pod ../../blib/lib/PDL/Delta.pod
cp Tutorials.pod ../../blib/lib/PDL/Tutorials.pod
cp Threading.pod ../../blib/lib/PDL/Threading.pod
cp Modules.pod ../../blib/lib/PDL/Modules.pod
cp Indexing.pod ../../blib/lib/PDL/Indexing.pod
cp QuickStart.pod ../../blib/lib/PDL/QuickStart.pod
cp API.pod ../../blib/lib/PDL/API.pod
Manifying ../../blib/man1/PDL::BadValues.1
Manifying ../../blib/man1/PDL::Internals.1
Manifying ../../blib/man1/PDL::Philosophy.1
Manifying ../../blib/man1/PDL::MATLAB.1
Manifying ../../blib/man1/PDL::FAQ.1
Manifying ../../blib/man1/PDL::Objects.1
Manifying ../../blib/man1/PDL::PP.1
Manifying ../../blib/man1/PDL::Scilab.1
Manifying ../../blib/man1/PDL::PP-Inline.1
Manifying ../../blib/man1/PDL::Tips.1
Manifying ../../blib/man1/PDL::Dataflow.1
Manifying ../../blib/man1/PDL::Course.1
Manifying ../../blib/man1/PDL::Delta.1
Manifying ../../blib/man1/PDL::Tutorials.1
Manifying ../../blib/man1/PDL::Threading.1
Manifying ../../blib/man1/PDL::Modules.1
Manifying ../../blib/man1/PDL::Indexing.1
Manifying ../../blib/man1/PDL::QuickStart.1
Manifying ../../blib/man1/PDL::API.1
/Volumes/Media/smoke/rel/perl-5.8.8/bin/perl PP/dump.pp > PP/Dump.pm.tmp
mv PP/Dump.pm.tmp PP/Dump.pm
/Volumes/Media/smoke/rel/perl-5.8.8/bin/perl "-I../../blib/arch" "-I../../blib/lib" pptemplate.PL pptemplate
Extracting pptemplate (with variable substitutions)
/Volumes/Media/smoke/rel/perl-5.8.8/bin/perl -MPod::Select -e "podselect('pptemplate');" > pptemplate.pod
cp PP.pm ../../blib/lib/PDL/PP.pm
cp PP/Var.pm ../../blib/lib/PDL/PP/Var.pm
cp PP/CType.pm ../../blib/lib/PDL/PP/CType.pm
cp PP/PDLCode.pm ../../blib/lib/PDL/PP/PDLCode.pm
cp PP/SymTab.pm ../../blib/lib/PDL/PP/SymTab.pm
cp PP/PdlParObj.pm ../../blib/lib/PDL/PP/PdlParObj.pm
cp PP/Signature.pm ../../blib/lib/PDL/PP/Signature.pm
cp PP/XS.pm ../../blib/lib/PDL/PP/XS.pm
cp PP/Dump.pm ../../blib/lib/PDL/PP/Dump.pm
cp pptemplate.pod ../../blib/lib/PDL/pptemplate.pod
cp PP/Struct.pm ../../blib/lib/PDL/PP/Struct.pm
cp PP/Dims.pm ../../blib/lib/PDL/PP/Dims.pm
cp Pdlpp.pm ../../../blib/lib/Inline/Pdlpp.pm
cp MakePdlppInstallable.pm ../../../blib/lib/Inline/MakePdlppInstallable.pm
Manifying ../../../blib/man3/Pdlpp.3
cp pptemplate ../../blib/script/pptemplate
/Volumes/Media/smoke/rel/perl-5.8.8/bin/perl -MExtUtils::MY -e 'MY->fixin(shift)' -- ../../blib/script/pptemplate
Manifying ../../blib/man1/pptemplate.1
Manifying ../../blib/man3/PDL::PP.3
Manifying ../../blib/man3/PDL::pptemplate.3
Manifying ../../blib/man3/PDL::PP::Signature.3
Manifying ../../blib/man3/PDL::PP::Dump.3
cp NiceSlice.pm ../../blib/lib/PDL/NiceSlice.pm
Manifying ../../blib/man3/PDL::NiceSlice.3
/Volumes/Media/smoke/rel/perl-5.8.8/bin/perl -I../../blib/arch -I../../blib/lib -I/Volumes/Media/smoke/rel/perl-5.8.8/lib/5.8.8/darwin-thread-multi-64int-2level -I/Volumes/Media/smoke/rel/perl-5.8.8/lib/5.8.8 Core.pm.PL Core.pm
Extracting Core.pm (WITH bad value support)
/Volumes/Media/smoke/rel/perl-5.8.8/bin/perl pdl.h.PL pdl.h
adding...
#define PDL_U PDL_US
#define PDL_Q PDL_LL
Extracting pdl.h
/Volumes/Media/smoke/rel/perl-5.8.8/bin/perl pdlcore.h.PL pdlcore.h
Extracting pdlcore.h
/Volumes/Media/smoke/rel/perl-5.8.8/bin/perl pdlsimple.h.PL pdlsimple.h
adding...
#define PDL_U PDL_US
#define PDL_Q PDL_LL
Extracting pdlsimple.h (with variable substitutions)
cp Dbg.pm ../../blib/lib/PDL/Dbg.pm
cp pdl.h ../../blib/lib/PDL/Core/pdl.h
cp Core.pm ../../blib/lib/PDL/Core.pm
cp Config.pm ../../blib/lib/PDL/Config.pm
cp Types.pm ../../blib/lib/PDL/Types.pm
cp Char.pm ../../blib/lib/PDL/Char.pm
cp Basic.pm ../../blib/lib/PDL/Basic.pm
cp pdlthread.h ../../blib/lib/PDL/Core/pdlthread.h
cp ppport.h ../../blib/lib/PDL/Core/ppport.h
cp Exporter.pm ../../blib/lib/PDL/Exporter.pm
cp Version.pm ../../blib/lib/PDL/Version.pm
cp pdlcore.h ../../blib/lib/PDL/Core/pdlcore.h
cp pdlsimple.h ../../blib/lib/PDL/Core/pdlsimple.h
cp typemap.pdl ../../blib/lib/PDL/Core/typemap.pdl
cp pdlmagic.h ../../blib/lib/PDL/Core/pdlmagic.h
cp Dev.pm ../../blib/lib/PDL/Core/Dev.pm
/Volumes/Media/smoke/rel/perl-5.8.8/bin/perl "-I../../blib/arch" "-I../../blib/lib" Core.xs.PL Core.xs
Extracting Core.xs (WITH bad value support)
/Volumes/Media/smoke/rel/perl-5.8.8/bin/perl /Volumes/Media/smoke/rel/perl-5.8.8/lib/site_perl/5.8.8/ExtUtils/xsubpp  -typemap /Volumes/Media/smoke/rel/perl-5.8.8/lib/5.8.8/ExtUtils/typemap -typemap typemap Core.xs > Core.xsc && mv Core.xsc Core.c
cc -c   -fno-common -DPERL_DARWIN -no-cpp-precomp -fno-strict-aliasing -pipe -Wdeclaration-after-statement -I/usr/local/include -O3   -DVERSION=\"2.4.9\" -DXS_VERSION=\"2.4.9\"  "-I/Volumes/Media/smoke/rel/perl-5.8.8/lib/5.8.8/darwin-thread-multi-64int-2level/CORE"   Core.c
/Volumes/Media/smoke/rel/perl-5.8.8/bin/perl "-I../../blib/arch" "-I../../blib/lib" pdlcore.c.PL pdlcore.c
Extracting pdlcore.c (WITH bad value support)
     Trying finite: math.h...
     		YES
cc -c   -fno-common -DPERL_DARWIN -no-cpp-precomp -fno-strict-aliasing -pipe -Wdeclaration-after-statement -I/usr/local/include -O3   -DVERSION=\"2.4.9\" -DXS_VERSION=\"2.4.9\"  "-I/Volumes/Media/smoke/rel/perl-5.8.8/lib/5.8.8/darwin-thread-multi-64int-2level/CORE"   pdlcore.c
cc -c   -fno-common -DPERL_DARWIN -no-cpp-precomp -fno-strict-aliasing -pipe -Wdeclaration-after-statement -I/usr/local/include -O3   -DVERSION=\"2.4.9\" -DXS_VERSION=\"2.4.9\"  "-I/Volumes/Media/smoke/rel/perl-5.8.8/lib/5.8.8/darwin-thread-multi-64int-2level/CORE"   pdlapi.c
cc -c   -fno-common -DPERL_DARWIN -no-cpp-precomp -fno-strict-aliasing -pipe -Wdeclaration-after-statement -I/usr/local/include -O3   -DVERSION=\"2.4.9\" -DXS_VERSION=\"2.4.9\"  "-I/Volumes/Media/smoke/rel/perl-5.8.8/lib/5.8.8/darwin-thread-multi-64int-2level/CORE"   pdlhash.c
cc -c   -fno-common -DPERL_DARWIN -no-cpp-precomp -fno-strict-aliasing -pipe -Wdeclaration-after-statement -I/usr/local/include -O3   -DVERSION=\"2.4.9\" -DXS_VERSION=\"2.4.9\"  "-I/Volumes/Media/smoke/rel/perl-5.8.8/lib/5.8.8/darwin-thread-multi-64int-2level/CORE"   pdlthread.c
pdlthread.c:501:1: warning: "croak" redefined
In file included from /Volumes/Media/smoke/rel/perl-5.8.8/lib/5.8.8/darwin-thread-multi-64int-2level/CORE/perl.h:756,
                 from pdlcore.h:9,
                 from pdlthread.c:6:
/Volumes/Media/smoke/rel/perl-5.8.8/lib/5.8.8/darwin-thread-multi-64int-2level/CORE/embed.h:4191:1: warning: this is the location of the previous definition
/Volumes/Media/smoke/rel/perl-5.8.8/bin/perl "-I../../blib/arch" "-I../../blib/lib" pdlconv.c.PL pdlconv.c
Extracting pdlconv.c
cc -c   -fno-common -DPERL_DARWIN -no-cpp-precomp -fno-strict-aliasing -pipe -Wdeclaration-after-statement -I/usr/local/include -O3   -DVERSION=\"2.4.9\" -DXS_VERSION=\"2.4.9\"  "-I/Volumes/Media/smoke/rel/perl-5.8.8/lib/5.8.8/darwin-thread-multi-64int-2level/CORE"   pdlconv.c
cc -c   -fno-common -DPERL_DARWIN -no-cpp-precomp -fno-strict-aliasing -pipe -Wdeclaration-after-statement -I/usr/local/include -O3   -DVERSION=\"2.4.9\" -DXS_VERSION=\"2.4.9\"  "-I/Volumes/Media/smoke/rel/perl-5.8.8/lib/5.8.8/darwin-thread-multi-64int-2level/CORE"   pdlmagic.c
/Volumes/Media/smoke/rel/perl-5.8.8/bin/perl -e 'require "/Volumes/Media/smoke/rel/conf/perl-5.8.8/.cpanplus/5.8.8/build/PDL-2.4.9/Basic/Core/Dev.pm"; \
PDL::Core::Dev->import();				\
genpp()' pdlsections.g  > pdlsections.c
cc -c   -fno-common -DPERL_DARWIN -no-cpp-precomp -fno-strict-aliasing -pipe -Wdeclaration-after-statement -I/usr/local/include -O3   -DVERSION=\"2.4.9\" -DXS_VERSION=\"2.4.9\"  -I/Volumes/Media/smoke/rel/perl-5.8.8/lib/5.8.8/darwin-thread-multi-64int-2level/CORE  pdlsections.c
Running Mkbootstrap for PDL::Core ()
chmod 644 Core.bs
rm -f ../../blib/arch/auto/PDL/Core/Core.bundle
env MACOSX_DEPLOYMENT_TARGET=10.3 cc  -bundle -undefined dynamic_lookup -L/usr/local/lib Core.o pdlcore.o pdlapi.o pdlhash.o pdlthread.o pdlconv.o pdlmagic.o pdlsections.o   -o ../../blib/arch/auto/PDL/Core/Core.bundle 	\
     	\
  
chmod 755 ../../blib/arch/auto/PDL/Core/Core.bundle
cp Core.bs ../../blib/arch/auto/PDL/Core/Core.bs
chmod 644 ../../blib/arch/auto/PDL/Core/Core.bs
Manifying ../../blib/man3/PDL::Exporter.3
Manifying ../../blib/man3/PDL::Core.3
Manifying ../../blib/man3/PDL::Types.3
Manifying ../../blib/man3/PDL::Config.3
Manifying ../../blib/man3/PDL::Dbg.3
Manifying ../../blib/man3/PDL::Char.3
Manifying ../../blib/man3/PDL::Basic.3
Manifying ../../blib/man3/PDL::Dev.3
/Volumes/Media/smoke/rel/perl-5.8.8/bin/perl -I/Volumes/Media/smoke/rel/conf/perl-5.8.8/.cpanplus/5.8.8/build/PDL-2.4.9/blib/lib -I/Volumes/Media/smoke/rel/conf/perl-5.8.8/.cpanplus/5.8.8/build/PDL-2.4.9/blib/arch "-MPDL::PP qw/PDL::Bad PDL::Bad Bad/" bad.pd
cp Bad.pm ../../blib/lib/PDL/Bad.pm
/Volumes/Media/smoke/rel/perl-5.8.8/bin/perl /Volumes/Media/smoke/rel/perl-5.8.8/lib/site_perl/5.8.8/ExtUtils/xsubpp  -typemap /Volumes/Media/smoke/rel/perl-5.8.8/lib/5.8.8/ExtUtils/typemap -typemap /Volumes/Media/smoke/rel/conf/perl-5.8.8/.cpanplus/5.8.8/build/PDL-2.4.9/Basic/Core/typemap.pdl  Bad.xs > Bad.xsc && mv Bad.xsc Bad.c
cc -c  -I/Volumes/Media/smoke/rel/conf/perl-5.8.8/.cpanplus/5.8.8/build/PDL-2.4.9/Basic/Core   -fno-common -DPERL_DARWIN -no-cpp-precomp -fno-strict-aliasing -pipe -Wdeclaration-after-statement -I/usr/local/include -O3   -DVERSION=\"2.4.9\" -DXS_VERSION=\"2.4.9\"  "-I/Volumes/Media/smoke/rel/perl-5.8.8/lib/5.8.8/darwin-thread-multi-64int-2level/CORE"   Bad.c
Running Mkbootstrap for PDL::Bad ()
chmod 644 Bad.bs
rm -f ../../blib/arch/auto/PDL/Bad/Bad.bundle
env MACOSX_DEPLOYMENT_TARGET=10.3 cc  -bundle -undefined dynamic_lookup -L/usr/local/lib Bad.o  -o ../../blib/arch/auto/PDL/Bad/Bad.bundle 	\
     	\
  
chmod 755 ../../blib/arch/auto/PDL/Bad/Bad.bundle
cp Bad.bs ../../blib/arch/auto/PDL/Bad/Bad.bs
chmod 644 ../../blib/arch/auto/PDL/Bad/Bad.bs
Manifying ../../blib/man3/PDL::Bad.3
/Volumes/Media/smoke/rel/perl-5.8.8/bin/perl -I/Volumes/Media/smoke/rel/conf/perl-5.8.8/.cpanplus/5.8.8/build/PDL-2.4.9/blib/lib -I/Volumes/Media/smoke/rel/conf/perl-5.8.8/.cpanplus/5.8.8/build/PDL-2.4.9/blib/arch "-MPDL::PP qw/PDL::Ops PDL::Ops Ops/" ops.pd
cp Ops.pm ../../blib/lib/PDL/Ops.pm
/Volumes/Media/smoke/rel/perl-5.8.8/bin/perl /Volumes/Media/smoke/rel/perl-5.8.8/lib/site_perl/5.8.8/ExtUtils/xsubpp  -typemap /Volumes/Media/smoke/rel/perl-5.8.8/lib/5.8.8/ExtUtils/typemap -typemap /Volumes/Media/smoke/rel/conf/perl-5.8.8/.cpanplus/5.8.8/build/PDL-2.4.9/Basic/Core/typemap.pdl  Ops.xs > Ops.xsc && mv Ops.xsc Ops.c
cc -c  -I/Volumes/Media/smoke/rel/conf/perl-5.8.8/.cpanplus/5.8.8/build/PDL-2.4.9/Basic/Core   -fno-common -DPERL_DARWIN -no-cpp-precomp -fno-strict-aliasing -pipe -Wdeclaration-after-statement -I/usr/local/include -O3   -DVERSION=\"2.4.9\" -DXS_VERSION=\"2.4.9\"  "-I/Volumes/Media/smoke/rel/perl-5.8.8/lib/5.8.8/darwin-thread-multi-64int-2level/CORE"   Ops.c
Running Mkbootstrap for PDL::Ops ()
chmod 644 Ops.bs
rm -f ../../blib/arch/auto/PDL/Ops/Ops.bundle
env MACOSX_DEPLOYMENT_TARGET=10.3 cc  -bundle -undefined dynamic_lookup -L/usr/local/lib Ops.o  -o ../../blib/arch/auto/PDL/Ops/Ops.bundle 	\
   -lm  	\
  
chmod 755 ../../blib/arch/auto/PDL/Ops/Ops.bundle
cp Ops.bs ../../blib/arch/auto/PDL/Ops/Ops.bs
chmod 644 ../../blib/arch/auto/PDL/Ops/Ops.bs
Manifying ../../blib/man3/PDL::Ops.3
/Volumes/Media/smoke/rel/perl-5.8.8/bin/perl -I/Volumes/Media/smoke/rel/conf/perl-5.8.8/.cpanplus/5.8.8/build/PDL-2.4.9/blib/lib -I/Volumes/Media/smoke/rel/conf/perl-5.8.8/.cpanplus/5.8.8/build/PDL-2.4.9/blib/arch "-MPDL::PP qw/PDL::Ufunc PDL::Ufunc Ufunc/" ufunc.pd
cp Ufunc.pm ../../blib/lib/PDL/Ufunc.pm
/Volumes/Media/smoke/rel/perl-5.8.8/bin/perl /Volumes/Media/smoke/rel/perl-5.8.8/lib/site_perl/5.8.8/ExtUtils/xsubpp  -typemap /Volumes/Media/smoke/rel/perl-5.8.8/lib/5.8.8/ExtUtils/typemap -typemap /Volumes/Media/smoke/rel/conf/perl-5.8.8/.cpanplus/5.8.8/build/PDL-2.4.9/Basic/Core/typemap.pdl  Ufunc.xs > Ufunc.xsc && mv Ufunc.xsc Ufunc.c
cc -c  -I/Volumes/Media/smoke/rel/conf/perl-5.8.8/.cpanplus/5.8.8/build/PDL-2.4.9/Basic/Core   -fno-common -DPERL_DARWIN -no-cpp-precomp -fno-strict-aliasing -pipe -Wdeclaration-after-statement -I/usr/local/include -O3   -DVERSION=\"2.4.9\" -DXS_VERSION=\"2.4.9\"  "-I/Volumes/Media/smoke/rel/perl-5.8.8/lib/5.8.8/darwin-thread-multi-64int-2level/CORE"   Ufunc.c
Ufunc.xs: In function 'pdl_average_readdata':
Ufunc.xs:12618: warning: overflow in implicit constant conversion
Ufunc.xs:12719: warning: overflow in implicit constant conversion
Ufunc.xs:12820: warning: overflow in implicit constant conversion
Ufunc.xs:12921: warning: overflow in implicit constant conversion
Ufunc.xs:13022: warning: overflow in implicit constant conversion
Running Mkbootstrap for PDL::Ufunc ()
chmod 644 Ufunc.bs
rm -f ../../blib/arch/auto/PDL/Ufunc/Ufunc.bundle
env MACOSX_DEPLOYMENT_TARGET=10.3 cc  -bundle -undefined dynamic_lookup -L/usr/local/lib Ufunc.o  -o ../../blib/arch/auto/PDL/Ufunc/Ufunc.bundle 	\
   -lm  	\
  
chmod 755 ../../blib/arch/auto/PDL/Ufunc/Ufunc.bundle
cp Ufunc.bs ../../blib/arch/auto/PDL/Ufunc/Ufunc.bs
chmod 644 ../../blib/arch/auto/PDL/Ufunc/Ufunc.bs
Manifying ../../blib/man3/PDL::Ufunc.3
/Volumes/Media/smoke/rel/perl-5.8.8/bin/perl -I/Volumes/Media/smoke/rel/conf/perl-5.8.8/.cpanplus/5.8.8/build/PDL-2.4.9/blib/lib -I/Volumes/Media/smoke/rel/conf/perl-5.8.8/.cpanplus/5.8.8/build/PDL-2.4.9/blib/arch "-MPDL::PP qw/PDL::Primitive PDL::Primitive Primitive/" primitive.pd
cp Primitive.pm ../../blib/lib/PDL/Primitive.pm
/Volumes/Media/smoke/rel/perl-5.8.8/bin/perl /Volumes/Media/smoke/rel/perl-5.8.8/lib/site_perl/5.8.8/ExtUtils/xsubpp  -typemap /Volumes/Media/smoke/rel/perl-5.8.8/lib/5.8.8/ExtUtils/typemap -typemap /Volumes/Media/smoke/rel/conf/perl-5.8.8/.cpanplus/5.8.8/build/PDL-2.4.9/Basic/Core/typemap.pdl  Primitive.xs > Primitive.xsc && mv Primitive.xsc Primitive.c
cc -c  -I/Volumes/Media/smoke/rel/conf/perl-5.8.8/.cpanplus/5.8.8/build/PDL-2.4.9/Basic/Core   -fno-common -DPERL_DARWIN -no-cpp-precomp -fno-strict-aliasing -pipe -Wdeclaration-after-statement -I/usr/local/include -DPERL_REENTR_API -O3   -DVERSION=\"2.4.9\" -DXS_VERSION=\"2.4.9\"  "-I/Volumes/Media/smoke/rel/perl-5.8.8/lib/5.8.8/darwin-thread-multi-64int-2level/CORE"   Primitive.c
Running Mkbootstrap for PDL::Primitive ()
chmod 644 Primitive.bs
rm -f ../../blib/arch/auto/PDL/Primitive/Primitive.bundle
env MACOSX_DEPLOYMENT_TARGET=10.3 cc  -bundle -undefined dynamic_lookup -L/usr/local/lib Primitive.o  -o ../../blib/arch/auto/PDL/Primitive/Primitive.bundle 	\
   -lm  	\
  
chmod 755 ../../blib/arch/auto/PDL/Primitive/Primitive.bundle
cp Primitive.bs ../../blib/arch/auto/PDL/Primitive/Primitive.bs
chmod 644 ../../blib/arch/auto/PDL/Primitive/Primitive.bs
Manifying ../../blib/man3/PDL::Primitive.3
/Volumes/Media/smoke/rel/perl-5.8.8/bin/perl -I/Volumes/Media/smoke/rel/conf/perl-5.8.8/.cpanplus/5.8.8/build/PDL-2.4.9/blib/lib -I/Volumes/Media/smoke/rel/conf/perl-5.8.8/.cpanplus/5.8.8/build/PDL-2.4.9/blib/arch "-MPDL::PP qw/PDL::Slices PDL::Slices Slices/" slices.pd
cp Slices.pm ../../blib/lib/PDL/Slices.pm
/Volumes/Media/smoke/rel/perl-5.8.8/bin/perl /Volumes/Media/smoke/rel/perl-5.8.8/lib/site_perl/5.8.8/ExtUtils/xsubpp  -typemap /Volumes/Media/smoke/rel/perl-5.8.8/lib/5.8.8/ExtUtils/typemap -typemap /Volumes/Media/smoke/rel/conf/perl-5.8.8/.cpanplus/5.8.8/build/PDL-2.4.9/Basic/Core/typemap.pdl  Slices.xs > Slices.xsc && mv Slices.xsc Slices.c
cc -c  -I/Volumes/Media/smoke/rel/conf/perl-5.8.8/.cpanplus/5.8.8/build/PDL-2.4.9/Basic/Core   -fno-common -DPERL_DARWIN -no-cpp-precomp -fno-strict-aliasing -pipe -Wdeclaration-after-statement -I/usr/local/include -O3   -DVERSION=\"2.4.9\" -DXS_VERSION=\"2.4.9\"  "-I/Volumes/Media/smoke/rel/perl-5.8.8/lib/5.8.8/darwin-thread-multi-64int-2level/CORE"   Slices.c
Running Mkbootstrap for PDL::Slices ()
chmod 644 Slices.bs
rm -f ../../blib/arch/auto/PDL/Slices/Slices.bundle
env MACOSX_DEPLOYMENT_TARGET=10.3 cc  -bundle -undefined dynamic_lookup -L/usr/local/lib Slices.o  -o ../../blib/arch/auto/PDL/Slices/Slices.bundle 	\
     	\
  
chmod 755 ../../blib/arch/auto/PDL/Slices/Slices.bundle
cp Slices.bs ../../blib/arch/auto/PDL/Slices/Slices.bs
chmod 644 ../../blib/arch/auto/PDL/Slices/Slices.bs
Manifying ../../blib/man3/PDL::Slices.3
/Volumes/Media/smoke/rel/perl-5.8.8/bin/perl -I/Volumes/Media/smoke/rel/conf/perl-5.8.8/.cpanplus/5.8.8/build/PDL-2.4.9/blib/lib -I/Volumes/Media/smoke/rel/conf/perl-5.8.8/.cpanplus/5.8.8/build/PDL-2.4.9/blib/arch "-MPDL::PP qw/PDL::Tests PDL::Tests Tests/" tests.pd
cp Tests.pm ../../blib/lib/PDL/Tests.pm
/Volumes/Media/smoke/rel/perl-5.8.8/bin/perl /Volumes/Media/smoke/rel/perl-5.8.8/lib/site_perl/5.8.8/ExtUtils/xsubpp  -typemap /Volumes/Media/smoke/rel/perl-5.8.8/lib/5.8.8/ExtUtils/typemap -typemap /Volumes/Media/smoke/rel/conf/perl-5.8.8/.cpanplus/5.8.8/build/PDL-2.4.9/Basic/Core/typemap.pdl  Tests.xs > Tests.xsc && mv Tests.xsc Tests.c
cc -c  -I/Volumes/Media/smoke/rel/conf/perl-5.8.8/.cpanplus/5.8.8/build/PDL-2.4.9/Basic/Core   -fno-common -DPERL_DARWIN -no-cpp-precomp -fno-strict-aliasing -pipe -Wdeclaration-after-statement -I/usr/local/include -O3   -DVERSION=\"2.4.9\" -DXS_VERSION=\"2.4.9\"  "-I/Volumes/Media/smoke/rel/perl-5.8.8/lib/5.8.8/darwin-thread-multi-64int-2level/CORE"   Tests.c
Running Mkbootstrap for PDL::Tests ()
chmod 644 Tests.bs
rm -f ../../blib/arch/auto/PDL/Tests/Tests.bundle
env MACOSX_DEPLOYMENT_TARGET=10.3 cc  -bundle -undefined dynamic_lookup -L/usr/local/lib Tests.o  -o ../../blib/arch/auto/PDL/Tests/Tests.bundle 	\
     	\
  
chmod 755 ../../blib/arch/auto/PDL/Tests/Tests.bundle
cp Tests.bs ../../blib/arch/auto/PDL/Tests/Tests.bs
chmod 644 ../../blib/arch/auto/PDL/Tests/Tests.bs
Manifying ../../blib/man3/PDL::Tests.3
/Volumes/Media/smoke/rel/perl-5.8.8/bin/perl -I/Volumes/Media/smoke/rel/conf/perl-5.8.8/.cpanplus/5.8.8/build/PDL-2.4.9/blib/lib -I/Volumes/Media/smoke/rel/conf/perl-5.8.8/.cpanplus/5.8.8/build/PDL-2.4.9/blib/arch "-MPDL::PP qw/PDL::Math PDL::Math Math/" math.pd
cp Math.pm ../../blib/lib/PDL/Math.pm
/Volumes/Media/smoke/rel/perl-5.8.8/bin/perl /Volumes/Media/smoke/rel/perl-5.8.8/lib/site_perl/5.8.8/ExtUtils/xsubpp  -typemap /Volumes/Media/smoke/rel/perl-5.8.8/lib/5.8.8/ExtUtils/typemap -typemap /Volumes/Media/smoke/rel/conf/perl-5.8.8/.cpanplus/5.8.8/build/PDL-2.4.9/Basic/Core/typemap.pdl  Math.xs > Math.xsc && mv Math.xsc Math.c
cc -c  -I/Volumes/Media/smoke/rel/conf/perl-5.8.8/.cpanplus/5.8.8/build/PDL-2.4.9/Basic/Core   -fno-common -DPERL_DARWIN -no-cpp-precomp -fno-strict-aliasing -pipe -Wdeclaration-after-statement -I/usr/local/include -O3   -DVERSION=\"2.4.9\" -DXS_VERSION=\"2.4.9\"  "-I/Volumes/Media/smoke/rel/perl-5.8.8/lib/5.8.8/darwin-thread-multi-64int-2level/CORE"  -DMY_ERFI -DMY_FIXY0 -DMY_FIXYN -DMY_INFINITY -DMY_NAN -DMY_NDTRI -DMY_POLYROOTS Math.c
cc -c  -I/Volumes/Media/smoke/rel/conf/perl-5.8.8/.cpanplus/5.8.8/build/PDL-2.4.9/Basic/Core   -fno-common -DPERL_DARWIN -no-cpp-precomp -fno-strict-aliasing -pipe -Wdeclaration-after-statement -I/usr/local/include -O3   -DVERSION=\"2.4.9\" -DXS_VERSION=\"2.4.9\"  "-I/Volumes/Media/smoke/rel/perl-5.8.8/lib/5.8.8/darwin-thread-multi-64int-2level/CORE"  -DMY_ERFI -DMY_FIXY0 -DMY_FIXYN -DMY_INFINITY -DMY_NAN -DMY_NDTRI -DMY_POLYROOTS ndtri.c
cc -c  -I/Volumes/Media/smoke/rel/conf/perl-5.8.8/.cpanplus/5.8.8/build/PDL-2.4.9/Basic/Core   -fno-common -DPERL_DARWIN -no-cpp-precomp -fno-strict-aliasing -pipe -Wdeclaration-after-statement -I/usr/local/include -O3   -DVERSION=\"2.4.9\" -DXS_VERSION=\"2.4.9\"  "-I/Volumes/Media/smoke/rel/perl-5.8.8/lib/5.8.8/darwin-thread-multi-64int-2level/CORE"  -DMY_ERFI -DMY_FIXY0 -DMY_FIXYN -DMY_INFINITY -DMY_NAN -DMY_NDTRI -DMY_POLYROOTS j0.c
cc -c  -I/Volumes/Media/smoke/rel/conf/perl-5.8.8/.cpanplus/5.8.8/build/PDL-2.4.9/Basic/Core   -fno-common -DPERL_DARWIN -no-cpp-precomp -fno-strict-aliasing -pipe -Wdeclaration-after-statement -I/usr/local/include -O3   -DVERSION=\"2.4.9\" -DXS_VERSION=\"2.4.9\"  "-I/Volumes/Media/smoke/rel/perl-5.8.8/lib/5.8.8/darwin-thread-multi-64int-2level/CORE"  -DMY_ERFI -DMY_FIXY0 -DMY_FIXYN -DMY_INFINITY -DMY_NAN -DMY_NDTRI -DMY_POLYROOTS yn.c
cc -c  -I/Volumes/Media/smoke/rel/conf/perl-5.8.8/.cpanplus/5.8.8/build/PDL-2.4.9/Basic/Core   -fno-common -DPERL_DARWIN -no-cpp-precomp -fno-strict-aliasing -pipe -Wdeclaration-after-statement -I/usr/local/include -O3   -DVERSION=\"2.4.9\" -DXS_VERSION=\"2.4.9\"  "-I/Volumes/Media/smoke/rel/perl-5.8.8/lib/5.8.8/darwin-thread-multi-64int-2level/CORE"  -DMY_ERFI -DMY_FIXY0 -DMY_FIXYN -DMY_INFINITY -DMY_NAN -DMY_NDTRI -DMY_POLYROOTS infinity.c
cc -c  -I/Volumes/Media/smoke/rel/conf/perl-5.8.8/.cpanplus/5.8.8/build/PDL-2.4.9/Basic/Core   -fno-common -DPERL_DARWIN -no-cpp-precomp -fno-strict-aliasing -pipe -Wdeclaration-after-statement -I/usr/local/include -O3   -DVERSION=\"2.4.9\" -DXS_VERSION=\"2.4.9\"  "-I/Volumes/Media/smoke/rel/perl-5.8.8/lib/5.8.8/darwin-thread-multi-64int-2level/CORE"  -DMY_ERFI -DMY_FIXY0 -DMY_FIXYN -DMY_INFINITY -DMY_NAN -DMY_NDTRI -DMY_POLYROOTS quiet_nan.c
cc -c  -I/Volumes/Media/smoke/rel/conf/perl-5.8.8/.cpanplus/5.8.8/build/PDL-2.4.9/Basic/Core   -fno-common -DPERL_DARWIN -no-cpp-precomp -fno-strict-aliasing -pipe -Wdeclaration-after-statement -I/usr/local/include -O3   -DVERSION=\"2.4.9\" -DXS_VERSION=\"2.4.9\"  "-I/Volumes/Media/smoke/rel/perl-5.8.8/lib/5.8.8/darwin-thread-multi-64int-2level/CORE"  -DMY_ERFI -DMY_FIXY0 -DMY_FIXYN -DMY_INFINITY -DMY_NAN -DMY_NDTRI -DMY_POLYROOTS cpoly.c
cc -c  -I/Volumes/Media/smoke/rel/conf/perl-5.8.8/.cpanplus/5.8.8/build/PDL-2.4.9/Basic/Core   -fno-common -DPERL_DARWIN -no-cpp-precomp -fno-strict-aliasing -pipe -Wdeclaration-after-statement -I/usr/local/include -O3   -DVERSION=\"2.4.9\" -DXS_VERSION=\"2.4.9\"  "-I/Volumes/Media/smoke/rel/perl-5.8.8/lib/5.8.8/darwin-thread-multi-64int-2level/CORE"  -DMY_ERFI -DMY_FIXY0 -DMY_FIXYN -DMY_INFINITY -DMY_NAN -DMY_NDTRI -DMY_POLYROOTS const.c
cc -c  -I/Volumes/Media/smoke/rel/conf/perl-5.8.8/.cpanplus/5.8.8/build/PDL-2.4.9/Basic/Core   -fno-common -DPERL_DARWIN -no-cpp-precomp -fno-strict-aliasing -pipe -Wdeclaration-after-statement -I/usr/local/include -O3   -DVERSION=\"2.4.9\" -DXS_VERSION=\"2.4.9\"  "-I/Volumes/Media/smoke/rel/perl-5.8.8/lib/5.8.8/darwin-thread-multi-64int-2level/CORE"  -DMY_ERFI -DMY_FIXY0 -DMY_FIXYN -DMY_INFINITY -DMY_NAN -DMY_NDTRI -DMY_POLYROOTS mtherr.c
cc -c  -I/Volumes/Media/smoke/rel/conf/perl-5.8.8/.cpanplus/5.8.8/build/PDL-2.4.9/Basic/Core   -fno-common -DPERL_DARWIN -no-cpp-precomp -fno-strict-aliasing -pipe -Wdeclaration-after-statement -I/usr/local/include -O3   -DVERSION=\"2.4.9\" -DXS_VERSION=\"2.4.9\"  "-I/Volumes/Media/smoke/rel/perl-5.8.8/lib/5.8.8/darwin-thread-multi-64int-2level/CORE"  -DMY_ERFI -DMY_FIXY0 -DMY_FIXYN -DMY_INFINITY -DMY_NAN -DMY_NDTRI -DMY_POLYROOTS polevl.c
Running Mkbootstrap for PDL::Math ()
chmod 644 Math.bs
rm -f ../../blib/arch/auto/PDL/Math/Math.bundle
env MACOSX_DEPLOYMENT_TARGET=10.3 cc  -bundle -undefined dynamic_lookup -L/usr/local/lib Math.o ndtri.o j0.o yn.o infinity.o quiet_nan.o cpoly.o const.o mtherr.o polevl.o  -o ../../blib/arch/auto/PDL/Math/Math.bundle 	\
   -lm  	\
  
/usr/bin/ld: warning multiple definitions of symbol _j0
j0.o definition of _j0 in section (__TEXT,__text)
/usr/lib/gcc/powerpc-apple-darwin8/4.0.1/../../../libm.dylib(e_j0.o) definition of _j0
chmod 755 ../../blib/arch/auto/PDL/Math/Math.bundle
cp Math.bs ../../blib/arch/auto/PDL/Math/Math.bs
chmod 644 ../../blib/arch/auto/PDL/Math/Math.bs
Manifying ../../blib/man3/PDL::Math.3
/Volumes/Media/smoke/rel/perl-5.8.8/bin/perl -I/Volumes/Media/smoke/rel/conf/perl-5.8.8/.cpanplus/5.8.8/build/PDL-2.4.9/blib/lib -I/Volumes/Media/smoke/rel/conf/perl-5.8.8/.cpanplus/5.8.8/build/PDL-2.4.9/blib/arch "-MPDL::PP qw/PDL::MatrixOps PDL::MatrixOps MatrixOps/" matrixops.pd
cp MatrixOps.pm ../../blib/lib/PDL/MatrixOps.pm
/Volumes/Media/smoke/rel/perl-5.8.8/bin/perl /Volumes/Media/smoke/rel/perl-5.8.8/lib/site_perl/5.8.8/ExtUtils/xsubpp  -typemap /Volumes/Media/smoke/rel/perl-5.8.8/lib/5.8.8/ExtUtils/typemap -typemap /Volumes/Media/smoke/rel/conf/perl-5.8.8/.cpanplus/5.8.8/build/PDL-2.4.9/Basic/Core/typemap.pdl  MatrixOps.xs > MatrixOps.xsc && mv MatrixOps.xsc MatrixOps.c
cc -c  -I/Volumes/Media/smoke/rel/conf/perl-5.8.8/.cpanplus/5.8.8/build/PDL-2.4.9/Basic/Core   -fno-common -DPERL_DARWIN -no-cpp-precomp -fno-strict-aliasing -pipe -Wdeclaration-after-statement -I/usr/local/include -O3   -DVERSION=\"2.4.9\" -DXS_VERSION=\"2.4.9\"  "-I/Volumes/Media/smoke/rel/perl-5.8.8/lib/5.8.8/darwin-thread-multi-64int-2level/CORE"   MatrixOps.c
cc -c  -I/Volumes/Media/smoke/rel/conf/perl-5.8.8/.cpanplus/5.8.8/build/PDL-2.4.9/Basic/Core   -fno-common -DPERL_DARWIN -no-cpp-precomp -fno-strict-aliasing -pipe -Wdeclaration-after-statement -I/usr/local/include -O3   -DVERSION=\"2.4.9\" -DXS_VERSION=\"2.4.9\"  "-I/Volumes/Media/smoke/rel/perl-5.8.8/lib/5.8.8/darwin-thread-multi-64int-2level/CORE"   blas.c
cc -c  -I/Volumes/Media/smoke/rel/conf/perl-5.8.8/.cpanplus/5.8.8/build/PDL-2.4.9/Basic/Core   -fno-common -DPERL_DARWIN -no-cpp-precomp -fno-strict-aliasing -pipe -Wdeclaration-after-statement -I/usr/local/include -O3   -DVERSION=\"2.4.9\" -DXS_VERSION=\"2.4.9\"  "-I/Volumes/Media/smoke/rel/perl-5.8.8/lib/5.8.8/darwin-thread-multi-64int-2level/CORE"   eigens.c
cc -c  -I/Volumes/Media/smoke/rel/conf/perl-5.8.8/.cpanplus/5.8.8/build/PDL-2.4.9/Basic/Core   -fno-common -DPERL_DARWIN -no-cpp-precomp -fno-strict-aliasing -pipe -Wdeclaration-after-statement -I/usr/local/include -O3   -DVERSION=\"2.4.9\" -DXS_VERSION=\"2.4.9\"  "-I/Volumes/Media/smoke/rel/perl-5.8.8/lib/5.8.8/darwin-thread-multi-64int-2level/CORE"   simq.c
cc -c  -I/Volumes/Media/smoke/rel/conf/perl-5.8.8/.cpanplus/5.8.8/build/PDL-2.4.9/Basic/Core   -fno-common -DPERL_DARWIN -no-cpp-precomp -fno-strict-aliasing -pipe -Wdeclaration-after-statement -I/usr/local/include -O3   -DVERSION=\"2.4.9\" -DXS_VERSION=\"2.4.9\"  "-I/Volumes/Media/smoke/rel/perl-5.8.8/lib/5.8.8/darwin-thread-multi-64int-2level/CORE"   svd.c
cc -c  -I/Volumes/Media/smoke/rel/conf/perl-5.8.8/.cpanplus/5.8.8/build/PDL-2.4.9/Basic/Core   -fno-common -DPERL_DARWIN -no-cpp-precomp -fno-strict-aliasing -pipe -Wdeclaration-after-statement -I/usr/local/include -O3   -DVERSION=\"2.4.9\" -DXS_VERSION=\"2.4.9\"  "-I/Volumes/Media/smoke/rel/perl-5.8.8/lib/5.8.8/darwin-thread-multi-64int-2level/CORE"   eigen.c
cc -c  -I/Volumes/Media/smoke/rel/conf/perl-5.8.8/.cpanplus/5.8.8/build/PDL-2.4.9/Basic/Core   -fno-common -DPERL_DARWIN -no-cpp-precomp -fno-strict-aliasing -pipe -Wdeclaration-after-statement -I/usr/local/include -O3   -DVERSION=\"2.4.9\" -DXS_VERSION=\"2.4.9\"  "-I/Volumes/Media/smoke/rel/perl-5.8.8/lib/5.8.8/darwin-thread-multi-64int-2level/CORE"   complex.c
cc -c  -I/Volumes/Media/smoke/rel/conf/perl-5.8.8/.cpanplus/5.8.8/build/PDL-2.4.9/Basic/Core   -fno-common -DPERL_DARWIN -no-cpp-precomp -fno-strict-aliasing -pipe -Wdeclaration-after-statement -I/usr/local/include -O3   -DVERSION=\"2.4.9\" -DXS_VERSION=\"2.4.9\"  "-I/Volumes/Media/smoke/rel/perl-5.8.8/lib/5.8.8/darwin-thread-multi-64int-2level/CORE"   matrix.c
cc -c  -I/Volumes/Media/smoke/rel/conf/perl-5.8.8/.cpanplus/5.8.8/build/PDL-2.4.9/Basic/Core   -fno-common -DPERL_DARWIN -no-cpp-precomp -fno-strict-aliasing -pipe -Wdeclaration-after-statement -I/usr/local/include -O3   -DVERSION=\"2.4.9\" -DXS_VERSION=\"2.4.9\"  "-I/Volumes/Media/smoke/rel/perl-5.8.8/lib/5.8.8/darwin-thread-multi-64int-2level/CORE"   sslib.c
Running Mkbootstrap for PDL::MatrixOps ()
chmod 644 MatrixOps.bs
rm -f ../../blib/arch/auto/PDL/MatrixOps/MatrixOps.bundle
env MACOSX_DEPLOYMENT_TARGET=10.3 cc  -bundle -undefined dynamic_lookup -L/usr/local/lib MatrixOps.o blas.o eigens.o simq.o svd.o eigen.o complex.o matrix.o sslib.o  -o ../../blib/arch/auto/PDL/MatrixOps/MatrixOps.bundle 	\
   -lm  	\
  
chmod 755 ../../blib/arch/auto/PDL/MatrixOps/MatrixOps.bundle
cp MatrixOps.bs ../../blib/arch/auto/PDL/MatrixOps/MatrixOps.bs
chmod 644 ../../blib/arch/auto/PDL/MatrixOps/MatrixOps.bs
Manifying ../../blib/man3/PDL::MatrixOps.3
/Volumes/Media/smoke/rel/perl-5.8.8/bin/perl -I/Volumes/Media/smoke/rel/conf/perl-5.8.8/.cpanplus/5.8.8/build/PDL-2.4.9/blib/lib -I/Volumes/Media/smoke/rel/conf/perl-5.8.8/.cpanplus/5.8.8/build/PDL-2.4.9/blib/arch "-MPDL::PP qw/PDL::Complex PDL::Complex Complex/" complex.pd
cp Complex.pm ../../blib/lib/PDL/Complex.pm
/Volumes/Media/smoke/rel/perl-5.8.8/bin/perl /Volumes/Media/smoke/rel/perl-5.8.8/lib/site_perl/5.8.8/ExtUtils/xsubpp  -typemap /Volumes/Media/smoke/rel/perl-5.8.8/lib/5.8.8/ExtUtils/typemap -typemap /Volumes/Media/smoke/rel/conf/perl-5.8.8/.cpanplus/5.8.8/build/PDL-2.4.9/Basic/Core/typemap.pdl  Complex.xs > Complex.xsc && mv Complex.xsc Complex.c
cc -c  -I/Volumes/Media/smoke/rel/conf/perl-5.8.8/.cpanplus/5.8.8/build/PDL-2.4.9/Basic/Core   -fno-common -DPERL_DARWIN -no-cpp-precomp -fno-strict-aliasing -pipe -Wdeclaration-after-statement -I/usr/local/include -O3   -DVERSION=\"2.4.9\" -DXS_VERSION=\"2.4.9\"  "-I/Volumes/Media/smoke/rel/perl-5.8.8/lib/5.8.8/darwin-thread-multi-64int-2level/CORE"   Complex.c
Running Mkbootstrap for PDL::Complex ()
chmod 644 Complex.bs
rm -f ../../blib/arch/auto/PDL/Complex/Complex.bundle
env MACOSX_DEPLOYMENT_TARGET=10.3 cc  -bundle -undefined dynamic_lookup -L/usr/local/lib Complex.o  -o ../../blib/arch/auto/PDL/Complex/Complex.bundle 	\
   -lm  	\
  
chmod 755 ../../blib/arch/auto/PDL/Complex/Complex.bundle
cp Complex.bs ../../blib/arch/auto/PDL/Complex/Complex.bs
chmod 644 ../../blib/arch/auto/PDL/Complex/Complex.bs
Manifying ../../blib/man3/PDL::Complex.3
Manifying ../blib/man3/PDL::Reduce.3
Manifying ../blib/man3/PDL::Constants.3
Manifying ../blib/man3/PDL::Options.3
Manifying ../blib/man3/PDL::Lite.3
Manifying ../blib/man3/PDL.3
Manifying ../blib/man3/PDL::LiteF.3
Manifying ../blib/man3/PDL::AutoLoader.3
Manifying ../blib/man3/PDL::Lvalue.3
Manifying ../blib/man3/PDL::Matrix.3
/Volumes/Media/smoke/rel/perl-5.8.8/bin/perl BAD2_demo.pm.PL BAD2_demo.pm
Extracting BAD2_demo.pm (WITH bad value support)
/Volumes/Media/smoke/rel/perl-5.8.8/bin/perl BAD_demo.pm.PL BAD_demo.pm
Extracting BAD_demo.pm (WITH bad value support)
cp ../m51.fits ../blib/lib/PDL/Demos/m51.fits
cp Transform_demo.pm ../blib/lib/PDL/Demos/Transform_demo.pm
cp General.pm ../blib/lib/PDL/Demos/General.pm
cp TriDGallery.pm ../blib/lib/PDL/Demos/TriDGallery.pm
cp BAD2_demo.pm ../blib/lib/PDL/Demos/BAD2_demo.pm
cp TriD1.pm ../blib/lib/PDL/Demos/TriD1.pm
cp BAD_demo.pm ../blib/lib/PDL/Demos/BAD_demo.pm
cp PGPLOT_OO_demo.pm ../blib/lib/PDL/Demos/PGPLOT_OO_demo.pm
cp Screen.pm ../blib/lib/PDL/Demos/Screen.pm
cp PGPLOT_demo.pm ../blib/lib/PDL/Demos/PGPLOT_demo.pm
cp TriD2.pm ../blib/lib/PDL/Demos/TriD2.pm
cp Cartography_demo.pm ../blib/lib/PDL/Demos/Cartography_demo.pm
Manifying ../blib/man3/PDL::BAD_demo.3
Manifying ../blib/man3/PDL::BAD2_demo.3
/Volumes/Media/smoke/rel/perl-5.8.8/bin/perl Doc/Config.pm.PL Doc/Config.pm
Extracting Config.pm (with variable substitutions)
cp Doc.pm ../blib/lib/PDL/Doc.pm
cp Doc/Config.pm ../blib/lib/PDL/Doc/Config.pm
cp Doc/Perldl.pm ../blib/lib/PDL/Doc/Perldl.pm
cp Usage.pm ../../blib/lib/PDL/Pod/Usage.pm
cp Parser.pm ../../blib/lib/PDL/Pod/Parser.pm
cp Select.pm ../../blib/lib/PDL/Pod/Select.pm
Manifying ../../blib/man3/PDL::Pod::Usage.3
Manifying ../../blib/man3/PDL::Pod::Parser.3
Manifying ../../blib/man3/PDL::Pod::Select.3
Manifying ../blib/man3/PDL::Doc.3
Manifying ../blib/man3/PDL::Doc::Config.3
Manifying ../blib/man3/PDL::Doc::Perldl.3
cp Graphics2D.pm ../blib/lib/PDL/Graphics2D.pm
cp State.pm ../blib/lib/PDL/Graphics/State.pm
cp PGPLOTOptions.pm ../../blib/lib/PDL/Graphics/PGPLOTOptions.pm
cp PGPLOT.pm ../../blib/lib/PDL/Graphics/PGPLOT.pm
cp Window.pm ../../../blib/lib/PDL/Graphics/PGPLOT/Window.pm
/Volumes/Media/smoke/rel/perl-5.8.8/bin/perl /Volumes/Media/smoke/rel/perl-5.8.8/lib/site_perl/5.8.8/ExtUtils/xsubpp  -typemap /Volumes/Media/smoke/rel/perl-5.8.8/lib/5.8.8/ExtUtils/typemap -typemap typemap  Window.xs > Window.xsc && mv Window.xsc Window.c
Please specify prototyping behavior for Window.xs (see perlxs manual)
cc -c  -I../../../Basic/Core/ -fno-common -DPERL_DARWIN -no-cpp-precomp -fno-strict-aliasing -pipe -Wdeclaration-after-statement -I/usr/local/include -O3   -DVERSION=\"2.4.9\" -DXS_VERSION=\"2.4.9\"  "-I/Volumes/Media/smoke/rel/perl-5.8.8/lib/5.8.8/darwin-thread-multi-64int-2level/CORE"   Window.c
Running Mkbootstrap for PDL::Graphics::PGPLOT::Window ()
chmod 644 Window.bs
rm -f ../../../blib/arch/auto/PDL/Graphics/PGPLOT/Window/Window.bundle
env MACOSX_DEPLOYMENT_TARGET=10.3 cc  -bundle -undefined dynamic_lookup -L/usr/local/lib Window.o  -o ../../../blib/arch/auto/PDL/Graphics/PGPLOT/Window/Window.bundle 	\
     	\
  
chmod 755 ../../../blib/arch/auto/PDL/Graphics/PGPLOT/Window/Window.bundle
cp Window.bs ../../../blib/arch/auto/PDL/Graphics/PGPLOT/Window/Window.bs
chmod 644 ../../../blib/arch/auto/PDL/Graphics/PGPLOT/Window/Window.bs
Manifying ../../../blib/man3/PDL::Graphics::PGPLOT::Window.3
Manifying ../../blib/man3/PDL::Graphics::PGPLOTOptions.3
Manifying ../../blib/man3/PDL::Graphics::PGPLOT.3
cp LUT.pm ../../blib/lib/PDL/Graphics/LUT.pm
cp ramp.fits ../../../blib/lib/PDL/Graphics/LUT/tables/ramp.fits
cp random3.fits ../../../blib/lib/PDL/Graphics/LUT/tables/random3.fits
cp stairs9.fits ../../../blib/lib/PDL/Graphics/LUT/tables/stairs9.fits
cp aips0.fits ../../../blib/lib/PDL/Graphics/LUT/tables/aips0.fits
cp idl4.fits ../../../blib/lib/PDL/Graphics/LUT/tables/idl4.fits
cp stairs8.fits ../../../blib/lib/PDL/Graphics/LUT/tables/stairs8.fits
cp rainbow2.fits ../../../blib/lib/PDL/Graphics/LUT/tables/rainbow2.fits
cp random5.fits ../../../blib/lib/PDL/Graphics/LUT/tables/random5.fits
cp rainbow4.fits ../../../blib/lib/PDL/Graphics/LUT/tables/rainbow4.fits
cp random2.fits ../../../blib/lib/PDL/Graphics/LUT/tables/random2.fits
cp rainbow.fits ../../../blib/lib/PDL/Graphics/LUT/tables/rainbow.fits
cp blue.fits ../../../blib/lib/PDL/Graphics/LUT/tables/blue.fits
cp smooth2.fits ../../../blib/lib/PDL/Graphics/LUT/tables/smooth2.fits
cp smooth3.fits ../../../blib/lib/PDL/Graphics/LUT/tables/smooth3.fits
cp red.fits ../../../blib/lib/PDL/Graphics/LUT/tables/red.fits
cp green.fits ../../../blib/lib/PDL/Graphics/LUT/tables/green.fits
cp random4.fits ../../../blib/lib/PDL/Graphics/LUT/tables/random4.fits
cp bgyrw.fits ../../../blib/lib/PDL/Graphics/LUT/tables/bgyrw.fits
cp color.fits ../../../blib/lib/PDL/Graphics/LUT/tables/color.fits
cp staircase.fits ../../../blib/lib/PDL/Graphics/LUT/tables/staircase.fits
cp idl6.fits ../../../blib/lib/PDL/Graphics/LUT/tables/idl6.fits
cp light.fits ../../../blib/lib/PDL/Graphics/LUT/tables/light.fits
cp rainbow3.fits ../../../blib/lib/PDL/Graphics/LUT/tables/rainbow3.fits
cp idl11.fits ../../../blib/lib/PDL/Graphics/LUT/tables/idl11.fits
cp idl15.fits ../../../blib/lib/PDL/Graphics/LUT/tables/idl15.fits
cp backgr.fits ../../../blib/lib/PDL/Graphics/LUT/tables/backgr.fits
cp manycol.fits ../../../blib/lib/PDL/Graphics/LUT/tables/manycol.fits
cp isophot.fits ../../../blib/lib/PDL/Graphics/LUT/tables/isophot.fits
cp random6.fits ../../../blib/lib/PDL/Graphics/LUT/tables/random6.fits
cp idl2.fits ../../../blib/lib/PDL/Graphics/LUT/tables/idl2.fits
cp idl12.fits ../../../blib/lib/PDL/Graphics/LUT/tables/idl12.fits
cp random1.fits ../../../blib/lib/PDL/Graphics/LUT/tables/random1.fits
cp pastel.fits ../../../blib/lib/PDL/Graphics/LUT/tables/pastel.fits
cp idl5.fits ../../../blib/lib/PDL/Graphics/LUT/tables/idl5.fits
cp rainbow1.fits ../../../blib/lib/PDL/Graphics/LUT/tables/rainbow1.fits
cp idl14.fits ../../../blib/lib/PDL/Graphics/LUT/tables/idl14.fits
cp smooth.fits ../../../blib/lib/PDL/Graphics/LUT/tables/smooth.fits
cp heat.fits ../../../blib/lib/PDL/Graphics/LUT/tables/heat.fits
cp real.fits ../../../blib/lib/PDL/Graphics/LUT/tables/real.fits
cp smooth1.fits ../../../blib/lib/PDL/Graphics/LUT/tables/smooth1.fits
cp random.fits ../../../blib/lib/PDL/Graphics/LUT/tables/random.fits
cp blulut.fits ../../../blib/lib/PDL/Graphics/LUT/tables/blulut.fits
cp standard.fits ../../../blib/lib/PDL/Graphics/LUT/tables/standard.fits
cp expo.fits ../../../blib/lib/PDL/Graphics/LUT/ramps/expo.fits
cp neg.fits ../../../blib/lib/PDL/Graphics/LUT/ramps/neg.fits
cp ramp.fits ../../../blib/lib/PDL/Graphics/LUT/ramps/ramp.fits
cp equa.fits ../../../blib/lib/PDL/Graphics/LUT/ramps/equa.fits
cp log.fits ../../../blib/lib/PDL/Graphics/LUT/ramps/log.fits
cp neglog.fits ../../../blib/lib/PDL/Graphics/LUT/ramps/neglog.fits
cp stairs.fits ../../../blib/lib/PDL/Graphics/LUT/ramps/stairs.fits
cp jigsaw.fits ../../../blib/lib/PDL/Graphics/LUT/ramps/jigsaw.fits
cp lasritt.fits ../../../blib/lib/PDL/Graphics/LUT/ramps/lasritt.fits
cp null.fits ../../../blib/lib/PDL/Graphics/LUT/ramps/null.fits
cp gamma.fits ../../../blib/lib/PDL/Graphics/LUT/ramps/gamma.fits
Manifying ../../blib/man3/PDL::Graphics::LUT.3
/Volumes/Media/smoke/rel/perl-5.8.8/bin/perl -I/Volumes/Media/smoke/rel/conf/perl-5.8.8/.cpanplus/5.8.8/build/PDL-2.4.9/blib/lib -I/Volumes/Media/smoke/rel/conf/perl-5.8.8/.cpanplus/5.8.8/build/PDL-2.4.9/blib/arch "-MPDL::PP qw/PDL::Graphics::IIS PDL::Graphics::IIS IIS/" iis.pd
cp IIS.pm ../../blib/lib/PDL/Graphics/IIS.pm
/Volumes/Media/smoke/rel/perl-5.8.8/bin/perl /Volumes/Media/smoke/rel/perl-5.8.8/lib/site_perl/5.8.8/ExtUtils/xsubpp  -typemap /Volumes/Media/smoke/rel/perl-5.8.8/lib/5.8.8/ExtUtils/typemap -typemap /Volumes/Media/smoke/rel/conf/perl-5.8.8/.cpanplus/5.8.8/build/PDL-2.4.9/Basic/Core/typemap.pdl  IIS.xs > IIS.xsc && mv IIS.xsc IIS.c
cc -c  -I/Volumes/Media/smoke/rel/conf/perl-5.8.8/.cpanplus/5.8.8/build/PDL-2.4.9/Basic/Core   -fno-common -DPERL_DARWIN -no-cpp-precomp -fno-strict-aliasing -pipe -Wdeclaration-after-statement -I/usr/local/include -O3   -DVERSION=\"2.4.9\" -DXS_VERSION=\"2.4.9\"  "-I/Volumes/Media/smoke/rel/perl-5.8.8/lib/5.8.8/darwin-thread-multi-64int-2level/CORE"   IIS.c
Running Mkbootstrap for PDL::Graphics::IIS ()
chmod 644 IIS.bs
rm -f ../../blib/arch/auto/PDL/Graphics/IIS/IIS.bundle
env MACOSX_DEPLOYMENT_TARGET=10.3 cc  -bundle -undefined dynamic_lookup -L/usr/local/lib IIS.o  -o ../../blib/arch/auto/PDL/Graphics/IIS/IIS.bundle 	\
   -lm  	\
  
chmod 755 ../../blib/arch/auto/PDL/Graphics/IIS/IIS.bundle
cp IIS.bs ../../blib/arch/auto/PDL/Graphics/IIS/IIS.bs
chmod 644 ../../blib/arch/auto/PDL/Graphics/IIS/IIS.bs
Manifying ../../blib/man3/PDL::Graphics::IIS.3
****
Cannot find plplot library (libplplotd.dylib), skipping PDL::Graphics::PLplot      Not building PDL::Graphics::PLplot
****
cp Limits.pm ../../blib/lib/PDL/Graphics/Limits.pm
Manifying ../../blib/man3/PDL::Graphics::Limits.3
Manifying ../blib/man3/PDL::Graphics2D.3
Manifying ../blib/man3/PDL::State.3
cp IO.pod ../blib/lib/PDL/IO.pod
cp Dumper.pm ../blib/lib/PDL/IO/Dumper.pm
cp FastRaw.pm ../../blib/lib/PDL/IO/FastRaw.pm
Manifying ../../blib/man3/PDL::IO::FastRaw.3
/Volumes/Media/smoke/rel/perl-5.8.8/bin/perl -I/Volumes/Media/smoke/rel/conf/perl-5.8.8/.cpanplus/5.8.8/build/PDL-2.4.9/blib/lib -I/Volumes/Media/smoke/rel/conf/perl-5.8.8/.cpanplus/5.8.8/build/PDL-2.4.9/blib/arch "-MPDL::PP qw/PDL::IO::Misc PDL::IO::Misc Misc/" misc.pd
cp Misc.pm ../../blib/lib/PDL/IO/Misc.pm
/Volumes/Media/smoke/rel/perl-5.8.8/bin/perl /Volumes/Media/smoke/rel/perl-5.8.8/lib/site_perl/5.8.8/ExtUtils/xsubpp  -typemap /Volumes/Media/smoke/rel/perl-5.8.8/lib/5.8.8/ExtUtils/typemap -typemap /Volumes/Media/smoke/rel/conf/perl-5.8.8/.cpanplus/5.8.8/build/PDL-2.4.9/Basic/Core/typemap.pdl  Misc.xs > Misc.xsc && mv Misc.xsc Misc.c
cc -c  -I/Volumes/Media/smoke/rel/conf/perl-5.8.8/.cpanplus/5.8.8/build/PDL-2.4.9/Basic/Core   -fno-common -DPERL_DARWIN -no-cpp-precomp -fno-strict-aliasing -pipe -Wdeclaration-after-statement -I/usr/local/include -O3   -DVERSION=\"2.4.9\" -DXS_VERSION=\"2.4.9\"  "-I/Volumes/Media/smoke/rel/perl-5.8.8/lib/5.8.8/darwin-thread-multi-64int-2level/CORE"   Misc.c
Running Mkbootstrap for PDL::IO::Misc ()
chmod 644 Misc.bs
rm -f ../../blib/arch/auto/PDL/IO/Misc/Misc.bundle
env MACOSX_DEPLOYMENT_TARGET=10.3 cc  -bundle -undefined dynamic_lookup -L/usr/local/lib Misc.o  -o ../../blib/arch/auto/PDL/IO/Misc/Misc.bundle 	\
     	\
  
chmod 755 ../../blib/arch/auto/PDL/IO/Misc/Misc.bundle
cp Misc.bs ../../blib/arch/auto/PDL/IO/Misc/Misc.bs
chmod 644 ../../blib/arch/auto/PDL/IO/Misc/Misc.bs
Manifying ../../blib/man3/PDL::IO::Misc.3
cp FlexRaw.pm ../../blib/lib/PDL/IO/FlexRaw.pm
Manifying ../../blib/man3/PDL::IO::FlexRaw.3
/Volumes/Media/smoke/rel/perl-5.8.8/bin/perl -I/Volumes/Media/smoke/rel/conf/perl-5.8.8/.cpanplus/5.8.8/build/PDL-2.4.9/blib/lib -I/Volumes/Media/smoke/rel/conf/perl-5.8.8/.cpanplus/5.8.8/build/PDL-2.4.9/blib/arch "-MPDL::PP qw/PDL::IO::Pnm PDL::IO::Pnm Pnm/" pnm.pd
cp Pnm.pm ../../blib/lib/PDL/IO/Pnm.pm
cp Pic.pm ../../blib/lib/PDL/IO/Pic.pm
/Volumes/Media/smoke/rel/perl-5.8.8/bin/perl /Volumes/Media/smoke/rel/perl-5.8.8/lib/site_perl/5.8.8/ExtUtils/xsubpp  -typemap /Volumes/Media/smoke/rel/perl-5.8.8/lib/5.8.8/ExtUtils/typemap -typemap /Volumes/Media/smoke/rel/conf/perl-5.8.8/.cpanplus/5.8.8/build/PDL-2.4.9/Basic/Core/typemap.pdl  Pnm.xs > Pnm.xsc && mv Pnm.xsc Pnm.c
cc -c  -I/Volumes/Media/smoke/rel/conf/perl-5.8.8/.cpanplus/5.8.8/build/PDL-2.4.9/Basic/Core   -fno-common -DPERL_DARWIN -no-cpp-precomp -fno-strict-aliasing -pipe -Wdeclaration-after-statement -I/usr/local/include -O3   -DVERSION=\"2.4.9\" -DXS_VERSION=\"2.4.9\"  "-I/Volumes/Media/smoke/rel/perl-5.8.8/lib/5.8.8/darwin-thread-multi-64int-2level/CORE"   Pnm.c
Running Mkbootstrap for PDL::IO::Pnm ()
chmod 644 Pnm.bs
rm -f ../../blib/arch/auto/PDL/IO/Pnm/Pnm.bundle
env MACOSX_DEPLOYMENT_TARGET=10.3 cc  -bundle -undefined dynamic_lookup -L/usr/local/lib Pnm.o  -o ../../blib/arch/auto/PDL/IO/Pnm/Pnm.bundle 	\
     	\
  
chmod 755 ../../blib/arch/auto/PDL/IO/Pnm/Pnm.bundle
cp Pnm.bs ../../blib/arch/auto/PDL/IO/Pnm/Pnm.bs
chmod 644 ../../blib/arch/auto/PDL/IO/Pnm/Pnm.bs
Manifying ../../blib/man3/PDL::IO::Pnm.3
/Volumes/Media/smoke/rel/perl-5.8.8/bin/perl NDF.pm.PL NDF.pm
Extracting NDF.pm (WITH bad value support)
cp NDF.pm ../../blib/lib/PDL/IO/NDF.pm
Manifying ../../blib/man3/PDL::IO::NDF.3
/Volumes/Media/smoke/rel/perl-5.8.8/bin/perl -I/Volumes/Media/smoke/rel/conf/perl-5.8.8/.cpanplus/5.8.8/build/PDL-2.4.9/blib/lib -I/Volumes/Media/smoke/rel/conf/perl-5.8.8/.cpanplus/5.8.8/build/PDL-2.4.9/blib/arch "-MPDL::PP qw/PDL::IO::Storable PDL::IO::Storable Storable/" storable.pd
cp Storable.pm ../../blib/lib/PDL/IO/Storable.pm
/Volumes/Media/smoke/rel/perl-5.8.8/bin/perl /Volumes/Media/smoke/rel/perl-5.8.8/lib/site_perl/5.8.8/ExtUtils/xsubpp  -typemap /Volumes/Media/smoke/rel/perl-5.8.8/lib/5.8.8/ExtUtils/typemap -typemap /Volumes/Media/smoke/rel/conf/perl-5.8.8/.cpanplus/5.8.8/build/PDL-2.4.9/Basic/Core/typemap.pdl  Storable.xs > Storable.xsc && mv Storable.xsc Storable.c
cc -c  -I/Volumes/Media/smoke/rel/conf/perl-5.8.8/.cpanplus/5.8.8/build/PDL-2.4.9/Basic/Core   -fno-common -DPERL_DARWIN -no-cpp-precomp -fno-strict-aliasing -pipe -Wdeclaration-after-statement -I/usr/local/include -O3   -DVERSION=\"2.4.9\" -DXS_VERSION=\"2.4.9\"  "-I/Volumes/Media/smoke/rel/perl-5.8.8/lib/5.8.8/darwin-thread-multi-64int-2level/CORE"   Storable.c
Running Mkbootstrap for PDL::IO::Storable ()
chmod 644 Storable.bs
rm -f ../../blib/arch/auto/PDL/IO/Storable/Storable.bundle
env MACOSX_DEPLOYMENT_TARGET=10.3 cc  -bundle -undefined dynamic_lookup -L/usr/local/lib Storable.o  -o ../../blib/arch/auto/PDL/IO/Storable/Storable.bundle 	\
     	\
  
chmod 755 ../../blib/arch/auto/PDL/IO/Storable/Storable.bundle
cp Storable.bs ../../blib/arch/auto/PDL/IO/Storable/Storable.bs
chmod 644 ../../blib/arch/auto/PDL/IO/Storable/Storable.bs
Manifying ../../blib/man3/PDL::IO::Storable.3
cp FITS.pm ../../blib/lib/PDL/IO/FITS.pm
Manifying ../../blib/man3/PDL::IO::FITS.3
****
Cannot find hdf library, libdf.a.Please add the correct library path to Makefile.PL or install HDFCannot find hdf header file, hdf.h.Please add the correct library path to Makefile.PL or install HDF Skipping build of PDL::IO::HDF.
****
/Volumes/Media/smoke/rel/perl-5.8.8/bin/perl -I/Volumes/Media/smoke/rel/conf/perl-5.8.8/.cpanplus/5.8.8/build/PDL-2.4.9/blib/lib -I/Volumes/Media/smoke/rel/conf/perl-5.8.8/.cpanplus/5.8.8/build/PDL-2.4.9/blib/arch "-MPDL::PP qw/PDL::IO::GD PDL::IO::GD GD/" GD.pd
cp GD.pm ../../blib/lib/PDL/IO/GD.pm
/Volumes/Media/smoke/rel/perl-5.8.8/bin/perl /Volumes/Media/smoke/rel/perl-5.8.8/lib/site_perl/5.8.8/ExtUtils/xsubpp  -typemap /Volumes/Media/smoke/rel/perl-5.8.8/lib/5.8.8/ExtUtils/typemap -typemap /Volumes/Media/smoke/rel/conf/perl-5.8.8/.cpanplus/5.8.8/build/PDL-2.4.9/Basic/Core/typemap.pdl -typemap typemap -typemap typemap  GD.xs > GD.xsc && mv GD.xsc GD.c
cc -c  -I/Volumes/Media/smoke/rel/conf/perl-5.8.8/.cpanplus/5.8.8/build/PDL-2.4.9/Basic/Core -I/usr/local/include -fno-common -DPERL_DARWIN -no-cpp-precomp -fno-strict-aliasing -pipe -Wdeclaration-after-statement -I/usr/local/include -O3   -DVERSION=\"2.0\" -DXS_VERSION=\"2.0\"  "-I/Volumes/Media/smoke/rel/perl-5.8.8/lib/5.8.8/darwin-thread-multi-64int-2level/CORE"   GD.c
GD.xs: In function 'XS_PDL__IO__GD__gdImageString16':
GD.xs:16781: warning: pointer targets in passing argument 5 of 'gdImageString16' differ in signedness
GD.xs: In function 'XS_PDL__IO__GD__gdImageStringUp16':
GD.xs:16799: warning: pointer targets in passing argument 5 of 'gdImageStringUp16' differ in signedness
Running Mkbootstrap for PDL::IO::GD ()
chmod 644 GD.bs
rm -f ../../blib/arch/auto/PDL/IO/GD/GD.bundle
LD_RUN_PATH="/usr/local/lib" env MACOSX_DEPLOYMENT_TARGET=10.3 cc  -bundle -undefined dynamic_lookup -L/usr/local/lib GD.o  -o ../../blib/arch/auto/PDL/IO/GD/GD.bundle 	\
   -L/usr/local/lib -lgd  	\
  
chmod 755 ../../blib/arch/auto/PDL/IO/GD/GD.bundle
cp GD.bs ../../blib/arch/auto/PDL/IO/GD/GD.bs
chmod 644 ../../blib/arch/auto/PDL/IO/GD/GD.bs
Manifying ../../blib/man3/PDL::IO::GD.3
cp Dicom.pm ../../blib/lib/PDL/IO/Dicom.pm
Manifying ../../blib/man3/PDL::IO::Dicom.3
Manifying ../blib/man3/PDL::IO.3
Manifying ../blib/man3/PDL::Dumper.3
cp Func.pm ../blib/lib/PDL/Func.pm
cp DiskCache.pm ../blib/lib/PDL/DiskCache.pm
cp Simplex.pm ../../../blib/lib/PDL/Opt/Simplex.pm
Manifying ../../../blib/man3/PDL::Opt::Simplex.3
/Volumes/Media/smoke/rel/perl-5.8.8/bin/perl -I/Volumes/Media/smoke/rel/conf/perl-5.8.8/.cpanplus/5.8.8/build/PDL-2.4.9/blib/lib -I/Volumes/Media/smoke/rel/conf/perl-5.8.8/.cpanplus/5.8.8/build/PDL-2.4.9/blib/arch "-MPDL::PP qw/PDL::ImageRGB PDL::ImageRGB ImageRGB/" imagergb.pd
cp ImageRGB.pm ../../blib/lib/PDL/ImageRGB.pm
/Volumes/Media/smoke/rel/perl-5.8.8/bin/perl /Volumes/Media/smoke/rel/perl-5.8.8/lib/site_perl/5.8.8/ExtUtils/xsubpp  -typemap /Volumes/Media/smoke/rel/perl-5.8.8/lib/5.8.8/ExtUtils/typemap -typemap /Volumes/Media/smoke/rel/conf/perl-5.8.8/.cpanplus/5.8.8/build/PDL-2.4.9/Basic/Core/typemap.pdl  ImageRGB.xs > ImageRGB.xsc && mv ImageRGB.xsc ImageRGB.c
cc -c  -I/Volumes/Media/smoke/rel/conf/perl-5.8.8/.cpanplus/5.8.8/build/PDL-2.4.9/Basic/Core   -fno-common -DPERL_DARWIN -no-cpp-precomp -fno-strict-aliasing -pipe -Wdeclaration-after-statement -I/usr/local/include -O3   -DVERSION=\"2.4.9\" -DXS_VERSION=\"2.4.9\"  "-I/Volumes/Media/smoke/rel/perl-5.8.8/lib/5.8.8/darwin-thread-multi-64int-2level/CORE"   ImageRGB.c
cc -c  -I/Volumes/Media/smoke/rel/conf/perl-5.8.8/.cpanplus/5.8.8/build/PDL-2.4.9/Basic/Core   -fno-common -DPERL_DARWIN -no-cpp-precomp -fno-strict-aliasing -pipe -Wdeclaration-after-statement -I/usr/local/include -O3   -DVERSION=\"2.4.9\" -DXS_VERSION=\"2.4.9\"  "-I/Volumes/Media/smoke/rel/perl-5.8.8/lib/5.8.8/darwin-thread-multi-64int-2level/CORE"   ppm_quant.c
Running Mkbootstrap for PDL::ImageRGB ()
chmod 644 ImageRGB.bs
rm -f ../../blib/arch/auto/PDL/ImageRGB/ImageRGB.bundle
env MACOSX_DEPLOYMENT_TARGET=10.3 cc  -bundle -undefined dynamic_lookup -L/usr/local/lib ImageRGB.o ppm_quant.o  -o ../../blib/arch/auto/PDL/ImageRGB/ImageRGB.bundle 	\
     	\
  
chmod 755 ../../blib/arch/auto/PDL/ImageRGB/ImageRGB.bundle
cp ImageRGB.bs ../../blib/arch/auto/PDL/ImageRGB/ImageRGB.bs
chmod 644 ../../blib/arch/auto/PDL/ImageRGB/ImageRGB.bs
Manifying ../../blib/man3/PDL::ImageRGB.3
cp LM.pm ../../blib/lib/PDL/Fit/LM.pm
cp Linfit.pm ../../blib/lib/PDL/Fit/Linfit.pm
cp Polynomial.pm ../../blib/lib/PDL/Fit/Polynomial.pm
/Volumes/Media/smoke/rel/perl-5.8.8/bin/perl -I/Volumes/Media/smoke/rel/conf/perl-5.8.8/.cpanplus/5.8.8/build/PDL-2.4.9/blib/lib -I/Volumes/Media/smoke/rel/conf/perl-5.8.8/.cpanplus/5.8.8/build/PDL-2.4.9/blib/arch "-MPDL::PP qw/PDL::Fit::Gaussian PDL::Fit::Gaussian Gaussian/" gaussian.pd
cp Gaussian.pm ../../../blib/lib/PDL/Fit/Gaussian.pm
/Volumes/Media/smoke/rel/perl-5.8.8/bin/perl /Volumes/Media/smoke/rel/perl-5.8.8/lib/site_perl/5.8.8/ExtUtils/xsubpp  -typemap /Volumes/Media/smoke/rel/perl-5.8.8/lib/5.8.8/ExtUtils/typemap -typemap /Volumes/Media/smoke/rel/conf/perl-5.8.8/.cpanplus/5.8.8/build/PDL-2.4.9/Basic/Core/typemap.pdl  Gaussian.xs > Gaussian.xsc && mv Gaussian.xsc Gaussian.c
cc -c  -I/Volumes/Media/smoke/rel/conf/perl-5.8.8/.cpanplus/5.8.8/build/PDL-2.4.9/Basic/Core   -fno-common -DPERL_DARWIN -no-cpp-precomp -fno-strict-aliasing -pipe -Wdeclaration-after-statement -I/usr/local/include -O3   -DVERSION=\"2.4.9\" -DXS_VERSION=\"2.4.9\"  "-I/Volumes/Media/smoke/rel/perl-5.8.8/lib/5.8.8/darwin-thread-multi-64int-2level/CORE"   Gaussian.c
Running Mkbootstrap for PDL::Fit::Gaussian ()
chmod 644 Gaussian.bs
rm -f ../../../blib/arch/auto/PDL/Fit/Gaussian/Gaussian.bundle
env MACOSX_DEPLOYMENT_TARGET=10.3 cc  -bundle -undefined dynamic_lookup -L/usr/local/lib Gaussian.o   -o ../../../blib/arch/auto/PDL/Fit/Gaussian/Gaussian.bundle 	\
   -lm  	\
  
chmod 755 ../../../blib/arch/auto/PDL/Fit/Gaussian/Gaussian.bundle
cp Gaussian.bs ../../../blib/arch/auto/PDL/Fit/Gaussian/Gaussian.bs
chmod 644 ../../../blib/arch/auto/PDL/Fit/Gaussian/Gaussian.bs
Manifying ../../../blib/man3/PDL::Fit::Gaussian.3
Manifying ../../blib/man3/PDL::LM.3
Manifying ../../blib/man3/PDL::Linfit.3
Manifying ../../blib/man3/PDL::Polynomial.3
/Volumes/Media/smoke/rel/perl-5.8.8/bin/perl -I/Volumes/Media/smoke/rel/conf/perl-5.8.8/.cpanplus/5.8.8/build/PDL-2.4.9/blib/lib -I/Volumes/Media/smoke/rel/conf/perl-5.8.8/.cpanplus/5.8.8/build/PDL-2.4.9/blib/arch "-MPDL::PP qw/PDL::FFT PDL::FFT FFT/" fft.pd
cp FFT.pm ../../blib/lib/PDL/FFT.pm
/Volumes/Media/smoke/rel/perl-5.8.8/bin/perl /Volumes/Media/smoke/rel/perl-5.8.8/lib/site_perl/5.8.8/ExtUtils/xsubpp  -typemap /Volumes/Media/smoke/rel/perl-5.8.8/lib/5.8.8/ExtUtils/typemap -typemap /Volumes/Media/smoke/rel/conf/perl-5.8.8/.cpanplus/5.8.8/build/PDL-2.4.9/Basic/Core/typemap.pdl  FFT.xs > FFT.xsc && mv FFT.xsc FFT.c
cc -c  -I/Volumes/Media/smoke/rel/conf/perl-5.8.8/.cpanplus/5.8.8/build/PDL-2.4.9/Basic/Core   -fno-common -DPERL_DARWIN -no-cpp-precomp -fno-strict-aliasing -pipe -Wdeclaration-after-statement -I/usr/local/include -O3   -DVERSION=\"2.4.9\" -DXS_VERSION=\"2.4.9\"  "-I/Volumes/Media/smoke/rel/perl-5.8.8/lib/5.8.8/darwin-thread-multi-64int-2level/CORE"  -DFFT_FLOAT FFT.c
cc -c  -I/Volumes/Media/smoke/rel/conf/perl-5.8.8/.cpanplus/5.8.8/build/PDL-2.4.9/Basic/Core   -fno-common -DPERL_DARWIN -no-cpp-precomp -fno-strict-aliasing -pipe -Wdeclaration-after-statement -I/usr/local/include -O3   -DVERSION=\"2.4.9\" -DXS_VERSION=\"2.4.9\"  "-I/Volumes/Media/smoke/rel/perl-5.8.8/lib/5.8.8/darwin-thread-multi-64int-2level/CORE"  -DFFT_FLOAT fftn.c
Running Mkbootstrap for PDL::FFT ()
chmod 644 FFT.bs
rm -f ../../blib/arch/auto/PDL/FFT/FFT.bundle
env MACOSX_DEPLOYMENT_TARGET=10.3 cc  -bundle -undefined dynamic_lookup -L/usr/local/lib FFT.o fftn.o  -o ../../blib/arch/auto/PDL/FFT/FFT.bundle 	\
   -lm  	\
  
chmod 755 ../../blib/arch/auto/PDL/FFT/FFT.bundle
cp FFT.bs ../../blib/arch/auto/PDL/FFT/FFT.bs
chmod 644 ../../blib/arch/auto/PDL/FFT/FFT.bs
Manifying ../../blib/man3/PDL::FFT.3
cp Linear.pm ../../blib/lib/PDL/Filter/Linear.pm
cp LinPred.pm ../../blib/lib/PDL/Filter/LinPred.pm
Manifying ../../blib/man3/PDL::Linear.3
Manifying ../../blib/man3/PDL::LinPred.3
/Volumes/Media/smoke/rel/perl-5.8.8/bin/perl -I/Volumes/Media/smoke/rel/conf/perl-5.8.8/.cpanplus/5.8.8/build/PDL-2.4.9/blib/lib -I/Volumes/Media/smoke/rel/conf/perl-5.8.8/.cpanplus/5.8.8/build/PDL-2.4.9/blib/arch "-MPDL::PP qw/PDL::Image2D PDL::Image2D Image2D/" image2d.pd
cp Image2D.pm ../../blib/lib/PDL/Image2D.pm
/Volumes/Media/smoke/rel/perl-5.8.8/bin/perl /Volumes/Media/smoke/rel/perl-5.8.8/lib/site_perl/5.8.8/ExtUtils/xsubpp  -typemap /Volumes/Media/smoke/rel/perl-5.8.8/lib/5.8.8/ExtUtils/typemap -typemap /Volumes/Media/smoke/rel/conf/perl-5.8.8/.cpanplus/5.8.8/build/PDL-2.4.9/Basic/Core/typemap.pdl  Image2D.xs > Image2D.xsc && mv Image2D.xsc Image2D.c
cc -c  -I/Volumes/Media/smoke/rel/conf/perl-5.8.8/.cpanplus/5.8.8/build/PDL-2.4.9/Basic/Core   -fno-common -DPERL_DARWIN -no-cpp-precomp -fno-strict-aliasing -pipe -Wdeclaration-after-statement -I/usr/local/include -O3   -DVERSION=\"2.4.9\" -DXS_VERSION=\"2.4.9\"  "-I/Volumes/Media/smoke/rel/perl-5.8.8/lib/5.8.8/darwin-thread-multi-64int-2level/CORE"   Image2D.c
cc -c  -I/Volumes/Media/smoke/rel/conf/perl-5.8.8/.cpanplus/5.8.8/build/PDL-2.4.9/Basic/Core   -fno-common -DPERL_DARWIN -no-cpp-precomp -fno-strict-aliasing -pipe -Wdeclaration-after-statement -I/usr/local/include -O3   -DVERSION=\"2.4.9\" -DXS_VERSION=\"2.4.9\"  "-I/Volumes/Media/smoke/rel/perl-5.8.8/lib/5.8.8/darwin-thread-multi-64int-2level/CORE"   resample.c
Running Mkbootstrap for PDL::Image2D ()
chmod 644 Image2D.bs
rm -f ../../blib/arch/auto/PDL/Image2D/Image2D.bundle
env MACOSX_DEPLOYMENT_TARGET=10.3 cc  -bundle -undefined dynamic_lookup -L/usr/local/lib Image2D.o resample.o  -o ../../blib/arch/auto/PDL/Image2D/Image2D.bundle 	\
   -lm  	\
  
chmod 755 ../../blib/arch/auto/PDL/Image2D/Image2D.bundle
cp Image2D.bs ../../blib/arch/auto/PDL/Image2D/Image2D.bs
chmod 644 ../../blib/arch/auto/PDL/Image2D/Image2D.bs
Manifying ../../blib/man3/PDL::Image2D.3
/Volumes/Media/smoke/rel/perl-5.8.8/bin/perl -I/Volumes/Media/smoke/rel/conf/perl-5.8.8/.cpanplus/5.8.8/build/PDL-2.4.9/blib/lib -I/Volumes/Media/smoke/rel/conf/perl-5.8.8/.cpanplus/5.8.8/build/PDL-2.4.9/blib/arch "-MPDL::PP qw/PDL::ImageND PDL::ImageND ImageND/" imagend.pd
cp ImageND.pm ../../blib/lib/PDL/ImageND.pm
/Volumes/Media/smoke/rel/perl-5.8.8/bin/perl /Volumes/Media/smoke/rel/perl-5.8.8/lib/site_perl/5.8.8/ExtUtils/xsubpp  -typemap /Volumes/Media/smoke/rel/perl-5.8.8/lib/5.8.8/ExtUtils/typemap -typemap /Volumes/Media/smoke/rel/conf/perl-5.8.8/.cpanplus/5.8.8/build/PDL-2.4.9/Basic/Core/typemap.pdl  ImageND.xs > ImageND.xsc && mv ImageND.xsc ImageND.c
cc -c  -I/Volumes/Media/smoke/rel/conf/perl-5.8.8/.cpanplus/5.8.8/build/PDL-2.4.9/Basic/Core   -fno-common -DPERL_DARWIN -no-cpp-precomp -fno-strict-aliasing -pipe -Wdeclaration-after-statement -I/usr/local/include -O3   -DVERSION=\"2.4.9\" -DXS_VERSION=\"2.4.9\"  "-I/Volumes/Media/smoke/rel/perl-5.8.8/lib/5.8.8/darwin-thread-multi-64int-2level/CORE"   ImageND.c
Running Mkbootstrap for PDL::ImageND ()
chmod 644 ImageND.bs
rm -f ../../blib/arch/auto/PDL/ImageND/ImageND.bundle
env MACOSX_DEPLOYMENT_TARGET=10.3 cc  -bundle -undefined dynamic_lookup -L/usr/local/lib ImageND.o  -o ../../blib/arch/auto/PDL/ImageND/ImageND.bundle 	\
     	\
  
chmod 755 ../../blib/arch/auto/PDL/ImageND/ImageND.bundle
cp ImageND.bs ../../blib/arch/auto/PDL/ImageND/ImageND.bs
chmod 644 ../../blib/arch/auto/PDL/ImageND/ImageND.bs
Manifying ../../blib/man3/PDL::ImageND.3
cp CallExt.pm ../../blib/lib/PDL/CallExt.pm
/Volumes/Media/smoke/rel/perl-5.8.8/bin/perl /Volumes/Media/smoke/rel/perl-5.8.8/lib/site_perl/5.8.8/ExtUtils/xsubpp  -typemap /Volumes/Media/smoke/rel/perl-5.8.8/lib/5.8.8/ExtUtils/typemap  CallExt.xs > CallExt.xsc && mv CallExt.xsc CallExt.c
cc -c  -I../../Basic/Core  -fno-common -DPERL_DARWIN -no-cpp-precomp -fno-strict-aliasing -pipe -Wdeclaration-after-statement -I/usr/local/include -O3   -DVERSION=\"2.4.9\" -DXS_VERSION=\"2.4.9\"  "-I/Volumes/Media/smoke/rel/perl-5.8.8/lib/5.8.8/darwin-thread-multi-64int-2level/CORE"   CallExt.c
Running Mkbootstrap for PDL::CallExt ()
chmod 644 CallExt.bs
rm -f ../../blib/arch/auto/PDL/CallExt/CallExt.bundle
env MACOSX_DEPLOYMENT_TARGET=10.3 cc  -bundle -undefined dynamic_lookup -L/usr/local/lib CallExt.o  -o ../../blib/arch/auto/PDL/CallExt/CallExt.bundle 	\
     	\
  
chmod 755 ../../blib/arch/auto/PDL/CallExt/CallExt.bundle
cp CallExt.bs ../../blib/arch/auto/PDL/CallExt/CallExt.bs
chmod 644 ../../blib/arch/auto/PDL/CallExt/CallExt.bs
Manifying ../../blib/man3/PDL::CallExt.3
****
Can't locate ExtUtils/F77.pm in @INC (@INC contains: /Volumes/Media/smoke/rel/conf/perl-5.8.8/.cpanplus/5.8.8/build/PDL-2.4.9/inc /Volumes/Media/smoke/rel/perl-5.8.8/lib/5.8.8/darwin-thread-multi-64int-2level /Volumes/Media/smoke/rel/perl-5.8.8/lib/5.8.8 /Volumes/Media/smoke/rel/perl-5.8.8/lib/site_perl/5.8.8/darwin-thread-multi-64int-2level /Volumes/Media/smoke/rel/perl-5.8.8/lib/site_perl/5.8.8 /Volumes/Media/smoke/rel/perl-5.8.8/lib/site_perl /Volumes/Media/smoke/rel/conf/perl-5.8.8/.cpanplus/5.8.8/build/PDL-2.4.9 /Volumes/Media/smoke/rel/conf/perl-5.8.8/.cpanplus/5.8.8/build/PDL-2.4.9/Lib .) at (eval 85) line 2.BEGIN failed--compilation aborted at (eval 85) line 2.	ExtUtils::F77 module not found. Ought not build PDL::Slatec
****
****
Not building GSL modules: GSL version UNKNOWN VERSION found, but need at least 1.3
****
****
 Skipping build of PDL::FFTW.
****
****
	Cannot find Proj library, libproj.a.	Please add the correct library path to Makefile.PL or install Proj. Skipping build of PDL::GIS::Proj.
****
/Volumes/Media/smoke/rel/perl-5.8.8/bin/perl -I/Volumes/Media/smoke/rel/conf/perl-5.8.8/.cpanplus/5.8.8/build/PDL-2.4.9/blib/lib -I/Volumes/Media/smoke/rel/conf/perl-5.8.8/.cpanplus/5.8.8/build/PDL-2.4.9/blib/arch "-MPDL::PP qw/PDL::Transform PDL::Transform Transform/" transform.pd
cp Transform.pm ../../blib/lib/PDL/Transform.pm
cp earth_coast.vec.fits ../../../blib/lib/PDL/Transform/Cartography/earth_coast.vec.fits
cp earth_night.jpg ../../../blib/lib/PDL/Transform/Cartography/earth_night.jpg
cp earth_day.jpg ../../../blib/lib/PDL/Transform/Cartography/earth_day.jpg
cp Cartography.pm ../../../blib/lib/PDL/Transform/Cartography.pm
Manifying ../../../blib/man3/PDL::Transform::Cartography.3
****
   Will skip build of PDL::Transform::Proj4 on this system   
****
/Volumes/Media/smoke/rel/perl-5.8.8/bin/perl /Volumes/Media/smoke/rel/perl-5.8.8/lib/site_perl/5.8.8/ExtUtils/xsubpp  -typemap /Volumes/Media/smoke/rel/perl-5.8.8/lib/5.8.8/ExtUtils/typemap -typemap /Volumes/Media/smoke/rel/conf/perl-5.8.8/.cpanplus/5.8.8/build/PDL-2.4.9/Basic/Core/typemap.pdl  Transform.xs > Transform.xsc && mv Transform.xsc Transform.c
cc -c  -I/Volumes/Media/smoke/rel/conf/perl-5.8.8/.cpanplus/5.8.8/build/PDL-2.4.9/Basic/Core   -fno-common -DPERL_DARWIN -no-cpp-precomp -fno-strict-aliasing -pipe -Wdeclaration-after-statement -I/usr/local/include -O3   -DVERSION=\"2.4.9\" -DXS_VERSION=\"2.4.9\"  "-I/Volumes/Media/smoke/rel/perl-5.8.8/lib/5.8.8/darwin-thread-multi-64int-2level/CORE"   Transform.c
Transform.xs: In function 'pdl_map_readdata':
Transform.xs:383: warning: overflow in implicit constant conversion
Transform.xs:796: warning: overflow in implicit constant conversion
Transform.xs:1209: warning: overflow in implicit constant conversion
Transform.xs:1622: warning: overflow in implicit constant conversion
Transform.xs:2035: warning: overflow in implicit constant conversion
Running Mkbootstrap for PDL::Transform ()
chmod 644 Transform.bs
rm -f ../../blib/arch/auto/PDL/Transform/Transform.bundle
env MACOSX_DEPLOYMENT_TARGET=10.3 cc  -bundle -undefined dynamic_lookup -L/usr/local/lib Transform.o  -o ../../blib/arch/auto/PDL/Transform/Transform.bundle 	\
     	\
  
chmod 755 ../../blib/arch/auto/PDL/Transform/Transform.bundle
cp Transform.bs ../../blib/arch/auto/PDL/Transform/Transform.bs
chmod 644 ../../blib/arch/auto/PDL/Transform/Transform.bs
Manifying ../../blib/man3/PDL::Transform.3
****
Can't locate ExtUtils/F77.pm in @INC (@INC contains: /Volumes/Media/smoke/rel/conf/perl-5.8.8/.cpanplus/5.8.8/build/PDL-2.4.9/inc /Volumes/Media/smoke/rel/perl-5.8.8/lib/5.8.8/darwin-thread-multi-64int-2level /Volumes/Media/smoke/rel/perl-5.8.8/lib/5.8.8 /Volumes/Media/smoke/rel/perl-5.8.8/lib/site_perl/5.8.8/darwin-thread-multi-64int-2level /Volumes/Media/smoke/rel/perl-5.8.8/lib/site_perl/5.8.8 /Volumes/Media/smoke/rel/perl-5.8.8/lib/site_perl /Volumes/Media/smoke/rel/conf/perl-5.8.8/.cpanplus/5.8.8/build/PDL-2.4.9 /Volumes/Media/smoke/rel/conf/perl-5.8.8/.cpanplus/5.8.8/build/PDL-2.4.9/Lib .) at (eval 89) line 2.BEGIN failed--compilation aborted at (eval 89) line 2.	ExtUtils::F77 module not found. Ought not build PDL::Minuit
****
/Volumes/Media/smoke/rel/perl-5.8.8/bin/perl -I/Volumes/Media/smoke/rel/conf/perl-5.8.8/.cpanplus/5.8.8/build/PDL-2.4.9/blib/lib -I/Volumes/Media/smoke/rel/conf/perl-5.8.8/.cpanplus/5.8.8/build/PDL-2.4.9/blib/arch "-MPDL::PP qw/PDL::Compression PDL::Compression Compression/" compression.pd
cp Compression.pm ../../blib/lib/PDL/Compression.pm
/Volumes/Media/smoke/rel/perl-5.8.8/bin/perl /Volumes/Media/smoke/rel/perl-5.8.8/lib/site_perl/5.8.8/ExtUtils/xsubpp  -typemap /Volumes/Media/smoke/rel/perl-5.8.8/lib/5.8.8/ExtUtils/typemap -typemap /Volumes/Media/smoke/rel/conf/perl-5.8.8/.cpanplus/5.8.8/build/PDL-2.4.9/Basic/Core/typemap.pdl  Compression.xs > Compression.xsc && mv Compression.xsc Compression.c
cc -c  -I/Volumes/Media/smoke/rel/conf/perl-5.8.8/.cpanplus/5.8.8/build/PDL-2.4.9/Basic/Core   -fno-common -DPERL_DARWIN -no-cpp-precomp -fno-strict-aliasing -pipe -Wdeclaration-after-statement -I/usr/local/include -O3   -DVERSION=\"2.4.9\" -DXS_VERSION=\"2.4.9\"  "-I/Volumes/Media/smoke/rel/perl-5.8.8/lib/5.8.8/darwin-thread-multi-64int-2level/CORE"   Compression.c
Running Mkbootstrap for PDL::Compression ()
chmod 644 Compression.bs
rm -f ../../blib/arch/auto/PDL/Compression/Compression.bundle
env MACOSX_DEPLOYMENT_TARGET=10.3 cc  -bundle -undefined dynamic_lookup -L/usr/local/lib Compression.o  -o ../../blib/arch/auto/PDL/Compression/Compression.bundle 	\
     	\
  
chmod 755 ../../blib/arch/auto/PDL/Compression/Compression.bundle
cp Compression.bs ../../blib/arch/auto/PDL/Compression/Compression.bs
chmod 644 ../../blib/arch/auto/PDL/Compression/Compression.bs
Manifying ../../blib/man3/PDL::Compression.3
Manifying ../blib/man3/PDL::Func.3
Manifying ../blib/man3/PDL::DiskCache.3
cp Script.pm ../blib/lib/PDL/Perldl2/Script.pm
cp Perldl2.pm ../../blib/lib/PDL/Perldl2/Profile/Perldl2.pm
Manifying ../../blib/man3/PDL::Perldl2::Perldl2.3
cp PrintControl.pm ../../blib/lib/PDL/Perldl2/Plugin/PrintControl.pm
cp PDLCommands.pm ../../blib/lib/PDL/Perldl2/Plugin/PDLCommands.pm
cp NiceSlice.pm ../../blib/lib/PDL/Perldl2/Plugin/NiceSlice.pm
Manifying ../../blib/man3/PDL::Perldl2::PrintControl.3
Manifying ../../blib/man3/PDL::Perldl2::PDLCommands.3
Manifying ../../blib/man3/PDL::Perldl2::NiceSlice.3
cp pdl2 ../blib/script/pdl2
/Volumes/Media/smoke/rel/perl-5.8.8/bin/perl -MExtUtils::MY -e 'MY->fixin(shift)' -- ../blib/script/pdl2
Manifying ../blib/man1/pdl2.1
/Volumes/Media/smoke/rel/perl-5.8.8/bin/perl -MPod::Select -e "podselect('pdldoc');" > pdldoc.pod
/Volumes/Media/smoke/rel/perl-5.8.8/bin/perl "-Iblib/arch" "-Iblib/lib" perldl.PL perldl
Extracting perldl (with variable substitutions)
/Volumes/Media/smoke/rel/perl-5.8.8/bin/perl -MPod::Select -e "podselect('perldl');" > perldl.pod
cp perldl.pod blib/lib/PDL/perldl.pod
cp pdldoc.pod blib/lib/PDL/pdldoc.pod
cp pdldoc blib/script/pdldoc
/Volumes/Media/smoke/rel/perl-5.8.8/bin/perl -MExtUtils::MY -e 'MY->fixin(shift)' -- blib/script/pdldoc
cp perldl blib/script/perldl
/Volumes/Media/smoke/rel/perl-5.8.8/bin/perl -MExtUtils::MY -e 'MY->fixin(shift)' -- blib/script/perldl
Manifying blib/man1/pdldoc.1
Manifying blib/man1/perldl.1
/Volumes/Media/smoke/rel/perl-5.8.8/bin/perl "-Iblib/arch" "-Iblib/lib" pdl.PL pdl

[MSG] [Sun May  1 12:37:44 2011] MAKE TEST passed: /Volumes/Media/smoke/rel/perl-5.8.8/bin/perl "-Iblib/arch" "-Iblib/lib" pdldoc.PL pdldoc
Extracting pdldoc (WITH bad value support)
/Volumes/Media/smoke/rel/perl-5.8.8/bin/perl "-I../../blib/arch" "-I../../blib/lib" pptemplate.PL pptemplate
Extracting pptemplate (with variable substitutions)
/Volumes/Media/smoke/rel/perl-5.8.8/bin/perl -MPod::Select -e "podselect('pptemplate');" > pptemplate.pod
Skip ../../blib/lib/PDL/PP.pm (unchanged)
Skip ../../blib/lib/PDL/PP/Var.pm (unchanged)
Skip ../../blib/lib/PDL/PP/CType.pm (unchanged)
Skip ../../blib/lib/PDL/PP/PDLCode.pm (unchanged)
Skip ../../blib/lib/PDL/PP/SymTab.pm (unchanged)
Skip ../../blib/lib/PDL/PP/PdlParObj.pm (unchanged)
Skip ../../blib/lib/PDL/PP/Signature.pm (unchanged)
Skip ../../blib/lib/PDL/PP/XS.pm (unchanged)
Skip ../../blib/lib/PDL/PP/Dump.pm (unchanged)
Skip ../../blib/lib/PDL/pptemplate.pod (unchanged)
Skip ../../blib/lib/PDL/PP/Struct.pm (unchanged)
Skip ../../blib/lib/PDL/PP/Dims.pm (unchanged)
cp pptemplate ../../blib/script/pptemplate
/Volumes/Media/smoke/rel/perl-5.8.8/bin/perl -MExtUtils::MY -e 'MY->fixin(shift)' -- ../../blib/script/pptemplate
Manifying ../../blib/man1/pptemplate.1
Manifying ../../blib/man3/PDL::pptemplate.3
****
Cannot find plplot library (libplplotd.dylib), skipping PDL::Graphics::PLplot      Not building PDL::Graphics::PLplot
****
****
Cannot find hdf library, libdf.a.Please add the correct library path to Makefile.PL or install HDFCannot find hdf header file, hdf.h.Please add the correct library path to Makefile.PL or install HDF Skipping build of PDL::IO::HDF.
****
****
Can't locate ExtUtils/F77.pm in @INC (@INC contains: /Volumes/Media/smoke/rel/conf/perl-5.8.8/.cpanplus/5.8.8/build/PDL-2.4.9/inc /Volumes/Media/smoke/rel/perl-5.8.8/lib/5.8.8/darwin-thread-multi-64int-2level /Volumes/Media/smoke/rel/perl-5.8.8/lib/5.8.8 /Volumes/Media/smoke/rel/perl-5.8.8/lib/site_perl/5.8.8/darwin-thread-multi-64int-2level /Volumes/Media/smoke/rel/perl-5.8.8/lib/site_perl/5.8.8 /Volumes/Media/smoke/rel/perl-5.8.8/lib/site_perl /Volumes/Media/smoke/rel/conf/perl-5.8.8/.cpanplus/5.8.8/build/PDL-2.4.9 /Volumes/Media/smoke/rel/conf/perl-5.8.8/.cpanplus/5.8.8/build/PDL-2.4.9/Lib .) at (eval 85) line 2.BEGIN failed--compilation aborted at (eval 85) line 2.	ExtUtils::F77 module not found. Ought not build PDL::Slatec
****
****
Not building GSL modules: GSL version UNKNOWN VERSION found, but need at least 1.3
****
****
 Skipping build of PDL::FFTW.
****
****
	Cannot find Proj library, libproj.a.	Please add the correct library path to Makefile.PL or install Proj. Skipping build of PDL::GIS::Proj.
****
****
   Will skip build of PDL::Transform::Proj4 on this system   
****
****
Can't locate ExtUtils/F77.pm in @INC (@INC contains: /Volumes/Media/smoke/rel/conf/perl-5.8.8/.cpanplus/5.8.8/build/PDL-2.4.9/inc /Volumes/Media/smoke/rel/perl-5.8.8/lib/5.8.8/darwin-thread-multi-64int-2level /Volumes/Media/smoke/rel/perl-5.8.8/lib/5.8.8 /Volumes/Media/smoke/rel/perl-5.8.8/lib/site_perl/5.8.8/darwin-thread-multi-64int-2level /Volumes/Media/smoke/rel/perl-5.8.8/lib/site_perl/5.8.8 /Volumes/Media/smoke/rel/perl-5.8.8/lib/site_perl /Volumes/Media/smoke/rel/conf/perl-5.8.8/.cpanplus/5.8.8/build/PDL-2.4.9 /Volumes/Media/smoke/rel/conf/perl-5.8.8/.cpanplus/5.8.8/build/PDL-2.4.9/Lib .) at (eval 89) line 2.BEGIN failed--compilation aborted at (eval 89) line 2.	ExtUtils::F77 module not found. Ought not build PDL::Minuit
****
/Volumes/Media/smoke/rel/perl-5.8.8/bin/perl -MPod::Select -e "podselect('pdldoc');" > pdldoc.pod
/Volumes/Media/smoke/rel/perl-5.8.8/bin/perl "-Iblib/arch" "-Iblib/lib" perldl.PL perldl
Extracting perldl (with variable substitutions)
/Volumes/Media/smoke/rel/perl-5.8.8/bin/perl -MPod::Select -e "podselect('perldl');" > perldl.pod
Skip blib/lib/PDL/perldl.pod (unchanged)
Skip blib/lib/PDL/pdldoc.pod (unchanged)
cp pdldoc blib/script/pdldoc
/Volumes/Media/smoke/rel/perl-5.8.8/bin/perl -MExtUtils::MY -e 'MY->fixin(shift)' -- blib/script/pdldoc
cp perldl blib/script/perldl
/Volumes/Media/smoke/rel/perl-5.8.8/bin/perl -MExtUtils::MY -e 'MY->fixin(shift)' -- blib/script/perldl
PERL_DL_NONLAZY=1 /Volumes/Media/smoke/rel/perl-5.8.8/bin/perl "-MExtUtils::Command::MM" "-e" "test_harness(0, 'blib/lib', 'blib/arch')" t/*.t
t/aaa_load.t ................ ok
t/argtest.t ................. ok
t/autoload.t ................ ok
t/bad.t ..................... ok
t/basic.t ................... ok
t/bess.t .................... ok
t/bool.t .................... ok
t/callext.t ................. ok
t/clump.t ................... ok
t/complex.t ................. ok
t/config.t .................. ok
t/constants.t ............... ok
t/constructor.t ............. ok
t/conv.t .................... ok
t/core.t .................... ok
t/croak.t ................... ok
t/diskcache.t ............... ok
Argument "2.121_08" isn't numeric in subroutine entry at /Volumes/Media/smoke/rel/conf/perl-5.8.8/.cpanplus/5.8.8/build/PDL-2.4.9/blib/lib/PDL/IO/Dumper.pm line 128.
t/dumper.t .................. ok
t/erf.t ..................... ok
t/erfi.t .................... ok
t/familyfree.t .............. ok
t/fastraw.t ................. ok
t/fft.t ..................... ok
t/fftw.t .................... skipped: PDL::FFTW not available
t/fits.t .................... ok
t/flexraw.t ................. ok
t/flexraw_fortran.t ......... skipped: Skipped tests as F77 compiler not found
t/flow.t .................... ok
t/foo.t ..................... ok
t/func.t .................... ok
t/gauss.t ................... ok
t/gd_oo_tests.t ............. ok
t/gd_tests.t ................ ok
t/gis_proj.t ................ skipped: PDL::GIS::Proj module not compiled.
t/gsl_diff.t ................ skipped: PDL::GSL::DIFF not compiled.
t/gsl_integ.t ............... skipped: PDL::GSL::INTEG not compiled.
t/gsl_interp.t .............. skipped: PDL::GSL::INTERP not compiled.
t/gsl_mroot.t ............... skipped: PDL::GSL::MROOT not compiled.
t/gsl_rng.t ................. skipped: PDL::GSL::RNG not compiled.
t/gsl_sf.t .................. skipped: PDL::GSLSF::BESSEL not compiled.
t/hdf_sd.t .................. skipped: PDL::IO::HDF module not compiled.
t/hdf_vdata.t ............... skipped: PDL::IO::HDF module not compiled.
t/hdf_vgroup.t .............. skipped: PDL::IO::HDF module not compiled.
t/hdrs.t .................... ok
t/hist.t .................... ok
t/howbig.t .................. ok
t/ica.t ..................... ok
t/image2d.t ................. ok
t/imagend.t ................. ok
t/imagergb.t ................ ok
t/inlinepdlpp.t ............. ok
t/interp.t .................. ok
t/interp_slatec.t ........... ok
t/interpol.t ................ ok
t/iotypes.t ................. ok
t/limits_00.t ............... skipped: PDL::Slatec not available
t/limits_errb.t ............. skipped: PDL::Slatec not available
t/limits_keyspecs.t ......... skipped: PDL::Slatec not available
t/limits_normalize_dsets.t .. ok
t/limits_range.t ............ skipped: PDL::Slatec not available
t/limits_round.t ............ skipped: PDL::Slatec not available
t/limits_trans.t ............ skipped: PDL::Slatec not available
t/limits_trans_err.t ........ skipped: PDL::Slatec not available
t/limits_ulimits.t .......... skipped: PDL::Slatec not available
t/linfit.t .................. ok
t/lut.t ..................... ok
t/lvalue.t .................. ok
t/magic.t ................... ok
t/matmult.t ................. ok
t/matrix.t .................. ok
t/matrixops.t ............... ok
t/minuit.t .................. skipped: PDL::Minuit not available
t/misc.t .................... ok
t/ndf.t ..................... skipped: PDL::IO::NDF module not available.
t/niceslice.t ............... ok
t/nsdatahandle.t ............ ok
t/ones.t .................... ok
t/opengl.t .................. skipped: TriD graphics not compiled
t/ops.t ..................... ok
t/pdl_from_string.t ......... ok
t/pdlchar.t ................. ok
t/pgplot.t .................. skipped: Skipped: PDL::Graphics::PGPLOT not installed
t/physical.t ................ ok
t/pic_16bit.t ............... ok
t/picnorgb.t ................ ok
t/picrgb.t .................. ok
t/plplot.t .................. skipped: PDL::Graphics::PLplot not installed
t/pnm.t ..................... ok
t/poly.t .................... ok
t/polyroots.t ............... ok
t/pptest.t .................. ok
t/primitive.t ............... ok
t/primitive2.t .............. ok
t/proj_transform.t .......... skipped: PDL::Transform::Proj4 module not compiled.
t/proj_transform2.t ......... skipped: PDL::Transform::Proj4 module not compiled.
t/pthread.t ................. ok
t/reduce.t .................. ok
t/refs.t .................... ok
t/requiredmods.t ............ ok
t/round.t ................... ok
t/scope.t ................... ok
t/segfault.t ................ ok
t/simplex.t ................. ok
t/slatec.t .................. skipped: PDL::Slatec not available
t/slice.t ................... ok
t/storable.t ................ ok
t/subclass.t ................ ok
t/subclass2.t ............... ok
t/subclass3.t ............... ok
t/subclass4.t ............... ok
t/thread.t .................. ok
t/thread_def.t .............. ok
t/transform.t ............... ok
t/trig.t .................... ok
t/ufunc.t ................... ok
t/vaffine.t ................. ok
t/xvals.t ................... ok
All tests successful.
Files=117, Tests=1037, 208 wallclock secs ( 4.22 usr  2.58 sys + 144.63 cusr 50.28 csys = 201.71 CPU)
Result: PASS
/Volumes/Media/smoke/rel/perl-5.8.8/bin/perl "-I../../blib/arch" "-I../../blib/lib" pptemplate.PL pptemplate
Extracting pptemplate (with variable substitutions)
/Volumes/Media/smoke/rel/perl-5.8.8/bin/perl -MPod::Select -e "podselect('pptemplate');" > pptemplate.pod
Skip ../../blib/lib/PDL/PP.pm (unchanged)
Skip ../../blib/lib/PDL/PP/Var.pm (unchanged)
Skip ../../blib/lib/PDL/PP/CType.pm (unchanged)
Skip ../../blib/lib/PDL/PP/PDLCode.pm (unchanged)
Skip ../../blib/lib/PDL/PP/SymTab.pm (unchanged)
Skip ../../blib/lib/PDL/PP/PdlParObj.pm (unchanged)
Skip ../../blib/lib/PDL/PP/Signature.pm (unchanged)
Skip ../../blib/lib/PDL/PP/XS.pm (unchanged)
Skip ../../blib/lib/PDL/PP/Dump.pm (unchanged)
Skip ../../blib/lib/PDL/pptemplate.pod (unchanged)
Skip ../../blib/lib/PDL/PP/Struct.pm (unchanged)
Skip ../../blib/lib/PDL/PP/Dims.pm (unchanged)
cp pptemplate ../../blib/script/pptemplate
/Volumes/Media/smoke/rel/perl-5.8.8/bin/perl -MExtUtils::MY -e 'MY->fixin(shift)' -- ../../blib/script/pptemplate
Manifying ../../blib/man1/pptemplate.1
Manifying ../../blib/man3/PDL::pptemplate.3
No tests defined for PDL::pod extension.
/Volumes/Media/smoke/rel/perl-5.8.8/bin/perl "-I../../blib/arch" "-I../../blib/lib" pptemplate.PL pptemplate
Extracting pptemplate (with variable substitutions)
/Volumes/Media/smoke/rel/perl-5.8.8/bin/perl -MPod::Select -e "podselect('pptemplate');" > pptemplate.pod
Skip ../../blib/lib/PDL/PP.pm (unchanged)
Skip ../../blib/lib/PDL/PP/Var.pm (unchanged)
Skip ../../blib/lib/PDL/PP/CType.pm (unchanged)
Skip ../../blib/lib/PDL/PP/PDLCode.pm (unchanged)
Skip ../../blib/lib/PDL/PP/SymTab.pm (unchanged)
Skip ../../blib/lib/PDL/PP/PdlParObj.pm (unchanged)
Skip ../../blib/lib/PDL/PP/Signature.pm (unchanged)
Skip ../../blib/lib/PDL/PP/XS.pm (unchanged)
Skip ../../blib/lib/PDL/PP/Dump.pm (unchanged)
Skip ../../blib/lib/PDL/pptemplate.pod (unchanged)
Skip ../../blib/lib/PDL/PP/Struct.pm (unchanged)
Skip ../../blib/lib/PDL/PP/Dims.pm (unchanged)
cp pptemplate ../../blib/script/pptemplate
/Volumes/Media/smoke/rel/perl-5.8.8/bin/perl -MExtUtils::MY -e 'MY->fixin(shift)' -- ../../blib/script/pptemplate
No tests defined for Inline extension.
No tests defined for PDL::NiceSlice extension.
No tests defined for PDL::Core extension.
No tests defined for PDL::Bad extension.
No tests defined for PDL::Ops extension.
No tests defined for PDL::Ufunc extension.
No tests defined for PDL::Primitive extension.
No tests defined for PDL::Slices extension.
No tests defined for PDL::Tests extension.
No tests defined for PDL::Math extension.
No tests defined for PDL::MatrixOps extension.
No tests defined for PDL::Complex extension.
No tests defined for PDL::Demos extension.
No tests defined for PDL::Pod::Parser extension.
****
Cannot find plplot library (libplplotd.dylib), skipping PDL::Graphics::PLplot      Not building PDL::Graphics::PLplot
****
No tests defined for PDL::Graphics::PGPLOT::Window extension.
No tests defined for PDL::Graphics::LUT::tables::DATA extension.
No tests defined for PDL::Graphics::LUT::ramps::DATA extension.
No tests defined for PDL::Graphics::IIS extension.
****
Cannot find plplot library (libplplotd.dylib), skipping PDL::Graphics::PLplot      Not building PDL::Graphics::PLplot
****
No tests defined for PDL::Graphics::Limits extension.
****
Cannot find hdf library, libdf.a.Please add the correct library path to Makefile.PL or install HDFCannot find hdf header file, hdf.h.Please add the correct library path to Makefile.PL or install HDF Skipping build of PDL::IO::HDF.
****
No tests defined for PDL::IO::FastRaw extension.
No tests defined for PDL::IO::Misc extension.
No tests defined for PDL::IO::FlexRaw extension.
No tests defined for PDL::IO::Pnm extension.
No tests defined for PDL::IO::NDF extension.
No tests defined for PDL::IO::Storable extension.
No tests defined for PDL::IO::FITS extension.
****
Cannot find hdf library, libdf.a.Please add the correct library path to Makefile.PL or install HDFCannot find hdf header file, hdf.h.Please add the correct library path to Makefile.PL or install HDF Skipping build of PDL::IO::HDF.
****
No tests defined for PDL::IO::GD extension.
No tests defined for PDL::IO::Dicom extension.
****
Can't locate ExtUtils/F77.pm in @INC (@INC contains: /Volumes/Media/smoke/rel/conf/perl-5.8.8/.cpanplus/5.8.8/build/PDL-2.4.9/inc /Volumes/Media/smoke/rel/perl-5.8.8/lib/5.8.8/darwin-thread-multi-64int-2level /Volumes/Media/smoke/rel/perl-5.8.8/lib/5.8.8 /Volumes/Media/smoke/rel/perl-5.8.8/lib/site_perl/5.8.8/darwin-thread-multi-64int-2level /Volumes/Media/smoke/rel/perl-5.8.8/lib/site_perl/5.8.8 /Volumes/Media/smoke/rel/perl-5.8.8/lib/site_perl /Volumes/Media/smoke/rel/conf/perl-5.8.8/.cpanplus/5.8.8/build/PDL-2.4.9 /Volumes/Media/smoke/rel/conf/perl-5.8.8/.cpanplus/5.8.8/build/PDL-2.4.9/Lib .) at (eval 85) line 2.BEGIN failed--compilation aborted at (eval 85) line 2.	ExtUtils::F77 module not found. Ought not build PDL::Slatec
****
****
Not building GSL modules: GSL version UNKNOWN VERSION found, but need at least 1.3
****
****
 Skipping build of PDL::FFTW.
****
****
	Cannot find Proj library, libproj.a.	Please add the correct library path to Makefile.PL or install Proj. Skipping build of PDL::GIS::Proj.
****
****
   Will skip build of PDL::Transform::Proj4 on this system   
****
****
Can't locate ExtUtils/F77.pm in @INC (@INC contains: /Volumes/Media/smoke/rel/conf/perl-5.8.8/.cpanplus/5.8.8/build/PDL-2.4.9/inc /Volumes/Media/smoke/rel/perl-5.8.8/lib/5.8.8/darwin-thread-multi-64int-2level /Volumes/Media/smoke/rel/perl-5.8.8/lib/5.8.8 /Volumes/Media/smoke/rel/perl-5.8.8/lib/site_perl/5.8.8/darwin-thread-multi-64int-2level /Volumes/Media/smoke/rel/perl-5.8.8/lib/site_perl/5.8.8 /Volumes/Media/smoke/rel/perl-5.8.8/lib/site_perl /Volumes/Media/smoke/rel/conf/perl-5.8.8/.cpanplus/5.8.8/build/PDL-2.4.9 /Volumes/Media/smoke/rel/conf/perl-5.8.8/.cpanplus/5.8.8/build/PDL-2.4.9/Lib .) at (eval 89) line 2.BEGIN failed--compilation aborted at (eval 89) line 2.	ExtUtils::F77 module not found. Ought not build PDL::Minuit
****
No tests defined for PDL::Opt::Simplex extension.
No tests defined for PDL::ImageRGB extension.
No tests defined for PDL::Fit::Gaussian extension.
No tests defined for PDL::FFT extension.
No tests defined for PDL::Filter extension.
No tests defined for PDL::Image2D extension.
No tests defined for PDL::ImageND extension.
No tests defined for PDL::CallExt extension.
****
Can't locate ExtUtils/F77.pm in @INC (@INC contains: /Volumes/Media/smoke/rel/conf/perl-5.8.8/.cpanplus/5.8.8/build/PDL-2.4.9/inc /Volumes/Media/smoke/rel/perl-5.8.8/lib/5.8.8/darwin-thread-multi-64int-2level /Volumes/Media/smoke/rel/perl-5.8.8/lib/5.8.8 /Volumes/Media/smoke/rel/perl-5.8.8/lib/site_perl/5.8.8/darwin-thread-multi-64int-2level /Volumes/Media/smoke/rel/perl-5.8.8/lib/site_perl/5.8.8 /Volumes/Media/smoke/rel/perl-5.8.8/lib/site_perl /Volumes/Media/smoke/rel/conf/perl-5.8.8/.cpanplus/5.8.8/build/PDL-2.4.9 /Volumes/Media/smoke/rel/conf/perl-5.8.8/.cpanplus/5.8.8/build/PDL-2.4.9/Lib .) at (eval 85) line 2.BEGIN failed--compilation aborted at (eval 85) line 2.	ExtUtils::F77 module not found. Ought not build PDL::Slatec
****
****
Not building GSL modules: GSL version UNKNOWN VERSION found, but need at least 1.3
****
****
 Skipping build of PDL::FFTW.
****
****
	Cannot find Proj library, libproj.a.	Please add the correct library path to Makefile.PL or install Proj. Skipping build of PDL::GIS::Proj.
****
****
	Cannot find Proj library, libproj.a.	Please add the correct library path to Makefile.PL or install Proj. Skipping build of PDL::GIS::Proj.
****
****
   Will skip build of PDL::Transform::Proj4 on this system   
****
No tests defined for PDL::Transform::Cartography extension.
****
   Will skip build of PDL::Transform::Proj4 on this system   
****
****
Can't locate ExtUtils/F77.pm in @INC (@INC contains: /Volumes/Media/smoke/rel/conf/perl-5.8.8/.cpanplus/5.8.8/build/PDL-2.4.9/inc /Volumes/Media/smoke/rel/perl-5.8.8/lib/5.8.8/darwin-thread-multi-64int-2level /Volumes/Media/smoke/rel/perl-5.8.8/lib/5.8.8 /Volumes/Media/smoke/rel/perl-5.8.8/lib/site_perl/5.8.8/darwin-thread-multi-64int-2level /Volumes/Media/smoke/rel/perl-5.8.8/lib/site_perl/5.8.8 /Volumes/Media/smoke/rel/perl-5.8.8/lib/site_perl /Volumes/Media/smoke/rel/conf/perl-5.8.8/.cpanplus/5.8.8/build/PDL-2.4.9 /Volumes/Media/smoke/rel/conf/perl-5.8.8/.cpanplus/5.8.8/build/PDL-2.4.9/Lib .) at (eval 89) line 2.BEGIN failed--compilation aborted at (eval 89) line 2.	ExtUtils::F77 module not found. Ought not build PDL::Minuit
****
No tests defined for PDL::Compression extension.
No tests defined for PDL::Perldl2::Profile extension.
No tests defined for PDL::Perldl2::Plugin extension.

[MSG] [Sun May  1 12:37:45 2011] Sending test report for 'PDL-2.4.9'
[MSG] [Sun May  1 12:37:45 2011] Successfully sent 'pass' report for 'PDL-2.4.9'
[ERROR] [Sun May  1 12:37:51 2011] MAKE TEST failed: PERL_DL_NONLAZY=1 /Volumes/Media/smoke/rel/perl-5.8.8/bin/perl "-MExtUtils::Command::MM" "-e" "test_harness(0, 'blib/lib', 'blib/arch')" t/*.t
Can't locate PDL/Graphics/PLplot.pm in @INC (@INC contains: /Volumes/Media/smoke/rel/conf/perl-5.8.8/.cpanplus/5.8.8/build/PDL-Graphics-PLplot-0.55/blib/lib /Volumes/Media/smoke/rel/conf/perl-5.8.8/.cpanplus/5.8.8/build/PDL-Graphics-PLplot-0.55/blib/arch /Volumes/Media/smoke/rel/conf/perl-5.8.8/.cpanplus/5.8.8/build/Astro-FITS-Header-3.03/blib/lib /Volumes/Media/smoke/rel/conf/perl-5.8.8/.cpanplus/5.8.8/build/Astro-FITS-Header-3.03/blib/arch /Volumes/Media/smoke/rel/conf/perl-5.8.8/.cpanplus/5.8.8/build/Convert-UU-0.5201/blib/lib /Volumes/Media/smoke/rel/conf/perl-5.8.8/.cpanplus/5.8.8/build/Convert-UU-0.5201/blib/arch /Volumes/Media/smoke/rel/conf/perl-5.8.8/.cpanplus/5.8.8/build/Parse-RecDescent-1.965001/blib/lib /Volumes/Media/smoke/rel/conf/perl-5.8.8/.cpanplus/5.8.8/build/Parse-RecDescent-1.965001/blib/arch /Volumes/Media/smoke/rel/conf/perl-5.8.8/.cpanplus/5.8.8/build/Sub-Uplevel-0.22/blib/lib /Volumes/Media/smoke/rel/conf/perl-5.8.8/.cpanplus/5.8.8/build/Sub-Uplevel-0.22/blib/arch /Volumes/Media/smoke/rel/conf/perl-5.8.8/.cpanplus/5.8.8/build/Tree-DAG_Node-1.06/blib/lib /Volumes/Media/smoke/rel/conf/perl-5.8.8/.cpanplus/5.8.8/build/Tree-DAG_Node-1.06/blib/arch /Volumes/Media/smoke/rel/conf/perl-5.8.8/.cpanplus/5.8.8/build/Test-Warn-0.23/blib/lib /Volumes/Media/smoke/rel/conf/perl-5.8.8/.cpanplus/5.8.8/build/Test-Warn-0.23/blib/arch /Volumes/Media/smoke/rel/conf/perl-5.8.8/.cpanplus/5.8.8/build/Inline-0.48/blib/lib /Volumes/Media/smoke/rel/conf/perl-5.8.8/.cpanplus/5.8.8/build/Inline-0.48/blib/arch /Volumes/Media/smoke/rel/conf/perl-5.8.8/.cpanplus/5.8.8/build/PDL-2.4.9/blib/lib /Volumes/Media/smoke/rel/conf/perl-5.8.8/.cpanplus/5.8.8/build/PDL-2.4.9/blib/arch /Volumes/Media/smoke/rel/conf/perl-5.8.8/.cpanplus/5.8.8/build/Astro-FITS-Header-3.03/blib/lib /Volumes/Media/smoke/rel/conf/perl-5.8.8/.cpanplus/5.8.8/build/Astro-FITS-Header-3.03/blib/arch /Volumes/Media/smoke/rel/conf/perl-5.8.8/.cpanplus/5.8.8/build/Convert-UU-0.5201/blib/lib /Volumes/Media/smoke/rel/conf/perl-5.8.8/.cpanplus/5.8.8/build/Convert-UU-0.5201/blib/arch /Volumes/Media/smoke/rel/conf/perl-5.8.8/.cpanplus/5.8.8/build/Parse-RecDescent-1.965001/blib/lib /Volumes/Media/smoke/rel/conf/perl-5.8.8/.cpanplus/5.8.8/build/Parse-RecDescent-1.965001/blib/arch /Volumes/Media/smoke/rel/conf/perl-5.8.8/.cpanplus/5.8.8/build/Sub-Uplevel-0.22/blib/lib /Volumes/Media/smoke/rel/conf/perl-5.8.8/.cpanplus/5.8.8/build/Sub-Uplevel-0.22/blib/arch /Volumes/Media/smoke/rel/conf/perl-5.8.8/.cpanplus/5.8.8/build/Tree-DAG_Node-1.06/blib/lib /Volumes/Media/smoke/rel/conf/perl-5.8.8/.cpanplus/5.8.8/build/Tree-DAG_Node-1.06/blib/arch /Volumes/Media/smoke/rel/conf/perl-5.8.8/.cpanplus/5.8.8/build/Test-Warn-0.23/blib/lib /Volumes/Media/smoke/rel/conf/perl-5.8.8/.cpanplus/5.8.8/build/Test-Warn-0.23/blib/arch /Volumes/Media/smoke/rel/conf/perl-5.8.8/.cpanplus/5.8.8/build/Inline-0.48/blib/lib /Volumes/Media/smoke/rel/conf/perl-5.8.8/.cpanplus/5.8.8/build/Inline-0.48/blib/arch /Volumes/Media/smoke/rel/conf/perl-5.8.8/.cpanplus/5.8.8/build/PDL-2.4.9/blib/lib /Volumes/Media/smoke/rel/conf/perl-5.8.8/.cpanplus/5.8.8/build/PDL-2.4.9/blib/arch /Volumes/Media/smoke/rel/conf/perl-5.8.8/.cpanplus/5.8.8/build/PDL-Graphics-PLplot-0.55/blib/lib /Volumes/Media/smoke/rel/conf/perl-5.8.8/.cpanplus/5.8.8/build/PDL-Graphics-PLplot-0.55/blib/arch /Volumes/Media/smoke/rel/perl-5.8.8/lib/5.8.8/darwin-thread-multi-64int-2level /Volumes/Media/smoke/rel/perl-5.8.8/lib/5.8.8 /Volumes/Media/smoke/rel/perl-5.8.8/lib/site_perl/5.8.8/darwin-thread-multi-64int-2level /Volumes/Media/smoke/rel/perl-5.8.8/lib/site_perl/5.8.8 /Volumes/Media/smoke/rel/perl-5.8.8/lib/site_perl .) at t/plplot.t line 11.
BEGIN failed--compilation aborted at t/plplot.t line 11.
t/plplot.t .. 
Dubious, test returned 2 (wstat 512, 0x200)
No subtests run 

Test Summary Report
-------------------
t/plplot.t (Wstat: 512 Tests: 0 Failed: 0)
  Non-zero exit status: 2
  Parse errors: No plan found in TAP output
Files=1, Tests=0,  3 wallclock secs ( 0.17 usr  0.09 sys +  1.64 cusr  0.70 csys =  2.60 CPU)
Result: FAIL
Failed 1/1 test programs. 0/0 subtests failed.
make: *** [test_dynamic] Error 2

[MSG] [Sun May  1 12:37:51 2011] DEFAULT 'proceed_on_test_failure' HANDLER RETURNING 'sub return value'


MISSING PREREQUISITES:

It was observed that the test suite seem to fail without these modules:

PDL::Graphics::PLplot

As such, adding the prerequisite module(s) to 'PREREQ_PM' in your
Makefile.PL should solve this problem.  For example:

WriteMakefile(
    AUTHOR      => 'DHUNT (cpanplus-info@lists.sf.net)',
    ... # other information
    PREREQ_PM   => {
	'PDL::Graphics::PLplot'	=> '0', # or a minimum working version
    }
);

Thanks! :-)

PREREQUISITES:

Here is a list of prerequisites you specified and versions we
managed to load:

	  Module Name                        Have     Want
	  PDL                               2.4.9        0

Perl module toolchain versions installed:
	Module Name                        Have
	CPANPLUS                         0.9104
	CPANPLUS::Dist::Build              0.56
	Cwd                                3.33
	ExtUtils::CBuilder             0.280202
	ExtUtils::Command                  1.16
	ExtUtils::Install                  1.54
	ExtUtils::MakeMaker                6.56
	ExtUtils::Manifest                 1.58
	ExtUtils::ParseXS                2.2206
	File::Spec                         3.33
	Module::Build                    0.3800
	Test::Harness                      3.23
	Test::More                         0.98
	version                            0.88

******************************** NOTE ********************************
The comments above are created mechanically, possibly without manual
checking by the sender.  As there are many people performing automatic
tests on each upload to CPAN, it is likely that you will receive
identical messages about the same problem.

If you believe that the message is mistaken, please reply to the first
one with correction and/or additional informations, and do not take
it personally.  We appreciate your patience. :)
**********************************************************************

Additional comments:


This report was machine-generated by CPANPLUS::Dist::YACSmoke 0.62.
Powered by minismokebox version 0.44

------------------------------
ENVIRONMENT AND OTHER CONTEXT
------------------------------

Environment variables:

    AUTOMATED_TESTING = 1
    PATH = /bin:/sbin:/usr/bin:/usr/sbin:/usr/local/bin:/usr/local/sbin
    PERL5LIB = :/Volumes/Media/smoke/rel/conf/perl-5.8.8/.cpanplus/5.8.8/build/Astro-FITS-Header-3.03/blib/lib:/Volumes/Media/smoke/rel/conf/perl-5.8.8/.cpanplus/5.8.8/build/Astro-FITS-Header-3.03/blib/arch:/Volumes/Media/smoke/rel/conf/perl-5.8.8/.cpanplus/5.8.8/build/Convert-UU-0.5201/blib/lib:/Volumes/Media/smoke/rel/conf/perl-5.8.8/.cpanplus/5.8.8/build/Convert-UU-0.5201/blib/arch:/Volumes/Media/smoke/rel/conf/perl-5.8.8/.cpanplus/5.8.8/build/Parse-RecDescent-1.965001/blib/lib:/Volumes/Media/smoke/rel/conf/perl-5.8.8/.cpanplus/5.8.8/build/Parse-RecDescent-1.965001/blib/arch:/Volumes/Media/smoke/rel/conf/perl-5.8.8/.cpanplus/5.8.8/build/Sub-Uplevel-0.22/blib/lib:/Volumes/Media/smoke/rel/conf/perl-5.8.8/.cpanplus/5.8.8/build/Sub-Uplevel-0.22/blib/arch:/Volumes/Media/smoke/rel/conf/perl-5.8.8/.cpanplus/5.8.8/build/Tree-DAG_Node-1.06/blib/lib:/Volumes/Media/smoke/rel/conf/perl-5.8.8/.cpanplus/5.8.8/build/Tree-DAG_Node-1.06/blib/arch:/Volumes/Media/smoke/rel/conf/perl-5.8.8/.cpanplus/5.8.8/build/Test-Warn-0.23/blib/lib:/Volumes/Media/smoke/rel/conf/perl-5.8.8/.cpanplus/5.8.8/build/Test-Warn-0.23/blib/arch:/Volumes/Media/smoke/rel/conf/perl-5.8.8/.cpanplus/5.8.8/build/Inline-0.48/blib/lib:/Volumes/Media/smoke/rel/conf/perl-5.8.8/.cpanplus/5.8.8/build/Inline-0.48/blib/arch:/Volumes/Media/smoke/rel/conf/perl-5.8.8/.cpanplus/5.8.8/build/PDL-2.4.9/blib/lib:/Volumes/Media/smoke/rel/conf/perl-5.8.8/.cpanplus/5.8.8/build/PDL-2.4.9/blib/arch:/Volumes/Media/smoke/rel/conf/perl-5.8.8/.cpanplus/5.8.8/build/PDL-Graphics-PLplot-0.55/blib/lib:/Volumes/Media/smoke/rel/conf/perl-5.8.8/.cpanplus/5.8.8/build/PDL-Graphics-PLplot-0.55/blib/arch
    PERL5_CPANPLUS_IS_RUNNING = 4240
    PERL5_CPANPLUS_IS_VERSION = 0.9104
    PERL5_MINISMOKEBOX = 0.44
    PERL5_YACSMOKE_BASE = /Volumes/Media/smoke/rel/conf/perl-5.8.8
    PERL_EXTUTILS_AUTOINSTALL = --defaultdeps
    PERL_MM_USE_DEFAULT = 1
    SHELL = /bin/bash
    TERM = screen

Perl special variables (and OS-specific diagnostics, for MSWin32):

    Perl: $^X = /Volumes/Media/smoke/rel/perl-5.8.8/bin/perl
    UID:  $<  = 502
    EUID: $>  = 502
    GID:  $(  = 502 502
    EGID: $)  = 502 502


-------------------------------


--

Summary of my perl5 (revision 5 version 8 subversion 8) configuration:
  Platform:
    osname=darwin, osvers=8.11.0, archname=darwin-thread-multi-64int-2level
    uname='darwin afalglas.bingosnet.co.uk 8.11.0 darwin kernel version 8.11.0: wed oct 10 18:26:00 pdt 2007; root:xnu-792.24.17~1release_ppc power macintosh powerpc '
    config_args='-de -Dprefix=/Volumes/Media/smoke/rel/perl-5.8.8 -Dusethreads -Duse64bitint'
    hint=recommended, useposix=true, d_sigaction=define
    usethreads=define use5005threads=undef useithreads=define usemultiplicity=define
    useperlio=define d_sfio=undef uselargefiles=define usesocks=undef
    use64bitint=define use64bitall=undef uselongdouble=undef
    usemymalloc=n, bincompat5005=undef
  Compiler:
    cc='cc', ccflags ='-fno-common -DPERL_DARWIN -no-cpp-precomp -fno-strict-aliasing -pipe -Wdeclaration-after-statement -I/usr/local/include',
    optimize='-O3',
    cppflags='-no-cpp-precomp -fno-common -DPERL_DARWIN -no-cpp-precomp -fno-strict-aliasing -pipe -Wdeclaration-after-statement -I/usr/local/include'
    ccversion='', gccversion='4.0.1 (Apple Computer, Inc. build 5367)', gccosandvers=''
    intsize=4, longsize=4, ptrsize=4, doublesize=8, byteorder=87654321
    d_longlong=define, longlongsize=8, d_longdbl=define, longdblsize=16
    ivtype='long long', ivsize=8, nvtype='double', nvsize=8, Off_t='off_t', lseeksize=8
    alignbytes=8, prototype=define
  Linker and Libraries:
    ld='env MACOSX_DEPLOYMENT_TARGET=10.3 cc', ldflags =' -L/usr/local/lib'
    libpth=/usr/local/lib /usr/lib
    libs=-ldbm -ldl -lm -lc
    perllibs=-ldl -lm -lc
    libc=/usr/lib/libc.dylib, so=dylib, useshrplib=false, libperl=libperl.a
    gnulibc_version=''
  Dynamic Linking:
    dlsrc=dl_dlopen.xs, dlext=bundle, d_dlsymun=undef, ccdlflags=' '
    cccdlflags=' ', lddlflags=' -bundle -undefined dynamic_lookup -L/usr/local/lib'


Characteristics of this binary (from libperl): 
  Compile-time options: MULTIPLICITY PERL_IMPLICIT_CONTEXT
                        PERL_MALLOC_WRAP USE_64_BIT_INT USE_ITHREADS
                        USE_LARGE_FILES USE_PERLIO USE_REENTRANT_API
  Built under darwin
  Compiled at Dec  8 2008 14:28:10
  %ENV:
    PERL5LIB=":/Volumes/Media/smoke/rel/conf/perl-5.8.8/.cpanplus/5.8.8/build/Astro-FITS-Header-3.03/blib/lib:/Volumes/Media/smoke/rel/conf/perl-5.8.8/.cpanplus/5.8.8/build/Astro-FITS-Header-3.03/blib/arch:/Volumes/Media/smoke/rel/conf/perl-5.8.8/.cpanplus/5.8.8/build/Convert-UU-0.5201/blib/lib:/Volumes/Media/smoke/rel/conf/perl-5.8.8/.cpanplus/5.8.8/build/Convert-UU-0.5201/blib/arch:/Volumes/Media/smoke/rel/conf/perl-5.8.8/.cpanplus/5.8.8/build/Parse-RecDescent-1.965001/blib/lib:/Volumes/Media/smoke/rel/conf/perl-5.8.8/.cpanplus/5.8.8/build/Parse-RecDescent-1.965001/blib/arch:/Volumes/Media/smoke/rel/conf/perl-5.8.8/.cpanplus/5.8.8/build/Sub-Uplevel-0.22/blib/lib:/Volumes/Media/smoke/rel/conf/perl-5.8.8/.cpanplus/5.8.8/build/Sub-Uplevel-0.22/blib/arch:/Volumes/Media/smoke/rel/conf/perl-5.8.8/.cpanplus/5.8.8/build/Tree-DAG_Node-1.06/blib/lib:/Volumes/Media/smoke/rel/conf/perl-5.8.8/.cpanplus/5.8.8/build/Tree-DAG_Node-1.06/blib/arch:/Volumes/Media/smoke/rel/conf/perl-5.8.8/.cpanplus/5.8.8/build/Test-Warn-0.23/blib/lib:/Volumes/Media/smoke/rel/conf/perl-5.8.8/.cpanplus/5.8.8/build/Test-Warn-0.23/blib/arch:/Volumes/Media/smoke/rel/conf/perl-5.8.8/.cpanplus/5.8.8/build/Inline-0.48/blib/lib:/Volumes/Media/smoke/rel/conf/perl-5.8.8/.cpanplus/5.8.8/build/Inline-0.48/blib/arch:/Volumes/Media/smoke/rel/conf/perl-5.8.8/.cpanplus/5.8.8/build/PDL-2.4.9/blib/lib:/Volumes/Media/smoke/rel/conf/perl-5.8.8/.cpanplus/5.8.8/build/PDL-2.4.9/blib/arch:/Volumes/Media/smoke/rel/conf/perl-5.8.8/.cpanplus/5.8.8/build/PDL-Graphics-PLplot-0.55/blib/lib:/Volumes/Media/smoke/rel/conf/perl-5.8.8/.cpanplus/5.8.8/build/PDL-Graphics-PLplot-0.55/blib/arch"
    PERL5_CPANPLUS_IS_RUNNING="4240"
    PERL5_CPANPLUS_IS_VERSION="0.9104"
    PERL5_MINISMOKEBOX="0.44"
    PERL5_YACSMOKE_BASE="/Volumes/Media/smoke/rel/conf/perl-5.8.8"
    PERL_EXTUTILS_AUTOINSTALL="--defaultdeps"
    PERL_MM_USE_DEFAULT="1"
  @INC:
    /Volumes/Media/smoke/rel/conf/perl-5.8.8/.cpanplus/5.8.8/build/Astro-FITS-Header-3.03/blib/lib
    /Volumes/Media/smoke/rel/conf/perl-5.8.8/.cpanplus/5.8.8/build/Astro-FITS-Header-3.03/blib/arch
    /Volumes/Media/smoke/rel/conf/perl-5.8.8/.cpanplus/5.8.8/build/Convert-UU-0.5201/blib/lib
    /Volumes/Media/smoke/rel/conf/perl-5.8.8/.cpanplus/5.8.8/build/Convert-UU-0.5201/blib/arch
    /Volumes/Media/smoke/rel/conf/perl-5.8.8/.cpanplus/5.8.8/build/Parse-RecDescent-1.965001/blib/lib
    /Volumes/Media/smoke/rel/conf/perl-5.8.8/.cpanplus/5.8.8/build/Parse-RecDescent-1.965001/blib/arch
    /Volumes/Media/smoke/rel/conf/perl-5.8.8/.cpanplus/5.8.8/build/Sub-Uplevel-0.22/blib/lib
    /Volumes/Media/smoke/rel/conf/perl-5.8.8/.cpanplus/5.8.8/build/Sub-Uplevel-0.22/blib/arch
    /Volumes/Media/smoke/rel/conf/perl-5.8.8/.cpanplus/5.8.8/build/Tree-DAG_Node-1.06/blib/lib
    /Volumes/Media/smoke/rel/conf/perl-5.8.8/.cpanplus/5.8.8/build/Tree-DAG_Node-1.06/blib/arch
    /Volumes/Media/smoke/rel/conf/perl-5.8.8/.cpanplus/5.8.8/build/Test-Warn-0.23/blib/lib
    /Volumes/Media/smoke/rel/conf/perl-5.8.8/.cpanplus/5.8.8/build/Test-Warn-0.23/blib/arch
    /Volumes/Media/smoke/rel/conf/perl-5.8.8/.cpanplus/5.8.8/build/Inline-0.48/blib/lib
    /Volumes/Media/smoke/rel/conf/perl-5.8.8/.cpanplus/5.8.8/build/Inline-0.48/blib/arch
    /Volumes/Media/smoke/rel/conf/perl-5.8.8/.cpanplus/5.8.8/build/PDL-2.4.9/blib/lib
    /Volumes/Media/smoke/rel/conf/perl-5.8.8/.cpanplus/5.8.8/build/PDL-2.4.9/blib/arch
    /Volumes/Media/smoke/rel/conf/perl-5.8.8/.cpanplus/5.8.8/build/PDL-Graphics-PLplot-0.55/blib/lib
    /Volumes/Media/smoke/rel/conf/perl-5.8.8/.cpanplus/5.8.8/build/PDL-Graphics-PLplot-0.55/blib/arch
    /Volumes/Media/smoke/rel/perl-5.8.8/lib/5.8.8/darwin-thread-multi-64int-2level
    /Volumes/Media/smoke/rel/perl-5.8.8/lib/5.8.8
    /Volumes/Media/smoke/rel/perl-5.8.8/lib/site_perl/5.8.8/darwin-thread-multi-64int-2level
    /Volumes/Media/smoke/rel/perl-5.8.8/lib/site_perl/5.8.8
    /Volumes/Media/smoke/rel/perl-5.8.8/lib/site_perl
    .