Report for Win32-API-0.68

Back
From: metabase:user:31dd1d2e-2aae-11df-837a-5e0a49663a4f
Subject: FAIL Win32-API-0.68 v5.12.4 
Date: 2012-06-02T16:35:44Z

This distribution has been tested as part of the CPAN Testers
project, supporting the Perl programming language.  See
http://wiki.cpantesters.org/ for more information or email
questions to cpan-testers-discuss@perl.org


--
Dear Cosimo Streppone,

This is a computer-generated report for Win32-API-0.68
on perl 5.12.4, created by CPAN-Reporter-1.2006.

Thank you for uploading your work to CPAN.  However, there was a problem
testing your distribution.

If you think this report is invalid, please consult the CPAN Testers Wiki
for suggestions on how to avoid getting FAIL reports for missing library
or binary dependencies, unsupported operating systems, and so on:

http://wiki.cpantesters.org/wiki/CPANAuthorNotes

Sections of this report:

    * Tester comments
    * Program output
    * Prerequisites
    * Environment and other context

------------------------------
TESTER COMMENTS
------------------------------

Additional comments from tester:

none provided

------------------------------
PROGRAM OUTPUT
------------------------------

Output from 'C:\Perl\site\bin\dmake.exe test':

C:\Perl\bin\perl.exe "-MExtUtils::Command::MM" "-e" "test_harness(0, 'blib\lib', 'blib\arch')" t/*.t

#   Failed test 'use Win32::API;'
#   at t/00_API.t line 16.
#     Tried to use 'Win32::API'.
#     Error:  Can't load 'C:\Perl\cpan\build\Win32-API-0.68-fdhT_0\blib\arch/auto/Win32/API/API.dll' for module Win32::API: load_file:Invalid access to memory location at C:/Perl/lib/DynaLoader.pm line 201.
#  at (eval 7) line 2.
# Compilation failed in require at (eval 7) line 2.
# BEGIN failed--compilation aborted at (eval 7) line 2.
# API test dll found at (API_test.dll)
Use of inherited AUTOLOAD for non-method Win32::API::LoadLibrary() is deprecated at C:\Perl\cpan\build\Win32-API-0.68-fdhT_0\blib\lib/Win32/API.pm line 80.
Can't locate auto/Win32/API/LoadLibrary.al in @INC (@INC contains: C:\Perl\cpan\build\Win32-API-0.68-fdhT_0\blib\lib C:\Perl\cpan\build\Win32-API-0.68-fdhT_0\blib\arch C:/Perl/site/lib/MSWin32-x86-multi-thread C:/Perl/site/lib C:/Perl/lib .) at C:\Perl\cpan\build\Win32-API-0.68-fdhT_0\blib\lib/Win32/API.pm line 80.
# Looks like you planned 25 tests but ran 5.
# Looks like you failed 1 test of 5 run.
# Looks like your test exited with 2 just after 5.
t/00_API.t .......... 
Dubious, test returned 2 (wstat 512, 0x200)
Failed 21/25 subtests 

#   Failed test 'use Win32::API;'
#   at t/01_Struct.t line 20.
#     Tried to use 'Win32::API'.
#     Error:  Can't load 'C:\Perl\cpan\build\Win32-API-0.68-fdhT_0\blib\arch/auto/Win32/API/API.dll' for module Win32::API: load_file:Invalid access to memory location at C:/Perl/lib/DynaLoader.pm line 201.
#  at (eval 7) line 2.
# Compilation failed in require at (eval 7) line 2.
# BEGIN failed--compilation aborted at (eval 7) line 2.
Use of inherited AUTOLOAD for non-method Win32::API::LoadLibrary() is deprecated at C:\Perl\cpan\build\Win32-API-0.68-fdhT_0\blib\lib/Win32/API.pm line 80.
Can't locate auto/Win32/API/LoadLibrary.al in @INC (@INC contains: C:\Perl\cpan\build\Win32-API-0.68-fdhT_0\blib\lib C:\Perl\cpan\build\Win32-API-0.68-fdhT_0\blib\arch C:/Perl/site/lib/MSWin32-x86-multi-thread C:/Perl/site/lib C:/Perl/lib .) at C:\Perl\cpan\build\Win32-API-0.68-fdhT_0\blib\lib/Win32/API.pm line 80.
# Looks like you planned 7 tests but ran 4.
# Looks like you failed 1 test of 4 run.
# Looks like your test exited with 2 just after 4.
t/01_Struct.t ....... 
Dubious, test returned 2 (wstat 512, 0x200)
Failed 4/7 subtests 

#   Failed test 'use Win32::API;'
#   at t/02_GetProcess.t line 12.
#     Tried to use 'Win32::API'.
#     Error:  Can't load 'C:\Perl\cpan\build\Win32-API-0.68-fdhT_0\blib\arch/auto/Win32/API/API.dll' for module Win32::API: load_file:Invalid access to memory location at C:/Perl/lib/DynaLoader.pm line 201.
#  at (eval 4) line 2.
# Compilation failed in require at (eval 4) line 2.
# BEGIN failed--compilation aborted at (eval 4) line 2.
Use of inherited AUTOLOAD for non-method Win32::API::LoadLibrary() is deprecated at C:\Perl\cpan\build\Win32-API-0.68-fdhT_0\blib\lib/Win32/API.pm line 80.
Can't locate auto/Win32/API/LoadLibrary.al in @INC (@INC contains: C:\Perl\cpan\build\Win32-API-0.68-fdhT_0\blib\lib C:\Perl\cpan\build\Win32-API-0.68-fdhT_0\blib\arch C:/Perl/site/lib/MSWin32-x86-multi-thread C:/Perl/site/lib C:/Perl/lib .) at C:\Perl\cpan\build\Win32-API-0.68-fdhT_0\blib\lib/Win32/API.pm line 80.
# Looks like you planned 3 tests but ran 1.
# Looks like you failed 1 test of 1 run.
# Looks like your test exited with 2 just after 1.
t/02_GetProcess.t ... 
Dubious, test returned 2 (wstat 512, 0x200)
Failed 3/3 subtests 
t/03_undef.t ........ skipped: Currently bombs out on 64 bit architectures
# Size is 296. Should be 296
t/04_rt_48006.t ..... ok
t/05_more_struct.t .. ok

Test Summary Report
-------------------
t/00_API.t        (Wstat: 512 Tests: 5 Failed: 1)
  Failed test:  1
  Non-zero exit status: 2
  Parse errors: Bad plan.  You planned 25 tests but ran 5.
t/01_Struct.t     (Wstat: 512 Tests: 4 Failed: 1)
  Failed test:  1
  Non-zero exit status: 2
  Parse errors: Bad plan.  You planned 7 tests but ran 4.
t/02_GetProcess.t (Wstat: 512 Tests: 1 Failed: 1)
  Failed test:  1
  Non-zero exit status: 2
  Parse errors: Bad plan.  You planned 3 tests but ran 1.
Files=6, Tests=41,  1 wallclock secs ( 0.06 usr +  0.02 sys =  0.08 CPU)
Result: FAIL
Failed 3/6 test programs. 3/41 subtests failed.
dmake.exe:  Error code 255, while making 'test_dynamic'

------------------------------
PREREQUISITES
------------------------------

Prerequisite modules loaded:

requires:

    Module              Need Have
    ------------------- ---- ----
    Win32               0    0.44

build_requires:

    Module              Need Have
    ------------------- ---- ----
    Test::More          0    0.98

configure_requires:

    Module              Need Have
    ------------------- ---- ----
    ExtUtils::MakeMaker 0    6.62


------------------------------
ENVIRONMENT AND OTHER CONTEXT
------------------------------

Environment variables:

    ACTIVEPERL_CONFIG_SILENT = 1
    COMSPEC = C:\Windows\system32\cmd.exe
    LANG = en_US.utf8
    NUMBER_OF_PROCESSORS = 8
    PATH = C:\Program Files\Common Files\Microsoft Shared\Windows Live;C:\Program Files (x86)\ActiveState Komodo IDE 7\;C:\Program Files (x86)\PC Connectivity Solution\;C:\Program Files (x86)\NVIDIA Corporation\PhysX\Common;C:\Perl\site\bin;C:\Perl\bin;C:\Program Files (x86)\ActiveState Komodo IDE 6\;C:\Windows\system32;C:\Windows;C:\Windows\System32\Wbem;C:\Windows\System32\WindowsPowerShell\v1.0\;C:\Program Files\Intel\WiFi\bin\;C:\Program Files\Common Files\Intel\WirelessCommon\;C:\Program Files\ThinkPad\Bluetooth Software\;C:\Program Files\ThinkPad\Bluetooth Software\syswow64;C:\SWTOOLS\ReadyApps;C:\Program Files (x86)\Lenovo\Access Connections\;c:\Program Files (x86)\PuTTY\;c:\cygwin\bin\;C:\Program Files (x86)\QuickTime\QTSystem\;C:\Program Files (x86)\Intel\Services\IPT\;C:\Program Files (x86)\GtkSharp\2.12\bin;C:\Program Files\TortoiseSVN\bin;d:\j\MeCab\bin\;C:\Program Files\TortoiseGit\bin;C:\Program Files (x86)\Git\cmd;C:\Program Files\Common Files\Microsoft Shared\Windows Live;C:\Program Files\Intel\WiFi\bin\;C:\Program Files\Common Files\Intel\WirelessCommon\;C:\Program Files (x86)\OpenVPN\bin;C:\Program Files\Mercurial
    PERL5LIB = 
    PERL5OPT = 
    PERL5_CPANPLUS_IS_RUNNING = 247784
    PERL5_CPAN_IS_RUNNING = 247784
    PERL_STRICTURES_EXTRA = 1
    PROCESSOR_IDENTIFIER = Intel64 Family 6 Model 42 Stepping 7, GenuineIntel
    TEMP = C:\Users\Mithaldu\AppData\Local\Temp

Perl special variables (and OS-specific diagnostics, for MSWin32):

    $^X = C:\Perl\bin\perl.exe
    $UID/$EUID = 0 / 0
    $GID = 0
    $EGID = 0
    Win32::GetOSName = Win7
    Win32::GetOSVersion = Service Pack 1, 6, 1, 7601, 2, 1, 0, 256, 1
    Win32::FsType = NTFS
    Win32::IsAdminUser = 0

Perl module toolchain versions installed:

    Module              Have    
    ------------------- --------
    CPAN                1.9800  
    CPAN::Meta          2.120921
    Cwd                 3.33    
    ExtUtils::CBuilder  0.280205
    ExtUtils::Command   1.17    
    ExtUtils::Install   1.55    
    ExtUtils::MakeMaker 6.62    
    ExtUtils::Manifest  1.60    
    ExtUtils::ParseXS   3.15    
    File::Spec          3.33    
    JSON                2.53    
    JSON::PP            2.27200 
    Module::Build       0.40    
    Module::Signature   0.68    
    Parse::CPAN::Meta   1.4404  
    Test::Harness       3.23    
    Test::More          0.98    
    YAML                0.80    
    YAML::Syck          1.20    
    version             0.96    


--

Summary of my perl5 (revision 5 version 12 subversion 4) configuration:
   
  Platform:
    osname=MSWin32, osvers=5.2, archname=MSWin32-x86-multi-thread
    uname=''
    config_args='undef'
    hint=recommended, useposix=true, d_sigaction=undef
    useithreads=define, usemultiplicity=define
    useperlio=define, d_sfio=undef, uselargefiles=define, usesocks=undef
    use64bitint=undef, use64bitall=undef, uselongdouble=undef
    usemymalloc=n, bincompat5005=undef
  Compiler:
    cc='C:/Perl/site/bin/gcc.exe', ccflags ='-DNDEBUG -DWIN32 -D_CONSOLE -DNO_STRICT -DHAVE_DES_FCRYPT -DUSE_SITECUSTOMIZE -DPERL_IMPLICIT_CONTEXT -DPERL_IMPLICIT_SYS -DUSE_PERLIO -D_USE_32BIT_TIME_T -DPERL_MSVCRT_READFIX -DHASATTRIBUTE -fno-strict-aliasing -mms-bitfields',
    optimize='-O2',
    cppflags='-DWIN32'
    ccversion='', gccversion='3.4.5 (mingw-vista special r3)', gccosandvers=''
    intsize=4, longsize=4, ptrsize=4, doublesize=8, byteorder=1234
    d_longlong=undef, longlongsize=8, d_longdbl=define, longdblsize=8
    ivtype='long', ivsize=4, nvtype='double', nvsize=8, Off_t='__int64', lseeksize=8
    alignbytes=8, prototype=define
  Linker and Libraries:
    ld='C:\Perl\site\bin\g++.exe', ldflags ='-L"C:\Perl\lib\CORE"'
    libpth=\lib
    libs=-lkernel32 -luser32 -lgdi32 -lwinspool -lcomdlg32 -ladvapi32 -lshell32 -lole32 -loleaut32 -lnetapi32 -luuid -lws2_32 -lmpr -lwinmm -lversion -lodbc32 -lodbccp32 -lcomctl32 -lmsvcrt
    perllibs=-lkernel32 -luser32 -lgdi32 -lwinspool -lcomdlg32 -ladvapi32 -lshell32 -lole32 -loleaut32 -lnetapi32 -luuid -lws2_32 -lmpr -lwinmm -lversion -lodbc32 -lodbccp32 -lcomctl32 -lmsvcrt
    libc=msvcrt.lib, so=dll, useshrplib=true, libperl=perl512.lib
    gnulibc_version=''
  Dynamic Linking:
    dlsrc=dl_win32.xs, dlext=dll, d_dlsymun=undef, ccdlflags=' '
    cccdlflags=' ', lddlflags='-mdll -L"C:\Perl\lib\CORE"'


Characteristics of this binary (from libperl): 
  Compile-time options: MULTIPLICITY PERL_DONT_CREATE_GVSV
                        PERL_IMPLICIT_CONTEXT PERL_IMPLICIT_SYS
                        PERL_MALLOC_WRAP PL_OP_SLAB_ALLOC USE_ITHREADS
                        USE_LARGE_FILES USE_PERLIO USE_PERL_ATOF
                        USE_SITECUSTOMIZE
  Locally applied patches:
	ActivePerl Build 1205 [294981]
	c6fbf28 [perl #71806] perldb does not setup %dbline with the shebang option -d
	1fd8fa4 Add Wolfram Humann to AUTHORS
	f120055 make string-append on win32 100 times faster
	a2a8d15 Define _USE_32BIT_TIME_T for VC6 and VC7
	007cfe1 Don't pretend to support really old VC++ compilers
	6d8f7c9 Get rid of obsolete PerlCRT.dll support
	d956618 Make Term::ReadLine::findConsole fall back to STDIN if /dev/tty can't be opened
	321e50c Escape patch strings before embedding them in patchlevel.h
  Built under MSWin32
  Compiled at Jun 20 2011 18:35:25
  %ENV:
    PERL5_CPANPLUS_IS_RUNNING="247784"
    PERL5_CPAN_IS_RUNNING="247784"
    PERL_STRICTURES_EXTRA="1"
  @INC:
    C:/Perl/site/lib/MSWin32-x86-multi-thread
    C:/Perl/site/lib
    C:/Perl/lib
    .