Report for Dist-Zilla-Plugin-Test-Version-0.002004

Back
From: metabase:user:d2c9f356-b46f-11df-9a90-20a83c0b7757
Subject: FAIL Dist-Zilla-Plugin-Test-Version-0.002004 v5.10.1 SunOS/Solaris
Date: 2012-04-12T18:28:24Z

This distribution has been tested as part of the CPAN Testers
project, supporting the Perl programming language.  See
http://wiki.cpantesters.org/ for more information or email
questions to cpan-testers-discuss@perl.org


--
Dear Caleb Cushing,

This is a computer-generated report for Dist-Zilla-Plugin-Test-Version-0.002004
on perl 5.10.1, created by CPAN-Reporter-1.2006.

Thank you for uploading your work to CPAN.  However, there was a problem
testing your distribution.

If you think this report is invalid, please consult the CPAN Testers Wiki
for suggestions on how to avoid getting FAIL reports for missing library
or binary dependencies, unsupported operating systems, and so on:

http://wiki.cpantesters.org/wiki/CPANAuthorNotes

Sections of this report:

    * Tester comments
    * Program output
    * Prerequisites
    * Environment and other context

------------------------------
TESTER COMMENTS
------------------------------

Additional comments from tester:

this report is from an automated smoke testing program
and was not reviewed by a human for accuracy

------------------------------
PROGRAM OUTPUT
------------------------------

Output from '/usr/local/bin/make test':

PERL_DL_NONLAZY=1 /export/home/cpantest/perl5/bin/perl "-MExtUtils::Command::MM" "-e" "test_harness(0, 'blib/lib', 'blib/arch')" t/*.t
t/00-compile.t ................ ok
# 
# 
# perl: v5.10.1 (wanted 5.006) on solaris from /export/home/cpantest/perl5/bin/perl
# 
# Dist::Zilla::Plugin::InlineFiles              => 4.300006   (want any version)
# Dist::Zilla::Role::TextTemplate               => 4.300006   (want any version)
# English                                       => 1.04       (want any version)
# ExtUtils::MakeMaker                           => 6.62       (want 6.30)   
# File::Find                                    => 1.14       (want any version)
# File::Temp                                    => 0.22       (want any version)
# Moose                                         => 2.0403     (want any version)
# Test::DZil                                    => 4.300006   (want any version)
# Test::More                                    => 0.98       (want 0.88)   
# Test::NoTabs                                  => 1.1        (want any version)
# Test::Script                                  => 1.07       (want 1.05)   
# Test::Version                                 => 1.002001   (want 1)      
# namespace::autoclean                          => 0.13       (want any version)
# strict                                        => 1.04       (want any version)
# warnings                                      => 1.06       (want any version)
# 
# Thanks for using my code.  I hope it works for you.
# If not, please try and include this output in the bug report.
# That will help me reproduce the issue and solve you problem.
# 
t/000-report-versions-tiny.t .. ok
t/author-critic.t ............. skipped: these tests are for testing by the author
t/author-pod-spell.t .......... skipped: these tests are for testing by the author
t/author-test-eol.t ........... skipped: these tests are for testing by the author
Couldn't require Config::MVP::Reader::INI : Can't locate IO/String.pm in @INC (@INC contains: /export/home/cpantest/.cpan/build/Dist-Zilla-Plugin-Test-Version-0.002004-pKPlUl/blib/lib /export/home/cpantest/.cpan/build/Dist-Zilla-Plugin-Test-Version-0.002004-pKPlUl/blib/arch /export/home/cpantest/.cpan/build/Test-NoTabs-1.1-MFDDVQ/blib/arch /export/home/cpantest/.cpan/build/Test-NoTabs-1.1-MFDDVQ/blib/lib /export/home/cpantest/.cpan/build/Test-Version-1.002001-entKr9/blib/arch /export/home/cpantest/.cpan/build/Test-Version-1.002001-entKr9/blib/lib /export/home/cpantest/.cpan/build/Test-NoTabs-1.1-MFDDVQ/blib/arch /export/home/cpantest/.cpan/build/Test-NoTabs-1.1-MFDDVQ/blib/lib /export/home/cpantest/.cpan/build/Test-Version-1.002001-entKr9/blib/arch /export/home/cpantest/.cpan/build/Test-Version-1.002001-entKr9/blib/lib /export/home/cpantest/perl5/lib/5.10.1/i86pc-solaris-64int /export/home/cpantest/perl5/lib/5.10.1 /export/home/cpantest/perl5/lib/site_perl/5.10.1/i86pc-solaris-64int /export/home/cpantest/perl5/lib/site_perl/5.10.1 /export/home/cpantest/perl5/lib/site_perl /export/home/cpantest/.cpan/build/Dist-Zilla-Plugin-Test-Version-0.002004-pKPlUl) at /export/home/cpantest/perl5/lib/site_perl/5.10.1/Mixin/Linewise/Readers.pm line 9.
BEGIN failed--compilation aborted at /export/home/cpantest/perl5/lib/site_perl/5.10.1/Mixin/Linewise/Readers.pm line 9.
Compilation failed in require at /export/home/cpantest/perl5/lib/site_perl/5.10.1/Config/INI/Reader.pm line 7.
BEGIN failed--compilation aborted at /export/home/cpantest/perl5/lib/site_perl/5.10.1/Config/INI/Reader.pm line 7.
Compilation failed in require at (eval 780) line 3.
	...propagated at /export/home/cpantest/perl5/lib/5.10.1/base.pm line 84.
BEGIN failed--compilation aborted at /export/home/cpantest/perl5/lib/site_perl/5.10.1/Config/MVP/Reader/INI.pm line 29.
Compilation failed in require at (eval 777) line 3.
 at /export/home/cpantest/perl5/lib/site_perl/5.10.1/Config/MVP/Reader/Finder.pm line 37.
no viable configuration could be found


Trace begun at /export/home/cpantest/perl5/lib/site_perl/5.10.1/Config/MVP/Reader/Finder.pm line 48
Config::MVP::Reader::Finder::_which_reader('Dist::Zilla::MVP::Reader::Finder=HASH(0x982ea10)', 'Path::Class::File=HASH(0x982e90c)') called at /export/home/cpantest/perl5/lib/site_perl/5.10.1/Config/MVP/Reader/Finder.pm line 76
Config::MVP::Reader::Finder::__ANON__ at /export/home/cpantest/perl5/lib/site_perl/5.10.1/Try/Tiny.pm line 76
eval {...} at /export/home/cpantest/perl5/lib/site_perl/5.10.1/Try/Tiny.pm line 67
Try::Tiny::try('CODE(0x982eb78)', 'Try::Tiny::Catch=REF(0x982e894)') called at /export/home/cpantest/perl5/lib/site_perl/5.10.1/Config/MVP/Reader/Finder.pm line 81
Config::MVP::Reader::Finder::read_config('Dist::Zilla::MVP::Reader::Finder', 'Path::Class::File=HASH(0x982e90c)', 'HASH(0x982e8d0)') called at /export/home/cpantest/perl5/lib/site_perl/5.10.1/Dist/Zilla/Dist/Builder.pm line 221
Dist::Zilla::Dist::Builder::__ANON__ at /export/home/cpantest/perl5/lib/site_perl/5.10.1/Try/Tiny.pm line 76
eval {...} at /export/home/cpantest/perl5/lib/site_perl/5.10.1/Try/Tiny.pm line 67
Try::Tiny::try('CODE(0x97a99e0)', 'Try::Tiny::Catch=REF(0x97e3f5c)') called at /export/home/cpantest/perl5/lib/site_perl/5.10.1/Dist/Zilla/Dist/Builder.pm line 245
Dist::Zilla::Dist::Builder::_load_config('Dist::Zilla::Tester::_Builder', 'HASH(0x964cac8)') called at /export/home/cpantest/perl5/lib/site_perl/5.10.1/Dist/Zilla/Dist/Builder.pm line 27
Dist::Zilla::Dist::Builder::from_config('Dist::Zilla::Tester::_Builder', 'HASH(0x81590d4)') called at /export/home/cpantest/perl5/lib/site_perl/5.10.1/Dist/Zilla/Tester.pm line 144
Class::MOP::Class:::around('CODE(0x8a2e230)', 'Dist::Zilla::Tester::_Builder', 'HASH(0x81590d4)', 'HASH(0x964c35c)') called at /export/home/cpantest/perl5/lib/site_perl/5.10.1/i86pc-solaris-64int/Class/MOP/Method/Wrapped.pm line 162
Class::MOP::Method::Wrapped::__ANON__('Dist::Zilla::Tester::_Builder', 'HASH(0x81590d4)', 'HASH(0x964c35c)') called at /export/home/cpantest/perl5/lib/site_perl/5.10.1/i86pc-solaris-64int/Class/MOP/Method/Wrapped.pm line 91
Dist::Zilla::Tester::_Builder::from_config('Dist::Zilla::Tester::_Builder', 'HASH(0x81590d4)', 'HASH(0x964c35c)') called at t/file.t line 8
t/file.t ...................... 
Dubious, test returned 9 (wstat 2304, 0x900)
No subtests run 
t/release-cpan-changes.t ...... skipped: these tests are for release candidate testing
t/release-dist-manifest.t ..... skipped: these tests are for release candidate testing
t/release-distmeta.t .......... skipped: these tests are for release candidate testing
t/release-meta-json.t ......... skipped: these tests are for release candidate testing
t/release-minimum-version.t ... skipped: these tests are for release candidate testing
t/release-mojibake.t .......... skipped: these tests are for release candidate testing
t/release-pod-coverage.t ...... skipped: these tests are for release candidate testing
t/release-pod-linkcheck.t ..... skipped: these tests are for release candidate testing
t/release-pod-syntax.t ........ skipped: these tests are for release candidate testing
t/release-portability.t ....... skipped: these tests are for release candidate testing
t/release-test-version.t ...... skipped: these tests are for release candidate testing
t/release-unused-vars.t ....... skipped: these tests are for release candidate testing

Test Summary Report
-------------------
t/file.t                    (Wstat: 2304 Tests: 0 Failed: 0)
  Non-zero exit status: 9
  Parse errors: No plan found in TAP output
Files=18, Tests=2,  3 wallclock secs ( 0.06 usr  0.05 sys +  2.31 cusr  0.23 csys =  2.65 CPU)
Result: FAIL
Failed 1/18 test programs. 0/2 subtests failed.
make: *** [test_dynamic] Error 255

------------------------------
PREREQUISITES
------------------------------

Prerequisite modules loaded:

requires:

    Module                           Need Have    
    -------------------------------- ---- --------
    Dist::Zilla::Plugin::InlineFiles 0    4.300006
    Dist::Zilla::Role::TextTemplate  0    4.300006
    Moose                            0    2.0403  
    namespace::autoclean             0    0.13    
    strict                           0    1.04    
    Test::Version                    1    1.002001
    warnings                         0    1.06    

build_requires:

    Module                           Need Have    
    -------------------------------- ---- --------
    English                          0    1.04    
    File::Find                       0    1.14    
    File::Temp                       0    0.22    
    Test::DZil                       0    4.300006
    Test::More                       0.88 0.98    
    Test::NoTabs                     0    1.1     
    Test::Script                     1.05 1.07    

configure_requires:

    Module                           Need Have    
    -------------------------------- ---- --------
    ExtUtils::MakeMaker              6.30 6.62    


------------------------------
ENVIRONMENT AND OTHER CONTEXT
------------------------------

Environment variables:

    AUTOMATED_TESTING = 1
    LANG = C
    LD_LIBRARY_PATH = /usr/local/lib:
    PATH = /export/home/cpantest/perl5/bin:/usr/local/bin:/usr/bin
    PERL5LIB = /export/home/cpantest/.cpan/build/Test-NoTabs-1.1-MFDDVQ/blib/arch:/export/home/cpantest/.cpan/build/Test-NoTabs-1.1-MFDDVQ/blib/lib:/export/home/cpantest/.cpan/build/Test-Version-1.002001-entKr9/blib/arch:/export/home/cpantest/.cpan/build/Test-Version-1.002001-entKr9/blib/lib
    PERL5OPT = 
    PERL5_CPANPLUS_IS_RUNNING = 16526
    PERL5_CPAN_IS_RUNNING = 16526
    PERL5_CPAN_IS_RUNNING_IN_RECURSION = 16584,16526
    PERL_CR_SMOKER_CURRENT = Dist-Zilla-Plugin-Test-Version-0.002004
    PERL_EXTUTILS_AUTOINSTALL = --defaultdeps
    PERL_MM_USE_DEFAULT = 1
    SHELL = /usr/bin/bash
    TERM = xterm

Perl special variables (and OS-specific diagnostics, for MSWin32):

    $^X = /export/home/cpantest/perl5/bin/perl
    $UID/$EUID = 100 / 100
    $GID = 1 1
    $EGID = 1 1

Perl module toolchain versions installed:

    Module              Have    
    ------------------- --------
    CPAN                1.9800  
    CPAN::Meta          2.120921
    Cwd                 3.33    
    ExtUtils::CBuilder  0.280205
    ExtUtils::Command   1.17    
    ExtUtils::Install   1.54    
    ExtUtils::MakeMaker 6.62    
    ExtUtils::Manifest  1.60    
    ExtUtils::ParseXS   3.15    
    File::Spec          3.33    
    JSON                2.53    
    JSON::PP            2.27200 
    Module::Build       0.40    
    Module::Signature   n/a     
    Parse::CPAN::Meta   1.4404  
    Test::Harness       3.23    
    Test::More          0.98    
    YAML                0.80    
    YAML::Syck          1.20    
    version             0.97    


--

Summary of my perl5 (revision 5 version 10 subversion 1) configuration:
   
  Platform:
    osname=solaris, osvers=2.10, archname=i86pc-solaris-64int
    uname='sunos vmrz0046 5.10 generic_141445-09 i86pc i386 i86pc '
    config_args='-Dcc=gcc -Dprefix=~/perl5 -Duse64bitint -d'
    hint=recommended, useposix=true, d_sigaction=define
    useithreads=undef, usemultiplicity=undef
    useperlio=define, d_sfio=undef, uselargefiles=define, usesocks=undef
    use64bitint=define, use64bitall=undef, uselongdouble=undef
    usemymalloc=n, bincompat5005=undef
  Compiler:
    cc='gcc', ccflags ='-DPTR_IS_LONG -fno-strict-aliasing -pipe -I/usr/local/include -D_LARGEFILE_SOURCE -D_FILE_OFFSET_BITS=64 -DPERL_USE_SAFE_PUTENV -DPERL_USE_SAFE_PUTENV',
    optimize='-O',
    cppflags='-DPTR_IS_LONG -fno-strict-aliasing -pipe -I/usr/local/include'
    ccversion='', gccversion='3.4.6', gccosandvers='solaris2.10'
    intsize=4, longsize=4, ptrsize=4, doublesize=8, byteorder=12345678
    d_longlong=define, longlongsize=8, d_longdbl=define, longdblsize=12
    ivtype='long long', ivsize=8, nvtype='double', nvsize=8, Off_t='off_t', lseeksize=8
    alignbytes=4, prototype=define
  Linker and Libraries:
    ld='gcc', ldflags =' -L/usr/local/lib '
    libpth=/usr/local/lib /usr/lib /usr/ccs/lib
    libs=-lsocket -lnsl -ldl -lm -lc
    perllibs=-lsocket -lnsl -ldl -lm -lc
    libc=/lib/libc.so, so=so, useshrplib=false, libperl=libperl.a
    gnulibc_version=''
  Dynamic Linking:
    dlsrc=dl_dlopen.xs, dlext=so, d_dlsymun=undef, ccdlflags=' '
    cccdlflags='-fPIC', lddlflags='-G -L/usr/local/lib'


Characteristics of this binary (from libperl): 
  Compile-time options: PERL_DONT_CREATE_GVSV PERL_MALLOC_WRAP
                        PERL_USE_SAFE_PUTENV USE_64_BIT_INT USE_LARGE_FILES
                        USE_PERLIO
  Built under solaris
  Compiled at Mar  1 2011 16:15:56
  %ENV:
    PERL5LIB="/export/home/cpantest/.cpan/build/Test-NoTabs-1.1-MFDDVQ/blib/arch:/export/home/cpantest/.cpan/build/Test-NoTabs-1.1-MFDDVQ/blib/lib:/export/home/cpantest/.cpan/build/Test-Version-1.002001-entKr9/blib/arch:/export/home/cpantest/.cpan/build/Test-Version-1.002001-entKr9/blib/lib"
    PERL5OPT=""
    PERL5_CPANPLUS_IS_RUNNING="16526"
    PERL5_CPAN_IS_RUNNING="16526"
    PERL5_CPAN_IS_RUNNING_IN_RECURSION="16584,16526"
    PERL_CR_SMOKER_CURRENT="Dist-Zilla-Plugin-Test-Version-0.002004"
    PERL_EXTUTILS_AUTOINSTALL="--defaultdeps"
    PERL_MM_USE_DEFAULT="1"
  @INC:
    /export/home/cpantest/.cpan/build/Test-NoTabs-1.1-MFDDVQ/blib/arch
    /export/home/cpantest/.cpan/build/Test-NoTabs-1.1-MFDDVQ/blib/lib
    /export/home/cpantest/.cpan/build/Test-Version-1.002001-entKr9/blib/arch
    /export/home/cpantest/.cpan/build/Test-Version-1.002001-entKr9/blib/lib
    /export/home/cpantest/perl5/lib/5.10.1/i86pc-solaris-64int
    /export/home/cpantest/perl5/lib/5.10.1
    /export/home/cpantest/perl5/lib/site_perl/5.10.1/i86pc-solaris-64int
    /export/home/cpantest/perl5/lib/site_perl/5.10.1
    /export/home/cpantest/perl5/lib/site_perl
    .