Report for Workflow-1.34_1

Back
From: metabase:user:e3434da8-b236-11df-85ca-0247c6d74bde
Subject: FAIL Workflow-1.34_1 v5.12.2 GNU/Linux
Date: 2010-11-17T00:54:52Z

This distribution has been tested as part of the CPAN Testers
project, supporting the Perl programming language.  See
http://wiki.cpantesters.org/ for more information or email
questions to cpan-testers-discuss@perl.org


--
Dear jonasbn,

This is a computer-generated report for Workflow-1.34_1
on perl 5.12.2, created by CPAN-Reporter-1.1803.

Thank you for uploading your work to CPAN.  However, there was a problem
testing your distribution.

If you think this report is invalid, please consult the CPAN Testers Wiki
for suggestions on how to avoid getting FAIL reports for missing library
or binary dependencies, unsupported operating systems, and so on:

http://wiki.cpantesters.org/wiki/CPANAuthorNotes

Sections of this report:

    * Tester comments
    * Program output
    * Prerequisites
    * Environment and other context

------------------------------
TESTER COMMENTS
------------------------------

Additional comments from tester:

this report is from an automated smoke testing program
and was not reviewed by a human for accuracy

------------------------------
PROGRAM OUTPUT
------------------------------

Output from './Build test':

t/00_load.t ........................ ok
t/02_pod.t ......................... skipped: set TEST_POD to enable this test
t/03_pod-coverage.t ................ skipped: set TEST_POD to enable this test
t/04_critic.t ...................... skipped: Author test.  Set $ENV{TEST_CRITIC} to a true value to run.
t/action.t ......................... ok
t/action_field.t ................... ok
t/action_mailer.t .................. ok
t/action_null.t .................... ok
t/add_config_bug.t ................. ok
t/base.t ........................... ok
Processing workflow_cached_condition_condition.xml: XMLin() requires either XML::SAX or XML::Parser at /home/cpt0/.cpan/build/Workflow-1.34_1-IDoFbM/blib/lib/Workflow/Config/XML.pm line 100
 at /home/cpt0/.cpan/build/Workflow-1.34_1-IDoFbM/blib/lib/Workflow/Factory.pm line 135
# Looks like your test exited with 2 before it could output anything.
t/cached_conditions.t .............. 
Dubious, test returned 2 (wstat 512, 0x200)
Failed 3/3 subtests 
Processing workflow_condition.xml: XMLin() requires either XML::SAX or XML::Parser at /home/cpt0/.cpan/build/Workflow-1.34_1-IDoFbM/blib/lib/Workflow/Config/XML.pm line 100
 at /home/cpt0/.cpan/build/Workflow-1.34_1-IDoFbM/blib/lib/Workflow/Factory.pm line 130
# Looks like you planned 11 tests but ran 3.
# Looks like your test exited with 2 just after 3.
t/condition.t ...................... 
Dubious, test returned 2 (wstat 512, 0x200)
Failed 8/11 subtests 
t/condition_evaluate.t ............. ok
Processing workflow_action.xml: XMLin() requires either XML::SAX or XML::Parser at /home/cpt0/.cpan/build/Workflow-1.34_1-IDoFbM/blib/lib/Workflow/Config/XML.pm line 100
 at t/config.t line 38
# Looks like you planned 50 tests but ran 6.
# Looks like your test exited with 2 just after 6.
t/config.t ......................... 
Dubious, test returned 2 (wstat 512, 0x200)
Failed 44/50 subtests 
t/context.t ........................ ok
t/exception.t ...................... ok

#   Failed test at t/factory.t line 30.
# died: Processing workflow_condition.xml: XMLin() requires either XML::SAX or XML::Parser at /home/cpt0/.cpan/build/Workflow-1.34_1-IDoFbM/blib/lib/Workflow/Config/XML.pm line 100
#  at /home/cpt0/.cpan/build/Workflow-1.34_1-IDoFbM/blib/lib/Workflow/Factory.pm line 135

#   Failed test at t/factory.t line 35.
# died: Processing workflow_condition.xml: XMLin() requires either XML::SAX or XML::Parser at /home/cpt0/.cpan/build/Workflow-1.34_1-IDoFbM/blib/lib/Workflow/Config/XML.pm line 100
#  at /home/cpt0/.cpan/build/Workflow-1.34_1-IDoFbM/blib/lib/Workflow/Factory.pm line 130
# Looks like you failed 2 tests of 7.
t/factory.t ........................ 
Dubious, test returned 2 (wstat 512, 0x200)
Failed 2/7 subtests 

#   Failed test 'Attempt to create known workflow via callback succeeds'
#   at t/factory_callback_config.t line 39.
# died: Processing workflow_condition_callback.xml: XMLin() requires either XML::SAX or XML::Parser at /home/cpt0/.cpan/build/Workflow-1.34_1-IDoFbM/blib/lib/Workflow/Config/XML.pm line 100
#  at /home/cpt0/.cpan/build/Workflow-1.34_1-IDoFbM/blib/lib/Workflow/Factory.pm line 135
# Looks like you failed 1 test of 7.
t/factory_callback_config.t ........ 
Dubious, test returned 1 (wstat 256, 0x100)
Failed 1/7 subtests 
t/factory_subclass.t ............... ok
t/history.t ........................ ok
t/persister.t ...................... ok
Processing workflow_condition.xml: XMLin() requires either XML::SAX or XML::Parser at /home/cpt0/.cpan/build/Workflow-1.34_1-IDoFbM/blib/lib/Workflow/Config/XML.pm line 100
 at /home/cpt0/.cpan/build/Workflow-1.34_1-IDoFbM/blib/lib/Workflow/Factory.pm line 130
# Looks like you planned 43 tests but ran 1.
# Looks like your test exited with 2 just after 1.
t/persister_dbi.t .................. 
Dubious, test returned 2 (wstat 512, 0x200)
Failed 42/43 subtests 
t/persister_dbi_extra_data.t ....... ok
Processing workflow_condition.xml: XMLin() requires either XML::SAX or XML::Parser at /home/cpt0/.cpan/build/Workflow-1.34_1-IDoFbM/blib/lib/Workflow/Config/XML.pm line 100
 at /home/cpt0/.cpan/build/Workflow-1.34_1-IDoFbM/blib/lib/Workflow/Factory.pm line 130
# Looks like you planned 15 tests but ran 1.
# Looks like your test exited with 2 just after 1.
t/persister_dbi_sqlite.t ........... 
Dubious, test returned 2 (wstat 512, 0x200)
Failed 14/15 subtests 
Processing workflow_condition.xml: XMLin() requires either XML::SAX or XML::Parser at /home/cpt0/.cpan/build/Workflow-1.34_1-IDoFbM/blib/lib/Workflow/Config/XML.pm line 100
 at /home/cpt0/.cpan/build/Workflow-1.34_1-IDoFbM/blib/lib/Workflow/Factory.pm line 130
# Looks like you planned 19 tests but ran 1.
# Looks like your test exited with 2 just after 1.
t/persister_file.t ................. 
Dubious, test returned 2 (wstat 512, 0x200)
Failed 18/19 subtests 
t/persister_random_id.t ............ ok
t/persister_spops.t ................ skipped: SPOPS not installed
t/persister_uuid.t ................. ok
Processing workflow_condition.xml: XMLin() requires either XML::SAX or XML::Parser at /home/cpt0/.cpan/build/Workflow-1.34_1-IDoFbM/blib/lib/Workflow/Config/XML.pm line 100
 at /home/cpt0/.cpan/build/Workflow-1.34_1-IDoFbM/blib/lib/Workflow/Factory.pm line 130
# Looks like you planned 21 tests but ran 1.
# Looks like your test exited with 2 just after 1.
t/state.t .......................... 
Dubious, test returned 2 (wstat 512, 0x200)
Failed 20/21 subtests 
t/state_perl.t ..................... ok
t/validator.t ...................... ok
t/validator_has_required_field.t ... ok
Use of uninitialized value in concatenation (.) or string at /home/cpt0/.cpan/build/Workflow-1.34_1-IDoFbM/blib/lib/Workflow/Validator.pm line 20.
Use of uninitialized value in concatenation (.) or string at /home/cpt0/.cpan/build/Workflow-1.34_1-IDoFbM/blib/lib/Workflow/Validator.pm line 20.
Use of uninitialized value in concatenation (.) or string at /home/cpt0/.cpan/build/Workflow-1.34_1-IDoFbM/blib/lib/Workflow/Validator.pm line 20.
t/validator_in_enumerated_type.t ... ok
Use of uninitialized value in concatenation (.) or string at /home/cpt0/.cpan/build/Workflow-1.34_1-IDoFbM/blib/lib/Workflow/Validator.pm line 20.
Use of uninitialized value in concatenation (.) or string at /home/cpt0/.cpan/build/Workflow-1.34_1-IDoFbM/blib/lib/Workflow/Validator.pm line 20.
t/validator_matches_date_format.t .. ok
Processing workflow_condition.xml: XMLin() requires either XML::SAX or XML::Parser at /home/cpt0/.cpan/build/Workflow-1.34_1-IDoFbM/blib/lib/Workflow/Config/XML.pm line 100
 at /home/cpt0/.cpan/build/Workflow-1.34_1-IDoFbM/blib/lib/Workflow/Factory.pm line 130
# Looks like you planned 35 tests but ran 1.
# Looks like your test exited with 2 just after 1.
t/workflow.t ....................... 
Dubious, test returned 2 (wstat 512, 0x200)
Failed 34/35 subtests 

Test Summary Report
-------------------
t/cached_conditions.t            (Wstat: 512 Tests: 0 Failed: 0)
  Non-zero exit status: 2
  Parse errors: Bad plan.  You planned 3 tests but ran 0.
t/condition.t                    (Wstat: 512 Tests: 3 Failed: 0)
  Non-zero exit status: 2
  Parse errors: Bad plan.  You planned 11 tests but ran 3.
t/config.t                       (Wstat: 512 Tests: 6 Failed: 0)
  Non-zero exit status: 2
  Parse errors: Bad plan.  You planned 50 tests but ran 6.
t/factory.t                      (Wstat: 512 Tests: 7 Failed: 2)
  Failed tests:  6-7
  Non-zero exit status: 2
t/factory_callback_config.t      (Wstat: 256 Tests: 7 Failed: 1)
  Failed test:  7
  Non-zero exit status: 1
t/persister_dbi.t                (Wstat: 512 Tests: 1 Failed: 0)
  Non-zero exit status: 2
  Parse errors: Bad plan.  You planned 43 tests but ran 1.
t/persister_dbi_sqlite.t         (Wstat: 512 Tests: 1 Failed: 0)
  Non-zero exit status: 2
  Parse errors: Bad plan.  You planned 15 tests but ran 1.
t/persister_file.t               (Wstat: 512 Tests: 1 Failed: 0)
  Non-zero exit status: 2
  Parse errors: Bad plan.  You planned 19 tests but ran 1.
t/state.t                        (Wstat: 512 Tests: 1 Failed: 0)
  Non-zero exit status: 2
  Parse errors: Bad plan.  You planned 21 tests but ran 1.
t/workflow.t                     (Wstat: 512 Tests: 1 Failed: 0)
  Non-zero exit status: 2
  Parse errors: Bad plan.  You planned 35 tests but ran 1.
Files=35, Tests=213,  7 wallclock secs ( 0.08 usr  0.05 sys +  6.41 cusr  0.66 csys =  7.20 CPU)
Result: FAIL
Failed 10/35 test programs. 3/213 subtests failed.

------------------------------
PREREQUISITES
------------------------------

Prerequisite modules loaded:

requires:

    Module                     Need Have   
    -------------------------- ---- -------
    Carp                       0    1.17   
    Class::Accessor            0.18 0.34   
    Class::Factory             1    1.06   
    Class::Observable          1.04 1.04   
    Data::Dumper               0    2.125  
    DateTime                   0.15 0.63   
    DateTime::Format::Strptime 1    1.5000 
    DBI                        0    1.615  
    Exception::Class           1.1  1.32   
    File::Slurp                0    9999.13
    Log::Dispatch              2    2.26   
    Log::Log4perl              0.34 1.30   
    Safe                       0    2.27   
    XML::Simple                2    2.18   

build_requires:

    Module                     Need Have   
    -------------------------- ---- -------
    DBD::Mock                  0.1  1.39   
    List::MoreUtils            0    0.22   
    Test::Exception            0    0.29   
    Test::More                 0.41 0.94   

configure_requires:

    Module                     Need Have   
    -------------------------- ---- -------
    Module::Build              0.36 0.3603 


------------------------------
ENVIRONMENT AND OTHER CONTEXT
------------------------------

Environment variables:

    AUTOMATED_TESTING = 1
    LANG = en_US.utf8
    PATH = /usr/local/bin:/usr/bin:/bin:/usr/local/games:/usr/games
    PERL5LIB = /home/cpt0/.cpan/build/Class-Observable-1.04-6BlVZ3/blib/arch:/home/cpt0/.cpan/build/Class-Observable-1.04-6BlVZ3/blib/lib:/home/cpt0/.cpan/build/Class-Factory-1.06-7iR3ou/blib/arch:/home/cpt0/.cpan/build/Class-Factory-1.06-7iR3ou/blib/lib:/home/cpt0/.cpan/build/DBD-Mock-1.39-92r0i8/blib/arch:/home/cpt0/.cpan/build/DBD-Mock-1.39-92r0i8/blib/lib:/home/cpt0/.cpan/build/Log-Dispatch-2.27-GUFv8l/blib/arch:/home/cpt0/.cpan/build/Log-Dispatch-2.27-GUFv8l/blib/lib:/home/cpt0/.cpan/build/DateTime-Format-Strptime-1.5000-n9HCBi/blib/arch:/home/cpt0/.cpan/build/DateTime-Format-Strptime-1.5000-n9HCBi/blib/lib:/home/cpt0/.cpan/build/Class-ISA-0.36-wQtjVZ/blib/arch:/home/cpt0/.cpan/build/Class-ISA-0.36-wQtjVZ/blib/lib
    PERL5OPT = 
    PERL5_CPANPLUS_IS_RUNNING = 13130
    PERL5_CPAN_IS_RUNNING = 13130
    PERL5_CPAN_IS_RUNNING_IN_RECURSION = 10934,13130
    PERL_CR_SMOKER_CURRENT = Workflow-1.34_1
    PERL_EXTUTILS_AUTOINSTALL = --defaultdeps
    PERL_MM_USE_DEFAULT = 1
    SHELL = /bin/bash
    TERM = screen

Perl special variables (and OS-specific diagnostics, for MSWin32):

    $^X = /home/cpt0/testing/perl-5.12.2/bin/perl
    $UID/$EUID = 1001 / 1001
    $GID = 1001 20 24 25 27 29 30 44 46 100 103 111 113 114 1001
    $EGID = 1001 20 24 25 27 29 30 44 46 100 103 111 113 114 1001

Perl module toolchain versions installed:

    Module              Have   
    ------------------- -------
    CPAN                1.94_56
    Cwd                 3.31   
    ExtUtils::CBuilder  0.27   
    ExtUtils::Command   1.16   
    ExtUtils::Install   1.55   
    ExtUtils::MakeMaker 6.56   
    ExtUtils::Manifest  1.57   
    ExtUtils::ParseXS   2.21   
    File::Spec          3.31_01
    Module::Build       0.3603 
    Module::Signature   n/a    
    Test::Harness       3.17   
    Test::More          0.94   
    YAML                0.72   
    YAML::Syck          n/a    
    version             0.82   


--

Summary of my perl5 (revision 5 version 12 subversion 2) configuration:
   
  Platform:
    osname=linux, osvers=2.6.35-4.slh.9-aptosid-686, archname=i686-linux
    uname='linux firenze 2.6.35-4.slh.9-aptosid-686 #1 smp preempt mon sep 13 16:40:35 utc 2010 i686 gnulinux '
    config_args='-Dprefix=/home/cpt0/testing/perl-5.12.2'
    hint=recommended, useposix=true, d_sigaction=define
    useithreads=undef, usemultiplicity=undef
    useperlio=define, d_sfio=undef, uselargefiles=define, usesocks=undef
    use64bitint=undef, use64bitall=undef, uselongdouble=undef
    usemymalloc=n, bincompat5005=undef
  Compiler:
    cc='cc', ccflags ='-fno-strict-aliasing -pipe -fstack-protector -I/usr/local/include -D_LARGEFILE_SOURCE -D_FILE_OFFSET_BITS=64',
    optimize='-O2',
    cppflags='-fno-strict-aliasing -pipe -fstack-protector -I/usr/local/include'
    ccversion='', gccversion='4.4.5', gccosandvers=''
    intsize=4, longsize=4, ptrsize=4, doublesize=8, byteorder=1234
    d_longlong=define, longlongsize=8, d_longdbl=define, longdblsize=12
    ivtype='long', ivsize=4, nvtype='double', nvsize=8, Off_t='off_t', lseeksize=8
    alignbytes=4, prototype=define
  Linker and Libraries:
    ld='cc', ldflags =' -fstack-protector -L/usr/local/lib'
    libpth=/usr/local/lib /lib /usr/lib
    libs=-lnsl -lgdbm -ldl -lm -lcrypt -lutil -lc -lgdbm_compat
    perllibs=-lnsl -ldl -lm -lcrypt -lutil -lc
    libc=/lib/libc-2.11.2.so, so=so, useshrplib=false, libperl=libperl.a
    gnulibc_version='2.11.2'
  Dynamic Linking:
    dlsrc=dl_dlopen.xs, dlext=so, d_dlsymun=undef, ccdlflags='-Wl,-E'
    cccdlflags='-fPIC', lddlflags='-shared -O2 -L/usr/local/lib -fstack-protector'


Characteristics of this binary (from libperl): 
  Compile-time options: PERL_DONT_CREATE_GVSV PERL_MALLOC_WRAP
                        USE_LARGE_FILES USE_PERLIO USE_PERL_ATOF
  Built under linux
  Compiled at Oct  5 2010 21:13:04
  %ENV:
    PERL5LIB="/home/cpt0/.cpan/build/Class-Observable-1.04-6BlVZ3/blib/arch:/home/cpt0/.cpan/build/Class-Observable-1.04-6BlVZ3/blib/lib:/home/cpt0/.cpan/build/Class-Factory-1.06-7iR3ou/blib/arch:/home/cpt0/.cpan/build/Class-Factory-1.06-7iR3ou/blib/lib:/home/cpt0/.cpan/build/DBD-Mock-1.39-92r0i8/blib/arch:/home/cpt0/.cpan/build/DBD-Mock-1.39-92r0i8/blib/lib:/home/cpt0/.cpan/build/Log-Dispatch-2.27-GUFv8l/blib/arch:/home/cpt0/.cpan/build/Log-Dispatch-2.27-GUFv8l/blib/lib:/home/cpt0/.cpan/build/DateTime-Format-Strptime-1.5000-n9HCBi/blib/arch:/home/cpt0/.cpan/build/DateTime-Format-Strptime-1.5000-n9HCBi/blib/lib:/home/cpt0/.cpan/build/Class-ISA-0.36-wQtjVZ/blib/arch:/home/cpt0/.cpan/build/Class-ISA-0.36-wQtjVZ/blib/lib"
    PERL5OPT=""
    PERL5_CPANPLUS_IS_RUNNING="13130"
    PERL5_CPAN_IS_RUNNING="13130"
    PERL5_CPAN_IS_RUNNING_IN_RECURSION="10934,13130"
    PERL_CR_SMOKER_CURRENT="Workflow-1.34_1"
    PERL_EXTUTILS_AUTOINSTALL="--defaultdeps"
    PERL_MM_USE_DEFAULT="1"
  @INC:
    /home/cpt0/.cpan/build/Class-Observable-1.04-6BlVZ3/blib/arch
    /home/cpt0/.cpan/build/Class-Observable-1.04-6BlVZ3/blib/lib
    /home/cpt0/.cpan/build/Class-Factory-1.06-7iR3ou/blib/arch
    /home/cpt0/.cpan/build/Class-Factory-1.06-7iR3ou/blib/lib
    /home/cpt0/.cpan/build/DBD-Mock-1.39-92r0i8/blib/arch
    /home/cpt0/.cpan/build/DBD-Mock-1.39-92r0i8/blib/lib
    /home/cpt0/.cpan/build/Log-Dispatch-2.27-GUFv8l/blib/arch
    /home/cpt0/.cpan/build/Log-Dispatch-2.27-GUFv8l/blib/lib
    /home/cpt0/.cpan/build/DateTime-Format-Strptime-1.5000-n9HCBi/blib/arch
    /home/cpt0/.cpan/build/DateTime-Format-Strptime-1.5000-n9HCBi/blib/lib
    /home/cpt0/.cpan/build/Class-ISA-0.36-wQtjVZ/blib/arch
    /home/cpt0/.cpan/build/Class-ISA-0.36-wQtjVZ/blib/lib
    /home/cpt0/testing/perl-5.12.2/lib/site_perl/5.12.2/i686-linux
    /home/cpt0/testing/perl-5.12.2/lib/site_perl/5.12.2
    /home/cpt0/testing/perl-5.12.2/lib/5.12.2/i686-linux
    /home/cpt0/testing/perl-5.12.2/lib/5.12.2
    .