Back
From: metabase:user:917c2b6a-77f3-11e5-af78-c9d573d1e3cf
Subject: FAIL App-Prove-Plugin-Cluster-0.02 v5.22.1 Mac OS X
Date: 2015-12-29T19:35:15Z
This distribution has been tested as part of the CPAN Testers
project, supporting the Perl programming language. See
http://wiki.cpantesters.org/ for more information or email
questions to cpan-testers-discuss@perl.org
--
Dear Anthony Brummett,
This is a computer-generated report for App-Prove-Plugin-Cluster-0.02
on perl 5.22.1, created by CPAN-Reporter-1.2015.
Thank you for uploading your work to CPAN. However, there was a problem
testing your distribution.
If you think this report is invalid, please consult the CPAN Testers Wiki
for suggestions on how to avoid getting FAIL reports for missing library
or binary dependencies, unsupported operating systems, and so on:
http://wiki.cpantesters.org/wiki/CPANAuthorNotes
Sections of this report:
* Tester comments
* Program output
* Prerequisites
* Environment and other context
------------------------------
TESTER COMMENTS
------------------------------
Additional comments from tester:
this report is from an automated smoke testing program
and was not reviewed by a human for accuracy
------------------------------
PROGRAM OUTPUT
------------------------------
Output from '/usr/bin/make test':
PERL_DL_NONLAZY=1 "/Users/petr/perl5/perlbrew/perls/perl-5.22.1/bin/perl" "-MExtUtils::Command::MM" "-MTest::Harness" "-e" "undef *Test::Harness::Switches; test_harness(0, 'blib/lib', 'blib/arch')" t/*.t t/fake_t/*.t
t/fake_t/01-test.t ............... ok
t/fake_t/02-test.t ............... ok
t/fake_t/03-test.t ............... ok
t/fake_t/04-test.t ............... ok
t/fake_t/05-test.t ............... ok
t/fake_t/06-test.t ............... ok
t/fake_t/07-test.t ............... ok
t/fake_t/08-test.t ............... ok
t/fake_t/09-test.t ............... ok
t/fake_t/10-test.t ............... ok
# Failed test 'Received test message for (number)-test.t'
# at t/huge_data.t line 63.
# '{
# 'switches' => [],
# 'source' => 't/fake_t/01-test.t'
# }
# '
# doesn't match '(?^:\s*\{
# \s*'source' => 't/fake_t/\d+-test.t',
# \s*'switches' => \[\]
# \s*\}
# )'
# Looks like you failed 1 test of 13.
t/huge_data.t ....................
Dubious, test returned 1 (wstat 256, 0x100)
Failed 1/13 subtests
# Failed test 'Received well-formed test message'
# at t/multiple_clients.t line 93.
# '{
# 'switches' => [],
# 'source' => 't/fake_t/02-test.t'
# }
# '
# doesn't match '(?^:\s*\{
# \s*'source' => 't/fake_t/(\d+)-test\.t',
# \s*'switches' => \[\]
# \s*\})'
Use of uninitialized value $test_number in string eq at t/multiple_clients.t line 95, <GEN11> line 6.
Use of uninitialized value $test_number in concatenation (.) or string at t/multiple_clients.t line 95, <GEN11> line 6.
# Failed test 'Received well-formed test message'
# at t/multiple_clients.t line 93.
# '{
# 'switches' => [],
# 'source' => 't/fake_t/03-test.t'
# }
# '
# doesn't match '(?^:\s*\{
# \s*'source' => 't/fake_t/(\d+)-test\.t',
# \s*'switches' => \[\]
# \s*\})'
Use of uninitialized value $test_number in string eq at t/multiple_clients.t line 95, <GEN12> line 6.
Use of uninitialized value $test_number in string eq at t/multiple_clients.t line 95, <GEN12> line 6.
Use of uninitialized value $_ in string eq at t/multiple_clients.t line 95, <GEN12> line 6.
Use of uninitialized value $test_number in concatenation (.) or string at t/multiple_clients.t line 95, <GEN12> line 6.
# Failed test 'Found new test: '
# at t/multiple_clients.t line 95.
# (1) Finishing sock0 and grabbing new test
Use of uninitialized value $_ in string eq at t/multiple_clients.t line 95, <GEN10> line 12.
Use of uninitialized value $_ in string eq at t/multiple_clients.t line 95, <GEN10> line 12.
# (2) Finishing sock0 again before other sockets and grabbing new test
Use of uninitialized value $_ in string eq at t/multiple_clients.t line 95, <GEN10> line 18.
Use of uninitialized value $_ in string eq at t/multiple_clients.t line 95, <GEN10> line 18.
# (3) Finishing sock2 and grabbing new test
# Failed test 'Received well-formed test message'
# at t/multiple_clients.t line 93.
# '{
# 'switches' => [],
# 'source' => 't/fake_t/06-test.t'
# }
# '
# doesn't match '(?^:\s*\{
# \s*'source' => 't/fake_t/(\d+)-test\.t',
# \s*'switches' => \[\]
# \s*\})'
Use of uninitialized value $test_number in string eq at t/multiple_clients.t line 95, <GEN12> line 12.
Use of uninitialized value $test_number in string eq at t/multiple_clients.t line 95, <GEN12> line 12.
Use of uninitialized value $_ in string eq at t/multiple_clients.t line 95, <GEN12> line 12.
Use of uninitialized value $test_number in string eq at t/multiple_clients.t line 95, <GEN12> line 12.
Use of uninitialized value $_ in string eq at t/multiple_clients.t line 95, <GEN12> line 12.
Use of uninitialized value $test_number in string eq at t/multiple_clients.t line 95, <GEN12> line 12.
Use of uninitialized value $test_number in string eq at t/multiple_clients.t line 95, <GEN12> line 12.
Use of uninitialized value $test_number in concatenation (.) or string at t/multiple_clients.t line 95, <GEN12> line 12.
# Failed test 'Found new test: '
# at t/multiple_clients.t line 95.
# (4) Finishing sock1 and grabbing new test
# Failed test 'Received well-formed test message'
# at t/multiple_clients.t line 93.
# '{
# 'switches' => [],
# 'source' => 't/fake_t/07-test.t'
# }
# '
# doesn't match '(?^:\s*\{
# \s*'source' => 't/fake_t/(\d+)-test\.t',
# \s*'switches' => \[\]
# \s*\})'
Use of uninitialized value $test_number in string eq at t/multiple_clients.t line 95, <GEN11> line 12.
Use of uninitialized value $test_number in string eq at t/multiple_clients.t line 95, <GEN11> line 12.
Use of uninitialized value $_ in string eq at t/multiple_clients.t line 95, <GEN11> line 12.
Use of uninitialized value $test_number in string eq at t/multiple_clients.t line 95, <GEN11> line 12.
Use of uninitialized value $_ in string eq at t/multiple_clients.t line 95, <GEN11> line 12.
Use of uninitialized value $test_number in string eq at t/multiple_clients.t line 95, <GEN11> line 12.
Use of uninitialized value $test_number in string eq at t/multiple_clients.t line 95, <GEN11> line 12.
Use of uninitialized value $test_number in string eq at t/multiple_clients.t line 95, <GEN11> line 12.
Use of uninitialized value $_ in string eq at t/multiple_clients.t line 95, <GEN11> line 12.
Use of uninitialized value $test_number in concatenation (.) or string at t/multiple_clients.t line 95, <GEN11> line 12.
# Failed test 'Found new test: '
# at t/multiple_clients.t line 95.
# (5) Finishing sock0 and grabbing new test
Use of uninitialized value $_ in string eq at t/multiple_clients.t line 95, <GEN10> line 24.
Use of uninitialized value $_ in string eq at t/multiple_clients.t line 95, <GEN10> line 24.
Use of uninitialized value $_ in string eq at t/multiple_clients.t line 95, <GEN10> line 24.
Use of uninitialized value $_ in string eq at t/multiple_clients.t line 95, <GEN10> line 24.
# (6) Finishing sock0 again and grabbing new test
Use of uninitialized value $_ in string eq at t/multiple_clients.t line 95, <GEN10> line 30.
Use of uninitialized value $_ in string eq at t/multiple_clients.t line 95, <GEN10> line 30.
Use of uninitialized value $_ in string eq at t/multiple_clients.t line 95, <GEN10> line 30.
Use of uninitialized value $_ in string eq at t/multiple_clients.t line 95, <GEN10> line 30.
# (7) Finishing sock1 and grabbing new test
# Failed test 'Received well-formed test message'
# at t/multiple_clients.t line 93.
# '{
# 'switches' => [],
# 'source' => 't/fake_t/10-test.t'
# }
# '
# doesn't match '(?^:\s*\{
# \s*'source' => 't/fake_t/(\d+)-test\.t',
# \s*'switches' => \[\]
# \s*\})'
Use of uninitialized value $test_number in string eq at t/multiple_clients.t line 95, <GEN11> line 18.
Use of uninitialized value $test_number in string eq at t/multiple_clients.t line 95, <GEN11> line 18.
Use of uninitialized value $_ in string eq at t/multiple_clients.t line 95, <GEN11> line 18.
Use of uninitialized value $test_number in string eq at t/multiple_clients.t line 95, <GEN11> line 18.
Use of uninitialized value $_ in string eq at t/multiple_clients.t line 95, <GEN11> line 18.
Use of uninitialized value $test_number in string eq at t/multiple_clients.t line 95, <GEN11> line 18.
Use of uninitialized value $test_number in string eq at t/multiple_clients.t line 95, <GEN11> line 18.
Use of uninitialized value $test_number in string eq at t/multiple_clients.t line 95, <GEN11> line 18.
Use of uninitialized value $_ in string eq at t/multiple_clients.t line 95, <GEN11> line 18.
Use of uninitialized value $test_number in string eq at t/multiple_clients.t line 95, <GEN11> line 18.
Use of uninitialized value $_ in string eq at t/multiple_clients.t line 95, <GEN11> line 18.
Use of uninitialized value $test_number in string eq at t/multiple_clients.t line 95, <GEN11> line 18.
Use of uninitialized value $test_number in string eq at t/multiple_clients.t line 95, <GEN11> line 18.
Use of uninitialized value $test_number in concatenation (.) or string at t/multiple_clients.t line 95, <GEN11> line 18.
# Failed test 'Found new test: '
# at t/multiple_clients.t line 95.
# (8) Wrapping up all sockets
# Failed test 'Received well-formed test message'
# at t/multiple_clients.t line 93.
# '{
# 'switches' => [],
# 'source' => 't/fake_t/01-test.t'
# }
# '
# doesn't match '(?^:\s*\{
# \s*'source' => 't/fake_t/(\d+)-test\.t',
# \s*'switches' => \[\]
# \s*\})'
Use of uninitialized value $test_number in concatenation (.) or string at t/multiple_clients.t line 95, <GEN34> line 6.
Use of uninitialized value $_ in string eq at t/multiple_clients.t line 95, <GEN35> line 6.
Use of uninitialized value $_ in string eq at t/multiple_clients.t line 95, <GEN36> line 6.
# (1) Finishing sock0 and grabbing new test
Use of uninitialized value $_ in string eq at t/multiple_clients.t line 95, <GEN34> line 12.
# (2) Finishing sock0 again before other sockets and grabbing new test
# Failed test 'Received well-formed test message'
# at t/multiple_clients.t line 93.
# '{
# 'switches' => [],
# 'source' => 't/fake_t/05-test.t'
# }
# '
# doesn't match '(?^:\s*\{
# \s*'source' => 't/fake_t/(\d+)-test\.t',
# \s*'switches' => \[\]
# \s*\})'
Use of uninitialized value $test_number in string eq at t/multiple_clients.t line 95, <GEN34> line 18.
Use of uninitialized value $_ in string eq at t/multiple_clients.t line 95, <GEN34> line 18.
Use of uninitialized value $test_number in string eq at t/multiple_clients.t line 95, <GEN34> line 18.
Use of uninitialized value $test_number in string eq at t/multiple_clients.t line 95, <GEN34> line 18.
Use of uninitialized value $test_number in string eq at t/multiple_clients.t line 95, <GEN34> line 18.
Use of uninitialized value $test_number in concatenation (.) or string at t/multiple_clients.t line 95, <GEN34> line 18.
# Failed test 'Found new test: '
# at t/multiple_clients.t line 95.
# (3) Finishing sock2 and grabbing new test
# Failed test 'Received well-formed test message'
# at t/multiple_clients.t line 93.
# '{
# 'switches' => [],
# 'source' => 't/fake_t/06-test.t'
# }
# '
# doesn't match '(?^:\s*\{
# \s*'source' => 't/fake_t/(\d+)-test\.t',
# \s*'switches' => \[\]
# \s*\})'
Use of uninitialized value $test_number in string eq at t/multiple_clients.t line 95, <GEN36> line 12.
Use of uninitialized value $_ in string eq at t/multiple_clients.t line 95, <GEN36> line 12.
Use of uninitialized value $test_number in string eq at t/multiple_clients.t line 95, <GEN36> line 12.
Use of uninitialized value $test_number in string eq at t/multiple_clients.t line 95, <GEN36> line 12.
Use of uninitialized value $test_number in string eq at t/multiple_clients.t line 95, <GEN36> line 12.
Use of uninitialized value $test_number in string eq at t/multiple_clients.t line 95, <GEN36> line 12.
Use of uninitialized value $_ in string eq at t/multiple_clients.t line 95, <GEN36> line 12.
Use of uninitialized value $test_number in concatenation (.) or string at t/multiple_clients.t line 95, <GEN36> line 12.
# Failed test 'Found new test: '
# at t/multiple_clients.t line 95.
# (4) Finishing sock1 and grabbing new test
# Failed test 'Received well-formed test message'
# at t/multiple_clients.t line 93.
# '{
# 'switches' => [],
# 'source' => 't/fake_t/07-test.t'
# }
# '
# doesn't match '(?^:\s*\{
# \s*'source' => 't/fake_t/(\d+)-test\.t',
# \s*'switches' => \[\]
# \s*\})'
Use of uninitialized value $test_number in string eq at t/multiple_clients.t line 95, <GEN35> line 12.
Use of uninitialized value $_ in string eq at t/multiple_clients.t line 95, <GEN35> line 12.
Use of uninitialized value $test_number in string eq at t/multiple_clients.t line 95, <GEN35> line 12.
Use of uninitialized value $test_number in string eq at t/multiple_clients.t line 95, <GEN35> line 12.
Use of uninitialized value $test_number in string eq at t/multiple_clients.t line 95, <GEN35> line 12.
Use of uninitialized value $test_number in string eq at t/multiple_clients.t line 95, <GEN35> line 12.
Use of uninitialized value $_ in string eq at t/multiple_clients.t line 95, <GEN35> line 12.
Use of uninitialized value $test_number in string eq at t/multiple_clients.t line 95, <GEN35> line 12.
Use of uninitialized value $_ in string eq at t/multiple_clients.t line 95, <GEN35> line 12.
Use of uninitialized value $test_number in concatenation (.) or string at t/multiple_clients.t line 95, <GEN35> line 12.
# Failed test 'Found new test: '
# at t/multiple_clients.t line 95.
# (5) Finishing sock0 and grabbing new test
# Failed test 'Received well-formed test message'
# at t/multiple_clients.t line 93.
# '{
# 'switches' => [],
# 'source' => 't/fake_t/08-test.t'
# }
# '
# doesn't match '(?^:\s*\{
# \s*'source' => 't/fake_t/(\d+)-test\.t',
# \s*'switches' => \[\]
# \s*\})'
Use of uninitialized value $test_number in string eq at t/multiple_clients.t line 95, <GEN34> line 24.
Use of uninitialized value $_ in string eq at t/multiple_clients.t line 95, <GEN34> line 24.
Use of uninitialized value $test_number in string eq at t/multiple_clients.t line 95, <GEN34> line 24.
Use of uninitialized value $test_number in string eq at t/multiple_clients.t line 95, <GEN34> line 24.
Use of uninitialized value $test_number in string eq at t/multiple_clients.t line 95, <GEN34> line 24.
Use of uninitialized value $test_number in string eq at t/multiple_clients.t line 95, <GEN34> line 24.
Use of uninitialized value $_ in string eq at t/multiple_clients.t line 95, <GEN34> line 24.
Use of uninitialized value $test_number in string eq at t/multiple_clients.t line 95, <GEN34> line 24.
Use of uninitialized value $_ in string eq at t/multiple_clients.t line 95, <GEN34> line 24.
Use of uninitialized value $test_number in string eq at t/multiple_clients.t line 95, <GEN34> line 24.
Use of uninitialized value $_ in string eq at t/multiple_clients.t line 95, <GEN34> line 24.
Use of uninitialized value $test_number in concatenation (.) or string at t/multiple_clients.t line 95, <GEN34> line 24.
# Failed test 'Found new test: '
# at t/multiple_clients.t line 95.
# (6) Finishing sock0 again and grabbing new test
Use of uninitialized value $_ in string eq at t/multiple_clients.t line 95, <GEN34> line 30.
Use of uninitialized value $_ in string eq at t/multiple_clients.t line 95, <GEN34> line 30.
Use of uninitialized value $_ in string eq at t/multiple_clients.t line 95, <GEN34> line 30.
Use of uninitialized value $_ in string eq at t/multiple_clients.t line 95, <GEN34> line 30.
Use of uninitialized value $_ in string eq at t/multiple_clients.t line 95, <GEN34> line 30.
# (7) Finishing sock1 and grabbing new test
Use of uninitialized value $_ in string eq at t/multiple_clients.t line 95, <GEN35> line 18.
Use of uninitialized value $_ in string eq at t/multiple_clients.t line 95, <GEN35> line 18.
Use of uninitialized value $_ in string eq at t/multiple_clients.t line 95, <GEN35> line 18.
Use of uninitialized value $_ in string eq at t/multiple_clients.t line 95, <GEN35> line 18.
Use of uninitialized value $_ in string eq at t/multiple_clients.t line 95, <GEN35> line 18.
# (8) Wrapping up all sockets
# Looks like you failed 18 tests of 89.
t/multiple_clients.t .............
Dubious, test returned 18 (wstat 4608, 0x1200)
Failed 18/89 subtests
# Failed test 'Received well-formed test message'
# at t/multiple_clients_with_death.t line 101.
# '{
# 'switches' => [],
# 'source' => 't/fake_t/01-test.t'
# }
# '
# doesn't match '(?^:\s*\{
# \s*'source' => 't/fake_t/(\d+)-test\.t',
# \s*'switches' => \[\]
# \s*\})'
Use of uninitialized value $test_number in concatenation (.) or string at t/multiple_clients_with_death.t line 103, <GEN6> line 6.
# Failed test 'Received well-formed test message'
# at t/multiple_clients_with_death.t line 101.
# '{
# 'switches' => [],
# 'source' => 't/fake_t/02-test.t'
# }
# '
# doesn't match '(?^:\s*\{
# \s*'source' => 't/fake_t/(\d+)-test\.t',
# \s*'switches' => \[\]
# \s*\})'
Use of uninitialized value $test_number in string eq at t/multiple_clients_with_death.t line 103, <GEN7> line 6.
Use of uninitialized value $_ in string eq at t/multiple_clients_with_death.t line 103, <GEN7> line 6.
Use of uninitialized value $test_number in concatenation (.) or string at t/multiple_clients_with_death.t line 103, <GEN7> line 6.
# Failed test 'Found new test: '
# at t/multiple_clients_with_death.t line 103.
# Failed test 'Received well-formed test message'
# at t/multiple_clients_with_death.t line 101.
# '{
# 'switches' => [],
# 'source' => 't/fake_t/03-test.t'
# }
# '
# doesn't match '(?^:\s*\{
# \s*'source' => 't/fake_t/(\d+)-test\.t',
# \s*'switches' => \[\]
# \s*\})'
Use of uninitialized value $test_number in string eq at t/multiple_clients_with_death.t line 103, <GEN8> line 6.
Use of uninitialized value $_ in string eq at t/multiple_clients_with_death.t line 103, <GEN8> line 6.
Use of uninitialized value $test_number in string eq at t/multiple_clients_with_death.t line 103, <GEN8> line 6.
Use of uninitialized value $_ in string eq at t/multiple_clients_with_death.t line 103, <GEN8> line 6.
Use of uninitialized value $test_number in concatenation (.) or string at t/multiple_clients_with_death.t line 103, <GEN8> line 6.
# Failed test 'Found new test: '
# at t/multiple_clients_with_death.t line 103.
# (1) Finishing sock0 and grabbing new test
Use of uninitialized value $_ in string eq at t/multiple_clients_with_death.t line 103, <GEN6> line 12.
Use of uninitialized value $_ in string eq at t/multiple_clients_with_death.t line 103, <GEN6> line 12.
Use of uninitialized value $_ in string eq at t/multiple_clients_with_death.t line 103, <GEN6> line 12.
# (2) Finishing sock0 again before other sockets and grabbing new test
Use of uninitialized value $_ in string eq at t/multiple_clients_with_death.t line 103, <GEN6> line 18.
Use of uninitialized value $_ in string eq at t/multiple_clients_with_death.t line 103, <GEN6> line 18.
Use of uninitialized value $_ in string eq at t/multiple_clients_with_death.t line 103, <GEN6> line 18.
# (3) Finishing sock2 and grabbing new test
# Failed test 'Received well-formed test message'
# at t/multiple_clients_with_death.t line 101.
# '{
# 'switches' => [],
# 'source' => 't/fake_t/06-test.t'
# }
# '
# doesn't match '(?^:\s*\{
# \s*'source' => 't/fake_t/(\d+)-test\.t',
# \s*'switches' => \[\]
# \s*\})'
Use of uninitialized value $test_number in string eq at t/multiple_clients_with_death.t line 103, <GEN8> line 12.
Use of uninitialized value $_ in string eq at t/multiple_clients_with_death.t line 103, <GEN8> line 12.
Use of uninitialized value $test_number in string eq at t/multiple_clients_with_death.t line 103, <GEN8> line 12.
Use of uninitialized value $_ in string eq at t/multiple_clients_with_death.t line 103, <GEN8> line 12.
Use of uninitialized value $test_number in string eq at t/multiple_clients_with_death.t line 103, <GEN8> line 12.
Use of uninitialized value $_ in string eq at t/multiple_clients_with_death.t line 103, <GEN8> line 12.
Use of uninitialized value $test_number in string eq at t/multiple_clients_with_death.t line 103, <GEN8> line 12.
Use of uninitialized value $test_number in string eq at t/multiple_clients_with_death.t line 103, <GEN8> line 12.
Use of uninitialized value $test_number in concatenation (.) or string at t/multiple_clients_with_death.t line 103, <GEN8> line 12.
# Failed test 'Found new test: '
# at t/multiple_clients_with_death.t line 103.
# (4) Closing sock1 prematurely
# (5) Finishing sock0 and grabbing new test
Use of uninitialized value $_ in string eq at t/multiple_clients_with_death.t line 103, <GEN6> line 24.
Use of uninitialized value $_ in string eq at t/multiple_clients_with_death.t line 103, <GEN6> line 24.
Use of uninitialized value $_ in string eq at t/multiple_clients_with_death.t line 103, <GEN6> line 24.
Use of uninitialized value $_ in string eq at t/multiple_clients_with_death.t line 103, <GEN6> line 24.
# (6a) Finishing sock0 again and grabbing new test
Use of uninitialized value $_ in string eq at t/multiple_clients_with_death.t line 103, <GEN6> line 30.
Use of uninitialized value $_ in string eq at t/multiple_clients_with_death.t line 103, <GEN6> line 30.
Use of uninitialized value $_ in string eq at t/multiple_clients_with_death.t line 103, <GEN6> line 30.
Use of uninitialized value $_ in string eq at t/multiple_clients_with_death.t line 103, <GEN6> line 30.
# (7) Finishing sock2 and grabbing new test
# Failed test 'Received well-formed test message'
# at t/multiple_clients_with_death.t line 101.
# '{
# 'switches' => [],
# 'source' => 't/fake_t/09-test.t'
# }
# '
# doesn't match '(?^:\s*\{
# \s*'source' => 't/fake_t/(\d+)-test\.t',
# \s*'switches' => \[\]
# \s*\})'
Use of uninitialized value $test_number in string eq at t/multiple_clients_with_death.t line 103, <GEN8> line 18.
Use of uninitialized value $_ in string eq at t/multiple_clients_with_death.t line 103, <GEN8> line 18.
Use of uninitialized value $test_number in string eq at t/multiple_clients_with_death.t line 103, <GEN8> line 18.
Use of uninitialized value $_ in string eq at t/multiple_clients_with_death.t line 103, <GEN8> line 18.
Use of uninitialized value $test_number in string eq at t/multiple_clients_with_death.t line 103, <GEN8> line 18.
Use of uninitialized value $_ in string eq at t/multiple_clients_with_death.t line 103, <GEN8> line 18.
Use of uninitialized value $test_number in string eq at t/multiple_clients_with_death.t line 103, <GEN8> line 18.
Use of uninitialized value $test_number in string eq at t/multiple_clients_with_death.t line 103, <GEN8> line 18.
Use of uninitialized value $test_number in string eq at t/multiple_clients_with_death.t line 103, <GEN8> line 18.
Use of uninitialized value $_ in string eq at t/multiple_clients_with_death.t line 103, <GEN8> line 18.
Use of uninitialized value $test_number in string eq at t/multiple_clients_with_death.t line 103, <GEN8> line 18.
Use of uninitialized value $test_number in string eq at t/multiple_clients_with_death.t line 103, <GEN8> line 18.
Use of uninitialized value $test_number in concatenation (.) or string at t/multiple_clients_with_death.t line 103, <GEN8> line 18.
# Failed test 'Found new test: '
# at t/multiple_clients_with_death.t line 103.
# (8) Finishing sock0 and grabbing new test
Use of uninitialized value $_ in string eq at t/multiple_clients_with_death.t line 103, <GEN6> line 36.
Use of uninitialized value $_ in string eq at t/multiple_clients_with_death.t line 103, <GEN6> line 36.
Use of uninitialized value $_ in string eq at t/multiple_clients_with_death.t line 103, <GEN6> line 36.
Use of uninitialized value $_ in string eq at t/multiple_clients_with_death.t line 103, <GEN6> line 36.
Use of uninitialized value $_ in string eq at t/multiple_clients_with_death.t line 103, <GEN6> line 36.
# (9) Wrapping up all sockets
# Failed test 'Received well-formed test message'
# at t/multiple_clients_with_death.t line 101.
# '{
# 'switches' => [],
# 'source' => 't/fake_t/02-test.t'
# }
# '
# doesn't match '(?^:\s*\{
# \s*'source' => 't/fake_t/(\d+)-test\.t',
# \s*'switches' => \[\]
# \s*\})'
Use of uninitialized value $test_number in string eq at t/multiple_clients_with_death.t line 103, <GEN24> line 6.
Use of uninitialized value $test_number in concatenation (.) or string at t/multiple_clients_with_death.t line 103, <GEN24> line 6.
Use of uninitialized value $_ in string eq at t/multiple_clients_with_death.t line 103, <GEN25> line 6.
# (1) Finishing sock0 and grabbing new test
# Failed test 'Received well-formed test message'
# at t/multiple_clients_with_death.t line 101.
# '{
# 'switches' => [],
# 'source' => 't/fake_t/04-test.t'
# }
# '
# doesn't match '(?^:\s*\{
# \s*'source' => 't/fake_t/(\d+)-test\.t',
# \s*'switches' => \[\]
# \s*\})'
Use of uninitialized value $test_number in string eq at t/multiple_clients_with_death.t line 103, <GEN23> line 12.
Use of uninitialized value $test_number in string eq at t/multiple_clients_with_death.t line 103, <GEN23> line 12.
Use of uninitialized value $_ in string eq at t/multiple_clients_with_death.t line 103, <GEN23> line 12.
Use of uninitialized value $test_number in string eq at t/multiple_clients_with_death.t line 103, <GEN23> line 12.
Use of uninitialized value $test_number in concatenation (.) or string at t/multiple_clients_with_death.t line 103, <GEN23> line 12.
# Failed test 'Found new test: '
# at t/multiple_clients_with_death.t line 103.
# (2) Finishing sock0 again before other sockets and grabbing new test
# Failed test 'Received well-formed test message'
# at t/multiple_clients_with_death.t line 101.
# '{
# 'switches' => [],
# 'source' => 't/fake_t/05-test.t'
# }
# '
# doesn't match '(?^:\s*\{
# \s*'source' => 't/fake_t/(\d+)-test\.t',
# \s*'switches' => \[\]
# \s*\})'
Use of uninitialized value $test_number in string eq at t/multiple_clients_with_death.t line 103, <GEN23> line 18.
Use of uninitialized value $test_number in string eq at t/multiple_clients_with_death.t line 103, <GEN23> line 18.
Use of uninitialized value $_ in string eq at t/multiple_clients_with_death.t line 103, <GEN23> line 18.
Use of uninitialized value $test_number in string eq at t/multiple_clients_with_death.t line 103, <GEN23> line 18.
Use of uninitialized value $test_number in string eq at t/multiple_clients_with_death.t line 103, <GEN23> line 18.
Use of uninitialized value $_ in string eq at t/multiple_clients_with_death.t line 103, <GEN23> line 18.
Use of uninitialized value $test_number in concatenation (.) or string at t/multiple_clients_with_death.t line 103, <GEN23> line 18.
# Failed test 'Found new test: '
# at t/multiple_clients_with_death.t line 103.
# (3) Finishing sock2 and grabbing new test
# Failed test 'Received well-formed test message'
# at t/multiple_clients_with_death.t line 101.
# '{
# 'switches' => [],
# 'source' => 't/fake_t/06-test.t'
# }
# '
# doesn't match '(?^:\s*\{
# \s*'source' => 't/fake_t/(\d+)-test\.t',
# \s*'switches' => \[\]
# \s*\})'
Use of uninitialized value $test_number in string eq at t/multiple_clients_with_death.t line 103, <GEN25> line 12.
Use of uninitialized value $test_number in string eq at t/multiple_clients_with_death.t line 103, <GEN25> line 12.
Use of uninitialized value $_ in string eq at t/multiple_clients_with_death.t line 103, <GEN25> line 12.
Use of uninitialized value $test_number in string eq at t/multiple_clients_with_death.t line 103, <GEN25> line 12.
Use of uninitialized value $test_number in string eq at t/multiple_clients_with_death.t line 103, <GEN25> line 12.
Use of uninitialized value $_ in string eq at t/multiple_clients_with_death.t line 103, <GEN25> line 12.
Use of uninitialized value $test_number in string eq at t/multiple_clients_with_death.t line 103, <GEN25> line 12.
Use of uninitialized value $_ in string eq at t/multiple_clients_with_death.t line 103, <GEN25> line 12.
Use of uninitialized value $test_number in concatenation (.) or string at t/multiple_clients_with_death.t line 103, <GEN25> line 12.
# Failed test 'Found new test: '
# at t/multiple_clients_with_death.t line 103.
# (4) Closing sock1 prematurely
# (5) Finishing sock0 and grabbing new test
# Failed test 'Received well-formed test message'
# at t/multiple_clients_with_death.t line 101.
# '{
# 'switches' => [],
# 'source' => 't/fake_t/07-test.t'
# }
# '
# doesn't match '(?^:\s*\{
# \s*'source' => 't/fake_t/(\d+)-test\.t',
# \s*'switches' => \[\]
# \s*\})'
Use of uninitialized value $test_number in string eq at t/multiple_clients_with_death.t line 103, <GEN23> line 24.
Use of uninitialized value $test_number in string eq at t/multiple_clients_with_death.t line 103, <GEN23> line 24.
Use of uninitialized value $_ in string eq at t/multiple_clients_with_death.t line 103, <GEN23> line 24.
Use of uninitialized value $test_number in string eq at t/multiple_clients_with_death.t line 103, <GEN23> line 24.
Use of uninitialized value $test_number in string eq at t/multiple_clients_with_death.t line 103, <GEN23> line 24.
Use of uninitialized value $_ in string eq at t/multiple_clients_with_death.t line 103, <GEN23> line 24.
Use of uninitialized value $test_number in string eq at t/multiple_clients_with_death.t line 103, <GEN23> line 24.
Use of uninitialized value $_ in string eq at t/multiple_clients_with_death.t line 103, <GEN23> line 24.
Use of uninitialized value $test_number in string eq at t/multiple_clients_with_death.t line 103, <GEN23> line 24.
Use of uninitialized value $_ in string eq at t/multiple_clients_with_death.t line 103, <GEN23> line 24.
Use of uninitialized value $test_number in concatenation (.) or string at t/multiple_clients_with_death.t line 103, <GEN23> line 24.
# Failed test 'Found new test: '
# at t/multiple_clients_with_death.t line 103.
# (6a) Finishing sock0 again and grabbing new test
Use of uninitialized value $_ in string eq at t/multiple_clients_with_death.t line 103, <GEN23> line 30.
Use of uninitialized value $_ in string eq at t/multiple_clients_with_death.t line 103, <GEN23> line 30.
Use of uninitialized value $_ in string eq at t/multiple_clients_with_death.t line 103, <GEN23> line 30.
Use of uninitialized value $_ in string eq at t/multiple_clients_with_death.t line 103, <GEN23> line 30.
Use of uninitialized value $_ in string eq at t/multiple_clients_with_death.t line 103, <GEN23> line 30.
# (7) Finishing sock2 and grabbing new test
Use of uninitialized value $_ in string eq at t/multiple_clients_with_death.t line 103, <GEN25> line 18.
Use of uninitialized value $_ in string eq at t/multiple_clients_with_death.t line 103, <GEN25> line 18.
Use of uninitialized value $_ in string eq at t/multiple_clients_with_death.t line 103, <GEN25> line 18.
Use of uninitialized value $_ in string eq at t/multiple_clients_with_death.t line 103, <GEN25> line 18.
Use of uninitialized value $_ in string eq at t/multiple_clients_with_death.t line 103, <GEN25> line 18.
# (8) Finishing sock0 and grabbing new test
Use of uninitialized value $_ in string eq at t/multiple_clients_with_death.t line 103, <GEN23> line 36.
Use of uninitialized value $_ in string eq at t/multiple_clients_with_death.t line 103, <GEN23> line 36.
Use of uninitialized value $_ in string eq at t/multiple_clients_with_death.t line 103, <GEN23> line 36.
Use of uninitialized value $_ in string eq at t/multiple_clients_with_death.t line 103, <GEN23> line 36.
Use of uninitialized value $_ in string eq at t/multiple_clients_with_death.t line 103, <GEN23> line 36.
# (9) Wrapping up all sockets
# Failed test 'Received well-formed test message'
# at t/multiple_clients_with_death.t line 101.
# '{
# 'switches' => [],
# 'source' => 't/fake_t/01-test.t'
# }
# '
# doesn't match '(?^:\s*\{
# \s*'source' => 't/fake_t/(\d+)-test\.t',
# \s*'switches' => \[\]
# \s*\})'
Use of uninitialized value $test_number in concatenation (.) or string at t/multiple_clients_with_death.t line 103, <GEN43> line 6.
Use of uninitialized value $_ in string eq at t/multiple_clients_with_death.t line 103, <GEN44> line 6.
Use of uninitialized value $_ in string eq at t/multiple_clients_with_death.t line 103, <GEN45> line 6.
# (1) Finishing sock0 and grabbing new test
# Failed test 'Received well-formed test message'
# at t/multiple_clients_with_death.t line 101.
# '{
# 'switches' => [],
# 'source' => 't/fake_t/04-test.t'
# }
# '
# doesn't match '(?^:\s*\{
# \s*'source' => 't/fake_t/(\d+)-test\.t',
# \s*'switches' => \[\]
# \s*\})'
Use of uninitialized value $test_number in string eq at t/multiple_clients_with_death.t line 103, <GEN43> line 12.
Use of uninitialized value $_ in string eq at t/multiple_clients_with_death.t line 103, <GEN43> line 12.
Use of uninitialized value $test_number in string eq at t/multiple_clients_with_death.t line 103, <GEN43> line 12.
Use of uninitialized value $test_number in string eq at t/multiple_clients_with_death.t line 103, <GEN43> line 12.
Use of uninitialized value $test_number in concatenation (.) or string at t/multiple_clients_with_death.t line 103, <GEN43> line 12.
# Failed test 'Found new test: '
# at t/multiple_clients_with_death.t line 103.
# (2) Finishing sock0 again before other sockets and grabbing new test
# Failed test 'Received well-formed test message'
# at t/multiple_clients_with_death.t line 101.
# '{
# 'switches' => [],
# 'source' => 't/fake_t/05-test.t'
# }
# '
# doesn't match '(?^:\s*\{
# \s*'source' => 't/fake_t/(\d+)-test\.t',
# \s*'switches' => \[\]
# \s*\})'
Use of uninitialized value $test_number in string eq at t/multiple_clients_with_death.t line 103, <GEN43> line 18.
Use of uninitialized value $_ in string eq at t/multiple_clients_with_death.t line 103, <GEN43> line 18.
Use of uninitialized value $test_number in string eq at t/multiple_clients_with_death.t line 103, <GEN43> line 18.
Use of uninitialized value $test_number in string eq at t/multiple_clients_with_death.t line 103, <GEN43> line 18.
Use of uninitialized value $test_number in string eq at t/multiple_clients_with_death.t line 103, <GEN43> line 18.
Use of uninitialized value $_ in string eq at t/multiple_clients_with_death.t line 103, <GEN43> line 18.
Use of uninitialized value $test_number in concatenation (.) or string at t/multiple_clients_with_death.t line 103, <GEN43> line 18.
# Failed test 'Found new test: '
# at t/multiple_clients_with_death.t line 103.
# (3) Finishing sock2 and grabbing new test
Use of uninitialized value $_ in string eq at t/multiple_clients_with_death.t line 103, <GEN45> line 12.
Use of uninitialized value $_ in string eq at t/multiple_clients_with_death.t line 103, <GEN45> line 12.
Use of uninitialized value $_ in string eq at t/multiple_clients_with_death.t line 103, <GEN45> line 12.
# (4) Closing sock1 prematurely
# (5) Finishing sock0 and grabbing new test
Use of uninitialized value $_ in string eq at t/multiple_clients_with_death.t line 103, <GEN43> line 24.
Use of uninitialized value $_ in string eq at t/multiple_clients_with_death.t line 103, <GEN43> line 24.
Use of uninitialized value $_ in string eq at t/multiple_clients_with_death.t line 103, <GEN43> line 24.
# (6b) Closing all sockets
# Failed test 'Received well-formed test message'
# at t/multiple_clients_with_death.t line 101.
# '{
# 'switches' => [],
# 'source' => 't/fake_t/02-test.t'
# }
# '
# doesn't match '(?^:\s*\{
# \s*'source' => 't/fake_t/(\d+)-test\.t',
# \s*'switches' => \[\]
# \s*\})'
Use of uninitialized value $test_number in string eq at t/multiple_clients_with_death.t line 103, <GEN61> line 6.
Use of uninitialized value $test_number in concatenation (.) or string at t/multiple_clients_with_death.t line 103, <GEN61> line 6.
# Failed test 'Received well-formed test message'
# at t/multiple_clients_with_death.t line 101.
# '{
# 'switches' => [],
# 'source' => 't/fake_t/03-test.t'
# }
# '
# doesn't match '(?^:\s*\{
# \s*'source' => 't/fake_t/(\d+)-test\.t',
# \s*'switches' => \[\]
# \s*\})'
Use of uninitialized value $test_number in string eq at t/multiple_clients_with_death.t line 103, <GEN62> line 6.
Use of uninitialized value $test_number in string eq at t/multiple_clients_with_death.t line 103, <GEN62> line 6.
Use of uninitialized value $_ in string eq at t/multiple_clients_with_death.t line 103, <GEN62> line 6.
Use of uninitialized value $test_number in concatenation (.) or string at t/multiple_clients_with_death.t line 103, <GEN62> line 6.
# Failed test 'Found new test: '
# at t/multiple_clients_with_death.t line 103.
# (1) Finishing sock0 and grabbing new test
Use of uninitialized value $_ in string eq at t/multiple_clients_with_death.t line 103, <GEN60> line 12.
Use of uninitialized value $_ in string eq at t/multiple_clients_with_death.t line 103, <GEN60> line 12.
# (2) Finishing sock0 again before other sockets and grabbing new test
Use of uninitialized value $_ in string eq at t/multiple_clients_with_death.t line 103, <GEN60> line 18.
Use of uninitialized value $_ in string eq at t/multiple_clients_with_death.t line 103, <GEN60> line 18.
# (3) Finishing sock2 and grabbing new test
Use of uninitialized value $_ in string eq at t/multiple_clients_with_death.t line 103, <GEN62> line 12.
Use of uninitialized value $_ in string eq at t/multiple_clients_with_death.t line 103, <GEN62> line 12.
# (4) Closing sock1 prematurely
# (5) Finishing sock0 and grabbing new test
Use of uninitialized value $_ in string eq at t/multiple_clients_with_death.t line 103, <GEN60> line 24.
Use of uninitialized value $_ in string eq at t/multiple_clients_with_death.t line 103, <GEN60> line 24.
# (6b) Closing all sockets
# Looks like you failed 26 tests of 143.
t/multiple_clients_with_death.t ..
Dubious, test returned 26 (wstat 6656, 0x1a00)
Failed 26/143 subtests
# Failed test 'Received test message for 01-test.t'
# at t/single_client.t line 68.
# '{
# 'switches' => [],
# 'source' => 't/fake_t/01-test.t'
# }
# '
# doesn't match '(?^:\s*\{
# \s*'source' => 't/fake_t/01-test.t',
# \s*'switches' => \[\]
# \s*\}
# )'
# Failed test 'Received test message for 04-test.t'
# at t/single_client.t line 68.
# '{
# 'switches' => [],
# 'source' => 't/fake_t/04-test.t'
# }
# '
# doesn't match '(?^:\s*\{
# \s*'source' => 't/fake_t/04-test.t',
# \s*'switches' => \[\]
# \s*\}
# )'
# Failed test 'Received test message for 09-test.t'
# at t/single_client.t line 68.
# '{
# 'switches' => [],
# 'source' => 't/fake_t/09-test.t'
# }
# '
# doesn't match '(?^:\s*\{
# \s*'source' => 't/fake_t/09-test.t',
# \s*'switches' => \[\]
# \s*\}
# )'
# Failed test 'Received test message for 10-test.t'
# at t/single_client.t line 68.
# '{
# 'switches' => [],
# 'source' => 't/fake_t/10-test.t'
# }
# '
# doesn't match '(?^:\s*\{
# \s*'source' => 't/fake_t/10-test.t',
# \s*'switches' => \[\]
# \s*\}
# )'
# Failed test 'Received test message for 03-test.t'
# at t/single_client.t line 68.
# '{
# 'switches' => [],
# 'source' => 't/fake_t/03-test.t'
# }
# '
# doesn't match '(?^:\s*\{
# \s*'source' => 't/fake_t/03-test.t',
# \s*'switches' => \[\]
# \s*\}
# )'
# Failed test 'Received test message for 05-test.t'
# at t/single_client.t line 68.
# '{
# 'switches' => [],
# 'source' => 't/fake_t/05-test.t'
# }
# '
# doesn't match '(?^:\s*\{
# \s*'source' => 't/fake_t/05-test.t',
# \s*'switches' => \[\]
# \s*\}
# )'
# Failed test 'Received test message for 07-test.t'
# at t/single_client.t line 68.
# '{
# 'switches' => [],
# 'source' => 't/fake_t/07-test.t'
# }
# '
# doesn't match '(?^:\s*\{
# \s*'source' => 't/fake_t/07-test.t',
# \s*'switches' => \[\]
# \s*\}
# )'
# Looks like you failed 7 tests of 55.
t/single_client.t ................
Dubious, test returned 7 (wstat 1792, 0x700)
Failed 7/55 subtests
Can't exec "doesnt_exist": No such file or directory at /Users/petr/.cpan/build/App-Prove-Plugin-Cluster-0.02-bjcxjn/blib/lib/App/Prove/Plugin/ClusterSlave.pm line 67.
t/slave_startup_death.t .......... ok
Test Summary Report
-------------------
t/huge_data.t (Wstat: 256 Tests: 13 Failed: 1)
Failed test: 4
Non-zero exit status: 1
t/multiple_clients.t (Wstat: 4608 Tests: 89 Failed: 18)
Failed tests: 10, 13-14, 22-23, 25-26, 34-35, 51, 63-64
66-67, 69-70, 72-73
Non-zero exit status: 18
t/multiple_clients_with_death.t (Wstat: 6656 Tests: 143 Failed: 26)
Failed tests: 7, 10-11, 13-14, 22-23, 31-32, 52, 58-59
61-62, 64-65, 67-68, 91, 100-101, 103-104
123, 126-127
Non-zero exit status: 26
t/single_client.t (Wstat: 1792 Tests: 55 Failed: 7)
Failed tests: 4, 10, 20, 22, 35, 39, 43
Non-zero exit status: 7
Files=15, Tests=314, 61 wallclock secs ( 0.15 usr 0.08 sys + 31.26 cusr 6.24 csys = 37.73 CPU)
Result: FAIL
Failed 4/15 test programs. 52/314 subtests failed.
make: *** [test_dynamic] Error 255
------------------------------
PREREQUISITES
------------------------------
Prerequisite modules loaded:
requires:
Module Need Have
------------------- ---- -------
Test::Harness 3.23 3.35
build_requires:
Module Need Have
------------------- ---- -------
Test::Most 0.21 0.34
Try::Tiny 0.09 0.24
configure_requires:
Module Need Have
------------------- ---- -------
ExtUtils::MakeMaker 6.31 7.04_01
------------------------------
ENVIRONMENT AND OTHER CONTEXT
------------------------------
Environment variables:
AUTOMATED_TESTING = 1
LANG = cs_CZ.UTF-8
PATH = /Users/petr/perl5/perlbrew/bin:/Users/petr/perl5/perlbrew/perls/perl-5.22.1/bin:/usr/local/bin:/usr/bin:/bin:/usr/sbin:/sbin
PERL5LIB = /Users/petr/.cpan/build/Test-Most-0.34-7thxwI/blib/arch:/Users/petr/.cpan/build/Test-Most-0.34-7thxwI/blib/lib:/Users/petr/.cpan/build/Test-Differences-0.64-_5JQ7j/blib/arch:/Users/petr/.cpan/build/Test-Differences-0.64-_5JQ7j/blib/lib:/Users/petr/.cpan/build/Test-Warn-0.30-UtUFKM/blib/arch:/Users/petr/.cpan/build/Test-Warn-0.30-UtUFKM/blib/lib:/Users/petr/.cpan/build/Exception-Class-1.39-fvYRqG/blib/arch:/Users/petr/.cpan/build/Exception-Class-1.39-fvYRqG/blib/lib:/Users/petr/.cpan/build/Class-Data-Inheritable-0.08-CGbe4X/blib/arch:/Users/petr/.cpan/build/Class-Data-Inheritable-0.08-CGbe4X/blib/lib:/Users/petr/.cpan/build/Devel-StackTrace-2.00-qZXhBX/blib/arch:/Users/petr/.cpan/build/Devel-StackTrace-2.00-qZXhBX/blib/lib:/Users/petr/.cpan/build/Test-Exception-0.41-hxcBX5/blib/arch:/Users/petr/.cpan/build/Test-Exception-0.41-hxcBX5/blib/lib:/Users/petr/.cpan/build/Sub-Uplevel-0.25-TUWU9J/blib/arch:/Users/petr/.cpan/build/Sub-Uplevel-0.25-TUWU9J/blib/lib
PERL5OPT =
PERL5_CPANPLUS_IS_RUNNING = 5251
PERL5_CPAN_IS_RUNNING = 5251
PERL5_CPAN_IS_RUNNING_IN_RECURSION = 1624,5251
PERLBREW_BASHRC_VERSION = 0.74
PERLBREW_HOME = /Users/petr/.perlbrew
PERLBREW_MANPATH = /Users/petr/perl5/perlbrew/perls/perl-5.22.1/man
PERLBREW_PATH = /Users/petr/perl5/perlbrew/bin:/Users/petr/perl5/perlbrew/perls/perl-5.22.1/bin
PERLBREW_PERL = perl-5.22.1
PERLBREW_ROOT = /Users/petr/perl5/perlbrew
PERLBREW_VERSION = 0.74
PERL_CR_SMOKER_CURRENT = App-Prove-Plugin-Cluster-0.02
PERL_EXTUTILS_AUTOINSTALL = --defaultdeps
PERL_MM_USE_DEFAULT = 1
SHELL = /bin/bash
TERM = xterm-256color
TMPDIR = /var/folders/x5/mbl5nhls3z779qkgqvdxmbqc0000gn/T/
Perl special variables (and OS-specific diagnostics, for MSWin32):
$^X = /Users/petr/perl5/perlbrew/perls/perl-5.22.1/bin/perl
$UID/$EUID = 501 / 501
$GID = 20 20 701 12 61 79 80 81 98 33 100 204 395 398 399
$EGID = 20 20 701 12 61 79 80 81 98 33 100 204 395 398 399
Perl module toolchain versions installed:
Module Have
------------------- --------
CPAN 2.11
CPAN::Meta 2.150001
Cwd 3.56
ExtUtils::CBuilder 0.280221
ExtUtils::Command 1.20
ExtUtils::Install 2.04
ExtUtils::MakeMaker 7.04_01
ExtUtils::Manifest 1.70
ExtUtils::ParseXS 3.28
File::Spec 3.56
JSON 2.90
JSON::PP 2.27300
Module::Build 0.4214
Module::Signature n/a
Parse::CPAN::Meta 1.4414
Test::Harness 3.35
Test::More 1.001014
YAML 1.15
YAML::Syck 1.29
version 0.9909
--
Summary of my perl5 (revision 5 version 22 subversion 1) configuration:
Platform:
osname=darwin, osvers=15.2.0, archname=darwin-2level
uname='darwin mac.local 15.2.0 darwin kernel version 15.2.0: fri nov 13 19:56:56 pst 2015; root:xnu-3248.20.55~2release_x86_64 x86_64 '
config_args='-de -Dprefix=/Users/petr/perl5/perlbrew/perls/perl-5.22.1 -Aeval:scriptdir=/Users/petr/perl5/perlbrew/perls/perl-5.22.1/bin'
hint=recommended, useposix=true, d_sigaction=define
useithreads=undef, usemultiplicity=undef
use64bitint=define, use64bitall=define, uselongdouble=undef
usemymalloc=n, bincompat5005=undef
Compiler:
cc='cc', ccflags ='-fno-common -DPERL_DARWIN -fno-strict-aliasing -pipe -fstack-protector-strong -I/usr/local/include',
optimize='-O3',
cppflags='-fno-common -DPERL_DARWIN -fno-strict-aliasing -pipe -fstack-protector-strong -I/usr/local/include'
ccversion='', gccversion='4.2.1 Compatible Apple LLVM 7.0.0 (clang-700.1.76)', gccosandvers=''
intsize=4, longsize=8, ptrsize=8, doublesize=8, byteorder=12345678, doublekind=3
d_longlong=define, longlongsize=8, d_longdbl=define, longdblsize=16, longdblkind=3
ivtype='long', ivsize=8, nvtype='double', nvsize=8, Off_t='off_t', lseeksize=8
alignbytes=8, prototype=define
Linker and Libraries:
ld='env MACOSX_DEPLOYMENT_TARGET=10.3 cc', ldflags =' -fstack-protector-strong -L/usr/local/lib'
libpth=/usr/local/lib /Applications/Xcode.app/Contents/Developer/Toolchains/XcodeDefault.xctoolchain/usr/bin/../lib/clang/7.0.0/lib /Applications/Xcode.app/Contents/Developer/Toolchains/XcodeDefault.xctoolchain/usr/lib /usr/lib
libs=-lpthread -ldbm -ldl -lm -lutil -lc
perllibs=-lpthread -ldl -lm -lutil -lc
libc=, so=dylib, useshrplib=false, libperl=libperl.a
gnulibc_version=''
Dynamic Linking:
dlsrc=dl_dlopen.xs, dlext=bundle, d_dlsymun=undef, ccdlflags=' '
cccdlflags=' ', lddlflags=' -bundle -undefined dynamic_lookup -L/usr/local/lib -fstack-protector-strong'
Characteristics of this binary (from libperl):
Compile-time options: HAS_TIMES PERLIO_LAYERS PERL_DONT_CREATE_GVSV
PERL_HASH_FUNC_ONE_AT_A_TIME_HARD PERL_MALLOC_WRAP
PERL_NEW_COPY_ON_WRITE PERL_PRESERVE_IVUV
USE_64_BIT_ALL USE_64_BIT_INT USE_LARGE_FILES
USE_LOCALE USE_LOCALE_COLLATE USE_LOCALE_CTYPE
USE_LOCALE_NUMERIC USE_LOCALE_TIME USE_PERLIO
USE_PERL_ATOF
Locally applied patches:
Devel::PatchPerl 1.38
Built under darwin
Compiled at Dec 16 2015 09:24:44
%ENV:
PERL5LIB="/Users/petr/.cpan/build/Test-Most-0.34-7thxwI/blib/arch:/Users/petr/.cpan/build/Test-Most-0.34-7thxwI/blib/lib:/Users/petr/.cpan/build/Test-Differences-0.64-_5JQ7j/blib/arch:/Users/petr/.cpan/build/Test-Differences-0.64-_5JQ7j/blib/lib:/Users/petr/.cpan/build/Test-Warn-0.30-UtUFKM/blib/arch:/Users/petr/.cpan/build/Test-Warn-0.30-UtUFKM/blib/lib:/Users/petr/.cpan/build/Exception-Class-1.39-fvYRqG/blib/arch:/Users/petr/.cpan/build/Exception-Class-1.39-fvYRqG/blib/lib:/Users/petr/.cpan/build/Class-Data-Inheritable-0.08-CGbe4X/blib/arch:/Users/petr/.cpan/build/Class-Data-Inheritable-0.08-CGbe4X/blib/lib:/Users/petr/.cpan/build/Devel-StackTrace-2.00-qZXhBX/blib/arch:/Users/petr/.cpan/build/Devel-StackTrace-2.00-qZXhBX/blib/lib:/Users/petr/.cpan/build/Test-Exception-0.41-hxcBX5/blib/arch:/Users/petr/.cpan/build/Test-Exception-0.41-hxcBX5/blib/lib:/Users/petr/.cpan/build/Sub-Uplevel-0.25-TUWU9J/blib/arch:/Users/petr/.cpan/build/Sub-Uplevel-0.25-TUWU9J/blib/lib"
PERL5OPT=""
PERL5_CPANPLUS_IS_RUNNING="5251"
PERL5_CPAN_IS_RUNNING="5251"
PERL5_CPAN_IS_RUNNING_IN_RECURSION="1624,5251"
PERLBREW_BASHRC_VERSION="0.74"
PERLBREW_HOME="/Users/petr/.perlbrew"
PERLBREW_MANPATH="/Users/petr/perl5/perlbrew/perls/perl-5.22.1/man"
PERLBREW_PATH="/Users/petr/perl5/perlbrew/bin:/Users/petr/perl5/perlbrew/perls/perl-5.22.1/bin"
PERLBREW_PERL="perl-5.22.1"
PERLBREW_ROOT="/Users/petr/perl5/perlbrew"
PERLBREW_VERSION="0.74"
PERL_CR_SMOKER_CURRENT="App-Prove-Plugin-Cluster-0.02"
PERL_EXTUTILS_AUTOINSTALL="--defaultdeps"
PERL_MM_USE_DEFAULT="1"
@INC:
/Users/petr/.cpan/build/Test-Most-0.34-7thxwI/blib/arch
/Users/petr/.cpan/build/Test-Most-0.34-7thxwI/blib/lib
/Users/petr/.cpan/build/Test-Differences-0.64-_5JQ7j/blib/arch
/Users/petr/.cpan/build/Test-Differences-0.64-_5JQ7j/blib/lib
/Users/petr/.cpan/build/Test-Warn-0.30-UtUFKM/blib/arch
/Users/petr/.cpan/build/Test-Warn-0.30-UtUFKM/blib/lib
/Users/petr/.cpan/build/Exception-Class-1.39-fvYRqG/blib/arch
/Users/petr/.cpan/build/Exception-Class-1.39-fvYRqG/blib/lib
/Users/petr/.cpan/build/Class-Data-Inheritable-0.08-CGbe4X/blib/arch
/Users/petr/.cpan/build/Class-Data-Inheritable-0.08-CGbe4X/blib/lib
/Users/petr/.cpan/build/Devel-StackTrace-2.00-qZXhBX/blib/arch
/Users/petr/.cpan/build/Devel-StackTrace-2.00-qZXhBX/blib/lib
/Users/petr/.cpan/build/Test-Exception-0.41-hxcBX5/blib/arch
/Users/petr/.cpan/build/Test-Exception-0.41-hxcBX5/blib/lib
/Users/petr/.cpan/build/Sub-Uplevel-0.25-TUWU9J/blib/arch
/Users/petr/.cpan/build/Sub-Uplevel-0.25-TUWU9J/blib/lib
/Users/petr/perl5/perlbrew/perls/perl-5.22.1/lib/site_perl/5.22.1/darwin-2level
/Users/petr/perl5/perlbrew/perls/perl-5.22.1/lib/site_perl/5.22.1
/Users/petr/perl5/perlbrew/perls/perl-5.22.1/lib/5.22.1/darwin-2level
/Users/petr/perl5/perlbrew/perls/perl-5.22.1/lib/5.22.1
.