Report for podlators-4.11

Back
From: metabase:user:9c36dc84-a30f-11e0-a9fc-0a18abbd4f2f
Subject: FAIL podlators-4.11 5.28.1 OpenBSD
Date: 2019-04-03T19:11:27Z

This distribution has been tested as part of the CPAN Testers
project, supporting the Perl programming language.  See
http://wiki.cpantesters.org/ for more information or email
questions to cpan-testers-discuss@perl.org


--
Dear Russ Allbery,

This is a computer-generated report for podlators-4.11
on perl 5.28.1, created by CPAN-Reporter-1.2018.

Thank you for uploading your work to CPAN.  However, there was a problem
testing your distribution.

If you think this report is invalid, please consult the CPAN Testers Wiki
for suggestions on how to avoid getting FAIL reports for missing library
or binary dependencies, unsupported operating systems, and so on:

http://wiki.cpantesters.org/wiki/CPANAuthorNotes

Sections of this report:

    * Tester comments
    * Program output
    * Prerequisites
    * Environment and other context

------------------------------
TESTER COMMENTS
------------------------------

Additional comments from tester:

this report is from an automated smoke testing program
and was not reviewed by a human for accuracy

------------------------------
PROGRAM OUTPUT
------------------------------

Output from '/usr/bin/make test':

PERL_DL_NONLAZY=1 "/home/goku/perl5/perlbrew/perls/perl-5.28.1-no-ithreads/bin/perl" "-MExtUtils::Command::MM" "-MTest::Harness" "-e" "undef *Test::Harness::Switches; test_harness(0, 'blib/lib', 'blib/arch')" t/*/*.t
t/docs/pod-spelling.t ...... skipped: Spelling tests only run for author
t/docs/pod.t ............... ok
t/docs/spdx-license.t ...... ok
t/docs/synopsis.t .......... ok
t/docs/urls.t .............. ok
t/general/basic.t .......... ok
t/general/filehandle.t ..... ok
t/general/pod-parser.t ..... ok
t/man/devise-date.t ........ ok
t/man/devise-title.t ....... ok
t/man/empty.t .............. ok
t/man/heading.t ............ ok
t/man/iso-8859-1.t ......... ok

#   Failed test 'Encode is not loaded yet'
#   at t/man/no-encode.t line 21.

#   Failed test 'Cannot load Encode any more'
#   at t/man/no-encode.t line 28.

#   Failed test 'Degraded gracefully to non-utf8 output'
#   at t/man/no-encode.t line 71.
#          got: '.\" Automatically generated by Pod::Man 4.11 (Pod::Simple 3.35)
# .\"
# .\" Standard preamble:
# .\" ========================================================================
# .de Sp \" Vertical space (when we can't use .PP)
# .if t .sp .5v
# .if n .sp
# ..
# .de Vb \" Begin verbatim text
# .ft CW
# .nf
# .ne \\$1
# ..
# .de Ve \" End verbatim text
# .ft R
# .fi
# ..
# .\" Set up some character translations and predefined strings.  \*(-- will
# .\" give an unbreakable dash, \*(PI will give pi, \*(L" will give a left
# .\" double quote, and \*(R" will give a right double quote.  \*(C+ will
# .\" give a nicer C++.  Capital omega is used to do unbreakable dashes and
# .\" therefore won't be available.  \*(C` and \*(C' expand to `' in nroff,
# .\" nothing in troff, for use with C<>.
# .tr \(*W-
# .ds C+ C\v'-.1v'\h'-1p'\s-2+\h'-1p'+\s0\v'.1v'\h'-1p'
# .ie n \{\
# .    ds -- \(*W-
# .    ds PI pi
# .    if (\n(.H=4u)&(1m=24u) .ds -- \(*W\h'-12u'\(*W\h'-12u'-\" diablo 10 pitch
# .    if (\n(.H=4u)&(1m=20u) .ds -- \(*W\h'-12u'\(*W\h'-8u'-\"  diablo 12 pitch
# .    ds L" ""
# .    ds R" ""
# .    ds C` ""
# .    ds C' ""
# 'br\}
# .el\{\
# .    ds -- \|\(em\|
# .    ds PI \(*p
# .    ds L" ``
# .    ds R" ''
# .    ds C`
# .    ds C'
# 'br\}
# .\"
# .\" Escape single quotes in literal strings from groff's Unicode transform.
# .ie \n(.g .ds Aq \(aq
# .el       .ds Aq '
# .\"
# .\" If the F register is >0, we'll generate index entries on stderr for
# .\" titles (.TH), headers (.SH), subsections (.SS), items (.Ip), and index
# .\" entries marked with X<> in POD.  Of course, you'll have to process the
# .\" output yourself in some meaningful fashion.
# .\"
# .\" Avoid warning from groff about undefined register 'F'.
# .de IX
# ..
# .nr rF 0
# .if \n(.g .if rF .nr rF 1
# .if (\n(rF:(\n(.g==0)) \{\
# .    if \nF \{\
# .        de IX
# .        tm Index:\\$1\t\\n%\t"\\$2"
# ..
# .        if !\nF==2 \{\
# .            nr % 0
# .            nr F 2
# .        \}
# .    \}
# .\}
# .rr rF
# .\" ========================================================================
# .\"
# .IX Title "test 1"
# .TH test 1 "2019-04-03" "perl v5.28.1" "User Contributed Perl Documentation"
# .\" For nroff, turn off justification.  Always turn off hyphenation; it makes
# .\" way too many mistakes in technical documents.
# .if n .ad l
# .nh
# .SH "NAME"
# Beyoncé!
# '
#     expected: '.\" Automatically generated by Pod::Man 4.11 (Pod::Simple 3.35)
# .\"
# .\" Standard preamble:
# .\" ========================================================================
# .de Sp \" Vertical space (when we can't use .PP)
# .if t .sp .5v
# .if n .sp
# ..
# .de Vb \" Begin verbatim text
# .ft CW
# .nf
# .ne \\$1
# ..
# .de Ve \" End verbatim text
# .ft R
# .fi
# ..
# .\" Set up some character translations and predefined strings.  \*(-- will
# .\" give an unbreakable dash, \*(PI will give pi, \*(L" will give a left
# .\" double quote, and \*(R" will give a right double quote.  \*(C+ will
# .\" give a nicer C++.  Capital omega is used to do unbreakable dashes and
# .\" therefore won't be available.  \*(C` and \*(C' expand to `' in nroff,
# .\" nothing in troff, for use with C<>.
# .tr \(*W-
# .ds C+ C\v'-.1v'\h'-1p'\s-2+\h'-1p'+\s0\v'.1v'\h'-1p'
# .ie n \{\
# .    ds -- \(*W-
# .    ds PI pi
# .    if (\n(.H=4u)&(1m=24u) .ds -- \(*W\h'-12u'\(*W\h'-12u'-\" diablo 10 pitch
# .    if (\n(.H=4u)&(1m=20u) .ds -- \(*W\h'-12u'\(*W\h'-8u'-\"  diablo 12 pitch
# .    ds L" ""
# .    ds R" ""
# .    ds C` ""
# .    ds C' ""
# 'br\}
# .el\{\
# .    ds -- \|\(em\|
# .    ds PI \(*p
# .    ds L" ``
# .    ds R" ''
# .    ds C`
# .    ds C'
# 'br\}
# .\"
# .\" Escape single quotes in literal strings from groff's Unicode transform.
# .ie \n(.g .ds Aq \(aq
# .el       .ds Aq '
# .\"
# .\" If the F register is >0, we'll generate index entries on stderr for
# .\" titles (.TH), headers (.SH), subsections (.SS), items (.Ip), and index
# .\" entries marked with X<> in POD.  Of course, you'll have to process the
# .\" output yourself in some meaningful fashion.
# .\"
# .\" Avoid warning from groff about undefined register 'F'.
# .de IX
# ..
# .nr rF 0
# .if \n(.g .if rF .nr rF 1
# .if (\n(rF:(\n(.g==0)) \{\
# .    if \nF \{\
# .        de IX
# .        tm Index:\\$1\t\\n%\t"\\$2"
# ..
# .        if !\nF==2 \{\
# .            nr % 0
# .            nr F 2
# .        \}
# .    \}
# .\}
# .rr rF
# .\"
# .\" Accent mark definitions (@(#)ms.acc 1.5 88/02/08 SMI; from UCB 4.2).
# .\" Fear.  Run.  Save yourself.  No user-serviceable parts.
# .    \" fudge factors for nroff and troff
# .if n \{\
# .    ds #H 0
# .    ds #V .8m
# .    ds #F .3m
# .    ds #[ \f1
# .    ds #] \fP
# .\}
# .if t \{\
# .    ds #H ((1u-(\\\\n(.fu%2u))*.13m)
# .    ds #V .6m
# .    ds #F 0
# .    ds #[ \&
# .    ds #] \&
# .\}
# .    \" simple accents for nroff and troff
# .if n \{\
# .    ds ' \&
# .    ds ` \&
# .    ds ^ \&
# .    ds , \&
# .    ds ~ ~
# .    ds /
# .\}
# .if t \{\
# .    ds ' \\k:\h'-(\\n(.wu*8/10-\*(#H)'\'\h"|\\n:u"
# .    ds ` \\k:\h'-(\\n(.wu*8/10-\*(#H)'\`\h'|\\n:u'
# .    ds ^ \\k:\h'-(\\n(.wu*10/11-\*(#H)'^\h'|\\n:u'
# .    ds , \\k:\h'-(\\n(.wu*8/10)',\h'|\\n:u'
# .    ds ~ \\k:\h'-(\\n(.wu-\*(#H-.1m)'~\h'|\\n:u'
# .    ds / \\k:\h'-(\\n(.wu*8/10-\*(#H)'\z\(sl\h'|\\n:u'
# .\}
# .    \" troff and (daisy-wheel) nroff accents
# .ds : \\k:\h'-(\\n(.wu*8/10-\*(#H+.1m+\*(#F)'\v'-\*(#V'\z.\h'.2m+\*(#F'.\h'|\\n:u'\v'\*(#V'
# .ds 8 \h'\*(#H'\(*b\h'-\*(#H'
# .ds o \\k:\h'-(\\n(.wu+\w'\(de'u-\*(#H)/2u'\v'-.3n'\*(#[\z\(de\v'.3n'\h'|\\n:u'\*(#]
# .ds d- \h'\*(#H'\(pd\h'-\w'~'u'\v'-.25m'\f2\(hy\fP\v'.25m'\h'-\*(#H'
# .ds D- D\\k:\h'-\w'D'u'\v'-.11m'\z\(hy\v'.11m'\h'|\\n:u'
# .ds th \*(#[\v'.3m'\s+1I\s-1\v'-.3m'\h'-(\w'I'u*2/3)'\s-1o\s+1\*(#]
# .ds Th \*(#[\s+2I\s-2\h'-\w'I'u*3/5'\v'-.3m'o\v'.3m'\*(#]
# .ds ae a\h'-(\w'a'u*4/10)'e
# .ds Ae A\h'-(\w'A'u*4/10)'E
# .    \" corrections for vroff
# .if v .ds ~ \\k:\h'-(\\n(.wu*9/10-\*(#H)'\s-2\u~\d\s+2\h'|\\n:u'
# .if v .ds ^ \\k:\h'-(\\n(.wu*10/11-\*(#H)'\v'-.4m'^\v'.4m'\h'|\\n:u'
# .    \" for low resolution devices (crt and lpr)
# .if \n(.H>23 .if \n(.V>19 \
# \{\
# .    ds : e
# .    ds 8 ss
# .    ds o a
# .    ds d- d\h'-1'\(ga
# .    ds D- D\h'-1'\(hy
# .    ds th \o'bp'
# .    ds Th \o'LP'
# .    ds ae ae
# .    ds Ae AE
# .\}
# .rm #[ #] #H #V #F C
# .\" ========================================================================
# .\"
# .IX Title "test 1"
# .TH test 1 "2019-04-03" "perl v5.28.1" "User Contributed Perl Documentation"
# .\" For nroff, turn off justification.  Always turn off hyphenation; it makes
# .\" way too many mistakes in technical documents.
# .if n .ad l
# .nh
# .SH "NAME"
# Beyonce\*'!
# '
# Looks like you planned 6 tests but ran 5.
# Looks like you failed 3 tests of 5 run.
t/man/no-encode.t .......... 
Dubious, test returned 3 (wstat 768, 0x300)
Failed 4/6 subtests 
t/man/snippets.t ........... ok
t/man/utf8-io.t ............ ok
t/parselink/basic.t ........ ok
t/style/minimum-version.t .. skipped: Test::MinimumVersion required for test
t/style/module-version.t ... ok
t/style/strict.t ........... ok
t/text/basic.t ............. ok
t/text/color.t ............. ok
t/text/empty.t ............. ok
t/text/encoding.t .......... ok
t/text/options.t ........... ok
t/text/overstrike.t ........ ok
t/text/perlio.t ............ ok
t/text/termcap.t ........... ok
t/text/utf8.t .............. ok

Test Summary Report
-------------------
t/man/no-encode.t        (Wstat: 768 Tests: 5 Failed: 3)
  Failed tests:  1-2, 5
  Non-zero exit status: 3
  Parse errors: Bad plan.  You planned 6 tests but ran 5.
Files=29, Tests=648, 17 wallclock secs ( 0.14 usr  0.28 sys +  9.77 cusr  5.34 csys = 15.53 CPU)
Result: FAIL
Failed 1/29 test programs. 3/648 subtests failed.
*** Error 255 in /mnt/cpan_build_dir/goku/podlators-4.11-0 (Makefile:962 'test_dynamic')

------------------------------
PREREQUISITES
------------------------------

Prerequisite modules loaded:

requires:

    Module              Need  Have    
    ------------------- ----- --------
    Encode              0     3.01    
    perl                5.006 5.028001
    Pod::Simple         3.06  3.35    

build_requires:

    Module              Need  Have    
    ------------------- ----- --------
    ExtUtils::MakeMaker 0     7.35_10 

configure_requires:

    Module              Need  Have    
    ------------------- ----- --------
    ExtUtils::MakeMaker 0     7.35_10 


------------------------------
ENVIRONMENT AND OTHER CONTEXT
------------------------------

Environment variables:

    AUTOMATED_TESTING = 1
    DBD_MYSQL_TESTDB = test
    DBD_MYSQL_TESTHOST = localhost
    DBD_MYSQL_TESTPASSWORD = 
    DBD_MYSQL_TESTPORT = 3306
    DBD_MYSQL_TESTUSER = goku
    EXTENDED_TESTING = 1
    PATH = /home/goku/perl5/perlbrew/bin:/home/goku/perl5/perlbrew/perls/perl-5.28.1-no-ithreads/bin:/home/goku/bin:/usr/bin:/bin:/usr/sbin:/sbin:/usr/X11R6/bin:/usr/local/bin:/usr/local/sbin
    PERL5LIB = 
    PERL5OPT = 
    PERL5_CPANPLUS_IS_RUNNING = 62559
    PERL5_CPAN_IS_RUNNING = 62559
    PERL5_CPAN_IS_RUNNING_IN_RECURSION = 74363,62559
    PERLBREW_HOME = /home/goku/.perlbrew
    PERLBREW_MANPATH = /home/goku/perl5/perlbrew/perls/perl-5.28.1-no-ithreads/man
    PERLBREW_PATH = /home/goku/perl5/perlbrew/bin:/home/goku/perl5/perlbrew/perls/perl-5.28.1-no-ithreads/bin
    PERLBREW_PERL = perl-5.28.1-no-ithreads
    PERLBREW_ROOT = /home/goku/perl5/perlbrew
    PERLBREW_SHELLRC_VERSION = 0.86
    PERLBREW_VERSION = 0.86
    PERL_CR_SMOKER_CURRENT = podlators-4.11
    PERL_EXTUTILS_AUTOINSTALL = --defaultdeps
    PERL_MM_USE_DEFAULT = 1
    PERL_USE_UNSAFE_INC = 1
    SHELL = /usr/local/bin/bash
    TERM = xterm

Perl special variables (and OS-specific diagnostics, for MSWin32):

    $^X = /home/goku/perl5/perlbrew/perls/perl-5.28.1-no-ithreads/bin/perl
    $UID/$EUID = 1001 / 1001
    $GID = 999 999 1001
    $EGID = 999 999 1001

Perl module toolchain versions installed:

    Module              Have     
    ------------------- ---------
    CPAN                2.26     
    CPAN::Meta          2.150010 
    Cwd                 3.75     
    ExtUtils::CBuilder  0.280231 
    ExtUtils::Command   7.35_10  
    ExtUtils::Install   2.14     
    ExtUtils::MakeMaker 7.35_10  
    ExtUtils::Manifest  1.72     
    ExtUtils::ParseXS   3.39     
    File::Spec          3.75     
    JSON                4.02     
    JSON::PP            4.02     
    Module::Build       0.4224   
    Module::Signature   n/a      
    Parse::CPAN::Meta   2.150010 
    Test::Harness       3.42     
    Test::More          1.302162 
    YAML                1.27     
    YAML::Syck          n/a      
    version             0.9924_02


--

Summary of my perl5 (revision 5 version 28 subversion 1) configuration:
   
  Platform:
    osname=openbsd
    osvers=6.4
    archname=OpenBSD.amd64-openbsd-multi
    uname='openbsd cpan-smoker-openbsd 6.4 generic.mp#364 amd64 '
    config_args='-de -Dprefix=/home/goku/perl5/perlbrew/perls/perl-5.28.1-no-ithreads -Dman1dir=none -Dman3dir=none -Dusemultiplicity -Duse64bitint -Duse64bitall -Aeval:scriptdir=/home/goku/perl5/perlbrew/perls/perl-5.28.1-no-ithreads/bin'
    hint=recommended
    useposix=true
    d_sigaction=define
    useithreads=undef
    usemultiplicity=define
    use64bitint=define
    use64bitall=define
    uselongdouble=undef
    usemymalloc=n
    default_inc_excludes_dot=define
    bincompat5005=undef
  Compiler:
    cc='cc'
    ccflags ='-fno-strict-aliasing -pipe -fstack-protector-strong -I/usr/local/include -D_FORTIFY_SOURCE=2'
    optimize='-O2'
    cppflags='-fno-strict-aliasing -pipe -fstack-protector-strong -I/usr/local/include'
    ccversion=''
    gccversion='4.2.1 Compatible OpenBSD Clang 6.0.0 (tags/RELEASE_600/final)'
    gccosandvers=''
    intsize=4
    longsize=8
    ptrsize=8
    doublesize=8
    byteorder=12345678
    doublekind=3
    d_longlong=define
    longlongsize=8
    d_longdbl=define
    longdblsize=16
    longdblkind=3
    ivtype='long'
    ivsize=8
    nvtype='double'
    nvsize=8
    Off_t='off_t'
    lseeksize=8
    alignbytes=8
    prototype=define
  Linker and Libraries:
    ld='cc'
    ldflags ='-Wl,-E  -fstack-protector-strong -L/usr/local/lib'
    libpth=/usr/lib /usr/local/lib
    libs=-lpthread -lm -lutil -lc
    perllibs=-lpthread -lm -lutil -lc
    libc=/usr/lib/libc.so.92.5
    so=so
    useshrplib=false
    libperl=libperl.a
    gnulibc_version=''
  Dynamic Linking:
    dlsrc=dl_dlopen.xs
    dlext=so
    d_dlsymun=undef
    ccdlflags=' '
    cccdlflags='-DPIC -fPIC '
    lddlflags='-shared -fPIC  -L/usr/local/lib -fstack-protector-strong'


Characteristics of this binary (from libperl): 
  Compile-time options:
    HAS_TIMES
    MULTIPLICITY
    PERLIO_LAYERS
    PERL_COPY_ON_WRITE
    PERL_DONT_CREATE_GVSV
    PERL_IMPLICIT_CONTEXT
    PERL_MALLOC_WRAP
    PERL_OP_PARENT
    PERL_PRESERVE_IVUV
    USE_64_BIT_ALL
    USE_64_BIT_INT
    USE_LARGE_FILES
    USE_LOCALE
    USE_LOCALE_COLLATE
    USE_LOCALE_CTYPE
    USE_LOCALE_NUMERIC
    USE_LOCALE_TIME
    USE_PERLIO
    USE_PERL_ATOF
  Locally applied patches:
    Devel::PatchPerl 1.52
  Built under openbsd
  Compiled at Mar 22 2019 12:28:09
  %ENV:
    PERL5LIB=""
    PERL5OPT=""
    PERL5_CPANPLUS_IS_RUNNING="62559"
    PERL5_CPAN_IS_RUNNING="62559"
    PERL5_CPAN_IS_RUNNING_IN_RECURSION="74363,62559"
    PERLBREW_HOME="/home/goku/.perlbrew"
    PERLBREW_MANPATH="/home/goku/perl5/perlbrew/perls/perl-5.28.1-no-ithreads/man"
    PERLBREW_PATH="/home/goku/perl5/perlbrew/bin:/home/goku/perl5/perlbrew/perls/perl-5.28.1-no-ithreads/bin"
    PERLBREW_PERL="perl-5.28.1-no-ithreads"
    PERLBREW_ROOT="/home/goku/perl5/perlbrew"
    PERLBREW_SHELLRC_VERSION="0.86"
    PERLBREW_VERSION="0.86"
    PERL_CR_SMOKER_CURRENT="podlators-4.11"
    PERL_EXTUTILS_AUTOINSTALL="--defaultdeps"
    PERL_MM_USE_DEFAULT="1"
    PERL_USE_UNSAFE_INC="1"
  @INC:
    /home/goku/perl5/perlbrew/perls/perl-5.28.1-no-ithreads/lib/site_perl/5.28.1/OpenBSD.amd64-openbsd-multi
    /home/goku/perl5/perlbrew/perls/perl-5.28.1-no-ithreads/lib/site_perl/5.28.1
    /home/goku/perl5/perlbrew/perls/perl-5.28.1-no-ithreads/lib/5.28.1/OpenBSD.amd64-openbsd-multi
    /home/goku/perl5/perlbrew/perls/perl-5.28.1-no-ithreads/lib/5.28.1
    .