Back
From: metabase:user:30ae4450-2aae-11df-837a-5e0a49663a4f
Subject: FAIL List-Gen-0.974 v5.19.11 GNU/Linux
Date: 2014-04-25T18:20:28Z
This distribution has been tested as part of the CPAN Testers
project, supporting the Perl programming language. See
http://wiki.cpantesters.org/ for more information or email
questions to cpan-testers-discuss@perl.org
--
Dear Eric Strom,
This is a computer-generated report for List-Gen-0.974
on perl 5.19.11, created by CPAN-Reporter-1.2011.
Thank you for uploading your work to CPAN. However, there was a problem
testing your distribution.
If you think this report is invalid, please consult the CPAN Testers Wiki
for suggestions on how to avoid getting FAIL reports for missing library
or binary dependencies, unsupported operating systems, and so on:
http://wiki.cpantesters.org/wiki/CPANAuthorNotes
Sections of this report:
* Tester comments
* Program output
* Prerequisites
* Environment and other context
------------------------------
TESTER COMMENTS
------------------------------
Additional comments from tester:
this report is from an automated smoke testing program
and was not reviewed by a human for accuracy
------------------------------
PROGRAM OUTPUT
------------------------------
Output from './Build test':
# Testing List::Gen 0.974, Perl 5.019011, /home/c/perl5/perlbrew/perls/5.19.11i/bin/perl5.19.11
t/00-load.t ............... ok
t/01-load.t ............... ok
t/02-load.t ............... ok
t/03-load.t ............... ok
t/04-load.t ............... ok
t/05-load.t ............... ok
t/06-load.t ............... ok
# Failed test 'map & \(1 .. 3), 1 .. 2'
# at t/listgen.t line 97.
# got: '11 12 13 : 1 2 3'
# expected: '11 12 13 : 11 12 13'
# Looks like you failed 1 test of 1151.
t/listgen.t ...............
Dubious, test returned 1 (wstat 256, 0x100)
Failed 1/1151 subtests
t/listgen_builtins.t ...... ok
t/listgen_lazy.t .......... ok
t/listgen_lazy_haskell.t .. ok
t/listgen_ops.t ........... ok
t/listgen_perl6.t ......... ok
t/listgenerator.t ......... ok
t/pod-coverage.t .......... ok
t/pod.t ................... ok
t/threads.t ............... skipped: threads not yet supported in perl 5.13+
Test Summary Report
-------------------
t/listgen.t (Wstat: 256 Tests: 1151 Failed: 1)
Failed test: 16
Non-zero exit status: 1
Files=17, Tests=1616, 10 wallclock secs ( 0.49 usr 0.27 sys + 2.54 cusr 1.63 csys = 4.93 CPU)
Result: FAIL
Failed 1/17 test programs. 1/1616 subtests failed.
------------------------------
PREREQUISITES
------------------------------
Prerequisite modules loaded:
requires:
Module Need Have
------------- ------ --------
perl v5.8.6 5.019011
configure_requires:
Module Need Have
------------- ------ --------
Module::Build 0.36 0.4205
------------------------------
ENVIRONMENT AND OTHER CONTEXT
------------------------------
Environment variables:
AUTOMATED_TESTING = 1
LANG = ru_RU.utf8
PATH = /home/c/perl5/perlbrew/bin:/home/c/perl5/perlbrew/perls/5.19.11i/bin:/usr/local/bin:/usr/bin:/bin:/usr/local/games:/usr/games
PERL5LIB =
PERL5OPT =
PERL5_CPANPLUS_IS_RUNNING = 14697
PERL5_CPAN_IS_RUNNING = 14697
PERL5_CPAN_IS_RUNNING_IN_RECURSION = 4212,14697
PERLBREW_MANPATH = /home/c/perl5/perlbrew/perls/5.19.11i/man
PERLBREW_PATH = /home/c/perl5/perlbrew/bin:/home/c/perl5/perlbrew/perls/5.19.11i/bin
PERLBREW_PERL = 5.19.11i
PERLBREW_ROOT = /home/c/perl5/perlbrew
PERLBREW_SKIP_INIT = 1
PERLBREW_VERSION = 0.67
PERL_CR_SMOKER_CURRENT = Task::BeLike::LESPEA
PERL_EXTUTILS_AUTOINSTALL = --defaultdeps
PERL_MM_USE_DEFAULT = 1
SHELL = /bin/bash
TERM = xterm
Perl special variables (and OS-specific diagnostics, for MSWin32):
$^X = /home/c/perl5/perlbrew/perls/5.19.11i/bin/perl5.19.11
$UID/$EUID = 1000 / 1000
$GID = 1000 24 25 29 30 44 46 103 105 108 110 1000
$EGID = 1000 24 25 29 30 44 46 103 105 108 110 1000
Perl module toolchain versions installed:
Module Have
------------------- --------
CPAN 2.05
CPAN::Meta 2.140640
Cwd 3.47
ExtUtils::CBuilder 0.280216
ExtUtils::Command 1.18
ExtUtils::Install 1.67
ExtUtils::MakeMaker 6.94
ExtUtils::Manifest 1.63
ExtUtils::ParseXS 3.24
File::Spec 3.47
JSON 2.90
JSON::PP 2.27203
Module::Build 0.4205
Module::Signature n/a
Parse::CPAN::Meta 1.4414
Test::Harness 3.30
Test::More 1.001002
YAML 0.90
YAML::Syck 1.27
version 0.9908
--
Summary of my perl5 (revision 5 version 19 subversion 11) configuration:
Platform:
osname=linux, osvers=3.2.0-4-486, archname=i686-linux-thread-multi-64int
uname='linux deb7 3.2.0-4-486 #1 debian 3.2.51-1 i686 gnulinux '
config_args='-de -Dprefix=/home/c/perl5/perlbrew/perls/5.19.11i -Dusethreads -Duse64bitint -Dusedevel -Aeval:scriptdir=/home/c/perl5/perlbrew/perls/5.19.11i/bin'
hint=recommended, useposix=true, d_sigaction=define
useithreads=define, usemultiplicity=define
use64bitint=define, use64bitall=undef, uselongdouble=undef
usemymalloc=n, bincompat5005=undef
Compiler:
cc='cc', ccflags ='-D_REENTRANT -D_GNU_SOURCE -fwrapv -fno-strict-aliasing -pipe -fstack-protector -I/usr/local/include -D_LARGEFILE_SOURCE -D_FILE_OFFSET_BITS=64',
optimize='-O2',
cppflags='-D_REENTRANT -D_GNU_SOURCE -fwrapv -fno-strict-aliasing -pipe -fstack-protector -I/usr/local/include'
ccversion='', gccversion='4.7.2', gccosandvers=''
intsize=4, longsize=4, ptrsize=4, doublesize=8, byteorder=12345678
d_longlong=define, longlongsize=8, d_longdbl=define, longdblsize=12
ivtype='long long', ivsize=8, nvtype='double', nvsize=8, Off_t='off_t', lseeksize=8
alignbytes=4, prototype=define
Linker and Libraries:
ld='cc', ldflags =' -fstack-protector -L/usr/local/lib'
libpth=/usr/local/lib /usr/lib/gcc/i486-linux-gnu/4.7/include-fixed /usr/include/i386-linux-gnu /usr/lib /lib/i386-linux-gnu /lib/../lib /usr/lib/i386-linux-gnu /usr/lib/../lib /lib
libs=-lnsl -lgdbm -ldb -ldl -lm -lcrypt -lutil -lpthread -lc -lgdbm_compat
perllibs=-lnsl -ldl -lm -lcrypt -lutil -lpthread -lc
libc=, so=so, useshrplib=false, libperl=libperl.a
gnulibc_version='2.13'
Dynamic Linking:
dlsrc=dl_dlopen.xs, dlext=so, d_dlsymun=undef, ccdlflags='-Wl,-E'
cccdlflags='-fPIC', lddlflags='-shared -O2 -L/usr/local/lib -fstack-protector'
Characteristics of this binary (from libperl):
Compile-time options: HAS_TIMES MULTIPLICITY PERLIO_LAYERS
PERL_DONT_CREATE_GVSV
PERL_HASH_FUNC_ONE_AT_A_TIME_HARD
PERL_IMPLICIT_CONTEXT PERL_MALLOC_WRAP
PERL_NEW_COPY_ON_WRITE PERL_PRESERVE_IVUV
PERL_USE_DEVEL USE_64_BIT_INT USE_ITHREADS
USE_LARGE_FILES USE_LOCALE USE_LOCALE_COLLATE
USE_LOCALE_CTYPE USE_LOCALE_NUMERIC USE_PERLIO
USE_PERL_ATOF USE_REENTRANT_API
Built under linux
Compiled at Apr 25 2014 15:40:41
%ENV:
PERL5LIB=""
PERL5OPT=""
PERL5_CPANPLUS_IS_RUNNING="14697"
PERL5_CPAN_IS_RUNNING="14697"
PERL5_CPAN_IS_RUNNING_IN_RECURSION="4212,14697"
PERLBREW_MANPATH="/home/c/perl5/perlbrew/perls/5.19.11i/man"
PERLBREW_PATH="/home/c/perl5/perlbrew/bin:/home/c/perl5/perlbrew/perls/5.19.11i/bin"
PERLBREW_PERL="5.19.11i"
PERLBREW_ROOT="/home/c/perl5/perlbrew"
PERLBREW_SKIP_INIT="1"
PERLBREW_VERSION="0.67"
PERL_CR_SMOKER_CURRENT="Task::BeLike::LESPEA"
PERL_EXTUTILS_AUTOINSTALL="--defaultdeps"
PERL_MM_USE_DEFAULT="1"
@INC:
/home/c/perl5/perlbrew/perls/5.19.11i/lib/site_perl/5.19.11/i686-linux-thread-multi-64int
/home/c/perl5/perlbrew/perls/5.19.11i/lib/site_perl/5.19.11
/home/c/perl5/perlbrew/perls/5.19.11i/lib/5.19.11/i686-linux-thread-multi-64int
/home/c/perl5/perlbrew/perls/5.19.11i/lib/5.19.11
.