Report for HTML-StickyForm-0.08

Back
From: metabase:user:314402c4-2aae-11df-837a-5e0a49663a4f
Subject: FAIL HTML-StickyForm-0.08 v5.18.4 GNU/Linux
Date: 2015-02-08T15:22:21Z

This distribution has been tested as part of the CPAN Testers
project, supporting the Perl programming language.  See
http://wiki.cpantesters.org/ for more information or email
questions to cpan-testers-discuss@perl.org


--
Dear Peter Haworth,

This is a computer-generated report for HTML-StickyForm-0.08
on perl 5.18.4, created by CPAN-Reporter-1.2011.

Thank you for uploading your work to CPAN.  However, there was a problem
testing your distribution.

If you think this report is invalid, please consult the CPAN Testers Wiki
for suggestions on how to avoid getting FAIL reports for missing library
or binary dependencies, unsupported operating systems, and so on:

http://wiki.cpantesters.org/wiki/CPANAuthorNotes

Sections of this report:

    * Tester comments
    * Program output
    * Prerequisites
    * Environment and other context

------------------------------
TESTER COMMENTS
------------------------------

Additional comments from tester:

none provided

------------------------------
PROGRAM OUTPUT
------------------------------

Output from '/usr/bin/make test':

PERL_DL_NONLAZY=1 "/bbbike/perl-5.18.4/bin/perl" "-MExtUtils::Command::MM" "-MTest::Harness" "-e" "undef *Test::Harness::Switches; test_harness(0, 'blib/lib', 'blib/arch')" t/*.t t/lib/Test/XML/*.t
t/00manifest.t .......... ok
t/00requesthash.t ....... ok
t/00use.t ............... ok
t/00use_old.t ........... ok
t/10_args.t ............. ok
t/10_escape.t ........... ok
t/10sticky.t ............ ok
t/10values_as_labels.t .. ok
t/10well_formed.t ....... ok

#   Failed test 'no warnings'
#   at /opt/perl-5.18.4/lib/site_perl/5.18.4/Test/NoWarnings.pm line 45.
# There were 22 warning(s)
# 	Previous test 5 'empty (empty, flat))'
# 	CGI::param called in list context from package HTML::StickyForm line 467, this can lead to vulnerabilities. See the warning in "Fetching the value or values of a single named parameter" at /opt/perl-5.18.4/lib/site_perl/5.18.4/CGI.pm line 437.
#  at /opt/perl-5.18.4/lib/site_perl/5.18.4/CGI.pm line 437.
# 	CGI::param(CGI=HASH(0x187ffb0), undef) called at /tmpfs/.cpan-build/HTML-StickyForm-0.08-8UefZy/blib/lib/HTML/StickyForm.pm line 467
# 	HTML::StickyForm::checkbox(HTML::StickyForm=HASH(0x1eb1ba0), HASH(0x1eb1b28)) called at t/20checkbox.t line 88
# 
# ----------
# 	Previous test 6 'empty (full, ref)'
# 	CGI::param called in list context from package HTML::StickyForm line 467, this can lead to vulnerabilities. See the warning in "Fetching the value or values of a single named parameter" at /opt/perl-5.18.4/lib/site_perl/5.18.4/CGI.pm line 437.
#  at /opt/perl-5.18.4/lib/site_perl/5.18.4/CGI.pm line 437.
# 	CGI::param(CGI=HASH(0x187ffb0), undef) called at /tmpfs/.cpan-build/HTML-StickyForm-0.08-8UefZy/blib/lib/HTML/StickyForm.pm line 467
# 	HTML::StickyForm::checkbox(HTML::StickyForm=HASH(0x1eb1ba0)) called at t/20checkbox.t line 90
# 
# ----------
# 	Previous test 9 'fred (empty, flat))'
# 	CGI::param called in list context from package HTML::StickyForm line 467, this can lead to vulnerabilities. See the warning in "Fetching the value or values of a single named parameter" at /opt/perl-5.18.4/lib/site_perl/5.18.4/CGI.pm line 437.
#  at /opt/perl-5.18.4/lib/site_perl/5.18.4/CGI.pm line 437.
# 	CGI::param(CGI=HASH(0x187ffb0), "fred") called at /tmpfs/.cpan-build/HTML-StickyForm-0.08-8UefZy/blib/lib/HTML/StickyForm.pm line 467
# 	HTML::StickyForm::checkbox(HTML::StickyForm=HASH(0x1eb1ba0), HASH(0x21063e0)) called at t/20checkbox.t line 88
# 
# ----------
# 	Previous test 10 'fred (full, ref)'
# 	CGI::param called in list context from package HTML::StickyForm line 467, this can lead to vulnerabilities. See the warning in "Fetching the value or values of a single named parameter" at /opt/perl-5.18.4/lib/site_perl/5.18.4/CGI.pm line 437.
#  at /opt/perl-5.18.4/lib/site_perl/5.18.4/CGI.pm line 437.
# 	CGI::param(CGI=HASH(0x187ffb0), "fred") called at /tmpfs/.cpan-build/HTML-StickyForm-0.08-8UefZy/blib/lib/HTML/StickyForm.pm line 467
# 	HTML::StickyForm::checkbox(HTML::StickyForm=HASH(0x1eb1ba0), "name", "fred") called at t/20checkbox.t line 90
# 
# ----------
# 	Previous test 13 'fred& (empty, flat))'
# 	CGI::param called in list context from package HTML::StickyForm line 467, this can lead to vulnerabilities. See the warning in "Fetching the value or values of a single named parameter" at /opt/perl-5.18.4/lib/site_perl/5.18.4/CGI.pm line 437.
#  at /opt/perl-5.18.4/lib/site_perl/5.18.4/CGI.pm line 437.
# 	CGI::param(CGI=HASH(0x187ffb0), "fred&") called at /tmpfs/.cpan-build/HTML-StickyForm-0.08-8UefZy/blib/lib/HTML/StickyForm.pm line 467
# 	HTML::StickyForm::checkbox(HTML::StickyForm=HASH(0x1eb1ba0), HASH(0x1f9d020)) called at t/20checkbox.t line 88
# 
# ----------
# 	Previous test 14 'fred& (full, ref)'
# 	CGI::param called in list context from package HTML::StickyForm line 467, this can lead to vulnerabilities. See the warning in "Fetching the value or values of a single named parameter" at /opt/perl-5.18.4/lib/site_perl/5.18.4/CGI.pm line 437.
#  at /opt/perl-5.18.4/lib/site_perl/5.18.4/CGI.pm line 437.
# 	CGI::param(CGI=HASH(0x187ffb0), "fred&") called at /tmpfs/.cpan-build/HTML-StickyForm-0.08-8UefZy/blib/lib/HTML/StickyForm.pm line 467
# 	HTML::StickyForm::checkbox(HTML::StickyForm=HASH(0x1eb1ba0), "name", "fred&") called at t/20checkbox.t line 90
# 
# ----------
# 	Previous test 17 'spoon (empty, flat))'
# 	CGI::param called in list context from package HTML::StickyForm line 467, this can lead to vulnerabilities. See the warning in "Fetching the value or values of a single named parameter" at /opt/perl-5.18.4/lib/site_perl/5.18.4/CGI.pm line 437.
#  at /opt/perl-5.18.4/lib/site_perl/5.18.4/CGI.pm line 437.
# 	CGI::param(CGI=HASH(0x187ffb0), "fred") called at /tmpfs/.cpan-build/HTML-StickyForm-0.08-8UefZy/blib/lib/HTML/StickyForm.pm line 467
# 	HTML::StickyForm::checkbox(HTML::StickyForm=HASH(0x1eb1ba0), HASH(0x1f9c810)) called at t/20checkbox.t line 88
# 
# ----------
# 	Previous test 18 'spoon (full, ref)'
# 	CGI::param called in list context from package HTML::StickyForm line 467, this can lead to vulnerabilities. See the warning in "Fetching the value or values of a single named parameter" at /opt/perl-5.18.4/lib/site_perl/5.18.4/CGI.pm line 437.
#  at /opt/perl-5.18.4/lib/site_perl/5.18.4/CGI.pm line 437.
# 	CGI::param(CGI=HASH(0x187ffb0), "fred") called at /tmpfs/.cpan-build/HTML-StickyForm-0.08-8UefZy/blib/lib/HTML/StickyForm.pm line 467
# 	HTML::StickyForm::checkbox(HTML::StickyForm=HASH(0x1eb1ba0), "name", "fred", "value", "spoon") called at t/20checkbox.t line 90
# 
# ----------
# 	Previous test 21 'default (empty, flat))'
# 	CGI::param called in list context from package HTML::StickyForm line 467, this can lead to vulnerabilities. See the warning in "Fetching the value or values of a single named parameter" at /opt/perl-5.18.4/lib/site_perl/5.18.4/CGI.pm line 437.
#  at /opt/perl-5.18.4/lib/site_perl/5.18.4/CGI.pm line 437.
# 	CGI::param(CGI=HASH(0x187ffb0), "fred") called at /tmpfs/.cpan-build/HTML-StickyForm-0.08-8UefZy/blib/lib/HTML/StickyForm.pm line 467
# 	HTML::StickyForm::checkbox(HTML::StickyForm=HASH(0x1eb1ba0), HASH(0x1f9c6f0)) called at t/20checkbox.t line 88
# 
# ----------
# 	Previous test 22 'default (full, ref)'
# 	CGI::param called in list context from package HTML::StickyForm line 467, this can lead to vulnerabilities. See the warning in "Fetching the value or values of a single named parameter" at /opt/perl-5.18.4/lib/site_perl/5.18.4/CGI.pm line 437.
#  at /opt/perl-5.18.4/lib/site_perl/5.18.4/CGI.pm line 437.
# 	CGI::param(CGI=HASH(0x187ffb0), "fred") called at /tmpfs/.cpan-build/HTML-StickyForm-0.08-8UefZy/blib/lib/HTML/StickyForm.pm line 467
# 	HTML::StickyForm::checkbox(HTML::StickyForm=HASH(0x1eb1ba0), "name", "fred", "default", "fork") called at t/20checkbox.t line 90
# 
# ----------
# 	Previous test 25 'spoon/def0 (empty, flat))'
# 	CGI::param called in list context from package HTML::StickyForm line 467, this can lead to vulnerabilities. See the warning in "Fetching the value or values of a single named parameter" at /opt/perl-5.18.4/lib/site_perl/5.18.4/CGI.pm line 437.
#  at /opt/perl-5.18.4/lib/site_perl/5.18.4/CGI.pm line 437.
# 	CGI::param(CGI=HASH(0x187ffb0), "fred") called at /tmpfs/.cpan-build/HTML-StickyForm-0.08-8UefZy/blib/lib/HTML/StickyForm.pm line 467
# 	HTML::StickyForm::checkbox(HTML::StickyForm=HASH(0x1eb1ba0), HASH(0x1f9c570)) called at t/20checkbox.t line 88
# 
# ----------
# 	Previous test 26 'spoon/def0 (full, ref)'
# 	CGI::param called in list context from package HTML::StickyForm line 467, this can lead to vulnerabilities. See the warning in "Fetching the value or values of a single named parameter" at /opt/perl-5.18.4/lib/site_perl/5.18.4/CGI.pm line 437.
#  at /opt/perl-5.18.4/lib/site_perl/5.18.4/CGI.pm line 437.
# 	CGI::param(CGI=HASH(0x187ffb0), "fred") called at /tmpfs/.cpan-build/HTML-StickyForm-0.08-8UefZy/blib/lib/HTML/StickyForm.pm line 467
# 	HTML::StickyForm::checkbox(HTML::StickyForm=HASH(0x1eb1ba0), "name", "fred", "default", 0, "value", "spoon") called at t/20checkbox.t line 90
# 
# ----------
# 	Previous test 29 'spoon/def1 (empty, flat))'
# 	CGI::param called in list context from package HTML::StickyForm line 467, this can lead to vulnerabilities. See the warning in "Fetching the value or values of a single named parameter" at /opt/perl-5.18.4/lib/site_perl/5.18.4/CGI.pm line 437.
#  at /opt/perl-5.18.4/lib/site_perl/5.18.4/CGI.pm line 437.
# 	CGI::param(CGI=HASH(0x187ffb0), "fred") called at /tmpfs/.cpan-build/HTML-StickyForm-0.08-8UefZy/blib/lib/HTML/StickyForm.pm line 467
# 	HTML::StickyForm::checkbox(HTML::StickyForm=HASH(0x1eb1ba0), HASH(0x1f9c888)) called at t/20checkbox.t line 88
# 
# ----------
# 	Previous test 30 'spoon/def1 (full, ref)'
# 	CGI::param called in list context from package HTML::StickyForm line 467, this can lead to vulnerabilities. See the warning in "Fetching the value or values of a single named parameter" at /opt/perl-5.18.4/lib/site_perl/5.18.4/CGI.pm line 437.
#  at /opt/perl-5.18.4/lib/site_perl/5.18.4/CGI.pm line 437.
# 	CGI::param(CGI=HASH(0x187ffb0), "fred") called at /tmpfs/.cpan-build/HTML-StickyForm-0.08-8UefZy/blib/lib/HTML/StickyForm.pm line 467
# 	HTML::StickyForm::checkbox(HTML::StickyForm=HASH(0x1eb1ba0), "default", 1, "value", "spoon", "name", "fred") called at t/20checkbox.t line 90
# 
# ----------
# 	Previous test 41 'fred/bloggs (empty, flat))'
# 	CGI::param called in list context from package HTML::StickyForm line 467, this can lead to vulnerabilities. See the warning in "Fetching the value or values of a single named parameter" at /opt/perl-5.18.4/lib/site_perl/5.18.4/CGI.pm line 437.
#  at /opt/perl-5.18.4/lib/site_perl/5.18.4/CGI.pm line 437.
# 	CGI::param(CGI=HASH(0x187ffb0), "fred") called at /tmpfs/.cpan-build/HTML-StickyForm-0.08-8UefZy/blib/lib/HTML/StickyForm.pm line 467
# 	HTML::StickyForm::checkbox(HTML::StickyForm=HASH(0x1eb1ba0), HASH(0x2106c08)) called at t/20checkbox.t line 88
# 
# ----------
# 	Previous test 42 'fred/bloggs (full, ref)'
# 	CGI::param called in list context from package HTML::StickyForm line 467, this can lead to vulnerabilities. See the warning in "Fetching the value or values of a single named parameter" at /opt/perl-5.18.4/lib/site_perl/5.18.4/CGI.pm line 437.
#  at /opt/perl-5.18.4/lib/site_perl/5.18.4/CGI.pm line 437.
# 	CGI::param(CGI=HASH(0x187ffb0), "fred") called at /tmpfs/.cpan-build/HTML-StickyForm-0.08-8UefZy/blib/lib/HTML/StickyForm.pm line 467
# 	HTML::StickyForm::checkbox(HTML::StickyForm=HASH(0x1eb1ba0), "value", "bloggs", "name", "fred") called at t/20checkbox.t line 90
# 
# ----------
# 	Previous test 45 'fred/bloggs/def0 (empty, flat))'
# 	CGI::param called in list context from package HTML::StickyForm line 467, this can lead to vulnerabilities. See the warning in "Fetching the value or values of a single named parameter" at /opt/perl-5.18.4/lib/site_perl/5.18.4/CGI.pm line 437.
#  at /opt/perl-5.18.4/lib/site_perl/5.18.4/CGI.pm line 437.
# 	CGI::param(CGI=HASH(0x187ffb0), "fred") called at /tmpfs/.cpan-build/HTML-StickyForm-0.08-8UefZy/blib/lib/HTML/StickyForm.pm line 467
# 	HTML::StickyForm::checkbox(HTML::StickyForm=HASH(0x1eb1ba0), HASH(0x2106b18)) called at t/20checkbox.t line 88
# 
# ----------
# 	Previous test 46 'fred/bloggs/def0 (full, ref)'
# 	CGI::param called in list context from package HTML::StickyForm line 467, this can lead to vulnerabilities. See the warning in "Fetching the value or values of a single named parameter" at /opt/perl-5.18.4/lib/site_perl/5.18.4/CGI.pm line 437.
#  at /opt/perl-5.18.4/lib/site_perl/5.18.4/CGI.pm line 437.
# 	CGI::param(CGI=HASH(0x187ffb0), "fred") called at /tmpfs/.cpan-build/HTML-StickyForm-0.08-8UefZy/blib/lib/HTML/StickyForm.pm line 467
# 	HTML::StickyForm::checkbox(HTML::StickyForm=HASH(0x1eb1ba0), "name", "fred", "default", 0, "value", "bloggs") called at t/20checkbox.t line 90
# 
# ----------
# 	Previous test 49 'fred/bloggs/def0 (empty, flat))'
# 	CGI::param called in list context from package HTML::StickyForm line 467, this can lead to vulnerabilities. See the warning in "Fetching the value or values of a single named parameter" at /opt/perl-5.18.4/lib/site_perl/5.18.4/CGI.pm line 437.
#  at /opt/perl-5.18.4/lib/site_perl/5.18.4/CGI.pm line 437.
# 	CGI::param(CGI=HASH(0x187ffb0), "fred") called at /tmpfs/.cpan-build/HTML-StickyForm-0.08-8UefZy/blib/lib/HTML/StickyForm.pm line 467
# 	HTML::StickyForm::checkbox(HTML::StickyForm=HASH(0x1eb1ba0), HASH(0x2106a10)) called at t/20checkbox.t line 88
# 
# ----------
# 	Previous test 50 'fred/bloggs/def0 (full, ref)'
# 	CGI::param called in list context from package HTML::StickyForm line 467, this can lead to vulnerabilities. See the warning in "Fetching the value or values of a single named parameter" at /opt/perl-5.18.4/lib/site_perl/5.18.4/CGI.pm line 437.
#  at /opt/perl-5.18.4/lib/site_perl/5.18.4/CGI.pm line 437.
# 	CGI::param(CGI=HASH(0x187ffb0), "fred") called at /tmpfs/.cpan-build/HTML-StickyForm-0.08-8UefZy/blib/lib/HTML/StickyForm.pm line 467
# 	HTML::StickyForm::checkbox(HTML::StickyForm=HASH(0x1eb1ba0), "name", "fred", "default", 1, "value", "bloggs") called at t/20checkbox.t line 90
# 
# ----------
# 	Previous test 61 'random (empty, flat))'
# 	CGI::param called in list context from package HTML::StickyForm line 467, this can lead to vulnerabilities. See the warning in "Fetching the value or values of a single named parameter" at /opt/perl-5.18.4/lib/site_perl/5.18.4/CGI.pm line 437.
#  at /opt/perl-5.18.4/lib/site_perl/5.18.4/CGI.pm line 437.
# 	CGI::param(CGI=HASH(0x187ffb0), undef) called at /tmpfs/.cpan-build/HTML-StickyForm-0.08-8UefZy/blib/lib/HTML/StickyForm.pm line 467
# 	HTML::StickyForm::checkbox(HTML::StickyForm=HASH(0x1eb1ba0), HASH(0x214cf98)) called at t/20checkbox.t line 88
# 
# ----------
# 	Previous test 62 'random (full, ref)'
# 	CGI::param called in list context from package HTML::StickyForm line 467, this can lead to vulnerabilities. See the warning in "Fetching the value or values of a single named parameter" at /opt/perl-5.18.4/lib/site_perl/5.18.4/CGI.pm line 437.
#  at /opt/perl-5.18.4/lib/site_perl/5.18.4/CGI.pm line 437.
# 	CGI::param(CGI=HASH(0x187ffb0), undef) called at /tmpfs/.cpan-build/HTML-StickyForm-0.08-8UefZy/blib/lib/HTML/StickyForm.pm line 467
# 	HTML::StickyForm::checkbox(HTML::StickyForm=HASH(0x1eb1ba0), "random", "abc&") called at t/20checkbox.t line 90
# 
# Looks like you failed 1 test of 64.
t/20checkbox.t .......... 
Dubious, test returned 1 (wstat 256, 0x100)
Failed 1/64 subtests 

#   Failed test 'no warnings'
#   at /opt/perl-5.18.4/lib/site_perl/5.18.4/Test/NoWarnings.pm line 45.
# There were 34 warning(s)
# 	Previous test 5 'empty (empty, flat)'
# 	CGI::param called in list context from package HTML::StickyForm line 543, this can lead to vulnerabilities. See the warning in "Fetching the value or values of a single named parameter" at /opt/perl-5.18.4/lib/site_perl/5.18.4/CGI.pm line 437.
#  at /opt/perl-5.18.4/lib/site_perl/5.18.4/CGI.pm line 437.
# 	CGI::param(CGI=HASH(0x21020d0), undef) called at /tmpfs/.cpan-build/HTML-StickyForm-0.08-8UefZy/blib/lib/HTML/StickyForm.pm line 543
# 	HTML::StickyForm::checkbox_group(HTML::StickyForm=HASH(0x21104c0), HASH(0x2110448)) called at t/20checkbox_group.t line 152
# 
# ----------
# 	Previous test 6 'empty (full, ref)'
# 	CGI::param called in list context from package HTML::StickyForm line 543, this can lead to vulnerabilities. See the warning in "Fetching the value or values of a single named parameter" at /opt/perl-5.18.4/lib/site_perl/5.18.4/CGI.pm line 437.
#  at /opt/perl-5.18.4/lib/site_perl/5.18.4/CGI.pm line 437.
# 	CGI::param(CGI=HASH(0x21020d0), undef) called at /tmpfs/.cpan-build/HTML-StickyForm-0.08-8UefZy/blib/lib/HTML/StickyForm.pm line 543
# 	HTML::StickyForm::checkbox_group(HTML::StickyForm=HASH(0x21104c0)) called at t/20checkbox_group.t line 155
# 
# ----------
# 	Previous test 9 'blank (empty, flat)'
# 	CGI::param called in list context from package HTML::StickyForm line 543, this can lead to vulnerabilities. See the warning in "Fetching the value or values of a single named parameter" at /opt/perl-5.18.4/lib/site_perl/5.18.4/CGI.pm line 437.
#  at /opt/perl-5.18.4/lib/site_perl/5.18.4/CGI.pm line 437.
# 	CGI::param(CGI=HASH(0x21020d0), undef) called at /tmpfs/.cpan-build/HTML-StickyForm-0.08-8UefZy/blib/lib/HTML/StickyForm.pm line 543
# 	HTML::StickyForm::checkbox_group(HTML::StickyForm=HASH(0x21104c0), HASH(0x21102b0)) called at t/20checkbox_group.t line 152
# 
# ----------
# 	Previous test 10 'blank (full, ref)'
# 	CGI::param called in list context from package HTML::StickyForm line 543, this can lead to vulnerabilities. See the warning in "Fetching the value or values of a single named parameter" at /opt/perl-5.18.4/lib/site_perl/5.18.4/CGI.pm line 437.
#  at /opt/perl-5.18.4/lib/site_perl/5.18.4/CGI.pm line 437.
# 	CGI::param(CGI=HASH(0x21020d0), undef) called at /tmpfs/.cpan-build/HTML-StickyForm-0.08-8UefZy/blib/lib/HTML/StickyForm.pm line 543
# 	HTML::StickyForm::checkbox_group(HTML::StickyForm=HASH(0x21104c0), "values", ARRAY(0x2110238)) called at t/20checkbox_group.t line 155
# 
# ----------
# 	Previous test 13 'zero (empty, flat)'
# 	CGI::param called in list context from package HTML::StickyForm line 543, this can lead to vulnerabilities. See the warning in "Fetching the value or values of a single named parameter" at /opt/perl-5.18.4/lib/site_perl/5.18.4/CGI.pm line 437.
#  at /opt/perl-5.18.4/lib/site_perl/5.18.4/CGI.pm line 437.
# 	CGI::param(CGI=HASH(0x21020d0), "abc") called at /tmpfs/.cpan-build/HTML-StickyForm-0.08-8UefZy/blib/lib/HTML/StickyForm.pm line 543
# 	HTML::StickyForm::checkbox_group(HTML::StickyForm=HASH(0x21104c0), HASH(0x2110190)) called at t/20checkbox_group.t line 152
# 
# ----------
# 	Previous test 14 'zero (full, ref)'
# 	CGI::param called in list context from package HTML::StickyForm line 543, this can lead to vulnerabilities. See the warning in "Fetching the value or values of a single named parameter" at /opt/perl-5.18.4/lib/site_perl/5.18.4/CGI.pm line 437.
#  at /opt/perl-5.18.4/lib/site_perl/5.18.4/CGI.pm line 437.
# 	CGI::param(CGI=HASH(0x21020d0), "abc") called at /tmpfs/.cpan-build/HTML-StickyForm-0.08-8UefZy/blib/lib/HTML/StickyForm.pm line 543
# 	HTML::StickyForm::checkbox_group(HTML::StickyForm=HASH(0x21104c0), "name", "abc") called at t/20checkbox_group.t line 155
# 
# ----------
# 	Previous test 17 'abc/0 (empty, flat)'
# 	CGI::param called in list context from package HTML::StickyForm line 543, this can lead to vulnerabilities. See the warning in "Fetching the value or values of a single named parameter" at /opt/perl-5.18.4/lib/site_perl/5.18.4/CGI.pm line 437.
#  at /opt/perl-5.18.4/lib/site_perl/5.18.4/CGI.pm line 437.
# 	CGI::param(CGI=HASH(0x21020d0), "abc") called at /tmpfs/.cpan-build/HTML-StickyForm-0.08-8UefZy/blib/lib/HTML/StickyForm.pm line 543
# 	HTML::StickyForm::checkbox_group(HTML::StickyForm=HASH(0x21104c0), HASH(0x2110070)) called at t/20checkbox_group.t line 152
# 
# ----------
# 	Previous test 18 'abc/0 (full, ref)'
# 	CGI::param called in list context from package HTML::StickyForm line 543, this can lead to vulnerabilities. See the warning in "Fetching the value or values of a single named parameter" at /opt/perl-5.18.4/lib/site_perl/5.18.4/CGI.pm line 437.
#  at /opt/perl-5.18.4/lib/site_perl/5.18.4/CGI.pm line 437.
# 	CGI::param(CGI=HASH(0x21020d0), "abc") called at /tmpfs/.cpan-build/HTML-StickyForm-0.08-8UefZy/blib/lib/HTML/StickyForm.pm line 543
# 	HTML::StickyForm::checkbox_group(HTML::StickyForm=HASH(0x21104c0), "name", "abc", "values", ARRAY(0x21100b8)) called at t/20checkbox_group.t line 155
# 
# ----------
# 	Previous test 21 'abc/0 (empty, flat)'
# 	CGI::param called in list context from package HTML::StickyForm line 543, this can lead to vulnerabilities. See the warning in "Fetching the value or values of a single named parameter" at /opt/perl-5.18.4/lib/site_perl/5.18.4/CGI.pm line 437.
#  at /opt/perl-5.18.4/lib/site_perl/5.18.4/CGI.pm line 437.
# 	CGI::param(CGI=HASH(0x21020d0), "abc") called at /tmpfs/.cpan-build/HTML-StickyForm-0.08-8UefZy/blib/lib/HTML/StickyForm.pm line 543
# 	HTML::StickyForm::checkbox_group(HTML::StickyForm=HASH(0x21104c0), HASH(0x210fef0)) called at t/20checkbox_group.t line 152
# 
# ----------
# 	Previous test 22 'abc/0 (full, ref)'
# 	CGI::param called in list context from package HTML::StickyForm line 543, this can lead to vulnerabilities. See the warning in "Fetching the value or values of a single named parameter" at /opt/perl-5.18.4/lib/site_perl/5.18.4/CGI.pm line 437.
#  at /opt/perl-5.18.4/lib/site_perl/5.18.4/CGI.pm line 437.
# 	CGI::param(CGI=HASH(0x21020d0), "abc") called at /tmpfs/.cpan-build/HTML-StickyForm-0.08-8UefZy/blib/lib/HTML/StickyForm.pm line 543
# 	HTML::StickyForm::checkbox_group(HTML::StickyForm=HASH(0x21104c0), "values", ARRAY(0x210ff80), "name", "abc", "default", ARRAY(0x210ff38)) called at t/20checkbox_group.t line 155
# 
# ----------
# 	Previous test 41 'abc/456 (empty, flat)'
# 	CGI::param called in list context from package HTML::StickyForm line 543, this can lead to vulnerabilities. See the warning in "Fetching the value or values of a single named parameter" at /opt/perl-5.18.4/lib/site_perl/5.18.4/CGI.pm line 437.
#  at /opt/perl-5.18.4/lib/site_perl/5.18.4/CGI.pm line 437.
# 	CGI::param(CGI=HASH(0x21020d0), "abc") called at /tmpfs/.cpan-build/HTML-StickyForm-0.08-8UefZy/blib/lib/HTML/StickyForm.pm line 543
# 	HTML::StickyForm::checkbox_group(HTML::StickyForm=HASH(0x21104c0), HASH(0x2734c30)) called at t/20checkbox_group.t line 152
# 
# ----------
# 	Previous test 42 'abc/456 (full, ref)'
# 	CGI::param called in list context from package HTML::StickyForm line 543, this can lead to vulnerabilities. See the warning in "Fetching the value or values of a single named parameter" at /opt/perl-5.18.4/lib/site_perl/5.18.4/CGI.pm line 437.
#  at /opt/perl-5.18.4/lib/site_perl/5.18.4/CGI.pm line 437.
# 	CGI::param(CGI=HASH(0x21020d0), "abc") called at /tmpfs/.cpan-build/HTML-StickyForm-0.08-8UefZy/blib/lib/HTML/StickyForm.pm line 543
# 	HTML::StickyForm::checkbox_group(HTML::StickyForm=HASH(0x21104c0), "name", "abc", "values", ARRAY(0x2734c78)) called at t/20checkbox_group.t line 155
# 
# ----------
# 	Previous test 49 'abc/456,789 (empty, flat)'
# 	CGI::param called in list context from package HTML::StickyForm line 543, this can lead to vulnerabilities. See the warning in "Fetching the value or values of a single named parameter" at /opt/perl-5.18.4/lib/site_perl/5.18.4/CGI.pm line 437.
#  at /opt/perl-5.18.4/lib/site_perl/5.18.4/CGI.pm line 437.
# 	CGI::param(CGI=HASH(0x21020d0), "abc") called at /tmpfs/.cpan-build/HTML-StickyForm-0.08-8UefZy/blib/lib/HTML/StickyForm.pm line 543
# 	HTML::StickyForm::checkbox_group(HTML::StickyForm=HASH(0x21104c0), HASH(0x2a80f68)) called at t/20checkbox_group.t line 152
# 
# ----------
# 	Previous test 50 'abc/456,789 (full, ref)'
# 	CGI::param called in list context from package HTML::StickyForm line 543, this can lead to vulnerabilities. See the warning in "Fetching the value or values of a single named parameter" at /opt/perl-5.18.4/lib/site_perl/5.18.4/CGI.pm line 437.
#  at /opt/perl-5.18.4/lib/site_perl/5.18.4/CGI.pm line 437.
# 	CGI::param(CGI=HASH(0x21020d0), "abc") called at /tmpfs/.cpan-build/HTML-StickyForm-0.08-8UefZy/blib/lib/HTML/StickyForm.pm line 543
# 	HTML::StickyForm::checkbox_group(HTML::StickyForm=HASH(0x21104c0), "values", ARRAY(0x2a80f08), "name", "abc") called at t/20checkbox_group.t line 155
# 
# ----------
# 	Previous test 57 'abc/456,789/default=456 (empty, flat)'
# 	CGI::param called in list context from package HTML::StickyForm line 543, this can lead to vulnerabilities. See the warning in "Fetching the value or values of a single named parameter" at /opt/perl-5.18.4/lib/site_perl/5.18.4/CGI.pm line 437.
#  at /opt/perl-5.18.4/lib/site_perl/5.18.4/CGI.pm line 437.
# 	CGI::param(CGI=HASH(0x21020d0), "abc") called at /tmpfs/.cpan-build/HTML-StickyForm-0.08-8UefZy/blib/lib/HTML/StickyForm.pm line 543
# 	HTML::StickyForm::checkbox_group(HTML::StickyForm=HASH(0x21104c0), HASH(0x2a82a48)) called at t/20checkbox_group.t line 152
# 
# ----------
# 	Previous test 58 'abc/456,789/default=456 (full, ref)'
# 	CGI::param called in list context from package HTML::StickyForm line 543, this can lead to vulnerabilities. See the warning in "Fetching the value or values of a single named parameter" at /opt/perl-5.18.4/lib/site_perl/5.18.4/CGI.pm line 437.
#  at /opt/perl-5.18.4/lib/site_perl/5.18.4/CGI.pm line 437.
# 	CGI::param(CGI=HASH(0x21020d0), "abc") called at /tmpfs/.cpan-build/HTML-StickyForm-0.08-8UefZy/blib/lib/HTML/StickyForm.pm line 543
# 	HTML::StickyForm::checkbox_group(HTML::StickyForm=HASH(0x21104c0), "name", "abc", "default", 456, "values", ARRAY(0x2a829e8)) called at t/20checkbox_group.t line 155
# 
# ----------
# 	Previous test 65 'abc/456,789/linebreak (empty, flat)'
# 	CGI::param called in list context from package HTML::StickyForm line 543, this can lead to vulnerabilities. See the warning in "Fetching the value or values of a single named parameter" at /opt/perl-5.18.4/lib/site_perl/5.18.4/CGI.pm line 437.
#  at /opt/perl-5.18.4/lib/site_perl/5.18.4/CGI.pm line 437.
# 	CGI::param(CGI=HASH(0x21020d0), "abc") called at /tmpfs/.cpan-build/HTML-StickyForm-0.08-8UefZy/blib/lib/HTML/StickyForm.pm line 543
# 	HTML::StickyForm::checkbox_group(HTML::StickyForm=HASH(0x21104c0), HASH(0x2a82d78)) called at t/20checkbox_group.t line 152
# 
# ----------
# 	Previous test 66 'abc/456,789/linebreak (full, ref)'
# 	CGI::param called in list context from package HTML::StickyForm line 543, this can lead to vulnerabilities. See the warning in "Fetching the value or values of a single named parameter" at /opt/perl-5.18.4/lib/site_perl/5.18.4/CGI.pm line 437.
#  at /opt/perl-5.18.4/lib/site_perl/5.18.4/CGI.pm line 437.
# 	CGI::param(CGI=HASH(0x21020d0), "abc") called at /tmpfs/.cpan-build/HTML-StickyForm-0.08-8UefZy/blib/lib/HTML/StickyForm.pm line 543
# 	HTML::StickyForm::checkbox_group(HTML::StickyForm=HASH(0x21104c0), "linebreak", 1, "values", ARRAY(0x2a82d18), "name", "abc") called at t/20checkbox_group.t line 155
# 
# ----------
# 	Previous test 69 'abc/345,678/val (empty, flat)'
# 	CGI::param called in list context from package HTML::StickyForm line 543, this can lead to vulnerabilities. See the warning in "Fetching the value or values of a single named parameter" at /opt/perl-5.18.4/lib/site_perl/5.18.4/CGI.pm line 437.
#  at /opt/perl-5.18.4/lib/site_perl/5.18.4/CGI.pm line 437.
# 	CGI::param(CGI=HASH(0x21020d0), "abc") called at /tmpfs/.cpan-build/HTML-StickyForm-0.08-8UefZy/blib/lib/HTML/StickyForm.pm line 543
# 	HTML::StickyForm::checkbox_group(HTML::StickyForm=HASH(0x21104c0), HASH(0x2a82ee0)) called at t/20checkbox_group.t line 152
# 
# ----------
# 	Previous test 70 'abc/345,678/val (full, ref)'
# 	CGI::param called in list context from package HTML::StickyForm line 543, this can lead to vulnerabilities. See the warning in "Fetching the value or values of a single named parameter" at /opt/perl-5.18.4/lib/site_perl/5.18.4/CGI.pm line 437.
#  at /opt/perl-5.18.4/lib/site_perl/5.18.4/CGI.pm line 437.
# 	CGI::param(CGI=HASH(0x21020d0), "abc") called at /tmpfs/.cpan-build/HTML-StickyForm-0.08-8UefZy/blib/lib/HTML/StickyForm.pm line 543
# 	HTML::StickyForm::checkbox_group(HTML::StickyForm=HASH(0x21104c0), "values_as_labels", 1, "name", "abc", "values", ARRAY(0x2a82e80)) called at t/20checkbox_group.t line 155
# 
# ----------
# 	Previous test 73 'abc/345,678/XY (empty, flat)'
# 	CGI::param called in list context from package HTML::StickyForm line 543, this can lead to vulnerabilities. See the warning in "Fetching the value or values of a single named parameter" at /opt/perl-5.18.4/lib/site_perl/5.18.4/CGI.pm line 437.
#  at /opt/perl-5.18.4/lib/site_perl/5.18.4/CGI.pm line 437.
# 	CGI::param(CGI=HASH(0x21020d0), "abc") called at /tmpfs/.cpan-build/HTML-StickyForm-0.08-8UefZy/blib/lib/HTML/StickyForm.pm line 543
# 	HTML::StickyForm::checkbox_group(HTML::StickyForm=HASH(0x21104c0), HASH(0x2a830a8)) called at t/20checkbox_group.t line 152
# 
# ----------
# 	Previous test 74 'abc/345,678/XY (full, ref)'
# 	CGI::param called in list context from package HTML::StickyForm line 543, this can lead to vulnerabilities. See the warning in "Fetching the value or values of a single named parameter" at /opt/perl-5.18.4/lib/site_perl/5.18.4/CGI.pm line 437.
#  at /opt/perl-5.18.4/lib/site_perl/5.18.4/CGI.pm line 437.
# 	CGI::param(CGI=HASH(0x21020d0), "abc") called at /tmpfs/.cpan-build/HTML-StickyForm-0.08-8UefZy/blib/lib/HTML/StickyForm.pm line 543
# 	HTML::StickyForm::checkbox_group(HTML::StickyForm=HASH(0x21104c0), "labels", HASH(0x2a83048), "values", ARRAY(0x2a82fe8), "name", "abc") called at t/20checkbox_group.t line 155
# 
# ----------
# 	Previous test 77 'abc/345,678/X/val (empty, flat)'
# 	CGI::param called in list context from package HTML::StickyForm line 543, this can lead to vulnerabilities. See the warning in "Fetching the value or values of a single named parameter" at /opt/perl-5.18.4/lib/site_perl/5.18.4/CGI.pm line 437.
#  at /opt/perl-5.18.4/lib/site_perl/5.18.4/CGI.pm line 437.
# 	CGI::param(CGI=HASH(0x21020d0), "abc") called at /tmpfs/.cpan-build/HTML-StickyForm-0.08-8UefZy/blib/lib/HTML/StickyForm.pm line 543
# 	HTML::StickyForm::checkbox_group(HTML::StickyForm=HASH(0x21104c0), HASH(0x2a83258)) called at t/20checkbox_group.t line 152
# 
# ----------
# 	Previous test 78 'abc/345,678/X/val (full, ref)'
# 	CGI::param called in list context from package HTML::StickyForm line 543, this can lead to vulnerabilities. See the warning in "Fetching the value or values of a single named parameter" at /opt/perl-5.18.4/lib/site_perl/5.18.4/CGI.pm line 437.
#  at /opt/perl-5.18.4/lib/site_perl/5.18.4/CGI.pm line 437.
# 	CGI::param(CGI=HASH(0x21020d0), "abc") called at /tmpfs/.cpan-build/HTML-StickyForm-0.08-8UefZy/blib/lib/HTML/StickyForm.pm line 543
# 	HTML::StickyForm::checkbox_group(HTML::StickyForm=HASH(0x21104c0), "values_as_labels", 1, "name", "abc", "values", ARRAY(0x2a831b0), "labels", HASH(0x2a83210), ...) called at t/20checkbox_group.t line 155
# 
# ----------
# 	Previous test 81 'abc/labels (empty, flat)'
# 	CGI::param called in list context from package HTML::StickyForm line 543, this can lead to vulnerabilities. See the warning in "Fetching the value or values of a single named parameter" at /opt/perl-5.18.4/lib/site_perl/5.18.4/CGI.pm line 437.
#  at /opt/perl-5.18.4/lib/site_perl/5.18.4/CGI.pm line 437.
# 	CGI::param(CGI=HASH(0x21020d0), "abc") called at /tmpfs/.cpan-build/HTML-StickyForm-0.08-8UefZy/blib/lib/HTML/StickyForm.pm line 543
# 	HTML::StickyForm::checkbox_group(HTML::StickyForm=HASH(0x21104c0), HASH(0x2a833c0)) called at t/20checkbox_group.t line 152
# 
# ----------
# 	Previous test 82 'abc/labels (full, ref)'
# 	CGI::param called in list context from package HTML::StickyForm line 543, this can lead to vulnerabilities. See the warning in "Fetching the value or values of a single named parameter" at /opt/perl-5.18.4/lib/site_perl/5.18.4/CGI.pm line 437.
#  at /opt/perl-5.18.4/lib/site_perl/5.18.4/CGI.pm line 437.
# 	CGI::param(CGI=HASH(0x21020d0), "abc") called at /tmpfs/.cpan-build/HTML-StickyForm-0.08-8UefZy/blib/lib/HTML/StickyForm.pm line 543
# 	HTML::StickyForm::checkbox_group(HTML::StickyForm=HASH(0x21104c0), "labels", HASH(0x2a83378), "name", "abc") called at t/20checkbox_group.t line 155
# 
# ----------
# 	Previous test 85 'abc/escape (empty, flat)'
# 	CGI::param called in list context from package HTML::StickyForm line 543, this can lead to vulnerabilities. See the warning in "Fetching the value or values of a single named parameter" at /opt/perl-5.18.4/lib/site_perl/5.18.4/CGI.pm line 437.
#  at /opt/perl-5.18.4/lib/site_perl/5.18.4/CGI.pm line 437.
# 	CGI::param(CGI=HASH(0x21020d0), "abc") called at /tmpfs/.cpan-build/HTML-StickyForm-0.08-8UefZy/blib/lib/HTML/StickyForm.pm line 543
# 	HTML::StickyForm::checkbox_group(HTML::StickyForm=HASH(0x21104c0), HASH(0x2a834f8)) called at t/20checkbox_group.t line 152
# 
# ----------
# 	Previous test 86 'abc/escape (full, ref)'
# 	CGI::param called in list context from package HTML::StickyForm line 543, this can lead to vulnerabilities. See the warning in "Fetching the value or values of a single named parameter" at /opt/perl-5.18.4/lib/site_perl/5.18.4/CGI.pm line 437.
#  at /opt/perl-5.18.4/lib/site_perl/5.18.4/CGI.pm line 437.
# 	CGI::param(CGI=HASH(0x21020d0), "abc") called at /tmpfs/.cpan-build/HTML-StickyForm-0.08-8UefZy/blib/lib/HTML/StickyForm.pm line 543
# 	HTML::StickyForm::checkbox_group(HTML::StickyForm=HASH(0x21104c0), "labels", HASH(0x2a834b0), "name", "abc") called at t/20checkbox_group.t line 155
# 
# ----------
# 	Previous test 89 'abc/escape=0 (empty, flat)'
# 	CGI::param called in list context from package HTML::StickyForm line 543, this can lead to vulnerabilities. See the warning in "Fetching the value or values of a single named parameter" at /opt/perl-5.18.4/lib/site_perl/5.18.4/CGI.pm line 437.
#  at /opt/perl-5.18.4/lib/site_perl/5.18.4/CGI.pm line 437.
# 	CGI::param(CGI=HASH(0x21020d0), "abc") called at /tmpfs/.cpan-build/HTML-StickyForm-0.08-8UefZy/blib/lib/HTML/StickyForm.pm line 543
# 	HTML::StickyForm::checkbox_group(HTML::StickyForm=HASH(0x21104c0), HASH(0x2a83630)) called at t/20checkbox_group.t line 152
# 
# ----------
# 	Previous test 90 'abc/escape=0 (full, ref)'
# 	CGI::param called in list context from package HTML::StickyForm line 543, this can lead to vulnerabilities. See the warning in "Fetching the value or values of a single named parameter" at /opt/perl-5.18.4/lib/site_perl/5.18.4/CGI.pm line 437.
#  at /opt/perl-5.18.4/lib/site_perl/5.18.4/CGI.pm line 437.
# 	CGI::param(CGI=HASH(0x21020d0), "abc") called at /tmpfs/.cpan-build/HTML-StickyForm-0.08-8UefZy/blib/lib/HTML/StickyForm.pm line 543
# 	HTML::StickyForm::checkbox_group(HTML::StickyForm=HASH(0x21104c0), "labels", HASH(0x2a835e8), "name", "abc", "escape_labels", 0) called at t/20checkbox_group.t line 155
# 
# ----------
# 	Previous test 93 'random/single (empty, flat)'
# 	CGI::param called in list context from package HTML::StickyForm line 543, this can lead to vulnerabilities. See the warning in "Fetching the value or values of a single named parameter" at /opt/perl-5.18.4/lib/site_perl/5.18.4/CGI.pm line 437.
#  at /opt/perl-5.18.4/lib/site_perl/5.18.4/CGI.pm line 437.
# 	CGI::param(CGI=HASH(0x21020d0), "abc") called at /tmpfs/.cpan-build/HTML-StickyForm-0.08-8UefZy/blib/lib/HTML/StickyForm.pm line 543
# 	HTML::StickyForm::checkbox_group(HTML::StickyForm=HASH(0x21104c0), HASH(0x2a83798)) called at t/20checkbox_group.t line 152
# 
# ----------
# 	Previous test 94 'random/single (full, ref)'
# 	CGI::param called in list context from package HTML::StickyForm line 543, this can lead to vulnerabilities. See the warning in "Fetching the value or values of a single named parameter" at /opt/perl-5.18.4/lib/site_perl/5.18.4/CGI.pm line 437.
#  at /opt/perl-5.18.4/lib/site_perl/5.18.4/CGI.pm line 437.
# 	CGI::param(CGI=HASH(0x21020d0), "abc") called at /tmpfs/.cpan-build/HTML-StickyForm-0.08-8UefZy/blib/lib/HTML/StickyForm.pm line 543
# 	HTML::StickyForm::checkbox_group(HTML::StickyForm=HASH(0x21104c0), "values", ARRAY(0x2a83738), "random", "qux", "name", "abc") called at t/20checkbox_group.t line 155
# 
# ----------
# 	Previous test 97 'random/multi (empty, flat)'
# 	CGI::param called in list context from package HTML::StickyForm line 543, this can lead to vulnerabilities. See the warning in "Fetching the value or values of a single named parameter" at /opt/perl-5.18.4/lib/site_perl/5.18.4/CGI.pm line 437.
#  at /opt/perl-5.18.4/lib/site_perl/5.18.4/CGI.pm line 437.
# 	CGI::param(CGI=HASH(0x21020d0), "abc") called at /tmpfs/.cpan-build/HTML-StickyForm-0.08-8UefZy/blib/lib/HTML/StickyForm.pm line 543
# 	HTML::StickyForm::checkbox_group(HTML::StickyForm=HASH(0x21104c0), HASH(0x2a83eb8)) called at t/20checkbox_group.t line 152
# 
# ----------
# 	Previous test 98 'random/multi (full, ref)'
# 	CGI::param called in list context from package HTML::StickyForm line 543, this can lead to vulnerabilities. See the warning in "Fetching the value or values of a single named parameter" at /opt/perl-5.18.4/lib/site_perl/5.18.4/CGI.pm line 437.
#  at /opt/perl-5.18.4/lib/site_perl/5.18.4/CGI.pm line 437.
# 	CGI::param(CGI=HASH(0x21020d0), "abc") called at /tmpfs/.cpan-build/HTML-StickyForm-0.08-8UefZy/blib/lib/HTML/StickyForm.pm line 543
# 	HTML::StickyForm::checkbox_group(HTML::StickyForm=HASH(0x21104c0), "name", "abc", "random", HASH(0x2a83e58), "values", ARRAY(0x2a83df8)) called at t/20checkbox_group.t line 155
# 
# Looks like you failed 1 test of 100.
t/20checkbox_group.t .... 
Dubious, test returned 1 (wstat 256, 0x100)
Failed 1/100 subtests 
t/20form.t .............. ok
t/20hidden.t ............ ok
t/20password.t .......... ok

#   Failed test 'no warnings'
#   at /opt/perl-5.18.4/lib/site_perl/5.18.4/Test/NoWarnings.pm line 45.
# There were 22 warning(s)
# 	Previous test 5 'empty (empty, flat))'
# 	CGI::param called in list context from package HTML::StickyForm line 467, this can lead to vulnerabilities. See the warning in "Fetching the value or values of a single named parameter" at /opt/perl-5.18.4/lib/site_perl/5.18.4/CGI.pm line 437.
#  at /opt/perl-5.18.4/lib/site_perl/5.18.4/CGI.pm line 437.
# 	CGI::param(CGI=HASH(0x1087fb0), undef) called at /tmpfs/.cpan-build/HTML-StickyForm-0.08-8UefZy/blib/lib/HTML/StickyForm.pm line 467
# 	HTML::StickyForm::checkbox(HTML::StickyForm=HASH(0x16ba320), HASH(0x1927708)) called at /tmpfs/.cpan-build/HTML-StickyForm-0.08-8UefZy/blib/lib/HTML/StickyForm.pm line 607
# 	HTML::StickyForm::radio(HTML::StickyForm=HASH(0x16ba320), HASH(0x16ba2a8)) called at t/20radio.t line 88
# 
# ----------
# 	Previous test 6 'empty (full, ref)'
# 	CGI::param called in list context from package HTML::StickyForm line 467, this can lead to vulnerabilities. See the warning in "Fetching the value or values of a single named parameter" at /opt/perl-5.18.4/lib/site_perl/5.18.4/CGI.pm line 437.
#  at /opt/perl-5.18.4/lib/site_perl/5.18.4/CGI.pm line 437.
# 	CGI::param(CGI=HASH(0x1087fb0), undef) called at /tmpfs/.cpan-build/HTML-StickyForm-0.08-8UefZy/blib/lib/HTML/StickyForm.pm line 467
# 	HTML::StickyForm::checkbox(HTML::StickyForm=HASH(0x16ba320), HASH(0x1927ae0)) called at /tmpfs/.cpan-build/HTML-StickyForm-0.08-8UefZy/blib/lib/HTML/StickyForm.pm line 607
# 	HTML::StickyForm::radio(HTML::StickyForm=HASH(0x16ba320)) called at t/20radio.t line 90
# 
# ----------
# 	Previous test 9 'fred (empty, flat))'
# 	CGI::param called in list context from package HTML::StickyForm line 467, this can lead to vulnerabilities. See the warning in "Fetching the value or values of a single named parameter" at /opt/perl-5.18.4/lib/site_perl/5.18.4/CGI.pm line 437.
#  at /opt/perl-5.18.4/lib/site_perl/5.18.4/CGI.pm line 437.
# 	CGI::param(CGI=HASH(0x1087fb0), "fred") called at /tmpfs/.cpan-build/HTML-StickyForm-0.08-8UefZy/blib/lib/HTML/StickyForm.pm line 467
# 	HTML::StickyForm::checkbox(HTML::StickyForm=HASH(0x16ba320), HASH(0x1a24bf8)) called at /tmpfs/.cpan-build/HTML-StickyForm-0.08-8UefZy/blib/lib/HTML/StickyForm.pm line 607
# 	HTML::StickyForm::radio(HTML::StickyForm=HASH(0x16ba320), HASH(0x190e380)) called at t/20radio.t line 88
# 
# ----------
# 	Previous test 10 'fred (full, ref)'
# 	CGI::param called in list context from package HTML::StickyForm line 467, this can lead to vulnerabilities. See the warning in "Fetching the value or values of a single named parameter" at /opt/perl-5.18.4/lib/site_perl/5.18.4/CGI.pm line 437.
#  at /opt/perl-5.18.4/lib/site_perl/5.18.4/CGI.pm line 437.
# 	CGI::param(CGI=HASH(0x1087fb0), "fred") called at /tmpfs/.cpan-build/HTML-StickyForm-0.08-8UefZy/blib/lib/HTML/StickyForm.pm line 467
# 	HTML::StickyForm::checkbox(HTML::StickyForm=HASH(0x16ba320), HASH(0x1a27e20)) called at /tmpfs/.cpan-build/HTML-StickyForm-0.08-8UefZy/blib/lib/HTML/StickyForm.pm line 607
# 	HTML::StickyForm::radio(HTML::StickyForm=HASH(0x16ba320), "name", "fred") called at t/20radio.t line 90
# 
# ----------
# 	Previous test 13 'fred& (empty, flat))'
# 	CGI::param called in list context from package HTML::StickyForm line 467, this can lead to vulnerabilities. See the warning in "Fetching the value or values of a single named parameter" at /opt/perl-5.18.4/lib/site_perl/5.18.4/CGI.pm line 437.
#  at /opt/perl-5.18.4/lib/site_perl/5.18.4/CGI.pm line 437.
# 	CGI::param(CGI=HASH(0x1087fb0), "fred&") called at /tmpfs/.cpan-build/HTML-StickyForm-0.08-8UefZy/blib/lib/HTML/StickyForm.pm line 467
# 	HTML::StickyForm::checkbox(HTML::StickyForm=HASH(0x16ba320), HASH(0x1a27fb8)) called at /tmpfs/.cpan-build/HTML-StickyForm-0.08-8UefZy/blib/lib/HTML/StickyForm.pm line 607
# 	HTML::StickyForm::radio(HTML::StickyForm=HASH(0x16ba320), HASH(0x17a5010)) called at t/20radio.t line 88
# 
# ----------
# 	Previous test 14 'fred& (full, ref)'
# 	CGI::param called in list context from package HTML::StickyForm line 467, this can lead to vulnerabilities. See the warning in "Fetching the value or values of a single named parameter" at /opt/perl-5.18.4/lib/site_perl/5.18.4/CGI.pm line 437.
#  at /opt/perl-5.18.4/lib/site_perl/5.18.4/CGI.pm line 437.
# 	CGI::param(CGI=HASH(0x1087fb0), "fred&") called at /tmpfs/.cpan-build/HTML-StickyForm-0.08-8UefZy/blib/lib/HTML/StickyForm.pm line 467
# 	HTML::StickyForm::checkbox(HTML::StickyForm=HASH(0x16ba320), HASH(0x1a2b8e0)) called at /tmpfs/.cpan-build/HTML-StickyForm-0.08-8UefZy/blib/lib/HTML/StickyForm.pm line 607
# 	HTML::StickyForm::radio(HTML::StickyForm=HASH(0x16ba320), "name", "fred&") called at t/20radio.t line 90
# 
# ----------
# 	Previous test 17 'spoon (empty, flat))'
# 	CGI::param called in list context from package HTML::StickyForm line 467, this can lead to vulnerabilities. See the warning in "Fetching the value or values of a single named parameter" at /opt/perl-5.18.4/lib/site_perl/5.18.4/CGI.pm line 437.
#  at /opt/perl-5.18.4/lib/site_perl/5.18.4/CGI.pm line 437.
# 	CGI::param(CGI=HASH(0x1087fb0), "fred") called at /tmpfs/.cpan-build/HTML-StickyForm-0.08-8UefZy/blib/lib/HTML/StickyForm.pm line 467
# 	HTML::StickyForm::checkbox(HTML::StickyForm=HASH(0x16ba320), HASH(0x1a2e1b8)) called at /tmpfs/.cpan-build/HTML-StickyForm-0.08-8UefZy/blib/lib/HTML/StickyForm.pm line 607
# 	HTML::StickyForm::radio(HTML::StickyForm=HASH(0x16ba320), HASH(0x17a4800)) called at t/20radio.t line 88
# 
# ----------
# 	Previous test 18 'spoon (full, ref)'
# 	CGI::param called in list context from package HTML::StickyForm line 467, this can lead to vulnerabilities. See the warning in "Fetching the value or values of a single named parameter" at /opt/perl-5.18.4/lib/site_perl/5.18.4/CGI.pm line 437.
#  at /opt/perl-5.18.4/lib/site_perl/5.18.4/CGI.pm line 437.
# 	CGI::param(CGI=HASH(0x1087fb0), "fred") called at /tmpfs/.cpan-build/HTML-StickyForm-0.08-8UefZy/blib/lib/HTML/StickyForm.pm line 467
# 	HTML::StickyForm::checkbox(HTML::StickyForm=HASH(0x16ba320), HASH(0x1a2e1b8)) called at /tmpfs/.cpan-build/HTML-StickyForm-0.08-8UefZy/blib/lib/HTML/StickyForm.pm line 607
# 	HTML::StickyForm::radio(HTML::StickyForm=HASH(0x16ba320), "value", "spoon", "name", "fred") called at t/20radio.t line 90
# 
# ----------
# 	Previous test 21 'default (empty, flat))'
# 	CGI::param called in list context from package HTML::StickyForm line 467, this can lead to vulnerabilities. See the warning in "Fetching the value or values of a single named parameter" at /opt/perl-5.18.4/lib/site_perl/5.18.4/CGI.pm line 437.
#  at /opt/perl-5.18.4/lib/site_perl/5.18.4/CGI.pm line 437.
# 	CGI::param(CGI=HASH(0x1087fb0), "fred") called at /tmpfs/.cpan-build/HTML-StickyForm-0.08-8UefZy/blib/lib/HTML/StickyForm.pm line 467
# 	HTML::StickyForm::checkbox(HTML::StickyForm=HASH(0x16ba320), HASH(0x1a38af8)) called at /tmpfs/.cpan-build/HTML-StickyForm-0.08-8UefZy/blib/lib/HTML/StickyForm.pm line 607
# 	HTML::StickyForm::radio(HTML::StickyForm=HASH(0x16ba320), HASH(0x17a46e0)) called at t/20radio.t line 88
# 
# ----------
# 	Previous test 22 'default (full, ref)'
# 	CGI::param called in list context from package HTML::StickyForm line 467, this can lead to vulnerabilities. See the warning in "Fetching the value or values of a single named parameter" at /opt/perl-5.18.4/lib/site_perl/5.18.4/CGI.pm line 437.
#  at /opt/perl-5.18.4/lib/site_perl/5.18.4/CGI.pm line 437.
# 	CGI::param(CGI=HASH(0x1087fb0), "fred") called at /tmpfs/.cpan-build/HTML-StickyForm-0.08-8UefZy/blib/lib/HTML/StickyForm.pm line 467
# 	HTML::StickyForm::checkbox(HTML::StickyForm=HASH(0x16ba320), HASH(0x1a38af8)) called at /tmpfs/.cpan-build/HTML-StickyForm-0.08-8UefZy/blib/lib/HTML/StickyForm.pm line 607
# 	HTML::StickyForm::radio(HTML::StickyForm=HASH(0x16ba320), "default", "fork", "name", "fred") called at t/20radio.t line 90
# 
# ----------
# 	Previous test 25 'spoon/def0 (empty, flat))'
# 	CGI::param called in list context from package HTML::StickyForm line 467, this can lead to vulnerabilities. See the warning in "Fetching the value or values of a single named parameter" at /opt/perl-5.18.4/lib/site_perl/5.18.4/CGI.pm line 437.
#  at /opt/perl-5.18.4/lib/site_perl/5.18.4/CGI.pm line 437.
# 	CGI::param(CGI=HASH(0x1087fb0), "fred") called at /tmpfs/.cpan-build/HTML-StickyForm-0.08-8UefZy/blib/lib/HTML/StickyForm.pm line 467
# 	HTML::StickyForm::checkbox(HTML::StickyForm=HASH(0x16ba320), HASH(0x1a3b370)) called at /tmpfs/.cpan-build/HTML-StickyForm-0.08-8UefZy/blib/lib/HTML/StickyForm.pm line 607
# 	HTML::StickyForm::radio(HTML::StickyForm=HASH(0x16ba320), HASH(0x17a4560)) called at t/20radio.t line 88
# 
# ----------
# 	Previous test 26 'spoon/def0 (full, ref)'
# 	CGI::param called in list context from package HTML::StickyForm line 467, this can lead to vulnerabilities. See the warning in "Fetching the value or values of a single named parameter" at /opt/perl-5.18.4/lib/site_perl/5.18.4/CGI.pm line 437.
#  at /opt/perl-5.18.4/lib/site_perl/5.18.4/CGI.pm line 437.
# 	CGI::param(CGI=HASH(0x1087fb0), "fred") called at /tmpfs/.cpan-build/HTML-StickyForm-0.08-8UefZy/blib/lib/HTML/StickyForm.pm line 467
# 	HTML::StickyForm::checkbox(HTML::StickyForm=HASH(0x16ba320), HASH(0x1a3de88)) called at /tmpfs/.cpan-build/HTML-StickyForm-0.08-8UefZy/blib/lib/HTML/StickyForm.pm line 607
# 	HTML::StickyForm::radio(HTML::StickyForm=HASH(0x16ba320), "value", "spoon", "default", 0, "name", "fred") called at t/20radio.t line 90
# 
# ----------
# 	Previous test 29 'spoon/def1 (empty, flat))'
# 	CGI::param called in list context from package HTML::StickyForm line 467, this can lead to vulnerabilities. See the warning in "Fetching the value or values of a single named parameter" at /opt/perl-5.18.4/lib/site_perl/5.18.4/CGI.pm line 437.
#  at /opt/perl-5.18.4/lib/site_perl/5.18.4/CGI.pm line 437.
# 	CGI::param(CGI=HASH(0x1087fb0), "fred") called at /tmpfs/.cpan-build/HTML-StickyForm-0.08-8UefZy/blib/lib/HTML/StickyForm.pm line 467
# 	HTML::StickyForm::checkbox(HTML::StickyForm=HASH(0x16ba320), HASH(0x1a45088)) called at /tmpfs/.cpan-build/HTML-StickyForm-0.08-8UefZy/blib/lib/HTML/StickyForm.pm line 607
# 	HTML::StickyForm::radio(HTML::StickyForm=HASH(0x16ba320), HASH(0x17a4878)) called at t/20radio.t line 88
# 
# ----------
# 	Previous test 30 'spoon/def1 (full, ref)'
# 	CGI::param called in list context from package HTML::StickyForm line 467, this can lead to vulnerabilities. See the warning in "Fetching the value or values of a single named parameter" at /opt/perl-5.18.4/lib/site_perl/5.18.4/CGI.pm line 437.
#  at /opt/perl-5.18.4/lib/site_perl/5.18.4/CGI.pm line 437.
# 	CGI::param(CGI=HASH(0x1087fb0), "fred") called at /tmpfs/.cpan-build/HTML-StickyForm-0.08-8UefZy/blib/lib/HTML/StickyForm.pm line 467
# 	HTML::StickyForm::checkbox(HTML::StickyForm=HASH(0x16ba320), HASH(0x1a45160)) called at /tmpfs/.cpan-build/HTML-StickyForm-0.08-8UefZy/blib/lib/HTML/StickyForm.pm line 607
# 	HTML::StickyForm::radio(HTML::StickyForm=HASH(0x16ba320), "value", "spoon", "name", "fred", "default", 1) called at t/20radio.t line 90
# 
# ----------
# 	Previous test 41 'fred/bloggs (empty, flat))'
# 	CGI::param called in list context from package HTML::StickyForm line 467, this can lead to vulnerabilities. See the warning in "Fetching the value or values of a single named parameter" at /opt/perl-5.18.4/lib/site_perl/5.18.4/CGI.pm line 437.
#  at /opt/perl-5.18.4/lib/site_perl/5.18.4/CGI.pm line 437.
# 	CGI::param(CGI=HASH(0x1087fb0), "fred") called at /tmpfs/.cpan-build/HTML-StickyForm-0.08-8UefZy/blib/lib/HTML/StickyForm.pm line 467
# 	HTML::StickyForm::checkbox(HTML::StickyForm=HASH(0x16ba320), HASH(0x1a4ab28)) called at /tmpfs/.cpan-build/HTML-StickyForm-0.08-8UefZy/blib/lib/HTML/StickyForm.pm line 607
# 	HTML::StickyForm::radio(HTML::StickyForm=HASH(0x16ba320), HASH(0x190eba8)) called at t/20radio.t line 88
# 
# ----------
# 	Previous test 42 'fred/bloggs (full, ref)'
# 	CGI::param called in list context from package HTML::StickyForm line 467, this can lead to vulnerabilities. See the warning in "Fetching the value or values of a single named parameter" at /opt/perl-5.18.4/lib/site_perl/5.18.4/CGI.pm line 437.
#  at /opt/perl-5.18.4/lib/site_perl/5.18.4/CGI.pm line 437.
# 	CGI::param(CGI=HASH(0x1087fb0), "fred") called at /tmpfs/.cpan-build/HTML-StickyForm-0.08-8UefZy/blib/lib/HTML/StickyForm.pm line 467
# 	HTML::StickyForm::checkbox(HTML::StickyForm=HASH(0x16ba320), HASH(0x1a4ab28)) called at /tmpfs/.cpan-build/HTML-StickyForm-0.08-8UefZy/blib/lib/HTML/StickyForm.pm line 607
# 	HTML::StickyForm::radio(HTML::StickyForm=HASH(0x16ba320), "name", "fred", "value", "bloggs") called at t/20radio.t line 90
# 
# ----------
# 	Previous test 45 'fred/bloggs/def0 (empty, flat))'
# 	CGI::param called in list context from package HTML::StickyForm line 467, this can lead to vulnerabilities. See the warning in "Fetching the value or values of a single named parameter" at /opt/perl-5.18.4/lib/site_perl/5.18.4/CGI.pm line 437.
#  at /opt/perl-5.18.4/lib/site_perl/5.18.4/CGI.pm line 437.
# 	CGI::param(CGI=HASH(0x1087fb0), "fred") called at /tmpfs/.cpan-build/HTML-StickyForm-0.08-8UefZy/blib/lib/HTML/StickyForm.pm line 467
# 	HTML::StickyForm::checkbox(HTML::StickyForm=HASH(0x16ba320), HASH(0x1a575b0)) called at /tmpfs/.cpan-build/HTML-StickyForm-0.08-8UefZy/blib/lib/HTML/StickyForm.pm line 607
# 	HTML::StickyForm::radio(HTML::StickyForm=HASH(0x16ba320), HASH(0x190eab8)) called at t/20radio.t line 88
# 
# ----------
# 	Previous test 46 'fred/bloggs/def0 (full, ref)'
# 	CGI::param called in list context from package HTML::StickyForm line 467, this can lead to vulnerabilities. See the warning in "Fetching the value or values of a single named parameter" at /opt/perl-5.18.4/lib/site_perl/5.18.4/CGI.pm line 437.
#  at /opt/perl-5.18.4/lib/site_perl/5.18.4/CGI.pm line 437.
# 	CGI::param(CGI=HASH(0x1087fb0), "fred") called at /tmpfs/.cpan-build/HTML-StickyForm-0.08-8UefZy/blib/lib/HTML/StickyForm.pm line 467
# 	HTML::StickyForm::checkbox(HTML::StickyForm=HASH(0x16ba320), HASH(0x1a5abe0)) called at /tmpfs/.cpan-build/HTML-StickyForm-0.08-8UefZy/blib/lib/HTML/StickyForm.pm line 607
# 	HTML::StickyForm::radio(HTML::StickyForm=HASH(0x16ba320), "value", "bloggs", "default", 0, "name", "fred") called at t/20radio.t line 90
# 
# ----------
# 	Previous test 49 'fred/bloggs/def0 (empty, flat))'
# 	CGI::param called in list context from package HTML::StickyForm line 467, this can lead to vulnerabilities. See the warning in "Fetching the value or values of a single named parameter" at /opt/perl-5.18.4/lib/site_perl/5.18.4/CGI.pm line 437.
#  at /opt/perl-5.18.4/lib/site_perl/5.18.4/CGI.pm line 437.
# 	CGI::param(CGI=HASH(0x1087fb0), "fred") called at /tmpfs/.cpan-build/HTML-StickyForm-0.08-8UefZy/blib/lib/HTML/StickyForm.pm line 467
# 	HTML::StickyForm::checkbox(HTML::StickyForm=HASH(0x16ba320), HASH(0x1a616c8)) called at /tmpfs/.cpan-build/HTML-StickyForm-0.08-8UefZy/blib/lib/HTML/StickyForm.pm line 607
# 	HTML::StickyForm::radio(HTML::StickyForm=HASH(0x16ba320), HASH(0x190e9b0)) called at t/20radio.t line 88
# 
# ----------
# 	Previous test 50 'fred/bloggs/def0 (full, ref)'
# 	CGI::param called in list context from package HTML::StickyForm line 467, this can lead to vulnerabilities. See the warning in "Fetching the value or values of a single named parameter" at /opt/perl-5.18.4/lib/site_perl/5.18.4/CGI.pm line 437.
#  at /opt/perl-5.18.4/lib/site_perl/5.18.4/CGI.pm line 437.
# 	CGI::param(CGI=HASH(0x1087fb0), "fred") called at /tmpfs/.cpan-build/HTML-StickyForm-0.08-8UefZy/blib/lib/HTML/StickyForm.pm line 467
# 	HTML::StickyForm::checkbox(HTML::StickyForm=HASH(0x16ba320), HASH(0x1a618f0)) called at /tmpfs/.cpan-build/HTML-StickyForm-0.08-8UefZy/blib/lib/HTML/StickyForm.pm line 607
# 	HTML::StickyForm::radio(HTML::StickyForm=HASH(0x16ba320), "name", "fred", "default", 1, "value", "bloggs") called at t/20radio.t line 90
# 
# ----------
# 	Previous test 61 'random (empty, flat))'
# 	CGI::param called in list context from package HTML::StickyForm line 467, this can lead to vulnerabilities. See the warning in "Fetching the value or values of a single named parameter" at /opt/perl-5.18.4/lib/site_perl/5.18.4/CGI.pm line 437.
#  at /opt/perl-5.18.4/lib/site_perl/5.18.4/CGI.pm line 437.
# 	CGI::param(CGI=HASH(0x1087fb0), undef) called at /tmpfs/.cpan-build/HTML-StickyForm-0.08-8UefZy/blib/lib/HTML/StickyForm.pm line 467
# 	HTML::StickyForm::checkbox(HTML::StickyForm=HASH(0x16ba320), HASH(0x1a67560)) called at /tmpfs/.cpan-build/HTML-StickyForm-0.08-8UefZy/blib/lib/HTML/StickyForm.pm line 607
# 	HTML::StickyForm::radio(HTML::StickyForm=HASH(0x16ba320), HASH(0x19275b8)) called at t/20radio.t line 88
# 
# ----------
# 	Previous test 62 'random (full, ref)'
# 	CGI::param called in list context from package HTML::StickyForm line 467, this can lead to vulnerabilities. See the warning in "Fetching the value or values of a single named parameter" at /opt/perl-5.18.4/lib/site_perl/5.18.4/CGI.pm line 437.
#  at /opt/perl-5.18.4/lib/site_perl/5.18.4/CGI.pm line 437.
# 	CGI::param(CGI=HASH(0x1087fb0), undef) called at /tmpfs/.cpan-build/HTML-StickyForm-0.08-8UefZy/blib/lib/HTML/StickyForm.pm line 467
# 	HTML::StickyForm::checkbox(HTML::StickyForm=HASH(0x16ba320), HASH(0x1a678d8)) called at /tmpfs/.cpan-build/HTML-StickyForm-0.08-8UefZy/blib/lib/HTML/StickyForm.pm line 607
# 	HTML::StickyForm::radio(HTML::StickyForm=HASH(0x16ba320), "random", "abc&") called at t/20radio.t line 90
# 
# Looks like you failed 1 test of 64.
t/20radio.t ............. 
Dubious, test returned 1 (wstat 256, 0x100)
Failed 1/64 subtests 

#   Failed test 'no warnings'
#   at /opt/perl-5.18.4/lib/site_perl/5.18.4/Test/NoWarnings.pm line 45.
# There were 32 warning(s)
# 	Previous test 5 'empty (empty, flat)'
# 	CGI::param called in list context from package HTML::StickyForm line 543, this can lead to vulnerabilities. See the warning in "Fetching the value or values of a single named parameter" at /opt/perl-5.18.4/lib/site_perl/5.18.4/CGI.pm line 437.
#  at /opt/perl-5.18.4/lib/site_perl/5.18.4/CGI.pm line 437.
# 	CGI::param(CGI=HASH(0x10c40d0), undef) called at /tmpfs/.cpan-build/HTML-StickyForm-0.08-8UefZy/blib/lib/HTML/StickyForm.pm line 543
# 	HTML::StickyForm::checkbox_group(HTML::StickyForm=HASH(0x1a1f460), HASH(0x10d0738)) called at /tmpfs/.cpan-build/HTML-StickyForm-0.08-8UefZy/blib/lib/HTML/StickyForm.pm line 619
# 	HTML::StickyForm::radio_group(HTML::StickyForm=HASH(0x1a1f460), HASH(0x1a1f3e8)) called at t/20radio_group.t line 144
# 
# ----------
# 	Previous test 6 'empty (full, ref)'
# 	CGI::param called in list context from package HTML::StickyForm line 543, this can lead to vulnerabilities. See the warning in "Fetching the value or values of a single named parameter" at /opt/perl-5.18.4/lib/site_perl/5.18.4/CGI.pm line 437.
#  at /opt/perl-5.18.4/lib/site_perl/5.18.4/CGI.pm line 437.
# 	CGI::param(CGI=HASH(0x10c40d0), undef) called at /tmpfs/.cpan-build/HTML-StickyForm-0.08-8UefZy/blib/lib/HTML/StickyForm.pm line 543
# 	HTML::StickyForm::checkbox_group(HTML::StickyForm=HASH(0x1a1f460), HASH(0x1a431b8)) called at /tmpfs/.cpan-build/HTML-StickyForm-0.08-8UefZy/blib/lib/HTML/StickyForm.pm line 619
# 	HTML::StickyForm::radio_group(HTML::StickyForm=HASH(0x1a1f460)) called at t/20radio_group.t line 147
# 
# ----------
# 	Previous test 9 'blank (empty, flat)'
# 	CGI::param called in list context from package HTML::StickyForm line 543, this can lead to vulnerabilities. See the warning in "Fetching the value or values of a single named parameter" at /opt/perl-5.18.4/lib/site_perl/5.18.4/CGI.pm line 437.
#  at /opt/perl-5.18.4/lib/site_perl/5.18.4/CGI.pm line 437.
# 	CGI::param(CGI=HASH(0x10c40d0), undef) called at /tmpfs/.cpan-build/HTML-StickyForm-0.08-8UefZy/blib/lib/HTML/StickyForm.pm line 543
# 	HTML::StickyForm::checkbox_group(HTML::StickyForm=HASH(0x1a1f460), HASH(0x1a647f0)) called at /tmpfs/.cpan-build/HTML-StickyForm-0.08-8UefZy/blib/lib/HTML/StickyForm.pm line 619
# 	HTML::StickyForm::radio_group(HTML::StickyForm=HASH(0x1a1f460), HASH(0x1a1f250)) called at t/20radio_group.t line 144
# 
# ----------
# 	Previous test 10 'blank (full, ref)'
# 	CGI::param called in list context from package HTML::StickyForm line 543, this can lead to vulnerabilities. See the warning in "Fetching the value or values of a single named parameter" at /opt/perl-5.18.4/lib/site_perl/5.18.4/CGI.pm line 437.
#  at /opt/perl-5.18.4/lib/site_perl/5.18.4/CGI.pm line 437.
# 	CGI::param(CGI=HASH(0x10c40d0), undef) called at /tmpfs/.cpan-build/HTML-StickyForm-0.08-8UefZy/blib/lib/HTML/StickyForm.pm line 543
# 	HTML::StickyForm::checkbox_group(HTML::StickyForm=HASH(0x1a1f460), HASH(0x1a648f8)) called at /tmpfs/.cpan-build/HTML-StickyForm-0.08-8UefZy/blib/lib/HTML/StickyForm.pm line 619
# 	HTML::StickyForm::radio_group(HTML::StickyForm=HASH(0x1a1f460), "values", ARRAY(0x1a1f1d8)) called at t/20radio_group.t line 147
# 
# ----------
# 	Previous test 13 'zero (empty, flat)'
# 	CGI::param called in list context from package HTML::StickyForm line 543, this can lead to vulnerabilities. See the warning in "Fetching the value or values of a single named parameter" at /opt/perl-5.18.4/lib/site_perl/5.18.4/CGI.pm line 437.
#  at /opt/perl-5.18.4/lib/site_perl/5.18.4/CGI.pm line 437.
# 	CGI::param(CGI=HASH(0x10c40d0), "abc") called at /tmpfs/.cpan-build/HTML-StickyForm-0.08-8UefZy/blib/lib/HTML/StickyForm.pm line 543
# 	HTML::StickyForm::checkbox_group(HTML::StickyForm=HASH(0x1a1f460), HASH(0x1a66af0)) called at /tmpfs/.cpan-build/HTML-StickyForm-0.08-8UefZy/blib/lib/HTML/StickyForm.pm line 619
# 	HTML::StickyForm::radio_group(HTML::StickyForm=HASH(0x1a1f460), HASH(0x1a1f130)) called at t/20radio_group.t line 144
# 
# ----------
# 	Previous test 14 'zero (full, ref)'
# 	CGI::param called in list context from package HTML::StickyForm line 543, this can lead to vulnerabilities. See the warning in "Fetching the value or values of a single named parameter" at /opt/perl-5.18.4/lib/site_perl/5.18.4/CGI.pm line 437.
#  at /opt/perl-5.18.4/lib/site_perl/5.18.4/CGI.pm line 437.
# 	CGI::param(CGI=HASH(0x10c40d0), "abc") called at /tmpfs/.cpan-build/HTML-StickyForm-0.08-8UefZy/blib/lib/HTML/StickyForm.pm line 543
# 	HTML::StickyForm::checkbox_group(HTML::StickyForm=HASH(0x1a1f460), HASH(0x1a6b6b0)) called at /tmpfs/.cpan-build/HTML-StickyForm-0.08-8UefZy/blib/lib/HTML/StickyForm.pm line 619
# 	HTML::StickyForm::radio_group(HTML::StickyForm=HASH(0x1a1f460), "name", "abc") called at t/20radio_group.t line 147
# 
# ----------
# 	Previous test 17 'abc/0 (empty, flat)'
# 	CGI::param called in list context from package HTML::StickyForm line 543, this can lead to vulnerabilities. See the warning in "Fetching the value or values of a single named parameter" at /opt/perl-5.18.4/lib/site_perl/5.18.4/CGI.pm line 437.
#  at /opt/perl-5.18.4/lib/site_perl/5.18.4/CGI.pm line 437.
# 	CGI::param(CGI=HASH(0x10c40d0), "abc") called at /tmpfs/.cpan-build/HTML-StickyForm-0.08-8UefZy/blib/lib/HTML/StickyForm.pm line 543
# 	HTML::StickyForm::checkbox_group(HTML::StickyForm=HASH(0x1a1f460), HASH(0x1a6b6e0)) called at /tmpfs/.cpan-build/HTML-StickyForm-0.08-8UefZy/blib/lib/HTML/StickyForm.pm line 619
# 	HTML::StickyForm::radio_group(HTML::StickyForm=HASH(0x1a1f460), HASH(0x1a1f010)) called at t/20radio_group.t line 144
# 
# ----------
# 	Previous test 18 'abc/0 (full, ref)'
# 	CGI::param called in list context from package HTML::StickyForm line 543, this can lead to vulnerabilities. See the warning in "Fetching the value or values of a single named parameter" at /opt/perl-5.18.4/lib/site_perl/5.18.4/CGI.pm line 437.
#  at /opt/perl-5.18.4/lib/site_perl/5.18.4/CGI.pm line 437.
# 	CGI::param(CGI=HASH(0x10c40d0), "abc") called at /tmpfs/.cpan-build/HTML-StickyForm-0.08-8UefZy/blib/lib/HTML/StickyForm.pm line 543
# 	HTML::StickyForm::checkbox_group(HTML::StickyForm=HASH(0x1a1f460), HASH(0x1a6b6e0)) called at /tmpfs/.cpan-build/HTML-StickyForm-0.08-8UefZy/blib/lib/HTML/StickyForm.pm line 619
# 	HTML::StickyForm::radio_group(HTML::StickyForm=HASH(0x1a1f460), "name", "abc", "values", ARRAY(0x1a1f058)) called at t/20radio_group.t line 147
# 
# ----------
# 	Previous test 21 'abc/0 (empty, flat)'
# 	CGI::param called in list context from package HTML::StickyForm line 543, this can lead to vulnerabilities. See the warning in "Fetching the value or values of a single named parameter" at /opt/perl-5.18.4/lib/site_perl/5.18.4/CGI.pm line 437.
#  at /opt/perl-5.18.4/lib/site_perl/5.18.4/CGI.pm line 437.
# 	CGI::param(CGI=HASH(0x10c40d0), "abc") called at /tmpfs/.cpan-build/HTML-StickyForm-0.08-8UefZy/blib/lib/HTML/StickyForm.pm line 543
# 	HTML::StickyForm::checkbox_group(HTML::StickyForm=HASH(0x1a1f460), HASH(0x1a753e8)) called at /tmpfs/.cpan-build/HTML-StickyForm-0.08-8UefZy/blib/lib/HTML/StickyForm.pm line 619
# 	HTML::StickyForm::radio_group(HTML::StickyForm=HASH(0x1a1f460), HASH(0x17a3290)) called at t/20radio_group.t line 144
# 
# ----------
# 	Previous test 22 'abc/0 (full, ref)'
# 	CGI::param called in list context from package HTML::StickyForm line 543, this can lead to vulnerabilities. See the warning in "Fetching the value or values of a single named parameter" at /opt/perl-5.18.4/lib/site_perl/5.18.4/CGI.pm line 437.
#  at /opt/perl-5.18.4/lib/site_perl/5.18.4/CGI.pm line 437.
# 	CGI::param(CGI=HASH(0x10c40d0), "abc") called at /tmpfs/.cpan-build/HTML-StickyForm-0.08-8UefZy/blib/lib/HTML/StickyForm.pm line 543
# 	HTML::StickyForm::checkbox_group(HTML::StickyForm=HASH(0x1a1f460), HASH(0x1a753e8)) called at /tmpfs/.cpan-build/HTML-StickyForm-0.08-8UefZy/blib/lib/HTML/StickyForm.pm line 619
# 	HTML::StickyForm::radio_group(HTML::StickyForm=HASH(0x1a1f460), "name", "abc", "values", ARRAY(0x17a32d8)) called at t/20radio_group.t line 147
# 
# ----------
# 	Previous test 25 'abc/0 (empty, flat)'
# 	CGI::param called in list context from package HTML::StickyForm line 543, this can lead to vulnerabilities. See the warning in "Fetching the value or values of a single named parameter" at /opt/perl-5.18.4/lib/site_perl/5.18.4/CGI.pm line 437.
#  at /opt/perl-5.18.4/lib/site_perl/5.18.4/CGI.pm line 437.
# 	CGI::param(CGI=HASH(0x10c40d0), "abc") called at /tmpfs/.cpan-build/HTML-StickyForm-0.08-8UefZy/blib/lib/HTML/StickyForm.pm line 543
# 	HTML::StickyForm::checkbox_group(HTML::StickyForm=HASH(0x1a1f460), HASH(0x1a77ad0)) called at /tmpfs/.cpan-build/HTML-StickyForm-0.08-8UefZy/blib/lib/HTML/StickyForm.pm line 619
# 	HTML::StickyForm::radio_group(HTML::StickyForm=HASH(0x1a1f460), HASH(0x17a3110)) called at t/20radio_group.t line 144
# 
# ----------
# 	Previous test 26 'abc/0 (full, ref)'
# 	CGI::param called in list context from package HTML::StickyForm line 543, this can lead to vulnerabilities. See the warning in "Fetching the value or values of a single named parameter" at /opt/perl-5.18.4/lib/site_perl/5.18.4/CGI.pm line 437.
#  at /opt/perl-5.18.4/lib/site_perl/5.18.4/CGI.pm line 437.
# 	CGI::param(CGI=HASH(0x10c40d0), "abc") called at /tmpfs/.cpan-build/HTML-StickyForm-0.08-8UefZy/blib/lib/HTML/StickyForm.pm line 543
# 	HTML::StickyForm::checkbox_group(HTML::StickyForm=HASH(0x1a1f460), HASH(0x1a7e5b0)) called at /tmpfs/.cpan-build/HTML-StickyForm-0.08-8UefZy/blib/lib/HTML/StickyForm.pm line 619
# 	HTML::StickyForm::radio_group(HTML::StickyForm=HASH(0x1a1f460), "values", ARRAY(0x17a31a0), "name", "abc", "default", ARRAY(0x17a3158)) called at t/20radio_group.t line 147
# 
# ----------
# 	Previous test 45 'abc/456 (empty, flat)'
# 	CGI::param called in list context from package HTML::StickyForm line 543, this can lead to vulnerabilities. See the warning in "Fetching the value or values of a single named parameter" at /opt/perl-5.18.4/lib/site_perl/5.18.4/CGI.pm line 437.
#  at /opt/perl-5.18.4/lib/site_perl/5.18.4/CGI.pm line 437.
# 	CGI::param(CGI=HASH(0x10c40d0), "abc") called at /tmpfs/.cpan-build/HTML-StickyForm-0.08-8UefZy/blib/lib/HTML/StickyForm.pm line 543
# 	HTML::StickyForm::checkbox_group(HTML::StickyForm=HASH(0x1a1f460), HASH(0x1a845b0)) called at /tmpfs/.cpan-build/HTML-StickyForm-0.08-8UefZy/blib/lib/HTML/StickyForm.pm line 619
# 	HTML::StickyForm::radio_group(HTML::StickyForm=HASH(0x1a1f460), HASH(0x17e13f0)) called at t/20radio_group.t line 144
# 
# ----------
# 	Previous test 46 'abc/456 (full, ref)'
# 	CGI::param called in list context from package HTML::StickyForm line 543, this can lead to vulnerabilities. See the warning in "Fetching the value or values of a single named parameter" at /opt/perl-5.18.4/lib/site_perl/5.18.4/CGI.pm line 437.
#  at /opt/perl-5.18.4/lib/site_perl/5.18.4/CGI.pm line 437.
# 	CGI::param(CGI=HASH(0x10c40d0), "abc") called at /tmpfs/.cpan-build/HTML-StickyForm-0.08-8UefZy/blib/lib/HTML/StickyForm.pm line 543
# 	HTML::StickyForm::checkbox_group(HTML::StickyForm=HASH(0x1a1f460), HASH(0x1a848c8)) called at /tmpfs/.cpan-build/HTML-StickyForm-0.08-8UefZy/blib/lib/HTML/StickyForm.pm line 619
# 	HTML::StickyForm::radio_group(HTML::StickyForm=HASH(0x1a1f460), "name", "abc", "values", ARRAY(0x17e1420)) called at t/20radio_group.t line 147
# 
# ----------
# 	Previous test 53 'abc/456,789 (empty, flat)'
# 	CGI::param called in list context from package HTML::StickyForm line 543, this can lead to vulnerabilities. See the warning in "Fetching the value or values of a single named parameter" at /opt/perl-5.18.4/lib/site_perl/5.18.4/CGI.pm line 437.
#  at /opt/perl-5.18.4/lib/site_perl/5.18.4/CGI.pm line 437.
# 	CGI::param(CGI=HASH(0x10c40d0), "abc") called at /tmpfs/.cpan-build/HTML-StickyForm-0.08-8UefZy/blib/lib/HTML/StickyForm.pm line 543
# 	HTML::StickyForm::checkbox_group(HTML::StickyForm=HASH(0x1a1f460), HASH(0x1a9ae30)) called at /tmpfs/.cpan-build/HTML-StickyForm-0.08-8UefZy/blib/lib/HTML/StickyForm.pm line 619
# 	HTML::StickyForm::radio_group(HTML::StickyForm=HASH(0x1a1f460), HASH(0x19605e0)) called at t/20radio_group.t line 144
# 
# ----------
# 	Previous test 54 'abc/456,789 (full, ref)'
# 	CGI::param called in list context from package HTML::StickyForm line 543, this can lead to vulnerabilities. See the warning in "Fetching the value or values of a single named parameter" at /opt/perl-5.18.4/lib/site_perl/5.18.4/CGI.pm line 437.
#  at /opt/perl-5.18.4/lib/site_perl/5.18.4/CGI.pm line 437.
# 	CGI::param(CGI=HASH(0x10c40d0), "abc") called at /tmpfs/.cpan-build/HTML-StickyForm-0.08-8UefZy/blib/lib/HTML/StickyForm.pm line 543
# 	HTML::StickyForm::checkbox_group(HTML::StickyForm=HASH(0x1a1f460), HASH(0x1a9ea80)) called at /tmpfs/.cpan-build/HTML-StickyForm-0.08-8UefZy/blib/lib/HTML/StickyForm.pm line 619
# 	HTML::StickyForm::radio_group(HTML::StickyForm=HASH(0x1a1f460), "name", "abc", "values", ARRAY(0x1960580)) called at t/20radio_group.t line 147
# 
# ----------
# 	Previous test 61 'abc/456,789/default=456 (empty, flat)'
# 	CGI::param called in list context from package HTML::StickyForm line 543, this can lead to vulnerabilities. See the warning in "Fetching the value or values of a single named parameter" at /opt/perl-5.18.4/lib/site_perl/5.18.4/CGI.pm line 437.
#  at /opt/perl-5.18.4/lib/site_perl/5.18.4/CGI.pm line 437.
# 	CGI::param(CGI=HASH(0x10c40d0), "abc") called at /tmpfs/.cpan-build/HTML-StickyForm-0.08-8UefZy/blib/lib/HTML/StickyForm.pm line 543
# 	HTML::StickyForm::checkbox_group(HTML::StickyForm=HASH(0x1a1f460), HASH(0x1aa2700)) called at /tmpfs/.cpan-build/HTML-StickyForm-0.08-8UefZy/blib/lib/HTML/StickyForm.pm line 619
# 	HTML::StickyForm::radio_group(HTML::StickyForm=HASH(0x1a1f460), HASH(0x1960898)) called at t/20radio_group.t line 144
# 
# ----------
# 	Previous test 62 'abc/456,789/default=456 (full, ref)'
# 	CGI::param called in list context from package HTML::StickyForm line 543, this can lead to vulnerabilities. See the warning in "Fetching the value or values of a single named parameter" at /opt/perl-5.18.4/lib/site_perl/5.18.4/CGI.pm line 437.
#  at /opt/perl-5.18.4/lib/site_perl/5.18.4/CGI.pm line 437.
# 	CGI::param(CGI=HASH(0x10c40d0), "abc") called at /tmpfs/.cpan-build/HTML-StickyForm-0.08-8UefZy/blib/lib/HTML/StickyForm.pm line 543
# 	HTML::StickyForm::checkbox_group(HTML::StickyForm=HASH(0x1a1f460), HASH(0x1aa2a48)) called at /tmpfs/.cpan-build/HTML-StickyForm-0.08-8UefZy/blib/lib/HTML/StickyForm.pm line 619
# 	HTML::StickyForm::radio_group(HTML::StickyForm=HASH(0x1a1f460), "values", ARRAY(0x1960838), "name", "abc", "default", 456) called at t/20radio_group.t line 147
# 
# ----------
# 	Previous test 69 'abc/456,789/linebreak (empty, flat)'
# 	CGI::param called in list context from package HTML::StickyForm line 543, this can lead to vulnerabilities. See the warning in "Fetching the value or values of a single named parameter" at /opt/perl-5.18.4/lib/site_perl/5.18.4/CGI.pm line 437.
#  at /opt/perl-5.18.4/lib/site_perl/5.18.4/CGI.pm line 437.
# 	CGI::param(CGI=HASH(0x10c40d0), "abc") called at /tmpfs/.cpan-build/HTML-StickyForm-0.08-8UefZy/blib/lib/HTML/StickyForm.pm line 543
# 	HTML::StickyForm::checkbox_group(HTML::StickyForm=HASH(0x1a1f460), HASH(0x1aa9a60)) called at /tmpfs/.cpan-build/HTML-StickyForm-0.08-8UefZy/blib/lib/HTML/StickyForm.pm line 619
# 	HTML::StickyForm::radio_group(HTML::StickyForm=HASH(0x1a1f460), HASH(0x10cfa90)) called at t/20radio_group.t line 144
# 
# ----------
# 	Previous test 70 'abc/456,789/linebreak (full, ref)'
# 	CGI::param called in list context from package HTML::StickyForm line 543, this can lead to vulnerabilities. See the warning in "Fetching the value or values of a single named parameter" at /opt/perl-5.18.4/lib/site_perl/5.18.4/CGI.pm line 437.
#  at /opt/perl-5.18.4/lib/site_perl/5.18.4/CGI.pm line 437.
# 	CGI::param(CGI=HASH(0x10c40d0), "abc") called at /tmpfs/.cpan-build/HTML-StickyForm-0.08-8UefZy/blib/lib/HTML/StickyForm.pm line 543
# 	HTML::StickyForm::checkbox_group(HTML::StickyForm=HASH(0x1a1f460), HASH(0x1aaa200)) called at /tmpfs/.cpan-build/HTML-StickyForm-0.08-8UefZy/blib/lib/HTML/StickyForm.pm line 619
# 	HTML::StickyForm::radio_group(HTML::StickyForm=HASH(0x1a1f460), "linebreak", 1, "name", "abc", "values", ARRAY(0x10cfa30)) called at t/20radio_group.t line 147
# 
# ----------
# 	Previous test 73 'abc/345,678/val (empty, flat)'
# 	CGI::param called in list context from package HTML::StickyForm line 543, this can lead to vulnerabilities. See the warning in "Fetching the value or values of a single named parameter" at /opt/perl-5.18.4/lib/site_perl/5.18.4/CGI.pm line 437.
#  at /opt/perl-5.18.4/lib/site_perl/5.18.4/CGI.pm line 437.
# 	CGI::param(CGI=HASH(0x10c40d0), "abc") called at /tmpfs/.cpan-build/HTML-StickyForm-0.08-8UefZy/blib/lib/HTML/StickyForm.pm line 543
# 	HTML::StickyForm::checkbox_group(HTML::StickyForm=HASH(0x1a1f460), HASH(0x1aae348)) called at /tmpfs/.cpan-build/HTML-StickyForm-0.08-8UefZy/blib/lib/HTML/StickyForm.pm line 619
# 	HTML::StickyForm::radio_group(HTML::StickyForm=HASH(0x1a1f460), HASH(0x10cfbf8)) called at t/20radio_group.t line 144
# 
# ----------
# 	Previous test 74 'abc/345,678/val (full, ref)'
# 	CGI::param called in list context from package HTML::StickyForm line 543, this can lead to vulnerabilities. See the warning in "Fetching the value or values of a single named parameter" at /opt/perl-5.18.4/lib/site_perl/5.18.4/CGI.pm line 437.
#  at /opt/perl-5.18.4/lib/site_perl/5.18.4/CGI.pm line 437.
# 	CGI::param(CGI=HASH(0x10c40d0), "abc") called at /tmpfs/.cpan-build/HTML-StickyForm-0.08-8UefZy/blib/lib/HTML/StickyForm.pm line 543
# 	HTML::StickyForm::checkbox_group(HTML::StickyForm=HASH(0x1a1f460), HASH(0x1ab0160)) called at /tmpfs/.cpan-build/HTML-StickyForm-0.08-8UefZy/blib/lib/HTML/StickyForm.pm line 619
# 	HTML::StickyForm::radio_group(HTML::StickyForm=HASH(0x1a1f460), "name", "abc", "values", ARRAY(0x10cfb98), "values_as_labels", 1) called at t/20radio_group.t line 147
# 
# ----------
# 	Previous test 77 'abc/345,678/XY (empty, flat)'
# 	CGI::param called in list context from package HTML::StickyForm line 543, this can lead to vulnerabilities. See the warning in "Fetching the value or values of a single named parameter" at /opt/perl-5.18.4/lib/site_perl/5.18.4/CGI.pm line 437.
#  at /opt/perl-5.18.4/lib/site_perl/5.18.4/CGI.pm line 437.
# 	CGI::param(CGI=HASH(0x10c40d0), "abc") called at /tmpfs/.cpan-build/HTML-StickyForm-0.08-8UefZy/blib/lib/HTML/StickyForm.pm line 543
# 	HTML::StickyForm::checkbox_group(HTML::StickyForm=HASH(0x1a1f460), HASH(0x1ab3de0)) called at /tmpfs/.cpan-build/HTML-StickyForm-0.08-8UefZy/blib/lib/HTML/StickyForm.pm line 619
# 	HTML::StickyForm::radio_group(HTML::StickyForm=HASH(0x1a1f460), HASH(0x10cfdc0)) called at t/20radio_group.t line 144
# 
# ----------
# 	Previous test 78 'abc/345,678/XY (full, ref)'
# 	CGI::param called in list context from package HTML::StickyForm line 543, this can lead to vulnerabilities. See the warning in "Fetching the value or values of a single named parameter" at /opt/perl-5.18.4/lib/site_perl/5.18.4/CGI.pm line 437.
#  at /opt/perl-5.18.4/lib/site_perl/5.18.4/CGI.pm line 437.
# 	CGI::param(CGI=HASH(0x10c40d0), "abc") called at /tmpfs/.cpan-build/HTML-StickyForm-0.08-8UefZy/blib/lib/HTML/StickyForm.pm line 543
# 	HTML::StickyForm::checkbox_group(HTML::StickyForm=HASH(0x1a1f460), HASH(0x1ab3c18)) called at /tmpfs/.cpan-build/HTML-StickyForm-0.08-8UefZy/blib/lib/HTML/StickyForm.pm line 619
# 	HTML::StickyForm::radio_group(HTML::StickyForm=HASH(0x1a1f460), "name", "abc", "labels", HASH(0x10cfd60), "values", ARRAY(0x10cfd00)) called at t/20radio_group.t line 147
# 
# ----------
# 	Previous test 81 'abc/345,678/X/val (empty, flat)'
# 	CGI::param called in list context from package HTML::StickyForm line 543, this can lead to vulnerabilities. See the warning in "Fetching the value or values of a single named parameter" at /opt/perl-5.18.4/lib/site_perl/5.18.4/CGI.pm line 437.
#  at /opt/perl-5.18.4/lib/site_perl/5.18.4/CGI.pm line 437.
# 	CGI::param(CGI=HASH(0x10c40d0), "abc") called at /tmpfs/.cpan-build/HTML-StickyForm-0.08-8UefZy/blib/lib/HTML/StickyForm.pm line 543
# 	HTML::StickyForm::checkbox_group(HTML::StickyForm=HASH(0x1a1f460), HASH(0x1abb240)) called at /tmpfs/.cpan-build/HTML-StickyForm-0.08-8UefZy/blib/lib/HTML/StickyForm.pm line 619
# 	HTML::StickyForm::radio_group(HTML::StickyForm=HASH(0x1a1f460), HASH(0x10cff70)) called at t/20radio_group.t line 144
# 
# ----------
# 	Previous test 82 'abc/345,678/X/val (full, ref)'
# 	CGI::param called in list context from package HTML::StickyForm line 543, this can lead to vulnerabilities. See the warning in "Fetching the value or values of a single named parameter" at /opt/perl-5.18.4/lib/site_perl/5.18.4/CGI.pm line 437.
#  at /opt/perl-5.18.4/lib/site_perl/5.18.4/CGI.pm line 437.
# 	CGI::param(CGI=HASH(0x10c40d0), "abc") called at /tmpfs/.cpan-build/HTML-StickyForm-0.08-8UefZy/blib/lib/HTML/StickyForm.pm line 543
# 	HTML::StickyForm::checkbox_group(HTML::StickyForm=HASH(0x1a1f460), HASH(0x1abe038)) called at /tmpfs/.cpan-build/HTML-StickyForm-0.08-8UefZy/blib/lib/HTML/StickyForm.pm line 619
# 	HTML::StickyForm::radio_group(HTML::StickyForm=HASH(0x1a1f460), "values_as_labels", 1, "values", ARRAY(0x10cfec8), "name", "abc", "labels", HASH(0x10cff28), ...) called at t/20radio_group.t line 147
# 
# ----------
# 	Previous test 85 'abc/labels (empty, flat)'
# 	CGI::param called in list context from package HTML::StickyForm line 543, this can lead to vulnerabilities. See the warning in "Fetching the value or values of a single named parameter" at /opt/perl-5.18.4/lib/site_perl/5.18.4/CGI.pm line 437.
#  at /opt/perl-5.18.4/lib/site_perl/5.18.4/CGI.pm line 437.
# 	CGI::param(CGI=HASH(0x10c40d0), "abc") called at /tmpfs/.cpan-build/HTML-StickyForm-0.08-8UefZy/blib/lib/HTML/StickyForm.pm line 543
# 	HTML::StickyForm::checkbox_group(HTML::StickyForm=HASH(0x1a1f460), HASH(0x1ac2538)) called at /tmpfs/.cpan-build/HTML-StickyForm-0.08-8UefZy/blib/lib/HTML/StickyForm.pm line 619
# 	HTML::StickyForm::radio_group(HTML::StickyForm=HASH(0x1a1f460), HASH(0x10d00d8)) called at t/20radio_group.t line 144
# 
# ----------
# 	Previous test 86 'abc/labels (full, ref)'
# 	CGI::param called in list context from package HTML::StickyForm line 543, this can lead to vulnerabilities. See the warning in "Fetching the value or values of a single named parameter" at /opt/perl-5.18.4/lib/site_perl/5.18.4/CGI.pm line 437.
#  at /opt/perl-5.18.4/lib/site_perl/5.18.4/CGI.pm line 437.
# 	CGI::param(CGI=HASH(0x10c40d0), "abc") called at /tmpfs/.cpan-build/HTML-StickyForm-0.08-8UefZy/blib/lib/HTML/StickyForm.pm line 543
# 	HTML::StickyForm::checkbox_group(HTML::StickyForm=HASH(0x1a1f460), HASH(0x1ac4c70)) called at /tmpfs/.cpan-build/HTML-StickyForm-0.08-8UefZy/blib/lib/HTML/StickyForm.pm line 619
# 	HTML::StickyForm::radio_group(HTML::StickyForm=HASH(0x1a1f460), "labels", HASH(0x10d0090), "name", "abc") called at t/20radio_group.t line 147
# 
# ----------
# 	Previous test 89 'abc/escape (empty, flat)'
# 	CGI::param called in list context from package HTML::StickyForm line 543, this can lead to vulnerabilities. See the warning in "Fetching the value or values of a single named parameter" at /opt/perl-5.18.4/lib/site_perl/5.18.4/CGI.pm line 437.
#  at /opt/perl-5.18.4/lib/site_perl/5.18.4/CGI.pm line 437.
# 	CGI::param(CGI=HASH(0x10c40d0), "abc") called at /tmpfs/.cpan-build/HTML-StickyForm-0.08-8UefZy/blib/lib/HTML/StickyForm.pm line 543
# 	HTML::StickyForm::checkbox_group(HTML::StickyForm=HASH(0x1a1f460), HASH(0x1ac85b0)) called at /tmpfs/.cpan-build/HTML-StickyForm-0.08-8UefZy/blib/lib/HTML/StickyForm.pm line 619
# 	HTML::StickyForm::radio_group(HTML::StickyForm=HASH(0x1a1f460), HASH(0x10d0210)) called at t/20radio_group.t line 144
# 
# ----------
# 	Previous test 90 'abc/escape (full, ref)'
# 	CGI::param called in list context from package HTML::StickyForm line 543, this can lead to vulnerabilities. See the warning in "Fetching the value or values of a single named parameter" at /opt/perl-5.18.4/lib/site_perl/5.18.4/CGI.pm line 437.
#  at /opt/perl-5.18.4/lib/site_perl/5.18.4/CGI.pm line 437.
# 	CGI::param(CGI=HASH(0x10c40d0), "abc") called at /tmpfs/.cpan-build/HTML-StickyForm-0.08-8UefZy/blib/lib/HTML/StickyForm.pm line 543
# 	HTML::StickyForm::checkbox_group(HTML::StickyForm=HASH(0x1a1f460), HASH(0x1acbde0)) called at /tmpfs/.cpan-build/HTML-StickyForm-0.08-8UefZy/blib/lib/HTML/StickyForm.pm line 619
# 	HTML::StickyForm::radio_group(HTML::StickyForm=HASH(0x1a1f460), "name", "abc", "labels", HASH(0x10d01c8)) called at t/20radio_group.t line 147
# 
# ----------
# 	Previous test 93 'abc/escape=0 (empty, flat)'
# 	CGI::param called in list context from package HTML::StickyForm line 543, this can lead to vulnerabilities. See the warning in "Fetching the value or values of a single named parameter" at /opt/perl-5.18.4/lib/site_perl/5.18.4/CGI.pm line 437.
#  at /opt/perl-5.18.4/lib/site_perl/5.18.4/CGI.pm line 437.
# 	CGI::param(CGI=HASH(0x10c40d0), "abc") called at /tmpfs/.cpan-build/HTML-StickyForm-0.08-8UefZy/blib/lib/HTML/StickyForm.pm line 543
# 	HTML::StickyForm::checkbox_group(HTML::StickyForm=HASH(0x1a1f460), HASH(0x1acf670)) called at /tmpfs/.cpan-build/HTML-StickyForm-0.08-8UefZy/blib/lib/HTML/StickyForm.pm line 619
# 	HTML::StickyForm::radio_group(HTML::StickyForm=HASH(0x1a1f460), HASH(0x10d0348)) called at t/20radio_group.t line 144
# 
# ----------
# 	Previous test 94 'abc/escape=0 (full, ref)'
# 	CGI::param called in list context from package HTML::StickyForm line 543, this can lead to vulnerabilities. See the warning in "Fetching the value or values of a single named parameter" at /opt/perl-5.18.4/lib/site_perl/5.18.4/CGI.pm line 437.
#  at /opt/perl-5.18.4/lib/site_perl/5.18.4/CGI.pm line 437.
# 	CGI::param(CGI=HASH(0x10c40d0), "abc") called at /tmpfs/.cpan-build/HTML-StickyForm-0.08-8UefZy/blib/lib/HTML/StickyForm.pm line 543
# 	HTML::StickyForm::checkbox_group(HTML::StickyForm=HASH(0x1a1f460), HASH(0x1acc4d0)) called at /tmpfs/.cpan-build/HTML-StickyForm-0.08-8UefZy/blib/lib/HTML/StickyForm.pm line 619
# 	HTML::StickyForm::radio_group(HTML::StickyForm=HASH(0x1a1f460), "name", "abc", "labels", HASH(0x10d0300), "escape_labels", 0) called at t/20radio_group.t line 147
# 
# Looks like you failed 1 test of 96.
t/20radio_group.t ....... 
Dubious, test returned 1 (wstat 256, 0x100)
Failed 1/96 subtests 
t/20select.t ............ ok
t/20submit.t ............ ok
t/20text.t .............. ok
t/20textarea.t .......... ok
t/lib/Test/XML/canon.t .. ok

Test Summary Report
-------------------
t/20checkbox.t        (Wstat: 256 Tests: 64 Failed: 1)
  Failed test:  64
  Non-zero exit status: 1
t/20checkbox_group.t  (Wstat: 256 Tests: 100 Failed: 1)
  Failed test:  100
  Non-zero exit status: 1
t/20radio.t           (Wstat: 256 Tests: 64 Failed: 1)
  Failed test:  64
  Non-zero exit status: 1
t/20radio_group.t     (Wstat: 256 Tests: 96 Failed: 1)
  Failed test:  96
  Non-zero exit status: 1
Files=21, Tests=678,  2 wallclock secs ( 0.08 usr  0.10 sys +  1.03 cusr  0.33 csys =  1.54 CPU)
Result: FAIL
Failed 4/21 test programs. 4/678 subtests failed.
make: *** [test_dynamic] Error 255

------------------------------
PREREQUISITES
------------------------------

Prerequisite modules loaded:

requires:

    Module              Need Have    
    ------------------- ---- --------
    Carp                0    1.3301  

build_requires:

    Module              Need Have    
    ------------------- ---- --------
    blib                0    1.06    
    CGI                 0    4.12    
    ExtUtils::Manifest  0    1.68    
    Test::Builder       0    1.001009
    Test::More          0    1.001009
    Test::NoWarnings    0    1.04    
    XML::LibXML         0    2.0116  

configure_requires:

    Module              Need Have    
    ------------------- ---- --------
    ExtUtils::MakeMaker 6.30 7.04    


------------------------------
ENVIRONMENT AND OTHER CONTEXT
------------------------------

Environment variables:

    DBIC_NO_WARN_BAD_PERL = 1
    LANG = C
    PATH = /usr/local/bin:/usr/bin:/bin:/usr/local/sbin:/usr/sbin:/sbin:/home/eserte/bin/linux-gnu:/home/eserte/bin/sh:/home/eserte/bin:/usr/games:/home/eserte/devel:/home/eserte/src/srezic-misc/scripts
    PERL5LIB = /home/eserte/.cpan/build/WWW-YouTube-Download-0.56-J0ROfA/blib/arch:/home/eserte/.cpan/build/WWW-YouTube-Download-0.56-J0ROfA/blib/lib:/home/eserte/.cpan/build/Perl6-Form-0.04-RR7R_k/blib/arch:/home/eserte/.cpan/build/Perl6-Form-0.04-RR7R_k/blib/lib:/home/eserte/.cpan/build/Perl6-Export-0.07-BmUO6E/blib/arch:/home/eserte/.cpan/build/Perl6-Export-0.07-BmUO6E/blib/lib:/home/eserte/.cpan/build/Data-Visitor-Lite-0.03-GexeQy/blib/arch:/home/eserte/.cpan/build/Data-Visitor-Lite-0.03-GexeQy/blib/lib:/home/eserte/.cpan/build/List-Gen-0.974-T2jdXg/blib/arch:/home/eserte/.cpan/build/List-Gen-0.974-T2jdXg/blib/lib
    PERL5OPT = 
    PERL5_CPANPLUS_IS_RUNNING = 20805
    PERL5_CPAN_IS_RUNNING = 20805
    PERL5_CPAN_IS_RUNNING_IN_RECURSION = 11060,20805
    PERLDOC = -MPod::Perldoc::ToTextOverstrike
    PERL_BATCH = yes
    PERL_CPAN_REPORTER_CONFIG = /var/tmp/cpansmoker-1001/ffvVocAP6I_config.ini
    PERL_EXTUTILS_AUTOINSTALL = --defaultdeps
    PERL_HTML_DISPLAY_CLASS = HTML::Display::Mozilla
    SHELL = /bin/zsh
    TERM = screen
    TMPDIR = /var/tmp/cpansmoker-1001

Perl special variables (and OS-specific diagnostics, for MSWin32):

    $^X = /bbbike/perl-5.18.4/bin/perl
    $UID/$EUID = 1001 / 1001
    $GID = 1001 109 1001
    $EGID = 1001 109 1001

Perl module toolchain versions installed:

    Module              Have    
    ------------------- --------
    CPAN                2.05    
    CPAN::Meta          2.142690
    Cwd                 3.47    
    ExtUtils::CBuilder  0.280220
    ExtUtils::Command   1.17    
    ExtUtils::Install   2.04    
    ExtUtils::MakeMaker 7.04    
    ExtUtils::Manifest  1.68    
    ExtUtils::ParseXS   3.24    
    File::Spec          3.47    
    JSON                2.90    
    JSON::PP            2.27203 
    Module::Build       0.4210  
    Module::Signature   0.73    
    Parse::CPAN::Meta   1.4414  
    Test::Harness       3.34    
    Test::More          1.001009
    YAML                1.14    
    YAML::Syck          1.29    
    version             0.9911  


--

Summary of my perl5 (revision 5 version 18 subversion 4) configuration:
   
  Platform:
    osname=linux, osvers=3.2.0-4-amd64, archname=x86_64-linux
    uname='linux eserte 3.2.0-4-amd64 #1 smp debian 3.2.60-1+deb7u3 x86_64 gnulinux '
    config_args='-ds -e -Dprefix=/opt/perl-5.18.4'
    hint=recommended, useposix=true, d_sigaction=define
    useithreads=undef, usemultiplicity=undef
    useperlio=define, d_sfio=undef, uselargefiles=define, usesocks=undef
    use64bitint=define, use64bitall=define, uselongdouble=undef
    usemymalloc=n, bincompat5005=undef
  Compiler:
    cc='cc', ccflags ='-fno-strict-aliasing -pipe -fstack-protector -I/usr/local/include -D_LARGEFILE_SOURCE -D_FILE_OFFSET_BITS=64',
    optimize='-O2',
    cppflags='-fno-strict-aliasing -pipe -fstack-protector -I/usr/local/include'
    ccversion='', gccversion='4.7.2', gccosandvers=''
    intsize=4, longsize=8, ptrsize=8, doublesize=8, byteorder=12345678
    d_longlong=define, longlongsize=8, d_longdbl=define, longdblsize=16
    ivtype='long', ivsize=8, nvtype='double', nvsize=8, Off_t='off_t', lseeksize=8
    alignbytes=8, prototype=define
  Linker and Libraries:
    ld='cc', ldflags =' -fstack-protector -L/usr/local/lib'
    libpth=/usr/local/lib /lib/x86_64-linux-gnu /lib/../lib /usr/lib/x86_64-linux-gnu /usr/lib/../lib /lib /usr/lib
    libs=-lnsl -ldb -ldl -lm -lcrypt -lutil -lc
    perllibs=-lnsl -ldl -lm -lcrypt -lutil -lc
    libc=, so=so, useshrplib=false, libperl=libperl.a
    gnulibc_version='2.13'
  Dynamic Linking:
    dlsrc=dl_dlopen.xs, dlext=so, d_dlsymun=undef, ccdlflags='-Wl,-E'
    cccdlflags='-fPIC', lddlflags='-shared -O2 -L/usr/local/lib -fstack-protector'


Characteristics of this binary (from libperl): 
  Compile-time options: HAS_TIMES PERLIO_LAYERS PERL_DONT_CREATE_GVSV
                        PERL_HASH_FUNC_ONE_AT_A_TIME_HARD PERL_MALLOC_WRAP
                        PERL_PRESERVE_IVUV PERL_SAWAMPERSAND USE_64_BIT_ALL
                        USE_64_BIT_INT USE_LARGE_FILES USE_LOCALE
                        USE_LOCALE_COLLATE USE_LOCALE_CTYPE
                        USE_LOCALE_NUMERIC USE_PERLIO USE_PERL_ATOF
  Built under linux
  Compiled at Oct  2 2014 05:37:02
  %ENV:
    PERL5LIB="/home/eserte/.cpan/build/WWW-YouTube-Download-0.56-J0ROfA/blib/arch:/home/eserte/.cpan/build/WWW-YouTube-Download-0.56-J0ROfA/blib/lib:/home/eserte/.cpan/build/Perl6-Form-0.04-RR7R_k/blib/arch:/home/eserte/.cpan/build/Perl6-Form-0.04-RR7R_k/blib/lib:/home/eserte/.cpan/build/Perl6-Export-0.07-BmUO6E/blib/arch:/home/eserte/.cpan/build/Perl6-Export-0.07-BmUO6E/blib/lib:/home/eserte/.cpan/build/Data-Visitor-Lite-0.03-GexeQy/blib/arch:/home/eserte/.cpan/build/Data-Visitor-Lite-0.03-GexeQy/blib/lib:/home/eserte/.cpan/build/List-Gen-0.974-T2jdXg/blib/arch:/home/eserte/.cpan/build/List-Gen-0.974-T2jdXg/blib/lib"
    PERL5OPT=""
    PERL5_CPANPLUS_IS_RUNNING="20805"
    PERL5_CPAN_IS_RUNNING="20805"
    PERL5_CPAN_IS_RUNNING_IN_RECURSION="11060,20805"
    PERLDOC="-MPod::Perldoc::ToTextOverstrike"
    PERL_BATCH="yes"
    PERL_CPAN_REPORTER_CONFIG="/var/tmp/cpansmoker-1001/ffvVocAP6I_config.ini"
    PERL_EXTUTILS_AUTOINSTALL="--defaultdeps"
    PERL_HTML_DISPLAY_CLASS="HTML::Display::Mozilla"
  @INC:
    /home/eserte/.cpan/build/WWW-YouTube-Download-0.56-J0ROfA/blib/arch
    /home/eserte/.cpan/build/WWW-YouTube-Download-0.56-J0ROfA/blib/lib
    /home/eserte/.cpan/build/Perl6-Form-0.04-RR7R_k/blib/arch
    /home/eserte/.cpan/build/Perl6-Form-0.04-RR7R_k/blib/lib
    /home/eserte/.cpan/build/Perl6-Export-0.07-BmUO6E/blib/arch
    /home/eserte/.cpan/build/Perl6-Export-0.07-BmUO6E/blib/lib
    /home/eserte/.cpan/build/Data-Visitor-Lite-0.03-GexeQy/blib/arch
    /home/eserte/.cpan/build/Data-Visitor-Lite-0.03-GexeQy/blib/lib
    /home/eserte/.cpan/build/List-Gen-0.974-T2jdXg/blib/arch
    /home/eserte/.cpan/build/List-Gen-0.974-T2jdXg/blib/lib
    /opt/perl-5.18.4/lib/site_perl/5.18.4/x86_64-linux
    /opt/perl-5.18.4/lib/site_perl/5.18.4
    /opt/perl-5.18.4/lib/5.18.4/x86_64-linux
    /opt/perl-5.18.4/lib/5.18.4
    .