Back
From: metabase:user:322078bc-2aae-11df-837a-5e0a49663a4f
Subject: FAIL SPVM-Sys-0.18 5.34.0 SunOS/Solaris
Date: 2022-10-26T23:38:20Z
This distribution has been tested as part of the CPAN Testers
project, supporting the Perl programming language. See
http://wiki.cpantesters.org/ for more information or email
questions to cpan-testers-discuss@perl.org
--
Dear KIMOTO,
This is a computer-generated error report created automatically by
CPANPLUS, version 0.9914. Testers personal comments may appear
at the end of this report.
Thank you for uploading your work to CPAN. However, it appears that
there were some problems testing your distribution.
TEST RESULTS:
Below is the error stack from stage 'make test':
PERL_DL_NONLAZY=1 "/home/cpan/pit/bare/perl-5.34.0/bin/perl" "-MExtUtils::Command::MM" "-MTest::Harness" "-e" "undef *Test::Harness::Switches; test_harness(0, 'blib/lib', 'blib/arch')" t/*.t
[Test Output]Port:20000 at t/00_socket_pre_00.t line 13.
t/00_socket_pre_00.t .. ok
[Test Output]Port:20000 at t/00_socket_pre_01.t line 13.
t/00_socket_pre_01.t .. ok
[Test Output]Port:20000 at t/00_socket_pre_02.t line 13.
t/00_socket_pre_02.t .. ok
The get_osname method is not supported this os
Sys->get_osname at /home/cpan/pit/bare/conf/perl-5.34.0/.cpanplus/5.34.0/build/K0Clw44Qc4/SPVM-Sys-0.18/blib/lib/SPVM/Sys.spvm line 26
at SPVM.xs line 1052
at /home/cpan/pit/jail/gYZS94sC3Y/lib/perl5/i86pc-solaris-64/SPVM/ExchangeAPI.pm line 184.
SPVM::ExchangeAPI::call_spvm_method(SPVM::Builder=HASH(0x1b1d600), "Sys", "get_osname", "SPVM::Sys") called at /home/cpan/pit/jail/gYZS94sC3Y/lib/perl5/i86pc-solaris-64/SPVM.pm line 346
SPVM::call_spvm_method("Sys", "get_osname", "SPVM::Sys") called at /home/cpan/pit/jail/gYZS94sC3Y/lib/perl5/i86pc-solaris-64/SPVM.pm line 175
eval {...} called at /home/cpan/pit/jail/gYZS94sC3Y/lib/perl5/i86pc-solaris-64/SPVM.pm line 175
SPVM::__ANON__("SPVM::Sys") called at t/Sys.t line 72
at /home/cpan/pit/jail/gYZS94sC3Y/lib/perl5/i86pc-solaris-64/SPVM.pm line 177.
SPVM::__ANON__("SPVM::Sys") called at t/Sys.t line 72
# Tests were run but no plan was declared and done_testing() was not seen.
# Looks like your test exited with 255 just after 1.
t/Sys.t ...............
Dubious, test returned 255 (wstat 65280, 0xff00)
All 1 subtests passed
/home/cpan/pit/bare/conf/perl-5.34.0/.cpanplus/5.34.0/build/K0Clw44Qc4/SPVM-Sys-0.18/blib/lib/SPVM/Sys/IO/Stat.c: In function 'SPVM__Sys__IO__Stat__st_mtim_tv_nsec':
/home/cpan/pit/bare/conf/perl-5.34.0/.cpanplus/5.34.0/build/K0Clw44Qc4/SPVM-Sys-0.18/blib/lib/SPVM/Sys/IO/Stat.c:209:36: error: '_timestruc_t' {aka 'struct _timespec'} has no member named 'tv_nsec'; did you mean '__tv_nsec'?
209 | stack[0].lval = st_stat->st_mtim.tv_nsec;
| ^~~~~~~
| __tv_nsec
/home/cpan/pit/bare/conf/perl-5.34.0/.cpanplus/5.34.0/build/K0Clw44Qc4/SPVM-Sys-0.18/blib/lib/SPVM/Sys/IO/Stat.c: In function 'SPVM__Sys__IO__Stat__st_atim_tv_nsec':
/home/cpan/pit/bare/conf/perl-5.34.0/.cpanplus/5.34.0/build/K0Clw44Qc4/SPVM-Sys-0.18/blib/lib/SPVM/Sys/IO/Stat.c:228:36: error: '_timestruc_t' {aka 'struct _timespec'} has no member named 'tv_nsec'; did you mean '__tv_nsec'?
228 | stack[0].lval = st_stat->st_atim.tv_nsec;
| ^~~~~~~
| __tv_nsec
/home/cpan/pit/bare/conf/perl-5.34.0/.cpanplus/5.34.0/build/K0Clw44Qc4/SPVM-Sys-0.18/blib/lib/SPVM/Sys/IO/Stat.c: In function 'SPVM__Sys__IO__Stat__st_ctim_tv_nsec':
/home/cpan/pit/bare/conf/perl-5.34.0/.cpanplus/5.34.0/build/K0Clw44Qc4/SPVM-Sys-0.18/blib/lib/SPVM/Sys/IO/Stat.c:247:36: error: '_timestruc_t' {aka 'struct _timespec'} has no member named 'tv_nsec'; did you mean '__tv_nsec'?
247 | stack[0].lval = st_stat->st_ctim.tv_nsec;
| ^~~~~~~
| __tv_nsec
Can't compile /home/cpan/pit/bare/conf/perl-5.34.0/.cpanplus/5.34.0/build/K0Clw44Qc4/SPVM-Sys-0.18/blib/lib/SPVM/Sys/IO/Stat.c: gcc -c -o /home/cpan/pit/bare/conf/perl-5.34.0/.cpanplus/5.34.0/build/K0Clw44Qc4/SPVM-Sys-0.18/t/.spvm_build/work/object/SPVM/Sys/IO/Stat.o -O3 -fPIC -std=gnu99 -I/home/cpan/pit/jail/gYZS94sC3Y/lib/perl5/i86pc-solaris-64/SPVM/Builder/include -I/home/cpan/pit/bare/conf/perl-5.34.0/.cpanplus/5.34.0/build/K0Clw44Qc4/SPVM-Sys-0.18/blib/lib/SPVM/Sys/IO/Stat.native/include /home/cpan/pit/bare/conf/perl-5.34.0/.cpanplus/5.34.0/build/K0Clw44Qc4/SPVM-Sys-0.18/blib/lib/SPVM/Sys/IO/Stat.c at /home/cpan/pit/jail/gYZS94sC3Y/lib/perl5/i86pc-solaris-64/SPVM/Builder/CC.pm line 366.
SPVM::Builder::CC::compile_single(SPVM::Builder::CC=HASH(0x1cf4620), SPVM::Builder::CompileInfo=HASH(0x199a2d8), SPVM::Builder::Config=HASH(0x1cf51d0)) called at /home/cpan/pit/jail/gYZS94sC3Y/lib/perl5/i86pc-solaris-64/SPVM/Builder/CC.pm line 525
SPVM::Builder::CC::compile(SPVM::Builder::CC=HASH(0x1cf4620), "Sys::IO::Stat", HASH(0x1cf5548)) called at /home/cpan/pit/jail/gYZS94sC3Y/lib/perl5/i86pc-solaris-64/SPVM/Builder/CC.pm line 246
SPVM::Builder::CC::build(SPVM::Builder::CC=HASH(0x1cf4620), "Sys::IO::Stat", HASH(0x1cf4a80)) called at /home/cpan/pit/jail/gYZS94sC3Y/lib/perl5/i86pc-solaris-64/SPVM/Builder/CC.pm line 157
SPVM::Builder::CC::build_runtime(SPVM::Builder::CC=HASH(0x1cf4620), "Sys::IO::Stat", HASH(0x1cf4948)) called at /home/cpan/pit/jail/gYZS94sC3Y/lib/perl5/i86pc-solaris-64/SPVM/Builder.pm line 221
SPVM::Builder::build_and_bind_dynamic_lib_at_runtime(SPVM::Builder=HASH(0x1a8a1a8), "Sys::IO::Stat", "native") called at /home/cpan/pit/jail/gYZS94sC3Y/lib/perl5/i86pc-solaris-64/SPVM.pm line 84
SPVM::import("SPVM", "TestCase::Sys::FileTest") called at t/Sys_FileTest.t line 11
main::BEGIN() called at t/Sys_FileTest.t line 11
eval {...} called at t/Sys_FileTest.t line 11
BEGIN failed--compilation aborted at t/Sys_FileTest.t line 11.
t/Sys_FileTest.t ......
Dubious, test returned 2 (wstat 512, 0x200)
No subtests run
/home/cpan/pit/bare/conf/perl-5.34.0/.cpanplus/5.34.0/build/K0Clw44Qc4/SPVM-Sys-0.18/blib/lib/SPVM/Sys/IO/Stat.c: In function 'SPVM__Sys__IO__Stat__st_mtim_tv_nsec':
/home/cpan/pit/bare/conf/perl-5.34.0/.cpanplus/5.34.0/build/K0Clw44Qc4/SPVM-Sys-0.18/blib/lib/SPVM/Sys/IO/Stat.c:209:36: error: '_timestruc_t' {aka 'struct _timespec'} has no member named 'tv_nsec'; did you mean '__tv_nsec'?
209 | stack[0].lval = st_stat->st_mtim.tv_nsec;
| ^~~~~~~
| __tv_nsec
/home/cpan/pit/bare/conf/perl-5.34.0/.cpanplus/5.34.0/build/K0Clw44Qc4/SPVM-Sys-0.18/blib/lib/SPVM/Sys/IO/Stat.c: In function 'SPVM__Sys__IO__Stat__st_atim_tv_nsec':
/home/cpan/pit/bare/conf/perl-5.34.0/.cpanplus/5.34.0/build/K0Clw44Qc4/SPVM-Sys-0.18/blib/lib/SPVM/Sys/IO/Stat.c:228:36: error: '_timestruc_t' {aka 'struct _timespec'} has no member named 'tv_nsec'; did you mean '__tv_nsec'?
228 | stack[0].lval = st_stat->st_atim.tv_nsec;
| ^~~~~~~
| __tv_nsec
/home/cpan/pit/bare/conf/perl-5.34.0/.cpanplus/5.34.0/build/K0Clw44Qc4/SPVM-Sys-0.18/blib/lib/SPVM/Sys/IO/Stat.c: In function 'SPVM__Sys__IO__Stat__st_ctim_tv_nsec':
/home/cpan/pit/bare/conf/perl-5.34.0/.cpanplus/5.34.0/build/K0Clw44Qc4/SPVM-Sys-0.18/blib/lib/SPVM/Sys/IO/Stat.c:247:36: error: '_timestruc_t' {aka 'struct _timespec'} has no member named 'tv_nsec'; did you mean '__tv_nsec'?
247 | stack[0].lval = st_stat->st_ctim.tv_nsec;
| ^~~~~~~
| __tv_nsec
Can't compile /home/cpan/pit/bare/conf/perl-5.34.0/.cpanplus/5.34.0/build/K0Clw44Qc4/SPVM-Sys-0.18/blib/lib/SPVM/Sys/IO/Stat.c: gcc -c -o /home/cpan/pit/bare/conf/perl-5.34.0/.cpanplus/5.34.0/build/K0Clw44Qc4/SPVM-Sys-0.18/t/.spvm_build/work/object/SPVM/Sys/IO/Stat.o -O3 -fPIC -std=gnu99 -I/home/cpan/pit/jail/gYZS94sC3Y/lib/perl5/i86pc-solaris-64/SPVM/Builder/include -I/home/cpan/pit/bare/conf/perl-5.34.0/.cpanplus/5.34.0/build/K0Clw44Qc4/SPVM-Sys-0.18/blib/lib/SPVM/Sys/IO/Stat.native/include /home/cpan/pit/bare/conf/perl-5.34.0/.cpanplus/5.34.0/build/K0Clw44Qc4/SPVM-Sys-0.18/blib/lib/SPVM/Sys/IO/Stat.c at /home/cpan/pit/jail/gYZS94sC3Y/lib/perl5/i86pc-solaris-64/SPVM/Builder/CC.pm line 366.
SPVM::Builder::CC::compile_single(SPVM::Builder::CC=HASH(0x27b52a8), SPVM::Builder::CompileInfo=HASH(0x1e6da78), SPVM::Builder::Config=HASH(0x27b89b0)) called at /home/cpan/pit/jail/gYZS94sC3Y/lib/perl5/i86pc-solaris-64/SPVM/Builder/CC.pm line 525
SPVM::Builder::CC::compile(SPVM::Builder::CC=HASH(0x27b52a8), "Sys::IO::Stat", HASH(0x27b87e8)) called at /home/cpan/pit/jail/gYZS94sC3Y/lib/perl5/i86pc-solaris-64/SPVM/Builder/CC.pm line 246
SPVM::Builder::CC::build(SPVM::Builder::CC=HASH(0x27b52a8), "Sys::IO::Stat", HASH(0x27b5ad0)) called at /home/cpan/pit/jail/gYZS94sC3Y/lib/perl5/i86pc-solaris-64/SPVM/Builder/CC.pm line 157
SPVM::Builder::CC::build_runtime(SPVM::Builder::CC=HASH(0x27b52a8), "Sys::IO::Stat", HASH(0x27b5bd8)) called at /home/cpan/pit/jail/gYZS94sC3Y/lib/perl5/i86pc-solaris-64/SPVM/Builder.pm line 221
SPVM::Builder::build_and_bind_dynamic_lib_at_runtime(SPVM::Builder=HASH(0x1f5d388), "Sys::IO::Stat", "native") called at /home/cpan/pit/jail/gYZS94sC3Y/lib/perl5/i86pc-solaris-64/SPVM.pm line 84
SPVM::import("SPVM", "TestCase::Sys::IO") called at t/Sys_IO.t line 11
main::BEGIN() called at t/Sys_IO.t line 11
eval {...} called at t/Sys_IO.t line 11
BEGIN failed--compilation aborted at t/Sys_IO.t line 11.
t/Sys_IO.t ............
Dubious, test returned 2 (wstat 512, 0x200)
No subtests run
/home/cpan/pit/bare/conf/perl-5.34.0/.cpanplus/5.34.0/build/K0Clw44Qc4/SPVM-Sys-0.18/blib/lib/SPVM/Sys/IO/Stat.c: In function 'SPVM__Sys__IO__Stat__st_mtim_tv_nsec':
/home/cpan/pit/bare/conf/perl-5.34.0/.cpanplus/5.34.0/build/K0Clw44Qc4/SPVM-Sys-0.18/blib/lib/SPVM/Sys/IO/Stat.c:209:36: error: '_timestruc_t' {aka 'struct _timespec'} has no member named 'tv_nsec'; did you mean '__tv_nsec'?
209 | stack[0].lval = st_stat->st_mtim.tv_nsec;
| ^~~~~~~
| __tv_nsec
/home/cpan/pit/bare/conf/perl-5.34.0/.cpanplus/5.34.0/build/K0Clw44Qc4/SPVM-Sys-0.18/blib/lib/SPVM/Sys/IO/Stat.c: In function 'SPVM__Sys__IO__Stat__st_atim_tv_nsec':
/home/cpan/pit/bare/conf/perl-5.34.0/.cpanplus/5.34.0/build/K0Clw44Qc4/SPVM-Sys-0.18/blib/lib/SPVM/Sys/IO/Stat.c:228:36: error: '_timestruc_t' {aka 'struct _timespec'} has no member named 'tv_nsec'; did you mean '__tv_nsec'?
228 | stack[0].lval = st_stat->st_atim.tv_nsec;
| ^~~~~~~
| __tv_nsec
/home/cpan/pit/bare/conf/perl-5.34.0/.cpanplus/5.34.0/build/K0Clw44Qc4/SPVM-Sys-0.18/blib/lib/SPVM/Sys/IO/Stat.c: In function 'SPVM__Sys__IO__Stat__st_ctim_tv_nsec':
/home/cpan/pit/bare/conf/perl-5.34.0/.cpanplus/5.34.0/build/K0Clw44Qc4/SPVM-Sys-0.18/blib/lib/SPVM/Sys/IO/Stat.c:247:36: error: '_timestruc_t' {aka 'struct _timespec'} has no member named 'tv_nsec'; did you mean '__tv_nsec'?
247 | stack[0].lval = st_stat->st_ctim.tv_nsec;
| ^~~~~~~
| __tv_nsec
Can't compile /home/cpan/pit/bare/conf/perl-5.34.0/.cpanplus/5.34.0/build/K0Clw44Qc4/SPVM-Sys-0.18/blib/lib/SPVM/Sys/IO/Stat.c: gcc -c -o /home/cpan/pit/bare/conf/perl-5.34.0/.cpanplus/5.34.0/build/K0Clw44Qc4/SPVM-Sys-0.18/t/.spvm_build/work/object/SPVM/Sys/IO/Stat.o -O3 -fPIC -std=gnu99 -I/home/cpan/pit/jail/gYZS94sC3Y/lib/perl5/i86pc-solaris-64/SPVM/Builder/include -I/home/cpan/pit/bare/conf/perl-5.34.0/.cpanplus/5.34.0/build/K0Clw44Qc4/SPVM-Sys-0.18/blib/lib/SPVM/Sys/IO/Stat.native/include /home/cpan/pit/bare/conf/perl-5.34.0/.cpanplus/5.34.0/build/K0Clw44Qc4/SPVM-Sys-0.18/blib/lib/SPVM/Sys/IO/Stat.c at /home/cpan/pit/jail/gYZS94sC3Y/lib/perl5/i86pc-solaris-64/SPVM/Builder/CC.pm line 366.
SPVM::Builder::CC::compile_single(SPVM::Builder::CC=HASH(0x26bd2d0), SPVM::Builder::CompileInfo=HASH(0x1ca2a48), SPVM::Builder::Config=HASH(0x26cc418)) called at /home/cpan/pit/jail/gYZS94sC3Y/lib/perl5/i86pc-solaris-64/SPVM/Builder/CC.pm line 525
SPVM::Builder::CC::compile(SPVM::Builder::CC=HASH(0x26bd2d0), "Sys::IO::Stat", HASH(0x26ccdd8)) called at /home/cpan/pit/jail/gYZS94sC3Y/lib/perl5/i86pc-solaris-64/SPVM/Builder/CC.pm line 246
SPVM::Builder::CC::build(SPVM::Builder::CC=HASH(0x26bd2d0), "Sys::IO::Stat", HASH(0x26cc240)) called at /home/cpan/pit/jail/gYZS94sC3Y/lib/perl5/i86pc-solaris-64/SPVM/Builder/CC.pm line 157
SPVM::Builder::CC::build_runtime(SPVM::Builder::CC=HASH(0x26bd2d0), "Sys::IO::Stat", HASH(0x26cc048)) called at /home/cpan/pit/jail/gYZS94sC3Y/lib/perl5/i86pc-solaris-64/SPVM/Builder.pm line 221
SPVM::Builder::build_and_bind_dynamic_lib_at_runtime(SPVM::Builder=HASH(0x1d90ca8), "Sys::IO::Stat", "native") called at /home/cpan/pit/jail/gYZS94sC3Y/lib/perl5/i86pc-solaris-64/SPVM.pm line 84
SPVM::import("SPVM", "TestCase::Sys::Ioctl") called at t/Sys_Ioctl.t line 16
main::BEGIN() called at t/Sys_Ioctl.t line 16
eval {...} called at t/Sys_Ioctl.t line 16
BEGIN failed--compilation aborted at t/Sys_Ioctl.t line 16.
t/Sys_Ioctl.t .........
Dubious, test returned 2 (wstat 512, 0x200)
No subtests run
/home/cpan/pit/bare/conf/perl-5.34.0/.cpanplus/5.34.0/build/K0Clw44Qc4/SPVM-Sys-0.18/blib/lib/SPVM/Sys/IO/Stat.c: In function 'SPVM__Sys__IO__Stat__st_mtim_tv_nsec':
/home/cpan/pit/bare/conf/perl-5.34.0/.cpanplus/5.34.0/build/K0Clw44Qc4/SPVM-Sys-0.18/blib/lib/SPVM/Sys/IO/Stat.c:209:36: error: '_timestruc_t' {aka 'struct _timespec'} has no member named 'tv_nsec'; did you mean '__tv_nsec'?
209 | stack[0].lval = st_stat->st_mtim.tv_nsec;
| ^~~~~~~
| __tv_nsec
/home/cpan/pit/bare/conf/perl-5.34.0/.cpanplus/5.34.0/build/K0Clw44Qc4/SPVM-Sys-0.18/blib/lib/SPVM/Sys/IO/Stat.c: In function 'SPVM__Sys__IO__Stat__st_atim_tv_nsec':
/home/cpan/pit/bare/conf/perl-5.34.0/.cpanplus/5.34.0/build/K0Clw44Qc4/SPVM-Sys-0.18/blib/lib/SPVM/Sys/IO/Stat.c:228:36: error: '_timestruc_t' {aka 'struct _timespec'} has no member named 'tv_nsec'; did you mean '__tv_nsec'?
228 | stack[0].lval = st_stat->st_atim.tv_nsec;
| ^~~~~~~
| __tv_nsec
/home/cpan/pit/bare/conf/perl-5.34.0/.cpanplus/5.34.0/build/K0Clw44Qc4/SPVM-Sys-0.18/blib/lib/SPVM/Sys/IO/Stat.c: In function 'SPVM__Sys__IO__Stat__st_ctim_tv_nsec':
/home/cpan/pit/bare/conf/perl-5.34.0/.cpanplus/5.34.0/build/K0Clw44Qc4/SPVM-Sys-0.18/blib/lib/SPVM/Sys/IO/Stat.c:247:36: error: '_timestruc_t' {aka 'struct _timespec'} has no member named 'tv_nsec'; did you mean '__tv_nsec'?
247 | stack[0].lval = st_stat->st_ctim.tv_nsec;
| ^~~~~~~
| __tv_nsec
Can't compile /home/cpan/pit/bare/conf/perl-5.34.0/.cpanplus/5.34.0/build/K0Clw44Qc4/SPVM-Sys-0.18/blib/lib/SPVM/Sys/IO/Stat.c: gcc -c -o /home/cpan/pit/bare/conf/perl-5.34.0/.cpanplus/5.34.0/build/K0Clw44Qc4/SPVM-Sys-0.18/t/.spvm_build/work/object/SPVM/Sys/IO/Stat.o -O3 -fPIC -std=gnu99 -I/home/cpan/pit/jail/gYZS94sC3Y/lib/perl5/i86pc-solaris-64/SPVM/Builder/include -I/home/cpan/pit/bare/conf/perl-5.34.0/.cpanplus/5.34.0/build/K0Clw44Qc4/SPVM-Sys-0.18/blib/lib/SPVM/Sys/IO/Stat.native/include /home/cpan/pit/bare/conf/perl-5.34.0/.cpanplus/5.34.0/build/K0Clw44Qc4/SPVM-Sys-0.18/blib/lib/SPVM/Sys/IO/Stat.c at /home/cpan/pit/jail/gYZS94sC3Y/lib/perl5/i86pc-solaris-64/SPVM/Builder/CC.pm line 366.
SPVM::Builder::CC::compile_single(SPVM::Builder::CC=HASH(0x2ca0bc8), SPVM::Builder::CompileInfo=HASH(0x2ca1d58), SPVM::Builder::Config=HASH(0x2ca1768)) called at /home/cpan/pit/jail/gYZS94sC3Y/lib/perl5/i86pc-solaris-64/SPVM/Builder/CC.pm line 525
SPVM::Builder::CC::compile(SPVM::Builder::CC=HASH(0x2ca0bc8), "Sys::IO::Stat", HASH(0x2ca17b0)) called at /home/cpan/pit/jail/gYZS94sC3Y/lib/perl5/i86pc-solaris-64/SPVM/Builder/CC.pm line 246
SPVM::Builder::CC::build(SPVM::Builder::CC=HASH(0x2ca0bc8), "Sys::IO::Stat", HASH(0x1f038f0)) called at /home/cpan/pit/jail/gYZS94sC3Y/lib/perl5/i86pc-solaris-64/SPVM/Builder/CC.pm line 157
SPVM::Builder::CC::build_runtime(SPVM::Builder::CC=HASH(0x2ca0bc8), "Sys::IO::Stat", HASH(0x2ca0fe8)) called at /home/cpan/pit/jail/gYZS94sC3Y/lib/perl5/i86pc-solaris-64/SPVM/Builder.pm line 221
SPVM::Builder::build_and_bind_dynamic_lib_at_runtime(SPVM::Builder=HASH(0x1e8a668), "Sys::IO::Stat", "native") called at /home/cpan/pit/jail/gYZS94sC3Y/lib/perl5/i86pc-solaris-64/SPVM.pm line 84
SPVM::import("SPVM", "TestCase::Sys::Poll") called at t/Sys_Poll.t line 16
main::BEGIN() called at t/Sys_Poll.t line 16
eval {...} called at t/Sys_Poll.t line 16
BEGIN failed--compilation aborted at t/Sys_Poll.t line 16.
t/Sys_Poll.t ..........
Dubious, test returned 2 (wstat 512, 0x200)
No subtests run
[Test Output]system at -e line 1.
t/Sys_Process.t ....... ok
/home/cpan/pit/bare/conf/perl-5.34.0/.cpanplus/5.34.0/build/K0Clw44Qc4/SPVM-Sys-0.18/blib/lib/SPVM/Sys/IO/Stat.c: In function 'SPVM__Sys__IO__Stat__st_mtim_tv_nsec':
/home/cpan/pit/bare/conf/perl-5.34.0/.cpanplus/5.34.0/build/K0Clw44Qc4/SPVM-Sys-0.18/blib/lib/SPVM/Sys/IO/Stat.c:209:36: error: '_timestruc_t' {aka 'struct _timespec'} has no member named 'tv_nsec'; did you mean '__tv_nsec'?
209 | stack[0].lval = st_stat->st_mtim.tv_nsec;
| ^~~~~~~
| __tv_nsec
/home/cpan/pit/bare/conf/perl-5.34.0/.cpanplus/5.34.0/build/K0Clw44Qc4/SPVM-Sys-0.18/blib/lib/SPVM/Sys/IO/Stat.c: In function 'SPVM__Sys__IO__Stat__st_atim_tv_nsec':
/home/cpan/pit/bare/conf/perl-5.34.0/.cpanplus/5.34.0/build/K0Clw44Qc4/SPVM-Sys-0.18/blib/lib/SPVM/Sys/IO/Stat.c:228:36: error: '_timestruc_t' {aka 'struct _timespec'} has no member named 'tv_nsec'; did you mean '__tv_nsec'?
228 | stack[0].lval = st_stat->st_atim.tv_nsec;
| ^~~~~~~
| __tv_nsec
/home/cpan/pit/bare/conf/perl-5.34.0/.cpanplus/5.34.0/build/K0Clw44Qc4/SPVM-Sys-0.18/blib/lib/SPVM/Sys/IO/Stat.c: In function 'SPVM__Sys__IO__Stat__st_ctim_tv_nsec':
/home/cpan/pit/bare/conf/perl-5.34.0/.cpanplus/5.34.0/build/K0Clw44Qc4/SPVM-Sys-0.18/blib/lib/SPVM/Sys/IO/Stat.c:247:36: error: '_timestruc_t' {aka 'struct _timespec'} has no member named 'tv_nsec'; did you mean '__tv_nsec'?
247 | stack[0].lval = st_stat->st_ctim.tv_nsec;
| ^~~~~~~
| __tv_nsec
Can't compile /home/cpan/pit/bare/conf/perl-5.34.0/.cpanplus/5.34.0/build/K0Clw44Qc4/SPVM-Sys-0.18/blib/lib/SPVM/Sys/IO/Stat.c: gcc -c -o /home/cpan/pit/bare/conf/perl-5.34.0/.cpanplus/5.34.0/build/K0Clw44Qc4/SPVM-Sys-0.18/t/.spvm_build/work/object/SPVM/Sys/IO/Stat.o -O3 -fPIC -std=gnu99 -I/home/cpan/pit/jail/gYZS94sC3Y/lib/perl5/i86pc-solaris-64/SPVM/Builder/include -I/home/cpan/pit/bare/conf/perl-5.34.0/.cpanplus/5.34.0/build/K0Clw44Qc4/SPVM-Sys-0.18/blib/lib/SPVM/Sys/IO/Stat.native/include /home/cpan/pit/bare/conf/perl-5.34.0/.cpanplus/5.34.0/build/K0Clw44Qc4/SPVM-Sys-0.18/blib/lib/SPVM/Sys/IO/Stat.c at /home/cpan/pit/jail/gYZS94sC3Y/lib/perl5/i86pc-solaris-64/SPVM/Builder/CC.pm line 366.
SPVM::Builder::CC::compile_single(SPVM::Builder::CC=HASH(0x2eac5a8), SPVM::Builder::CompileInfo=HASH(0x30c6700), SPVM::Builder::Config=HASH(0x2ec62b8)) called at /home/cpan/pit/jail/gYZS94sC3Y/lib/perl5/i86pc-solaris-64/SPVM/Builder/CC.pm line 525
SPVM::Builder::CC::compile(SPVM::Builder::CC=HASH(0x2eac5a8), "Sys::IO::Stat", HASH(0x30ac690)) called at /home/cpan/pit/jail/gYZS94sC3Y/lib/perl5/i86pc-solaris-64/SPVM/Builder/CC.pm line 246
SPVM::Builder::CC::build(SPVM::Builder::CC=HASH(0x2eac5a8), "Sys::IO::Stat", HASH(0x2eac9f8)) called at /home/cpan/pit/jail/gYZS94sC3Y/lib/perl5/i86pc-solaris-64/SPVM/Builder/CC.pm line 157
SPVM::Builder::CC::build_runtime(SPVM::Builder::CC=HASH(0x2eac5a8), "Sys::IO::Stat", HASH(0x2eacdb8)) called at /home/cpan/pit/jail/gYZS94sC3Y/lib/perl5/i86pc-solaris-64/SPVM/Builder.pm line 221
SPVM::Builder::build_and_bind_dynamic_lib_at_runtime(SPVM::Builder=HASH(0x2576928), "Sys::IO::Stat", "native") called at /home/cpan/pit/jail/gYZS94sC3Y/lib/perl5/i86pc-solaris-64/SPVM.pm line 84
SPVM::import("SPVM", "TestCase::Sys::Select") called at t/Sys_Select.t line 16
main::BEGIN() called at t/Sys_Select.t line 16
eval {...} called at t/Sys_Select.t line 16
BEGIN failed--compilation aborted at t/Sys_Select.t line 16.
t/Sys_Select.t ........
Dubious, test returned 2 (wstat 512, 0x200)
No subtests run
/home/cpan/pit/bare/conf/perl-5.34.0/.cpanplus/5.34.0/build/K0Clw44Qc4/SPVM-Sys-0.18/blib/lib/SPVM/Sys/IO/Stat.c: In function 'SPVM__Sys__IO__Stat__st_mtim_tv_nsec':
/home/cpan/pit/bare/conf/perl-5.34.0/.cpanplus/5.34.0/build/K0Clw44Qc4/SPVM-Sys-0.18/blib/lib/SPVM/Sys/IO/Stat.c:209:36: error: '_timestruc_t' {aka 'struct _timespec'} has no member named 'tv_nsec'; did you mean '__tv_nsec'?
209 | stack[0].lval = st_stat->st_mtim.tv_nsec;
| ^~~~~~~
| __tv_nsec
/home/cpan/pit/bare/conf/perl-5.34.0/.cpanplus/5.34.0/build/K0Clw44Qc4/SPVM-Sys-0.18/blib/lib/SPVM/Sys/IO/Stat.c: In function 'SPVM__Sys__IO__Stat__st_atim_tv_nsec':
/home/cpan/pit/bare/conf/perl-5.34.0/.cpanplus/5.34.0/build/K0Clw44Qc4/SPVM-Sys-0.18/blib/lib/SPVM/Sys/IO/Stat.c:228:36: error: '_timestruc_t' {aka 'struct _timespec'} has no member named 'tv_nsec'; did you mean '__tv_nsec'?
228 | stack[0].lval = st_stat->st_atim.tv_nsec;
| ^~~~~~~
| __tv_nsec
/home/cpan/pit/bare/conf/perl-5.34.0/.cpanplus/5.34.0/build/K0Clw44Qc4/SPVM-Sys-0.18/blib/lib/SPVM/Sys/IO/Stat.c: In function 'SPVM__Sys__IO__Stat__st_ctim_tv_nsec':
/home/cpan/pit/bare/conf/perl-5.34.0/.cpanplus/5.34.0/build/K0Clw44Qc4/SPVM-Sys-0.18/blib/lib/SPVM/Sys/IO/Stat.c:247:36: error: '_timestruc_t' {aka 'struct _timespec'} has no member named 'tv_nsec'; did you mean '__tv_nsec'?
247 | stack[0].lval = st_stat->st_ctim.tv_nsec;
| ^~~~~~~
| __tv_nsec
Can't compile /home/cpan/pit/bare/conf/perl-5.34.0/.cpanplus/5.34.0/build/K0Clw44Qc4/SPVM-Sys-0.18/blib/lib/SPVM/Sys/IO/Stat.c: gcc -c -o /home/cpan/pit/bare/conf/perl-5.34.0/.cpanplus/5.34.0/build/K0Clw44Qc4/SPVM-Sys-0.18/t/.spvm_build/work/object/SPVM/Sys/IO/Stat.o -O3 -fPIC -std=gnu99 -I/home/cpan/pit/jail/gYZS94sC3Y/lib/perl5/i86pc-solaris-64/SPVM/Builder/include -I/home/cpan/pit/bare/conf/perl-5.34.0/.cpanplus/5.34.0/build/K0Clw44Qc4/SPVM-Sys-0.18/blib/lib/SPVM/Sys/IO/Stat.native/include /home/cpan/pit/bare/conf/perl-5.34.0/.cpanplus/5.34.0/build/K0Clw44Qc4/SPVM-Sys-0.18/blib/lib/SPVM/Sys/IO/Stat.c at /home/cpan/pit/jail/gYZS94sC3Y/lib/perl5/i86pc-solaris-64/SPVM/Builder/CC.pm line 366.
SPVM::Builder::CC::compile_single(SPVM::Builder::CC=HASH(0x21862f8), SPVM::Builder::CompileInfo=HASH(0x1784148), SPVM::Builder::Config=HASH(0x2187750)) called at /home/cpan/pit/jail/gYZS94sC3Y/lib/perl5/i86pc-solaris-64/SPVM/Builder/CC.pm line 525
SPVM::Builder::CC::compile(SPVM::Builder::CC=HASH(0x21862f8), "Sys::IO::Stat", HASH(0x2187b70)) called at /home/cpan/pit/jail/gYZS94sC3Y/lib/perl5/i86pc-solaris-64/SPVM/Builder/CC.pm line 246
SPVM::Builder::CC::build(SPVM::Builder::CC=HASH(0x21862f8), "Sys::IO::Stat", HASH(0x21863a0)) called at /home/cpan/pit/jail/gYZS94sC3Y/lib/perl5/i86pc-solaris-64/SPVM/Builder/CC.pm line 157
SPVM::Builder::CC::build_runtime(SPVM::Builder::CC=HASH(0x21862f8), "Sys::IO::Stat", HASH(0x2186790)) called at /home/cpan/pit/jail/gYZS94sC3Y/lib/perl5/i86pc-solaris-64/SPVM/Builder.pm line 221
SPVM::Builder::build_and_bind_dynamic_lib_at_runtime(SPVM::Builder=HASH(0x1872268), "Sys::IO::Stat", "native") called at /home/cpan/pit/jail/gYZS94sC3Y/lib/perl5/i86pc-solaris-64/SPVM.pm line 84
SPVM::import("SPVM", "Sys::Socket") called at t/Sys_Socket.t line 15
main::BEGIN() called at t/Sys_Socket.t line 15
eval {...} called at t/Sys_Socket.t line 15
BEGIN failed--compilation aborted at t/Sys_Socket.t line 15.
t/Sys_Socket.t ........
Dubious, test returned 2 (wstat 512, 0x200)
No subtests run
221634770 at /home/cpan/pit/bare/conf/perl-5.34.0/.cpanplus/5.34.0/build/K0Clw44Qc4/SPVM-Sys-0.18/t/lib/SPVM/TestCase/Sys/Time.spvm line 115
440 at /home/cpan/pit/bare/conf/perl-5.34.0/.cpanplus/5.34.0/build/K0Clw44Qc4/SPVM-Sys-0.18/t/lib/SPVM/TestCase/Sys/Time.spvm line 121
88 at /home/cpan/pit/bare/conf/perl-5.34.0/.cpanplus/5.34.0/build/K0Clw44Qc4/SPVM-Sys-0.18/t/lib/SPVM/TestCase/Sys/Time.spvm line 127
0 at /home/cpan/pit/bare/conf/perl-5.34.0/.cpanplus/5.34.0/build/K0Clw44Qc4/SPVM-Sys-0.18/t/lib/SPVM/TestCase/Sys/Time.spvm line 133
0 at /home/cpan/pit/bare/conf/perl-5.34.0/.cpanplus/5.34.0/build/K0Clw44Qc4/SPVM-Sys-0.18/t/lib/SPVM/TestCase/Sys/Time.spvm line 139
t/Sys_Time.t .......... ok
t/Sys_User.t .......... ok
Test Summary Report
-------------------
t/Sys.t (Wstat: 65280 (exited 255) Tests: 1 Failed: 0)
Non-zero exit status: 255
Parse errors: No plan found in TAP output
t/Sys_FileTest.t (Wstat: 512 (exited 2) Tests: 0 Failed: 0)
Non-zero exit status: 2
Parse errors: No plan found in TAP output
t/Sys_IO.t (Wstat: 512 (exited 2) Tests: 0 Failed: 0)
Non-zero exit status: 2
Parse errors: No plan found in TAP output
t/Sys_Ioctl.t (Wstat: 512 (exited 2) Tests: 0 Failed: 0)
Non-zero exit status: 2
Parse errors: No plan found in TAP output
t/Sys_Poll.t (Wstat: 512 (exited 2) Tests: 0 Failed: 0)
Non-zero exit status: 2
Parse errors: No plan found in TAP output
t/Sys_Select.t (Wstat: 512 (exited 2) Tests: 0 Failed: 0)
Non-zero exit status: 2
Parse errors: No plan found in TAP output
t/Sys_Socket.t (Wstat: 512 (exited 2) Tests: 0 Failed: 0)
Non-zero exit status: 2
Parse errors: No plan found in TAP output
Files=13, Tests=59, 14 wallclock secs ( 0.10 usr 0.05 sys + 7.34 cusr 1.64 csys = 9.13 CPU)
Result: FAIL
Failed 7/13 test programs. 0/59 subtests failed.
*** Error code 255
make: Fatal error: Command failed for target `test_dynamic'
PREREQUISITES:
Here is a list of prerequisites you specified and versions we
managed to load:
Module Name Have Want
ExtUtils::MakeMaker 7.64 0
SPVM::Errno 0.06 0.06
Perl module toolchain versions installed:
Module Name Have
CPANPLUS 0.9914
CPANPLUS::Dist::Build 0.90
Cwd 3.80
ExtUtils::CBuilder 0.280236
ExtUtils::Command 7.64
ExtUtils::Install 2.20
ExtUtils::MakeMaker 7.64
ExtUtils::Manifest 1.73
ExtUtils::ParseXS 3.44
File::Spec 3.80
Module::Build 0.4231
Pod::Parser 0
Pod::Simple 3.42
Test2 1.302191
Test::Harness 3.44
Test::More 1.302191
version 0.9929
******************************** NOTE ********************************
The comments above are created mechanically, possibly without manual
checking by the sender. As there are many people performing automatic
tests on each upload to CPAN, it is likely that you will receive
identical messages about the same problem.
If you believe that the message is mistaken, please reply to the first
one with correction and/or additional informations, and do not take
it personally. We appreciate your patience. :)
**********************************************************************
Additional comments:
This report was machine-generated by CPANPLUS::Dist::YACSmoke 1.08.
Powered by minismokebox version 0.68
CPANPLUS is prefering Build.PL
------------------------------
ENVIRONMENT AND OTHER CONTEXT
------------------------------
Environment variables:
AUTOMATED_TESTING = 1
LANG = en_GB.UTF-8
NONINTERACTIVE_TESTING = 1
PATH = /usr/bin:/usr/sbin:/sbin:/opt/ooce/bin:/usr/gnu/bin
PERL5LIB = /home/cpan/pit/jail/gYZS94sC3Y/lib/perl5:/home/cpan/pit/bare/conf/perl-5.34.0/.cpanplus/5.34.0/build/K0Clw44Qc4/SPVM-Sys-0.18/blib/lib:/home/cpan/pit/bare/conf/perl-5.34.0/.cpanplus/5.34.0/build/K0Clw44Qc4/SPVM-Sys-0.18/blib/arch
PERL5_CPANPLUS_IS_RUNNING = 7522
PERL5_CPANPLUS_IS_VERSION = 0.9914
PERL5_MINISMOKEBOX = 0.68
PERL5_YACSMOKE_BASE = /home/cpan/pit/bare/conf/perl-5.34.0
PERL_EXTUTILS_AUTOINSTALL = --defaultdeps
PERL_LOCAL_LIB_ROOT = /home/cpan/pit/jail/gYZS94sC3Y
PERL_MB_OPT = --install_base "/home/cpan/pit/jail/gYZS94sC3Y"
PERL_MM_OPT = INSTALL_BASE=/home/cpan/pit/jail/gYZS94sC3Y
PERL_MM_USE_DEFAULT = 1
SHELL = /bin/bash
TERM = screen.xterm-256color
Perl special variables (and OS-specific diagnostics, for MSWin32):
Perl: $^X = /home/cpan/pit/bare/perl-5.34.0/bin/perl
UID: $< = 101
EUID: $> = 101
GID: $( = 101 101
EGID: $) = 101 101
-------------------------------
--
Summary of my perl5 (revision 5 version 34 subversion 0) configuration:
Platform:
osname=solaris
osvers=2.11
archname=i86pc-solaris-64
uname='sunos ouzel 5.11 omnios-r151038-adeb0c00cf i86pc i386 i86pc '
config_args='-des -Dprefix=/home/cpan/pit/bare/perl-5.34.0 -Duse64bitall -Dcc=gcc'
hint=recommended
useposix=true
d_sigaction=define
useithreads=undef
usemultiplicity=undef
use64bitint=define
use64bitall=define
uselongdouble=undef
usemymalloc=n
default_inc_excludes_dot=define
Compiler:
cc='gcc'
ccflags ='-m64 -fwrapv -fno-strict-aliasing -pipe -fstack-protector-strong -D_LARGEFILE_SOURCE -D_FILE_OFFSET_BITS=64 -D_FORTIFY_SOURCE=2 -DPERL_USE_SAFE_PUTENV'
optimize='-O'
cppflags='-m64 -fwrapv -fno-strict-aliasing -pipe -fstack-protector-strong'
ccversion=''
gccversion='10.2.0'
gccosandvers=''
intsize=4
longsize=8
ptrsize=8
doublesize=8
byteorder=12345678
doublekind=3
d_longlong=define
longlongsize=8
d_longdbl=define
longdblsize=16
longdblkind=3
ivtype='long'
ivsize=8
nvtype='double'
nvsize=8
Off_t='off_t'
lseeksize=8
alignbytes=8
prototype=define
Linker and Libraries:
ld='gcc'
ldflags =' -m64 -fstack-protector-strong -L/usr/gnu/lib '
libpth=/opt/gcc-10/lib /usr/lib /usr/gnu/lib /usr/ccs/lib
libs=-lpthread -lsocket -lnsl -ldl -lm -lc
perllibs=-lpthread -lsocket -lnsl -ldl -lm -lc
libc=/lib/libc.so
so=so
useshrplib=true
libperl=libperl.so
gnulibc_version=''
Dynamic Linking:
dlsrc=dl_dlopen.xs
dlext=so
d_dlsymun=undef
ccdlflags=' -R /home/cpan/pit/bare/perl-5.34.0/lib/5.34.0/i86pc-solaris-64/CORE'
cccdlflags='-fPIC'
lddlflags=' -shared -m64 -L/usr/gnu/lib -fstack-protector-strong'
Characteristics of this binary (from libperl):
Compile-time options:
HAS_TIMES
PERLIO_LAYERS
PERL_COPY_ON_WRITE
PERL_DONT_CREATE_GVSV
PERL_MALLOC_WRAP
PERL_OP_PARENT
PERL_PRESERVE_IVUV
PERL_USE_SAFE_PUTENV
USE_64_BIT_ALL
USE_64_BIT_INT
USE_LARGE_FILES
USE_LOCALE
USE_LOCALE_COLLATE
USE_LOCALE_CTYPE
USE_LOCALE_NUMERIC
USE_LOCALE_TIME
USE_PERLIO
USE_PERL_ATOF
Built under solaris
Compiled at May 22 2021 21:56:18
%ENV:
PERL5LIB="/home/cpan/pit/jail/gYZS94sC3Y/lib/perl5:/home/cpan/pit/bare/conf/perl-5.34.0/.cpanplus/5.34.0/build/K0Clw44Qc4/SPVM-Sys-0.18/blib/lib:/home/cpan/pit/bare/conf/perl-5.34.0/.cpanplus/5.34.0/build/K0Clw44Qc4/SPVM-Sys-0.18/blib/arch"
PERL5_CPANPLUS_IS_RUNNING="7522"
PERL5_CPANPLUS_IS_VERSION="0.9914"
PERL5_MINISMOKEBOX="0.68"
PERL5_YACSMOKE_BASE="/home/cpan/pit/bare/conf/perl-5.34.0"
PERL_EXTUTILS_AUTOINSTALL="--defaultdeps"
PERL_LOCAL_LIB_ROOT="/home/cpan/pit/jail/gYZS94sC3Y"
PERL_MB_OPT="--install_base "/home/cpan/pit/jail/gYZS94sC3Y""
PERL_MM_OPT="INSTALL_BASE=/home/cpan/pit/jail/gYZS94sC3Y"
PERL_MM_USE_DEFAULT="1"
@INC:
/home/cpan/pit/jail/gYZS94sC3Y/lib/perl5/5.34.0/i86pc-solaris-64
/home/cpan/pit/jail/gYZS94sC3Y/lib/perl5/5.34.0
/home/cpan/pit/jail/gYZS94sC3Y/lib/perl5/i86pc-solaris-64
/home/cpan/pit/jail/gYZS94sC3Y/lib/perl5
/home/cpan/pit/bare/conf/perl-5.34.0/.cpanplus/5.34.0/build/K0Clw44Qc4/SPVM-Sys-0.18/blib/lib
/home/cpan/pit/bare/conf/perl-5.34.0/.cpanplus/5.34.0/build/K0Clw44Qc4/SPVM-Sys-0.18/blib/arch
/home/cpan/pit/bare/perl-5.34.0/lib/site_perl/5.34.0/i86pc-solaris-64
/home/cpan/pit/bare/perl-5.34.0/lib/site_perl/5.34.0
/home/cpan/pit/bare/perl-5.34.0/lib/5.34.0/i86pc-solaris-64
/home/cpan/pit/bare/perl-5.34.0/lib/5.34.0