Report for Task-MusicBundle-0.05

Back
From: metabase:user:314402c4-2aae-11df-837a-5e0a49663a4f
Subject: FAIL Task-MusicBundle-0.05 v5.14.4 GNU/Linux
Date: 2014-09-27T18:37:10Z

This distribution has been tested as part of the CPAN Testers
project, supporting the Perl programming language.  See
http://wiki.cpantesters.org/ for more information or email
questions to cpan-testers-discuss@perl.org


--
Dear Gene Boggs,

This is a computer-generated report for Task-MusicBundle-0.05
on perl 5.14.4, created by CPAN-Reporter-1.2011.

Thank you for uploading your work to CPAN.  However, there was a problem
testing your distribution.

If you think this report is invalid, please consult the CPAN Testers Wiki
for suggestions on how to avoid getting FAIL reports for missing library
or binary dependencies, unsupported operating systems, and so on:

http://wiki.cpantesters.org/wiki/CPANAuthorNotes

Sections of this report:

    * Tester comments
    * Program output
    * Prerequisites
    * Environment and other context

------------------------------
TESTER COMMENTS
------------------------------

Additional comments from tester:

none provided

------------------------------
PROGRAM OUTPUT
------------------------------

Output from '/usr/bin/make test':

PERL_DL_NONLAZY=1 /bbbike/perl-5.14.4/bin/perl5.14.4 "-MExtUtils::Command::MM" "-MTest::Harness" "-e" "undef *Test::Harness::Switches; test_harness(0, 'blib/lib', 'blib/arch')" t/*.t
t/00-compile.t ............ ok
BZZzz
#   Failed test 'use Music::PitchNum;'
#   at t/00-load.t line 32.
#     Tried to use 'Music::PitchNum'.
#     Error:  Can't locate Music/PitchNum.pm in @INC (@INC contains: /tmpfs/.cpan-build/Task-MusicBundle-0.05-yzonZX/blib/lib /tmpfs/.cpan-build/Task-MusicBundle-0.05-yzonZX/blib/arch /opt/perl-5.14.4/lib/site_perl/5.14.4/x86_64-linux /opt/perl-5.14.4/lib/site_perl/5.14.4 /opt/perl-5.14.4/lib/5.14.4/x86_64-linux /opt/perl-5.14.4/lib/5.14.4 .) at t/00-load.t line 32.
# BEGIN failed--compilation aborted at t/00-load.t line 32.
# Testing Task::MusicBundle Task::MusicBundle::VERSION, Perl 5.014004, /bbbike/perl-5.14.4/bin/perl5.14.4
# Looks like you failed 1 test of 34.
t/00-load.t ............... 
Dubious, test returned 1 (wstat 256, 0x100)
Failed 1/34 subtests 
t/author-pod-spell.t ...... skipped: these tests are for testing by the author
t/release-eol.t ........... skipped: these tests are for release candidate testing
t/release-no-tabs.t ....... skipped: these tests are for release candidate testing
t/release-pod-coverage.t .. skipped: these tests are for release candidate testing
t/release-pod-syntax.t .... skipped: these tests are for release candidate testing

Test Summary Report
-------------------
t/00-load.t             (Wstat: 256 Tests: 34 Failed: 1)
  Failed test:  29
  Non-zero exit status: 1
Files=7, Tests=35,  1 wallclock secs ( 0.04 usr  0.03 sys +  0.35 cusr  0.12 csys =  0.54 CPU)
Result: FAIL
Failed 1/7 test programs. 1/35 subtests failed.
make: *** [test_dynamic] Fehler 255

------------------------------
PREREQUISITES
------------------------------

Prerequisite modules loaded:

requires:

    Module                      Need Have    
    --------------------------- ---- --------
    Acme::Vuvuzela              0    0.04    
    App::Music::PlayTab         0    2.025   
    App::MusicTools             0    1.16    
    File::Format::RIFF          0    0.14    
    MIDI                        0    0.83    
    MIDI::Morph                 0    0.02    
    MIDI::Pitch                 0    0.7     
    MIDI::Praxis::Variation     0    0.05    
    MIDI::Simple::Drummer       0    0.07    
    MIDI::SoundFont             0    1.08    
    MIDI::Tab                   0    0.04    
    MIDI::Tools                 0    0.02    
    MIDI::Trans                 0    0.15    
    MIDI::Tweaks                0    0.07    
    Music::AtonalUtil           0    1.09    
    Music::Canon                0    1.00    
    Music::Chord::Namer         0    0.01    
    Music::Chord::Note          0    0.07    
    Music::Chord::Positions     0    0.64    
    Music::ChordBot             0    0.91    
    Music::Duration             0    0.0301  
    Music::Gestalt              0    0.06    
    Music::Harmonics            0    0.01    
    Music::Intervals            0    0.0103  
    Music::LilyPondUtil         0    0.54    
    Music::NeoRiemannianTonnetz 0    0.26    
    Music::Scales               0    0.07    
    Music::Tempo                0    0.02    
    Music::Tension              0    0.68    
    strict                      0    1.04    
    String::Approx              0    3.27    
    Text::Chord::Piano          0    0.061   
    warnings                    0    1.12    

build_requires:

    Module                      Need Have    
    --------------------------- ---- --------
    ExtUtils::MakeMaker         0    6.98    
    File::Spec                  0    3.47    
    IO::Handle                  0    1.31    
    IPC::Open3                  0    1.0901  
    Test::More                  0    1.001006

configure_requires:

    Module                      Need Have    
    --------------------------- ---- --------
    ExtUtils::MakeMaker         0    6.98    


------------------------------
ENVIRONMENT AND OTHER CONTEXT
------------------------------

Environment variables:

    DBIC_NO_WARN_BAD_PERL = 1
    LANG = C
    LC_ALL = de_DE.UTF-8
    PATH = /usr/local/bin:/usr/bin:/bin:/usr/local/sbin:/usr/sbin:/sbin:/home/eserte/bin/linux-gnu:/home/eserte/bin/sh:/home/eserte/bin:/usr/games:/home/eserte/devel:/home/eserte/src/srezic-misc/scripts
    PERL5LIB = 
    PERL5OPT = 
    PERL5_CPANPLUS_IS_RUNNING = 9967
    PERL5_CPAN_IS_RUNNING = 9967
    PERL5_CPAN_IS_RUNNING_IN_RECURSION = 9760,9967
    PERLDOC = -MPod::Perldoc::ToTextOverstrike
    PERL_BATCH = yes
    PERL_CPAN_REPORTER_CONFIG = /var/tmp/cpansmoker-1001/FuvwNEzHKm_config.ini
    PERL_EXTUTILS_AUTOINSTALL = --defaultdeps
    PERL_HTML_DISPLAY_CLASS = HTML::Display::Mozilla
    PERL_PARALLEL_SMOKER = yes
    SHELL = /bin/zsh
    TERM = screen
    TMPDIR = /var/tmp/cpansmoker-1001

Perl special variables (and OS-specific diagnostics, for MSWin32):

    $^X = /bbbike/perl-5.14.4/bin/perl5.14.4
    $UID/$EUID = 1001 / 1001
    $GID = 1001 109 1001
    $EGID = 1001 109 1001

Perl module toolchain versions installed:

    Module              Have     
    ------------------- ---------
    CPAN                1.9600_01
    CPAN::Meta          2.142690 
    Cwd                 3.47     
    ExtUtils::CBuilder  0.280217 
    ExtUtils::Command   1.17     
    ExtUtils::Install   2.04     
    ExtUtils::MakeMaker 6.98     
    ExtUtils::Manifest  1.68     
    ExtUtils::ParseXS   3.24     
    File::Spec          3.47     
    JSON                2.90     
    JSON::PP            2.27203  
    Module::Build       0.4210   
    Module::Signature   0.73     
    Parse::CPAN::Meta   1.4414   
    Test::Harness       3.33     
    Test::More          1.001006 
    YAML                1.12     
    YAML::Syck          1.27     
    version             0.9909   


--

Summary of my perl5 (revision 5 version 14 subversion 4) configuration:
   
  Platform:
    osname=linux, osvers=3.2.0-4-amd64, archname=x86_64-linux
    uname='linux eserte 3.2.0-4-amd64 #1 smp debian 3.2.57-3 x86_64 gnulinux '
    config_args='-ds -e -Dprefix=/opt/perl-5.14.4'
    hint=recommended, useposix=true, d_sigaction=define
    useithreads=undef, usemultiplicity=undef
    useperlio=define, d_sfio=undef, uselargefiles=define, usesocks=undef
    use64bitint=define, use64bitall=define, uselongdouble=undef
    usemymalloc=n, bincompat5005=undef
  Compiler:
    cc='cc', ccflags ='-fno-strict-aliasing -pipe -fstack-protector -I/usr/local/include -D_LARGEFILE_SOURCE -D_FILE_OFFSET_BITS=64',
    optimize='-O2',
    cppflags='-fno-strict-aliasing -pipe -fstack-protector -I/usr/local/include'
    ccversion='', gccversion='4.7.2', gccosandvers=''
    intsize=4, longsize=8, ptrsize=8, doublesize=8, byteorder=12345678
    d_longlong=define, longlongsize=8, d_longdbl=define, longdblsize=16
    ivtype='long', ivsize=8, nvtype='double', nvsize=8, Off_t='off_t', lseeksize=8
    alignbytes=8, prototype=define
  Linker and Libraries:
    ld='cc', ldflags =' -fstack-protector -L/usr/local/lib'
    libpth=/usr/local/lib /lib/x86_64-linux-gnu /lib/../lib /usr/lib/x86_64-linux-gnu /usr/lib/../lib /lib /usr/lib
    libs=-lnsl -ldb -ldl -lm -lcrypt -lutil -lc
    perllibs=-lnsl -ldl -lm -lcrypt -lutil -lc
    libc=, so=so, useshrplib=false, libperl=libperl.a
    gnulibc_version='2.13'
  Dynamic Linking:
    dlsrc=dl_dlopen.xs, dlext=so, d_dlsymun=undef, ccdlflags='-Wl,-E'
    cccdlflags='-fPIC', lddlflags='-shared -O2 -L/usr/local/lib -fstack-protector'


Characteristics of this binary (from libperl): 
  Compile-time options: PERL_DONT_CREATE_GVSV PERL_MALLOC_WRAP
                        PERL_PRESERVE_IVUV USE_64_BIT_ALL USE_64_BIT_INT
                        USE_LARGE_FILES USE_PERLIO USE_PERL_ATOF
  Built under linux
  Compiled at May 15 2014 16:40:06
  %ENV:
    PERL5LIB=""
    PERL5OPT=""
    PERL5_CPANPLUS_IS_RUNNING="9967"
    PERL5_CPAN_IS_RUNNING="9967"
    PERL5_CPAN_IS_RUNNING_IN_RECURSION="9760,9967"
    PERLDOC="-MPod::Perldoc::ToTextOverstrike"
    PERL_BATCH="yes"
    PERL_CPAN_REPORTER_CONFIG="/var/tmp/cpansmoker-1001/FuvwNEzHKm_config.ini"
    PERL_EXTUTILS_AUTOINSTALL="--defaultdeps"
    PERL_HTML_DISPLAY_CLASS="HTML::Display::Mozilla"
    PERL_PARALLEL_SMOKER="yes"
  @INC:
    /opt/perl-5.14.4/lib/site_perl/5.14.4/x86_64-linux
    /opt/perl-5.14.4/lib/site_perl/5.14.4
    /opt/perl-5.14.4/lib/5.14.4/x86_64-linux
    /opt/perl-5.14.4/lib/5.14.4
    .