Report for Net-Async-HTTP-0.40

Back
From: metabase:user:320bfe00-2aae-11df-837a-5e0a49663a4f
Subject: FAIL Net-Async-HTTP-0.40 v5.23.4 GNU/Linux
Date: 2015-10-10T14:29:10Z

This distribution has been tested as part of the CPAN Testers
project, supporting the Perl programming language.  See
http://wiki.cpantesters.org/ for more information or email
questions to cpan-testers-discuss@perl.org


--
Dear Paul Evans,

This is a computer-generated report for Net-Async-HTTP-0.40
on perl 5.23.4, created by CPAN-Reporter-1.2015.

Thank you for uploading your work to CPAN.  However, there was a problem
testing your distribution.

If you think this report is invalid, please consult the CPAN Testers Wiki
for suggestions on how to avoid getting FAIL reports for missing library
or binary dependencies, unsupported operating systems, and so on:

http://wiki.cpantesters.org/wiki/CPANAuthorNotes

Sections of this report:

    * Tester comments
    * Program output
    * Prerequisites
    * Environment and other context

------------------------------
TESTER COMMENTS
------------------------------

Additional comments from tester:

this report is from an automated smoke testing program
and was not reviewed by a human for accuracy

------------------------------
PROGRAM OUTPUT
------------------------------

Output from './Build test':

Argument "2.020_01" isn't numeric in numeric ge (>=) at /tmp/loop_over_bdir-22164-VcKwrT/Net-Async-HTTP-0.40-H2FQxi/blib/lib/Net/Async/HTTP.pm line 37.
t/00use.t ...................... ok
Argument "2.020_01" isn't numeric in numeric ge (>=) at /tmp/loop_over_bdir-22164-VcKwrT/Net-Async-HTTP-0.40-H2FQxi/blib/lib/Net/Async/HTTP.pm line 37.
t/01request.t .................. ok
Argument "2.020_01" isn't numeric in numeric ge (>=) at /tmp/loop_over_bdir-22164-VcKwrT/Net-Async-HTTP-0.40-H2FQxi/blib/lib/Net/Async/HTTP.pm line 37.
t/02uri.t ...................... ok
Argument "2.020_01" isn't numeric in numeric ge (>=) at /tmp/loop_over_bdir-22164-VcKwrT/Net-Async-HTTP-0.40-H2FQxi/blib/lib/Net/Async/HTTP.pm line 37.
t/03future.t ................... ok
Argument "2.020_01" isn't numeric in numeric ge (>=) at /tmp/loop_over_bdir-22164-VcKwrT/Net-Async-HTTP-0.40-H2FQxi/blib/lib/Net/Async/HTTP.pm line 37.
t/04fail.t ..................... ok
Argument "2.020_01" isn't numeric in numeric ge (>=) at /tmp/loop_over_bdir-22164-VcKwrT/Net-Async-HTTP-0.40-H2FQxi/blib/lib/Net/Async/HTTP.pm line 37.
t/05redir.t .................... ok
Argument "2.020_01" isn't numeric in numeric ge (>=) at /tmp/loop_over_bdir-22164-VcKwrT/Net-Async-HTTP-0.40-H2FQxi/blib/lib/Net/Async/HTTP.pm line 37.
t/06close.t .................... ok
Argument "2.020_01" isn't numeric in numeric ge (>=) at /tmp/loop_over_bdir-22164-VcKwrT/Net-Async-HTTP-0.40-H2FQxi/blib/lib/Net/Async/HTTP.pm line 37.
t/07continue.t ................. ok
Argument "2.020_01" isn't numeric in numeric ge (>=) at /tmp/loop_over_bdir-22164-VcKwrT/Net-Async-HTTP-0.40-H2FQxi/blib/lib/Net/Async/HTTP.pm line 37.
t/08prepareprocess.t ........... ok
Argument "2.020_01" isn't numeric in numeric ge (>=) at /tmp/loop_over_bdir-22164-VcKwrT/Net-Async-HTTP-0.40-H2FQxi/blib/lib/Net/Async/HTTP.pm line 37.
t/09cookies.t .................. ok
Argument "2.020_01" isn't numeric in numeric ge (>=) at /tmp/loop_over_bdir-22164-VcKwrT/Net-Async-HTTP-0.40-H2FQxi/blib/lib/Net/Async/HTTP.pm line 37.
t/10request-streaming.t ........ ok
Argument "2.020_01" isn't numeric in numeric ge (>=) at /tmp/loop_over_bdir-22164-VcKwrT/Net-Async-HTTP-0.40-H2FQxi/blib/lib/Net/Async/HTTP.pm line 37.
t/11response-streaming.t ....... ok
Argument "2.020_01" isn't numeric in numeric ge (>=) at /tmp/loop_over_bdir-22164-VcKwrT/Net-Async-HTTP-0.40-H2FQxi/blib/lib/Net/Async/HTTP.pm line 37.
t/12conn-persistence.t ......... ok
Argument "2.020_01" isn't numeric in numeric ge (>=) at /tmp/loop_over_bdir-22164-VcKwrT/Net-Async-HTTP-0.40-H2FQxi/blib/lib/Net/Async/HTTP.pm line 37.
t/13conn-pipeline.t ............ ok
Argument "2.020_01" isn't numeric in numeric ge (>=) at /tmp/loop_over_bdir-22164-VcKwrT/Net-Async-HTTP-0.40-H2FQxi/blib/lib/Net/Async/HTTP.pm line 37.
t/14conn-max.t ................. ok
Argument "2.020_01" isn't numeric in numeric ge (>=) at /tmp/loop_over_bdir-22164-VcKwrT/Net-Async-HTTP-0.40-H2FQxi/blib/lib/Net/Async/HTTP.pm line 37.
Operation "!=": no method found,
	left argument in overloaded package Net::Async::HTTP::Ready,
	right argument in overloaded package Net::Async::HTTP::Ready at /tmp/loop_over_bdir-22164-VcKwrT/Net-Async-HTTP-0.40-H2FQxi/blib/lib/Net/Async/HTTP.pm line 447.
# Tests were run but no plan was declared and done_testing() was not seen.
# Looks like your test exited with 255 just after 2.
t/15conn-errors.t .............. 
Dubious, test returned 255 (wstat 65280, 0xff00)
All 2 subtests passed 
Argument "2.020_01" isn't numeric in numeric ge (>=) at /tmp/loop_over_bdir-22164-VcKwrT/Net-Async-HTTP-0.40-H2FQxi/blib/lib/Net/Async/HTTP.pm line 37.
t/16max-in-flight.t ............ ok
Argument "2.020_01" isn't numeric in numeric ge (>=) at /tmp/loop_over_bdir-22164-VcKwrT/Net-Async-HTTP-0.40-H2FQxi/blib/lib/Net/Async/HTTP.pm line 37.
t/17on-write.t ................. ok
Argument "2.020_01" isn't numeric in numeric ge (>=) at /tmp/loop_over_bdir-22164-VcKwrT/Net-Async-HTTP-0.40-H2FQxi/blib/lib/Net/Async/HTTP.pm line 37.
# Using optional dependency Compress::Raw::Zlib 2.069
# Using optional dependency Compress::Bzip2 2.22
t/18content-coding.t ........... ok
Argument "2.020_01" isn't numeric in numeric ge (>=) at /tmp/loop_over_bdir-22164-VcKwrT/Net-Async-HTTP-0.40-H2FQxi/blib/lib/Net/Async/HTTP.pm line 37.
t/19idle.t ..................... ok
Argument "2.020_01" isn't numeric in numeric ge (>=) at /tmp/loop_over_bdir-22164-VcKwrT/Net-Async-HTTP-0.40-H2FQxi/blib/lib/Net/Async/HTTP.pm line 37.
t/20local-connect.t ............ ok
Argument "2.020_01" isn't numeric in numeric ge (>=) at /tmp/loop_over_bdir-22164-VcKwrT/Net-Async-HTTP-0.40-H2FQxi/blib/lib/Net/Async/HTTP.pm line 37.
t/21local-connect-ssl.t ........ ok
Argument "2.020_01" isn't numeric in numeric ge (>=) at /tmp/loop_over_bdir-22164-VcKwrT/Net-Async-HTTP-0.40-H2FQxi/blib/lib/Net/Async/HTTP.pm line 37.
t/22local-connect-pipeline.t ... ok
Argument "2.020_01" isn't numeric in numeric ge (>=) at /tmp/loop_over_bdir-22164-VcKwrT/Net-Async-HTTP-0.40-H2FQxi/blib/lib/Net/Async/HTTP.pm line 37.
t/23local-connect-redir.t ...... ok
Argument "2.020_01" isn't numeric in numeric ge (>=) at /tmp/loop_over_bdir-22164-VcKwrT/Net-Async-HTTP-0.40-H2FQxi/blib/lib/Net/Async/HTTP.pm line 37.
t/24local-connect-redir-ssl.t .. ok
Argument "2.020_01" isn't numeric in numeric ge (>=) at /tmp/loop_over_bdir-22164-VcKwrT/Net-Async-HTTP-0.40-H2FQxi/blib/lib/Net/Async/HTTP.pm line 37.
t/30timeout.t .................. ok
Argument "2.020_01" isn't numeric in numeric ge (>=) at /tmp/loop_over_bdir-22164-VcKwrT/Net-Async-HTTP-0.40-H2FQxi/blib/lib/Net/Async/HTTP.pm line 37.
t/31cancel.t ................... ok
t/80cross-http.t ............... skipped: Net::Async::HTTP::Server 0.03 is not available
t/81cross-https.t .............. skipped: Net::Async::HTTP::Server 0.06 is not available
Argument "2.020_01" isn't numeric in numeric ge (>=) at /tmp/loop_over_bdir-22164-VcKwrT/Net-Async-HTTP-0.40-H2FQxi/blib/lib/Net/Async/HTTP.pm line 37.
t/90rt75615.t .................. ok
Argument "2.020_01" isn't numeric in numeric ge (>=) at /tmp/loop_over_bdir-22164-VcKwrT/Net-Async-HTTP-0.40-H2FQxi/blib/lib/Net/Async/HTTP.pm line 37.
t/90rt75616.t .................. ok
Argument "2.020_01" isn't numeric in numeric ge (>=) at /tmp/loop_over_bdir-22164-VcKwrT/Net-Async-HTTP-0.40-H2FQxi/blib/lib/Net/Async/HTTP.pm line 37.
Operation "!=": no method found,
	left argument in overloaded package Net::Async::HTTP::Ready,
	right argument in overloaded package Net::Async::HTTP::Ready at /tmp/loop_over_bdir-22164-VcKwrT/Net-Async-HTTP-0.40-H2FQxi/blib/lib/Net/Async/HTTP.pm line 447.
# Tests were run but no plan was declared and done_testing() was not seen.
# Looks like your test exited with 255 just after 1.
t/90rt92904.t .................. 
Dubious, test returned 255 (wstat 65280, 0xff00)
All 1 subtests passed 
Argument "2.020_01" isn't numeric in numeric ge (>=) at /tmp/loop_over_bdir-22164-VcKwrT/Net-Async-HTTP-0.40-H2FQxi/blib/lib/Net/Async/HTTP.pm line 37.
t/90rt93232.t .................. ok
Argument "2.020_01" isn't numeric in numeric ge (>=) at /tmp/loop_over_bdir-22164-VcKwrT/Net-Async-HTTP-0.40-H2FQxi/blib/lib/Net/Async/HTTP.pm line 37.
t/90rt99142.t .................. ok
Argument "2.020_01" isn't numeric in numeric ge (>=) at /tmp/loop_over_bdir-22164-VcKwrT/Net-Async-HTTP-0.40-H2FQxi/blib/lib/Net/Async/HTTP.pm line 37.
t/91rt100066.t ................. ok
Argument "2.020_01" isn't numeric in numeric ge (>=) at /tmp/loop_over_bdir-22164-VcKwrT/Net-Async-HTTP-0.40-H2FQxi/blib/lib/Net/Async/HTTP.pm line 37.
Operation "!=": no method found,
	left argument in overloaded package Net::Async::HTTP::Ready,
	right argument in overloaded package Net::Async::HTTP::Ready at /tmp/loop_over_bdir-22164-VcKwrT/Net-Async-HTTP-0.40-H2FQxi/blib/lib/Net/Async/HTTP.pm line 447.
# Tests were run but no plan was declared and done_testing() was not seen.
# Looks like your test exited with 255 just after 1.
t/91rt102547.t ................. 
Dubious, test returned 255 (wstat 65280, 0xff00)
All 1 subtests passed 
t/99pod.t ...................... ok

Test Summary Report
-------------------
t/15conn-errors.t            (Wstat: 65280 Tests: 2 Failed: 0)
  Non-zero exit status: 255
  Parse errors: No plan found in TAP output
t/90rt92904.t                (Wstat: 65280 Tests: 1 Failed: 0)
  Non-zero exit status: 255
  Parse errors: No plan found in TAP output
t/91rt102547.t               (Wstat: 65280 Tests: 1 Failed: 0)
  Non-zero exit status: 255
  Parse errors: No plan found in TAP output
Files=37, Tests=505,  8 wallclock secs ( 0.14 usr  0.27 sys +  5.65 cusr  1.07 csys =  7.13 CPU)
Result: FAIL
Failed 3/37 test programs. 0/505 subtests failed.

------------------------------
PREREQUISITES
------------------------------

Prerequisite modules loaded:

requires:

    Module                      Need Have    
    --------------------------- ---- --------
    Future                      0.28 0.33    
    Future::Utils               0.16 0.33    
    HTTP::Request               0    6.11    
    HTTP::Request::Common       0    6.11    
    HTTP::Response              0    6.11    
    IO::Async::Loop             0.59 0.68    
    IO::Async::Stream           0.59 0.68    
    IO::Async::Timer::Countdown 0    0.68    
    List::Util                  1.29 1.42_01 
    Struct::Dumb                0    0.06    
    URI                         0    1.69    

build_requires:

    Module                      Need Have    
    --------------------------- ---- --------
    HTTP::Cookies               0    6.01    
    IO::Async::Test             0    0.68    
    Test::Identity              0    0.01    
    Test::More                  0.88 1.001014
    Test::Refcount              0    0.08    


------------------------------
ENVIRONMENT AND OTHER CONTEXT
------------------------------

Environment variables:

    AUTOMATED_TESTING = 1
    LANG = en_US.UTF-8
    LANGUAGE = en_US:en
    PATH = /home/sand/bin:/usr/local/bin:/usr/bin:/bin:/usr/games:/usr/local/perl/bin:/usr/X11/bin:/sbin:/usr/sbin
    PERL5LIB = 
    PERL5OPT = 
    PERL5_CPANPLUS_IS_RUNNING = 32725
    PERL5_CPAN_IS_RUNNING = 32725
    PERL_MM_USE_DEFAULT = 1
    SHELL = /usr/bin/zsh
    TERM = screen

Perl special variables (and OS-specific diagnostics, for MSWin32):

    $^X = /tmp/basesmoker-reloperl-Ix5C/bin/perl
    $UID/$EUID = 1005 / 1005
    $GID = 1005 1005
    $EGID = 1005 1005

Perl module toolchain versions installed:

    Module              Have    
    ------------------- --------
    CPAN                2.10    
    CPAN::Meta          2.150005
    Cwd                 3.58    
    ExtUtils::CBuilder  0.280224
    ExtUtils::Command   7.10    
    ExtUtils::Install   2.04    
    ExtUtils::MakeMaker 7.10    
    ExtUtils::Manifest  1.70    
    ExtUtils::ParseXS   3.30    
    File::Spec          3.58    
    JSON                2.90    
    JSON::PP            2.27300 
    Module::Build       0.4214  
    Module::Signature   0.79    
    Parse::CPAN::Meta   1.4417  
    Test::Harness       3.35    
    Test::More          1.001014
    YAML                1.15    
    YAML::Syck          1.29    
    version             0.9909  


--

Summary of my perl5 (revision 5 version 23 subversion 4) configuration:
  Commit id: 26773d9db95bf8e46e7e9b368e9f200d3e33f72e
  Platform:
    osname=linux, osvers=4.1.0-2-amd64, archname=x86_64-linux
    uname='linux k83 4.1.0-2-amd64 #1 smp debian 4.1.6-1 (2015-08-23) x86_64 gnulinux '
    config_args='-Dprefix=/home/sand/src/perl/repoperls/installed-perls/perl/v5.23.3-75-g26773d9/165a -Dmyhostname=k83 -Dinstallusrbinperl=n -Uversiononly -Dusedevel -des -Ui_db -Uuseithreads -Uuselongdouble -DDEBUGGING=-g'
    hint=recommended, useposix=true, d_sigaction=define
    useithreads=undef, usemultiplicity=undef
    use64bitint=define, use64bitall=define, uselongdouble=undef
    usemymalloc=n, bincompat5005=undef
  Compiler:
    cc='cc', ccflags ='-fwrapv -fno-strict-aliasing -pipe -fstack-protector-strong -I/usr/local/include -D_LARGEFILE_SOURCE -D_FILE_OFFSET_BITS=64',
    optimize='-O2 -g',
    cppflags='-fwrapv -fno-strict-aliasing -pipe -fstack-protector-strong -I/usr/local/include'
    ccversion='', gccversion='5.2.1 20150911', gccosandvers=''
    intsize=4, longsize=8, ptrsize=8, doublesize=8, byteorder=12345678, doublekind=3
    d_longlong=define, longlongsize=8, d_longdbl=define, longdblsize=16, longdblkind=3
    ivtype='long', ivsize=8, nvtype='double', nvsize=8, Off_t='off_t', lseeksize=8
    alignbytes=8, prototype=define
  Linker and Libraries:
    ld='cc', ldflags =' -fstack-protector-strong -L/usr/local/lib'
    libpth=/usr/local/lib /usr/lib/gcc/x86_64-linux-gnu/5/include-fixed /usr/include/x86_64-linux-gnu /usr/lib /lib/x86_64-linux-gnu /lib/../lib /usr/lib/x86_64-linux-gnu /usr/lib/../lib /lib
    libs=-lpthread -lnsl -lgdbm -ldb -ldl -lm -lcrypt -lutil -lc -lgdbm_compat
    perllibs=-lpthread -lnsl -ldl -lm -lcrypt -lutil -lc
    libc=libc-2.19.so, so=so, useshrplib=false, libperl=libperl.a
    gnulibc_version='2.19'
  Dynamic Linking:
    dlsrc=dl_dlopen.xs, dlext=so, d_dlsymun=undef, ccdlflags='-Wl,-E'
    cccdlflags='-fPIC', lddlflags='-shared -O2 -g -L/usr/local/lib -fstack-protector-strong'


Characteristics of this binary (from libperl): 
  Compile-time options: HAS_TIMES PERLIO_LAYERS PERL_COPY_ON_WRITE
                        PERL_DONT_CREATE_GVSV
                        PERL_HASH_FUNC_ONE_AT_A_TIME_HARD PERL_MALLOC_WRAP
                        PERL_PRESERVE_IVUV PERL_USE_DEVEL USE_64_BIT_ALL
                        USE_64_BIT_INT USE_LARGE_FILES USE_LOCALE
                        USE_LOCALE_COLLATE USE_LOCALE_CTYPE
                        USE_LOCALE_NUMERIC USE_LOCALE_TIME USE_PERLIO
                        USE_PERL_ATOF
  Built under linux
  Compiled at Oct  9 2015 08:07:55
  %ENV:
    PERL5LIB=""
    PERL5OPT=""
    PERL5_CPANPLUS_IS_RUNNING="32725"
    PERL5_CPAN_IS_RUNNING="32725"
    PERL_MM_USE_DEFAULT="1"
  @INC:
    /home/sand/src/perl/repoperls/installed-perls/perl/v5.23.3-75-g26773d9/165a/lib/site_perl/5.23.4/x86_64-linux
    /home/sand/src/perl/repoperls/installed-perls/perl/v5.23.3-75-g26773d9/165a/lib/site_perl/5.23.4
    /home/sand/src/perl/repoperls/installed-perls/perl/v5.23.3-75-g26773d9/165a/lib/5.23.4/x86_64-linux
    /home/sand/src/perl/repoperls/installed-perls/perl/v5.23.3-75-g26773d9/165a/lib/5.23.4
    .