Report for Text-Tradition-1.3

Back
From: metabase:user:320bfe00-2aae-11df-837a-5e0a49663a4f
Subject: FAIL Text-Tradition-1.3 v5.20.0 RC1 GNU/Linux
Date: 2014-05-26T10:27:03Z

This distribution has been tested as part of the CPAN Testers
project, supporting the Perl programming language.  See
http://wiki.cpantesters.org/ for more information or email
questions to cpan-testers-discuss@perl.org


--
Dear Tara Andrews,

This is a computer-generated report for Text-Tradition-1.3
on perl 5.20.0, created by CPAN-Reporter-1.2011.

Thank you for uploading your work to CPAN.  However, there was a problem
testing your distribution.

If you think this report is invalid, please consult the CPAN Testers Wiki
for suggestions on how to avoid getting FAIL reports for missing library
or binary dependencies, unsupported operating systems, and so on:

http://wiki.cpantesters.org/wiki/CPANAuthorNotes

Sections of this report:

    * Tester comments
    * Program output
    * Prerequisites
    * Environment and other context

------------------------------
TESTER COMMENTS
------------------------------

Additional comments from tester:

this report is from an automated smoke testing program
and was not reviewed by a human for accuracy

------------------------------
PROGRAM OUTPUT
------------------------------

Output from '/usr/bin/make test':

PERL_DL_NONLAZY=1 /home/sand/src/perl/repoperls/installed-perls/perl/v5.20.0-RC1/165a/bin/perl "-MExtUtils::Command::MM" "-MTest::Harness" "-e" "undef *Test::Harness::Switches; test_harness(0, 'inc', 'blib/lib', 'blib/arch')" t/*.t
t/00dependencies.t .............................. ok
t/01app.t ....................................... ok

#   Failed test 'POD test for blib/lib/Text/Tradition/Collation.pm'
#   at /home/sand/src/perl/repoperls/installed-perls/perl/v5.20.0-RC1/165a/lib/site_perl/5.20.0/Test/Pod.pm line 186.
# blib/lib/Text/Tradition/Collation.pm (653): Non-ASCII character seen before =encoding in ''Mü11475''. Assuming UTF-8
# Looks like you failed 1 test of 18.
t/02pod.t ....................................... 
Dubious, test returned 1 (wstat 256, 0x100)
Failed 1/18 subtests 
t/03podcoverage.t ............................... skipped: set TEST_POD to enable this test
t/graph.t ....................................... ok
t/text_tradition.t .............................. ok
DROPPING unsupported attribute language at /tmp/loop_over_bdir-5380-OhMI8a/Text-Tradition-1.3-a5tdpV/blib/lib/Text/Tradition/Parser/Self.pm line 214, <DATA> line 41.
DROPPING unsupported attribute public at /tmp/loop_over_bdir-5380-OhMI8a/Text-Tradition-1.3-a5tdpV/blib/lib/Text/Tradition/Parser/Self.pm line 214, <DATA> line 41.
DROPPING unsupported attribute language at /tmp/loop_over_bdir-5380-OhMI8a/Text-Tradition-1.3-a5tdpV/blib/lib/Text/Tradition/Parser/Self.pm line 214, <DATA> line 41.
t/text_tradition_collation.t .................... ok
DROPPING unsupported attribute language at /tmp/loop_over_bdir-5380-OhMI8a/Text-Tradition-1.3-a5tdpV/blib/lib/Text/Tradition/Parser/Self.pm line 214, <DATA> line 41.
DROPPING unsupported attribute language at /tmp/loop_over_bdir-5380-OhMI8a/Text-Tradition-1.3-a5tdpV/blib/lib/Text/Tradition/Parser/Self.pm line 214, <DATA> line 41.
DROPPING unsupported attribute language at /tmp/loop_over_bdir-5380-OhMI8a/Text-Tradition-1.3-a5tdpV/blib/lib/Text/Tradition/Parser/Self.pm line 214, <DATA> line 41.
DROPPING unsupported attribute language at /tmp/loop_over_bdir-5380-OhMI8a/Text-Tradition-1.3-a5tdpV/blib/lib/Text/Tradition/Parser/Self.pm line 214, <DATA> line 41.
Analysis module not installed; DROPPING stemmata at /tmp/loop_over_bdir-5380-OhMI8a/Text-Tradition-1.3-a5tdpV/blib/lib/Text/Tradition/Parser/Self.pm line 194, <DATA> line 41.
DROPPING unsupported attribute public at /tmp/loop_over_bdir-5380-OhMI8a/Text-Tradition-1.3-a5tdpV/blib/lib/Text/Tradition/Parser/Self.pm line 214, <DATA> line 41.
DROPPING unsupported attribute public at /tmp/loop_over_bdir-5380-OhMI8a/Text-Tradition-1.3-a5tdpV/blib/lib/Text/Tradition/Parser/Self.pm line 214, <DATA> line 41.
DROPPING unsupported attribute language at /tmp/loop_over_bdir-5380-OhMI8a/Text-Tradition-1.3-a5tdpV/blib/lib/Text/Tradition/Parser/Self.pm line 214, <DATA> line 41.
t/text_tradition_collation_relationshipstore.t .. ok
t/text_tradition_parser_collatex.t .............. ok
t/text_tradition_parser_json.t .................. ok
DROPPING unsupported attribute public at /tmp/loop_over_bdir-5380-OhMI8a/Text-Tradition-1.3-a5tdpV/blib/lib/Text/Tradition/Parser/Self.pm line 214, <DATA> line 41.
DROPPING unsupported attribute language at /tmp/loop_over_bdir-5380-OhMI8a/Text-Tradition-1.3-a5tdpV/blib/lib/Text/Tradition/Parser/Self.pm line 214, <DATA> line 41.
No morphology package installed; DROPPING lexemes at /tmp/loop_over_bdir-5380-OhMI8a/Text-Tradition-1.3-a5tdpV/blib/lib/Text/Tradition/Collation/Reading.pm line 204, <DATA> line 41.
No morphology package installed; DROPPING lexemes at /tmp/loop_over_bdir-5380-OhMI8a/Text-Tradition-1.3-a5tdpV/blib/lib/Text/Tradition/Collation/Reading.pm line 204, <DATA> line 41.
No morphology package installed; DROPPING lexemes at /tmp/loop_over_bdir-5380-OhMI8a/Text-Tradition-1.3-a5tdpV/blib/lib/Text/Tradition/Collation/Reading.pm line 204, <DATA> line 41.
No morphology package installed; DROPPING lexemes at /tmp/loop_over_bdir-5380-OhMI8a/Text-Tradition-1.3-a5tdpV/blib/lib/Text/Tradition/Collation/Reading.pm line 204, <DATA> line 41.
No morphology package installed; DROPPING lexemes at /tmp/loop_over_bdir-5380-OhMI8a/Text-Tradition-1.3-a5tdpV/blib/lib/Text/Tradition/Collation/Reading.pm line 204, <DATA> line 41.
No morphology package installed; DROPPING lexemes at /tmp/loop_over_bdir-5380-OhMI8a/Text-Tradition-1.3-a5tdpV/blib/lib/Text/Tradition/Collation/Reading.pm line 204, <DATA> line 41.
No morphology package installed; DROPPING lexemes at /tmp/loop_over_bdir-5380-OhMI8a/Text-Tradition-1.3-a5tdpV/blib/lib/Text/Tradition/Collation/Reading.pm line 204, <DATA> line 41.
No morphology package installed; DROPPING lexemes at /tmp/loop_over_bdir-5380-OhMI8a/Text-Tradition-1.3-a5tdpV/blib/lib/Text/Tradition/Collation/Reading.pm line 204, <DATA> line 41.
No morphology package installed; DROPPING lexemes at /tmp/loop_over_bdir-5380-OhMI8a/Text-Tradition-1.3-a5tdpV/blib/lib/Text/Tradition/Collation/Reading.pm line 204, <DATA> line 41.
No morphology package installed; DROPPING lexemes at /tmp/loop_over_bdir-5380-OhMI8a/Text-Tradition-1.3-a5tdpV/blib/lib/Text/Tradition/Collation/Reading.pm line 204, <DATA> line 41.
No morphology package installed; DROPPING lexemes at /tmp/loop_over_bdir-5380-OhMI8a/Text-Tradition-1.3-a5tdpV/blib/lib/Text/Tradition/Collation/Reading.pm line 204, <DATA> line 41.
No morphology package installed; DROPPING lexemes at /tmp/loop_over_bdir-5380-OhMI8a/Text-Tradition-1.3-a5tdpV/blib/lib/Text/Tradition/Collation/Reading.pm line 204, <DATA> line 41.
No morphology package installed; DROPPING lexemes at /tmp/loop_over_bdir-5380-OhMI8a/Text-Tradition-1.3-a5tdpV/blib/lib/Text/Tradition/Collation/Reading.pm line 204, <DATA> line 41.
No morphology package installed; DROPPING lexemes at /tmp/loop_over_bdir-5380-OhMI8a/Text-Tradition-1.3-a5tdpV/blib/lib/Text/Tradition/Collation/Reading.pm line 204, <DATA> line 41.
No morphology package installed; DROPPING lexemes at /tmp/loop_over_bdir-5380-OhMI8a/Text-Tradition-1.3-a5tdpV/blib/lib/Text/Tradition/Collation/Reading.pm line 204, <DATA> line 41.
No morphology package installed; DROPPING lexemes at /tmp/loop_over_bdir-5380-OhMI8a/Text-Tradition-1.3-a5tdpV/blib/lib/Text/Tradition/Collation/Reading.pm line 204, <DATA> line 41.
No morphology package installed; DROPPING lexemes at /tmp/loop_over_bdir-5380-OhMI8a/Text-Tradition-1.3-a5tdpV/blib/lib/Text/Tradition/Collation/Reading.pm line 204, <DATA> line 41.
No morphology package installed; DROPPING lexemes at /tmp/loop_over_bdir-5380-OhMI8a/Text-Tradition-1.3-a5tdpV/blib/lib/Text/Tradition/Collation/Reading.pm line 204, <DATA> line 41.
No morphology package installed; DROPPING lexemes at /tmp/loop_over_bdir-5380-OhMI8a/Text-Tradition-1.3-a5tdpV/blib/lib/Text/Tradition/Collation/Reading.pm line 204, <DATA> line 41.
No morphology package installed; DROPPING lexemes at /tmp/loop_over_bdir-5380-OhMI8a/Text-Tradition-1.3-a5tdpV/blib/lib/Text/Tradition/Collation/Reading.pm line 204, <DATA> line 41.
No morphology package installed; DROPPING lexemes at /tmp/loop_over_bdir-5380-OhMI8a/Text-Tradition-1.3-a5tdpV/blib/lib/Text/Tradition/Collation/Reading.pm line 204, <DATA> line 41.
No morphology package installed; DROPPING lexemes at /tmp/loop_over_bdir-5380-OhMI8a/Text-Tradition-1.3-a5tdpV/blib/lib/Text/Tradition/Collation/Reading.pm line 204, <DATA> line 41.
No morphology package installed; DROPPING lexemes at /tmp/loop_over_bdir-5380-OhMI8a/Text-Tradition-1.3-a5tdpV/blib/lib/Text/Tradition/Collation/Reading.pm line 204, <DATA> line 41.
No morphology package installed; DROPPING lexemes at /tmp/loop_over_bdir-5380-OhMI8a/Text-Tradition-1.3-a5tdpV/blib/lib/Text/Tradition/Collation/Reading.pm line 204, <DATA> line 41.
No morphology package installed; DROPPING lexemes at /tmp/loop_over_bdir-5380-OhMI8a/Text-Tradition-1.3-a5tdpV/blib/lib/Text/Tradition/Collation/Reading.pm line 204, <DATA> line 41.
No morphology package installed; DROPPING lexemes at /tmp/loop_over_bdir-5380-OhMI8a/Text-Tradition-1.3-a5tdpV/blib/lib/Text/Tradition/Collation/Reading.pm line 204, <DATA> line 41.
No morphology package installed; DROPPING lexemes at /tmp/loop_over_bdir-5380-OhMI8a/Text-Tradition-1.3-a5tdpV/blib/lib/Text/Tradition/Collation/Reading.pm line 204, <DATA> line 41.
t/text_tradition_parser_self.t .................. ok
t/text_tradition_parser_tabular.t ............... ok
t/text_tradition_parser_tei.t ................... ok
t/text_tradition_witness.t ...................... ok

Test Summary Report
-------------------
t/02pod.t                                     (Wstat: 256 Tests: 18 Failed: 1)
  Failed test:  2
  Non-zero exit status: 1
Files=14, Tests=423, 72 wallclock secs ( 0.08 usr  0.02 sys + 37.62 cusr  1.27 csys = 38.99 CPU)
Result: FAIL
Failed 1/14 test programs. 1/423 subtests failed.
make: *** [test_dynamic] Error 255

------------------------------
PREREQUISITES
------------------------------

Prerequisite modules loaded:

requires:

    Module                       Need  Have    
    ---------------------------- ----- --------
    Algorithm::Diff              0     1.1902  
    File::Which                  0     1.09    
    Graph                        0     0.96    
    IPC::Run                     0     0.92    
    JSON                         0     2.90    
    Module::Load                 0     0.32    
    Moose                        0     2.1206  
    Moose::Util                  0     2.1206  
    Moose::Util::TypeConstraints 0     2.1206  
    perl                         5.012 5.020000
    Safe::Isa                    0     1.000004
    Spreadsheet::ParseExcel      0     0.65    
    Spreadsheet::XLSX            0     0.13    
    StackTrace::Auto             0     0.200011
    Text::CSV                    0     1.32    
    Text::TEI::Markup            1.7   1.9     
    Throwable::X                 0     0.007   
    TryCatch                     0     1.003002
    XML::Easy::Syntax            0     0.009   
    XML::LibXML                  0     2.0116  
    XML::LibXML::XPathContext    0     2.0116  

build_requires:

    Module                       Need  Have    
    ---------------------------- ----- --------
    Data::Dump                   0     1.22    
    ExtUtils::MakeMaker          6.59  6.98    
    Test::More::UTF8             0     0.04    
    Test::Warn                   0     0.30    

configure_requires:

    Module                       Need  Have    
    ---------------------------- ----- --------
    ExtUtils::MakeMaker          6.59  6.98    


------------------------------
ENVIRONMENT AND OTHER CONTEXT
------------------------------

Environment variables:

    AUTOMATED_TESTING = 1
    LANG = en_US.UTF-8
    LANGUAGE = en_US:en
    PATH = /usr/lib/ccache:/home/sand/bin:/usr/local/bin:/usr/bin:/bin:/usr/games:/usr/local/perl/bin:/usr/X11/bin:/sbin:/usr/sbin
    PERL5LIB = 
    PERL5OPT = 
    PERL5_CPANPLUS_IS_RUNNING = 5381
    PERL5_CPAN_IS_RUNNING = 5381
    PERL_MM_USE_DEFAULT = 1
    SHELL = /usr/bin/zsh
    TERM = screen

Perl special variables (and OS-specific diagnostics, for MSWin32):

    $^X = /home/sand/src/perl/repoperls/installed-perls/perl/v5.20.0-RC1/165a/bin/perl
    $UID/$EUID = 1005 / 1005
    $GID = 1005 1005
    $EGID = 1005 1005

Perl module toolchain versions installed:

    Module              Have        
    ------------------- ------------
    CPAN                2.05        
    CPAN::Meta          2.141170    
    Cwd                 3.47        
    ExtUtils::CBuilder  0.280216    
    ExtUtils::Command   1.18        
    ExtUtils::Install   1.67        
    ExtUtils::MakeMaker 6.98        
    ExtUtils::Manifest  1.63        
    ExtUtils::ParseXS   3.24        
    File::Spec          3.47        
    JSON                2.90        
    JSON::PP            2.27203     
    Module::Build       0.4205      
    Module::Signature   0.73        
    Parse::CPAN::Meta   1.4414      
    Test::Harness       3.30        
    Test::More          1.001004_003
    YAML                0.90        
    YAML::Syck          1.27        
    version             0.9908      


--

Summary of my perl5 (revision 5 version 20 subversion 0) configuration:
  Commit id: 54ff0eaa0a8068c19c4e207390dfd6f0a6249cdd
  Platform:
    osname=linux, osvers=3.13-1-amd64, archname=x86_64-linux
    uname='linux k83 3.13-1-amd64 #1 smp debian 3.13.7-1 (2014-03-25) x86_64 gnulinux '
    config_args='-Dprefix=/home/sand/src/perl/repoperls/installed-perls/perl/v5.20.0-RC1/165a -Dmyhostname=k83 -Dinstallusrbinperl=n -Uversiononly -Dusedevel -des -Ui_db -Uuseithreads -Uuselongdouble -DDEBUGGING=-g'
    hint=recommended, useposix=true, d_sigaction=define
    useithreads=undef, usemultiplicity=undef
    use64bitint=define, use64bitall=define, uselongdouble=undef
    usemymalloc=n, bincompat5005=undef
  Compiler:
    cc='cc', ccflags ='-fwrapv -fno-strict-aliasing -pipe -fstack-protector -I/usr/local/include -D_LARGEFILE_SOURCE -D_FILE_OFFSET_BITS=64',
    optimize='-O2 -g',
    cppflags='-fwrapv -fno-strict-aliasing -pipe -fstack-protector -I/usr/local/include'
    ccversion='', gccversion='4.8.2', gccosandvers=''
    intsize=4, longsize=8, ptrsize=8, doublesize=8, byteorder=12345678
    d_longlong=define, longlongsize=8, d_longdbl=define, longdblsize=16
    ivtype='long', ivsize=8, nvtype='double', nvsize=8, Off_t='off_t', lseeksize=8
    alignbytes=8, prototype=define
  Linker and Libraries:
    ld='cc', ldflags =' -fstack-protector -L/usr/local/lib'
    libpth=/usr/local/lib /usr/lib/gcc/x86_64-linux-gnu/4.8/include-fixed /usr/include/x86_64-linux-gnu /usr/lib /lib/x86_64-linux-gnu /lib/../lib /usr/lib/x86_64-linux-gnu /usr/lib/../lib /lib
    libs=-lnsl -lgdbm -ldb -ldl -lm -lcrypt -lutil -lc -lgdbm_compat
    perllibs=-lnsl -ldl -lm -lcrypt -lutil -lc
    libc=libc-2.18.so, so=so, useshrplib=false, libperl=libperl.a
    gnulibc_version='2.18'
  Dynamic Linking:
    dlsrc=dl_dlopen.xs, dlext=so, d_dlsymun=undef, ccdlflags='-Wl,-E'
    cccdlflags='-fPIC', lddlflags='-shared -O2 -g -L/usr/local/lib -fstack-protector'


Characteristics of this binary (from libperl): 
  Compile-time options: HAS_TIMES PERLIO_LAYERS PERL_DONT_CREATE_GVSV
                        PERL_HASH_FUNC_ONE_AT_A_TIME_HARD PERL_MALLOC_WRAP
                        PERL_NEW_COPY_ON_WRITE PERL_PRESERVE_IVUV
                        PERL_USE_DEVEL USE_64_BIT_ALL USE_64_BIT_INT
                        USE_LARGE_FILES USE_LOCALE USE_LOCALE_COLLATE
                        USE_LOCALE_CTYPE USE_LOCALE_NUMERIC USE_PERLIO
                        USE_PERL_ATOF
  Locally applied patches:
	RC1
  Built under linux
  Compiled at May 17 2014 10:52:03
  %ENV:
    PERL5LIB=""
    PERL5OPT=""
    PERL5_CPANPLUS_IS_RUNNING="5381"
    PERL5_CPAN_IS_RUNNING="5381"
    PERL_MM_USE_DEFAULT="1"
  @INC:
    /home/sand/src/perl/repoperls/installed-perls/perl/v5.20.0-RC1/165a/lib/site_perl/5.20.0/x86_64-linux
    /home/sand/src/perl/repoperls/installed-perls/perl/v5.20.0-RC1/165a/lib/site_perl/5.20.0
    /home/sand/src/perl/repoperls/installed-perls/perl/v5.20.0-RC1/165a/lib/5.20.0/x86_64-linux
    /home/sand/src/perl/repoperls/installed-perls/perl/v5.20.0-RC1/165a/lib/5.20.0
    .