Back
From: metabase:user:320bfe00-2aae-11df-837a-5e0a49663a4f
Subject: FAIL Prancer-0.04 v5.19.8 GNU/Linux
Date: 2014-04-06T05:57:09Z
This distribution has been tested as part of the CPAN Testers
project, supporting the Perl programming language. See
http://wiki.cpantesters.org/ for more information or email
questions to cpan-testers-discuss@perl.org
--
Dear Paul Lockaby,
This is a computer-generated report for Prancer-0.04
on perl 5.19.8, created by CPAN-Reporter-1.2011.
Thank you for uploading your work to CPAN. However, there was a problem
testing your distribution.
If you think this report is invalid, please consult the CPAN Testers Wiki
for suggestions on how to avoid getting FAIL reports for missing library
or binary dependencies, unsupported operating systems, and so on:
http://wiki.cpantesters.org/wiki/CPANAuthorNotes
Sections of this report:
* Tester comments
* Program output
* Prerequisites
* Environment and other context
------------------------------
TESTER COMMENTS
------------------------------
Additional comments from tester:
this report is from an automated smoke testing program
and was not reviewed by a human for accuracy
------------------------------
PROGRAM OUTPUT
------------------------------
Output from '/usr/bin/make test':
PERL_DL_NONLAZY=1 /home/sand/src/perl/repoperls/installed-perls/perl/v5.19.8/127e/bin/perl "-MExtUtils::Command::MM" "-MTest::Harness" "-e" "undef *Test::Harness::Switches; test_harness(0, 'blib/lib', 'blib/arch')" t/*.t
t/000.optional.t .. ok
t/000.required.t .. ok
# Failed test 'use Prancer::Session::State::Cookie;'
# at t/000.use.t line 27.
# Tried to use 'Prancer::Session::State::Cookie'.
# Error: Can't locate Plack/Session/State/Cookie.pm in @INC (you may need to install the Plack::Session::State::Cookie module) (@INC contains: /tmp/loop_over_bdir-916-gFYfZL/Prancer-0.04-aUVLQN/blib/lib /tmp/loop_over_bdir-916-gFYfZL/Prancer-0.04-aUVLQN/blib/arch /home/sand/src/perl/repoperls/installed-perls/perl/v5.19.8/127e/lib/site_perl/5.19.8/x86_64-linux-ld /home/sand/src/perl/repoperls/installed-perls/perl/v5.19.8/127e/lib/site_perl/5.19.8 /home/sand/src/perl/repoperls/installed-perls/perl/v5.19.8/127e/lib/5.19.8/x86_64-linux-ld /home/sand/src/perl/repoperls/installed-perls/perl/v5.19.8/127e/lib/5.19.8 .) at /tmp/loop_over_bdir-916-gFYfZL/Prancer-0.04-aUVLQN/blib/lib/Prancer/Session/State/Cookie.pm line 6.
# BEGIN failed--compilation aborted at /tmp/loop_over_bdir-916-gFYfZL/Prancer-0.04-aUVLQN/blib/lib/Prancer/Session/State/Cookie.pm line 6.
# Compilation failed in require at t/000.use.t line 27.
# BEGIN failed--compilation aborted at t/000.use.t line 27.
# Failed test 'use Prancer::Session::Store::Memory;'
# at t/000.use.t line 28.
# Tried to use 'Prancer::Session::Store::Memory'.
# Error: Can't locate Plack/Session/Store.pm in @INC (you may need to install the Plack::Session::Store module) (@INC contains: /tmp/loop_over_bdir-916-gFYfZL/Prancer-0.04-aUVLQN/blib/lib /tmp/loop_over_bdir-916-gFYfZL/Prancer-0.04-aUVLQN/blib/arch /home/sand/src/perl/repoperls/installed-perls/perl/v5.19.8/127e/lib/site_perl/5.19.8/x86_64-linux-ld /home/sand/src/perl/repoperls/installed-perls/perl/v5.19.8/127e/lib/site_perl/5.19.8 /home/sand/src/perl/repoperls/installed-perls/perl/v5.19.8/127e/lib/5.19.8/x86_64-linux-ld /home/sand/src/perl/repoperls/installed-perls/perl/v5.19.8/127e/lib/5.19.8 .) at /tmp/loop_over_bdir-916-gFYfZL/Prancer-0.04-aUVLQN/blib/lib/Prancer/Session/Store/Memory.pm line 6.
# BEGIN failed--compilation aborted at /tmp/loop_over_bdir-916-gFYfZL/Prancer-0.04-aUVLQN/blib/lib/Prancer/Session/Store/Memory.pm line 6.
# Compilation failed in require at t/000.use.t line 28.
# BEGIN failed--compilation aborted at t/000.use.t line 28.
# Failed test 'use Prancer::Session::Store::YAML;'
# at t/000.use.t line 29.
# Tried to use 'Prancer::Session::Store::YAML'.
# Error: Can't locate Plack/Session/Store/File.pm in @INC (you may need to install the Plack::Session::Store::File module) (@INC contains: /tmp/loop_over_bdir-916-gFYfZL/Prancer-0.04-aUVLQN/blib/lib /tmp/loop_over_bdir-916-gFYfZL/Prancer-0.04-aUVLQN/blib/arch /home/sand/src/perl/repoperls/installed-perls/perl/v5.19.8/127e/lib/site_perl/5.19.8/x86_64-linux-ld /home/sand/src/perl/repoperls/installed-perls/perl/v5.19.8/127e/lib/site_perl/5.19.8 /home/sand/src/perl/repoperls/installed-perls/perl/v5.19.8/127e/lib/5.19.8/x86_64-linux-ld /home/sand/src/perl/repoperls/installed-perls/perl/v5.19.8/127e/lib/5.19.8 .) at /tmp/loop_over_bdir-916-gFYfZL/Prancer-0.04-aUVLQN/blib/lib/Prancer/Session/Store/YAML.pm line 6.
# BEGIN failed--compilation aborted at /tmp/loop_over_bdir-916-gFYfZL/Prancer-0.04-aUVLQN/blib/lib/Prancer/Session/Store/YAML.pm line 6.
# Compilation failed in require at t/000.use.t line 29.
# BEGIN failed--compilation aborted at t/000.use.t line 29.
# Failed test 'use Prancer::Session::Store::Database::Driver;'
# at t/000.use.t line 31.
# Tried to use 'Prancer::Session::Store::Database::Driver'.
# Error: Can't locate Plack/Session/Store.pm in @INC (you may need to install the Plack::Session::Store module) (@INC contains: /tmp/loop_over_bdir-916-gFYfZL/Prancer-0.04-aUVLQN/blib/lib /tmp/loop_over_bdir-916-gFYfZL/Prancer-0.04-aUVLQN/blib/arch /home/sand/src/perl/repoperls/installed-perls/perl/v5.19.8/127e/lib/site_perl/5.19.8/x86_64-linux-ld /home/sand/src/perl/repoperls/installed-perls/perl/v5.19.8/127e/lib/site_perl/5.19.8 /home/sand/src/perl/repoperls/installed-perls/perl/v5.19.8/127e/lib/5.19.8/x86_64-linux-ld /home/sand/src/perl/repoperls/installed-perls/perl/v5.19.8/127e/lib/5.19.8 .) at /tmp/loop_over_bdir-916-gFYfZL/Prancer-0.04-aUVLQN/blib/lib/Prancer/Session/Store/Database/Driver.pm line 6.
# BEGIN failed--compilation aborted at /tmp/loop_over_bdir-916-gFYfZL/Prancer-0.04-aUVLQN/blib/lib/Prancer/Session/Store/Database/Driver.pm line 6.
# Compilation failed in require at t/000.use.t line 31.
# BEGIN failed--compilation aborted at t/000.use.t line 31.
# Failed test 'use Prancer::Session::Store::Database::Driver::Pg;'
# at t/000.use.t line 32.
# Tried to use 'Prancer::Session::Store::Database::Driver::Pg'.
# Error: Attempt to reload Prancer/Session/Store/Database/Driver.pm aborted.
# Compilation failed in require at /tmp/loop_over_bdir-916-gFYfZL/Prancer-0.04-aUVLQN/blib/lib/Prancer/Session/Store/Database/Driver/Pg.pm line 6.
# BEGIN failed--compilation aborted at /tmp/loop_over_bdir-916-gFYfZL/Prancer-0.04-aUVLQN/blib/lib/Prancer/Session/Store/Database/Driver/Pg.pm line 6.
# Compilation failed in require at t/000.use.t line 32.
# BEGIN failed--compilation aborted at t/000.use.t line 32.
# Looks like you failed 5 tests of 23.
t/000.use.t .......
Dubious, test returned 5 (wstat 1280, 0x500)
Failed 5/23 subtests
t/999.critic.t .... skipped: Set $ENV{RUN_AUTHOR_TESTS} to a true value to run.
t/999.eol.t ....... skipped: Set $ENV{RUN_AUTHOR_TESTS} to a true value to run.
t/999.notabs.t .... skipped: Set $ENV{RUN_AUTHOR_TESTS} to a true value to run.
Test Summary Report
-------------------
t/000.use.t (Wstat: 1280 Tests: 23 Failed: 5)
Failed tests: 18-20, 22-23
Non-zero exit status: 5
Files=6, Tests=47, 2 wallclock secs ( 0.05 usr 0.00 sys + 0.32 cusr 0.06 csys = 0.43 CPU)
Result: FAIL
Failed 1/6 test programs. 5/47 subtests failed.
make: *** [test_dynamic] Error 255
------------------------------
PREREQUISITES
------------------------------
Prerequisite modules loaded:
requires:
Module Need Have
------------------- ------ -------
Config::Any 0 0.24
Hash::Merge::Simple 0 0.051
Hash::MultiValue 0 0.15
Module::Load 0 0.32
Plack 1.0029 1.0030
Router::Boom 1.01 1.01
Try::Tiny 0 0.20
URI 0 1.60
YAML 0 0.90
build_requires:
Module Need Have
------------------- ------ -------
ExtUtils::MakeMaker 0 6.95_01
configure_requires:
Module Need Have
------------------- ------ -------
ExtUtils::MakeMaker 0 6.95_01
------------------------------
ENVIRONMENT AND OTHER CONTEXT
------------------------------
Environment variables:
AUTOMATED_TESTING = 1
LANG = en_US.UTF-8
LANGUAGE = en_US:en
PATH = /usr/lib/ccache:/home/sand/bin:/usr/local/bin:/usr/bin:/bin:/usr/games:/usr/local/perl/bin:/usr/X11/bin:/sbin:/usr/sbin
PERL5LIB =
PERL5OPT =
PERL5_CPANPLUS_IS_RUNNING = 918
PERL5_CPAN_IS_RUNNING = 918
PERL_MM_USE_DEFAULT = 1
SHELL = /usr/bin/zsh
TERM = screen
Perl special variables (and OS-specific diagnostics, for MSWin32):
$^X = /home/sand/src/perl/repoperls/installed-perls/perl/v5.19.8/127e/bin/perl
$UID/$EUID = 1005 / 1005
$GID = 1005 1005
$EGID = 1005 1005
Perl module toolchain versions installed:
Module Have
------------------- --------
CPAN 2.05
CPAN::Meta 2.133380
Cwd 3.45
ExtUtils::CBuilder 0.280216
ExtUtils::Command 1.18
ExtUtils::Install 1.61
ExtUtils::MakeMaker 6.95_01
ExtUtils::Manifest 1.63
ExtUtils::ParseXS 3.23
File::Spec 3.45
JSON 2.90
JSON::PP 2.27203
Module::Build 0.4205
Module::Signature 0.73
Parse::CPAN::Meta 1.4414
Test::Harness 3.30
Test::More 1.001003
YAML 0.90
YAML::Syck 1.27
version 0.9907
--
Summary of my perl5 (revision 5 version 19 subversion 8) configuration:
Commit id: f1a26846dca563375a36bab4a5086c67edf623c1
Platform:
osname=linux, osvers=3.13-1-amd64, archname=x86_64-linux-ld
uname='linux k83 3.13-1-amd64 #1 smp debian 3.13.7-1 (2014-03-25) x86_64 gnulinux '
config_args='-Dprefix=/home/sand/src/perl/repoperls/installed-perls/perl/v5.19.8/127e -Dmyhostname=k83 -Dinstallusrbinperl=n -Uversiononly -Dusedevel -des -Ui_db -Uuseithreads -Duselongdouble -DDEBUGGING=-g'
hint=recommended, useposix=true, d_sigaction=define
useithreads=undef, usemultiplicity=undef
use64bitint=define, use64bitall=define, uselongdouble=define
usemymalloc=n, bincompat5005=undef
Compiler:
cc='cc', ccflags ='-fno-strict-aliasing -pipe -fstack-protector -I/usr/local/include -D_LARGEFILE_SOURCE -D_FILE_OFFSET_BITS=64',
optimize='-O2 -g',
cppflags='-fno-strict-aliasing -pipe -fstack-protector -I/usr/local/include'
ccversion='', gccversion='4.8.2', gccosandvers=''
intsize=4, longsize=8, ptrsize=8, doublesize=8, byteorder=12345678
d_longlong=define, longlongsize=8, d_longdbl=define, longdblsize=16
ivtype='long', ivsize=8, nvtype='long double', nvsize=16, Off_t='off_t', lseeksize=8
alignbytes=16, prototype=define
Linker and Libraries:
ld='cc', ldflags =' -fstack-protector -L/usr/local/lib'
libpth=/usr/local/lib /usr/lib/gcc/x86_64-linux-gnu/4.8/include-fixed /usr/include/x86_64-linux-gnu /usr/lib /lib/x86_64-linux-gnu /lib/../lib /usr/lib/x86_64-linux-gnu /usr/lib/../lib /lib
libs=-lnsl -lgdbm -ldb -ldl -lm -lcrypt -lutil -lc -lgdbm_compat
perllibs=-lnsl -ldl -lm -lcrypt -lutil -lc
libc=, so=so, useshrplib=false, libperl=libperl.a
gnulibc_version='2.18'
Dynamic Linking:
dlsrc=dl_dlopen.xs, dlext=so, d_dlsymun=undef, ccdlflags='-Wl,-E'
cccdlflags='-fPIC', lddlflags='-shared -O2 -g -L/usr/local/lib -fstack-protector'
Characteristics of this binary (from libperl):
Compile-time options: HAS_TIMES PERLIO_LAYERS PERL_DONT_CREATE_GVSV
PERL_HASH_FUNC_ONE_AT_A_TIME_HARD PERL_MALLOC_WRAP
PERL_NEW_COPY_ON_WRITE PERL_PRESERVE_IVUV
PERL_USE_DEVEL USE_64_BIT_ALL USE_64_BIT_INT
USE_LARGE_FILES USE_LOCALE USE_LOCALE_COLLATE
USE_LOCALE_CTYPE USE_LOCALE_NUMERIC USE_LONG_DOUBLE
USE_PERLIO USE_PERL_ATOF
Built under linux
Compiled at Apr 2 2014 06:21:44
%ENV:
PERL5LIB=""
PERL5OPT=""
PERL5_CPANPLUS_IS_RUNNING="918"
PERL5_CPAN_IS_RUNNING="918"
PERL_MM_USE_DEFAULT="1"
@INC:
/home/sand/src/perl/repoperls/installed-perls/perl/v5.19.8/127e/lib/site_perl/5.19.8/x86_64-linux-ld
/home/sand/src/perl/repoperls/installed-perls/perl/v5.19.8/127e/lib/site_perl/5.19.8
/home/sand/src/perl/repoperls/installed-perls/perl/v5.19.8/127e/lib/5.19.8/x86_64-linux-ld
/home/sand/src/perl/repoperls/installed-perls/perl/v5.19.8/127e/lib/5.19.8
.