Report for Tangence-0.19

Back
From: metabase:user:320bfe00-2aae-11df-837a-5e0a49663a4f
Subject: FAIL Tangence-0.19 v5.19.10 GNU/Linux
Date: 2014-03-30T19:36:02Z

This distribution has been tested as part of the CPAN Testers
project, supporting the Perl programming language.  See
http://wiki.cpantesters.org/ for more information or email
questions to cpan-testers-discuss@perl.org


--
Dear Paul Evans,

This is a computer-generated report for Tangence-0.19
on perl 5.19.10, created by CPAN-Reporter-1.2011.

Thank you for uploading your work to CPAN.  However, there was a problem
testing your distribution.

If you think this report is invalid, please consult the CPAN Testers Wiki
for suggestions on how to avoid getting FAIL reports for missing library
or binary dependencies, unsupported operating systems, and so on:

http://wiki.cpantesters.org/wiki/CPANAuthorNotes

Sections of this report:

    * Tester comments
    * Program output
    * Prerequisites
    * Environment and other context

------------------------------
TESTER COMMENTS
------------------------------

Additional comments from tester:

this report is from an automated smoke testing program
and was not reviewed by a human for accuracy

------------------------------
PROGRAM OUTPUT
------------------------------

Output from './Build test':

Possible precedence issue with control flow operator at /tmp/loop_over_bdir-3050-XzdHX3/Tangence-0.19-Lu5_qp/blib/lib/Tangence/Class.pm line 136.
Possible precedence issue with control flow operator at /tmp/loop_over_bdir-3050-XzdHX3/Tangence-0.19-Lu5_qp/blib/lib/Tangence/Class.pm line 145.
Possible precedence issue with control flow operator at /tmp/loop_over_bdir-3050-XzdHX3/Tangence-0.19-Lu5_qp/blib/lib/Tangence/Struct.pm line 99.
Possible precedence issue with control flow operator at /tmp/loop_over_bdir-3050-XzdHX3/Tangence-0.19-Lu5_qp/blib/lib/Tangence/Struct.pm line 107.
t/00use.t .............. ok
t/01compiler-parser.t .. ok
Possible precedence issue with control flow operator at /tmp/loop_over_bdir-3050-XzdHX3/Tangence-0.19-Lu5_qp/blib/lib/Tangence/Class.pm line 136.
Possible precedence issue with control flow operator at /tmp/loop_over_bdir-3050-XzdHX3/Tangence-0.19-Lu5_qp/blib/lib/Tangence/Class.pm line 145.
Possible precedence issue with control flow operator at /tmp/loop_over_bdir-3050-XzdHX3/Tangence-0.19-Lu5_qp/blib/lib/Tangence/Struct.pm line 99.
Possible precedence issue with control flow operator at /tmp/loop_over_bdir-3050-XzdHX3/Tangence-0.19-Lu5_qp/blib/lib/Tangence/Struct.pm line 107.
t/02registry.t ......... ok
Possible precedence issue with control flow operator at /tmp/loop_over_bdir-3050-XzdHX3/Tangence-0.19-Lu5_qp/blib/lib/Tangence/Class.pm line 136.
Possible precedence issue with control flow operator at /tmp/loop_over_bdir-3050-XzdHX3/Tangence-0.19-Lu5_qp/blib/lib/Tangence/Class.pm line 145.
Possible precedence issue with control flow operator at /tmp/loop_over_bdir-3050-XzdHX3/Tangence-0.19-Lu5_qp/blib/lib/Tangence/Struct.pm line 99.
Possible precedence issue with control flow operator at /tmp/loop_over_bdir-3050-XzdHX3/Tangence-0.19-Lu5_qp/blib/lib/Tangence/Struct.pm line 107.
t/03properties.t ....... ok
Possible precedence issue with control flow operator at /tmp/loop_over_bdir-3050-XzdHX3/Tangence-0.19-Lu5_qp/blib/lib/Tangence/Class.pm line 136.
Possible precedence issue with control flow operator at /tmp/loop_over_bdir-3050-XzdHX3/Tangence-0.19-Lu5_qp/blib/lib/Tangence/Class.pm line 145.
Possible precedence issue with control flow operator at /tmp/loop_over_bdir-3050-XzdHX3/Tangence-0.19-Lu5_qp/blib/lib/Tangence/Struct.pm line 99.
Possible precedence issue with control flow operator at /tmp/loop_over_bdir-3050-XzdHX3/Tangence-0.19-Lu5_qp/blib/lib/Tangence/Struct.pm line 107.

#   Failed test '$type->unpack_value any (float)'
#   at t/10message.t line 196.
#          got: '123.450000000000003'
#     expected: '123.45'
# Looks like you failed 1 test of 182.
t/10message.t .......... 
Dubious, test returned 1 (wstat 256, 0x100)
Failed 1/182 subtests 
Possible precedence issue with control flow operator at /tmp/loop_over_bdir-3050-XzdHX3/Tangence-0.19-Lu5_qp/blib/lib/Tangence/Class.pm line 136.
Possible precedence issue with control flow operator at /tmp/loop_over_bdir-3050-XzdHX3/Tangence-0.19-Lu5_qp/blib/lib/Tangence/Class.pm line 145.
Possible precedence issue with control flow operator at /tmp/loop_over_bdir-3050-XzdHX3/Tangence-0.19-Lu5_qp/blib/lib/Tangence/Struct.pm line 99.
Possible precedence issue with control flow operator at /tmp/loop_over_bdir-3050-XzdHX3/Tangence-0.19-Lu5_qp/blib/lib/Tangence/Struct.pm line 107.
t/11stream.t ........... ok
Possible precedence issue with control flow operator at /tmp/loop_over_bdir-3050-XzdHX3/Tangence-0.19-Lu5_qp/blib/lib/Tangence/Class.pm line 136.
Possible precedence issue with control flow operator at /tmp/loop_over_bdir-3050-XzdHX3/Tangence-0.19-Lu5_qp/blib/lib/Tangence/Class.pm line 145.
Possible precedence issue with control flow operator at /tmp/loop_over_bdir-3050-XzdHX3/Tangence-0.19-Lu5_qp/blib/lib/Tangence/Struct.pm line 99.
Possible precedence issue with control flow operator at /tmp/loop_over_bdir-3050-XzdHX3/Tangence-0.19-Lu5_qp/blib/lib/Tangence/Struct.pm line 107.
t/20server.t ........... ok
Possible precedence issue with control flow operator at /tmp/loop_over_bdir-3050-XzdHX3/Tangence-0.19-Lu5_qp/blib/lib/Tangence/Class.pm line 136.
Possible precedence issue with control flow operator at /tmp/loop_over_bdir-3050-XzdHX3/Tangence-0.19-Lu5_qp/blib/lib/Tangence/Class.pm line 145.
Possible precedence issue with control flow operator at /tmp/loop_over_bdir-3050-XzdHX3/Tangence-0.19-Lu5_qp/blib/lib/Tangence/Struct.pm line 99.
Possible precedence issue with control flow operator at /tmp/loop_over_bdir-3050-XzdHX3/Tangence-0.19-Lu5_qp/blib/lib/Tangence/Struct.pm line 107.
t/21client.t ........... ok
Possible precedence issue with control flow operator at /tmp/loop_over_bdir-3050-XzdHX3/Tangence-0.19-Lu5_qp/blib/lib/Tangence/Class.pm line 136.
Possible precedence issue with control flow operator at /tmp/loop_over_bdir-3050-XzdHX3/Tangence-0.19-Lu5_qp/blib/lib/Tangence/Class.pm line 145.
Possible precedence issue with control flow operator at /tmp/loop_over_bdir-3050-XzdHX3/Tangence-0.19-Lu5_qp/blib/lib/Tangence/Struct.pm line 99.
Possible precedence issue with control flow operator at /tmp/loop_over_bdir-3050-XzdHX3/Tangence-0.19-Lu5_qp/blib/lib/Tangence/Struct.pm line 107.
t/22xlink.t ............ ok
Possible precedence issue with control flow operator at /tmp/loop_over_bdir-3050-XzdHX3/Tangence-0.19-Lu5_qp/blib/lib/Tangence/Class.pm line 136.
Possible precedence issue with control flow operator at /tmp/loop_over_bdir-3050-XzdHX3/Tangence-0.19-Lu5_qp/blib/lib/Tangence/Class.pm line 145.
Possible precedence issue with control flow operator at /tmp/loop_over_bdir-3050-XzdHX3/Tangence-0.19-Lu5_qp/blib/lib/Tangence/Struct.pm line 99.
Possible precedence issue with control flow operator at /tmp/loop_over_bdir-3050-XzdHX3/Tangence-0.19-Lu5_qp/blib/lib/Tangence/Struct.pm line 107.
t/23close.t ............ ok
Possible precedence issue with control flow operator at /tmp/loop_over_bdir-3050-XzdHX3/Tangence-0.19-Lu5_qp/blib/lib/Tangence/Class.pm line 136.
Possible precedence issue with control flow operator at /tmp/loop_over_bdir-3050-XzdHX3/Tangence-0.19-Lu5_qp/blib/lib/Tangence/Class.pm line 145.
Possible precedence issue with control flow operator at /tmp/loop_over_bdir-3050-XzdHX3/Tangence-0.19-Lu5_qp/blib/lib/Tangence/Struct.pm line 99.
Possible precedence issue with control flow operator at /tmp/loop_over_bdir-3050-XzdHX3/Tangence-0.19-Lu5_qp/blib/lib/Tangence/Struct.pm line 107.
t/30props-cbs.t ........ ok
Possible precedence issue with control flow operator at /tmp/loop_over_bdir-3050-XzdHX3/Tangence-0.19-Lu5_qp/blib/lib/Tangence/Class.pm line 136.
Possible precedence issue with control flow operator at /tmp/loop_over_bdir-3050-XzdHX3/Tangence-0.19-Lu5_qp/blib/lib/Tangence/Class.pm line 145.
Possible precedence issue with control flow operator at /tmp/loop_over_bdir-3050-XzdHX3/Tangence-0.19-Lu5_qp/blib/lib/Tangence/Struct.pm line 99.
Possible precedence issue with control flow operator at /tmp/loop_over_bdir-3050-XzdHX3/Tangence-0.19-Lu5_qp/blib/lib/Tangence/Struct.pm line 107.
t/31props-cache.t ...... ok
Possible precedence issue with control flow operator at /tmp/loop_over_bdir-3050-XzdHX3/Tangence-0.19-Lu5_qp/blib/lib/Tangence/Class.pm line 136.
Possible precedence issue with control flow operator at /tmp/loop_over_bdir-3050-XzdHX3/Tangence-0.19-Lu5_qp/blib/lib/Tangence/Class.pm line 145.
Possible precedence issue with control flow operator at /tmp/loop_over_bdir-3050-XzdHX3/Tangence-0.19-Lu5_qp/blib/lib/Tangence/Struct.pm line 99.
Possible precedence issue with control flow operator at /tmp/loop_over_bdir-3050-XzdHX3/Tangence-0.19-Lu5_qp/blib/lib/Tangence/Struct.pm line 107.
t/32props-iter.t ....... ok
t/99pod.t .............. ok

Test Summary Report
-------------------
t/10message.t        (Wstat: 256 Tests: 182 Failed: 1)
  Failed test:  148
  Non-zero exit status: 1
Files=14, Tests=607,  6 wallclock secs ( 0.10 usr  0.01 sys +  1.45 cusr  0.11 csys =  1.67 CPU)
Result: FAIL
Failed 1/14 test programs. 1/607 subtests failed.

------------------------------
PREREQUISITES
------------------------------

Prerequisite modules loaded:

requires:

    Module              Need  Have    
    ------------------- ----- --------
    Encode              0     2.58    
    Exporter            5.57  5.70    
    List::Util          1.29  1.38    
    Parser::MGC         0.04  0.12    
    perl                5.01  5.019010
    URI::Split          0     0       

build_requires:

    Module              Need  Have    
    ------------------- ----- --------
    Test::Fatal         0.006 0.013   
    Test::HexString     0     0.03    
    Test::Identity      0     0.01    
    Test::Memory::Cycle 0     1.04    
    Test::More          0.88  1.001003
    Test::Refcount      0     0.08    


------------------------------
ENVIRONMENT AND OTHER CONTEXT
------------------------------

Environment variables:

    AUTOMATED_TESTING = 1
    LANG = en_US.UTF-8
    LANGUAGE = en_US:en
    PATH = /usr/lib/ccache:/home/sand/bin:/usr/local/bin:/usr/bin:/bin:/usr/games:/usr/local/perl/bin:/usr/X11/bin:/sbin:/usr/sbin
    PERL5LIB = 
    PERL5OPT = 
    PERL5_CPANPLUS_IS_RUNNING = 3051
    PERL5_CPAN_IS_RUNNING = 3051
    PERL_MM_USE_DEFAULT = 1
    SHELL = /usr/bin/zsh
    TERM = screen

Perl special variables (and OS-specific diagnostics, for MSWin32):

    $^X = /home/sand/src/perl/repoperls/installed-perls/perl/v5.19.10/127e/bin/perl
    $UID/$EUID = 1005 / 1005
    $GID = 1005 1005
    $EGID = 1005 1005

Perl module toolchain versions installed:

    Module              Have    
    ------------------- --------
    CPAN                2.04    
    CPAN::Meta          2.140640
    Cwd                 3.47    
    ExtUtils::CBuilder  0.280216
    ExtUtils::Command   1.18    
    ExtUtils::Install   1.64    
    ExtUtils::MakeMaker 6.94    
    ExtUtils::Manifest  1.63    
    ExtUtils::ParseXS   3.24    
    File::Spec          3.47    
    JSON                2.90    
    JSON::PP            2.27203 
    Module::Build       0.4205  
    Module::Signature   n/a     
    Parse::CPAN::Meta   1.4414  
    Test::Harness       3.30    
    Test::More          1.001003
    YAML                0.90    
    YAML::Syck          1.27    
    version             0.9908  


--

Summary of my perl5 (revision 5 version 19 subversion 10) configuration:
  Commit id: b1d6c02291d51fb2f2ee79a3a74bd7eb8e429928
  Platform:
    osname=linux, osvers=3.13-1-amd64, archname=x86_64-linux-ld
    uname='linux k83 3.13-1-amd64 #1 smp debian 3.13.6-1 (2014-03-19) x86_64 gnulinux '
    config_args='-Dprefix=/home/sand/src/perl/repoperls/installed-perls/perl/v5.19.10/127e -Dmyhostname=k83 -Dinstallusrbinperl=n -Uversiononly -Dusedevel -des -Ui_db -Uuseithreads -Duselongdouble -DDEBUGGING=-g'
    hint=recommended, useposix=true, d_sigaction=define
    useithreads=undef, usemultiplicity=undef
    use64bitint=define, use64bitall=define, uselongdouble=define
    usemymalloc=n, bincompat5005=undef
  Compiler:
    cc='cc', ccflags ='-fno-strict-aliasing -pipe -fstack-protector -I/usr/local/include -D_LARGEFILE_SOURCE -D_FILE_OFFSET_BITS=64',
    optimize='-O2 -g',
    cppflags='-fno-strict-aliasing -pipe -fstack-protector -I/usr/local/include'
    ccversion='', gccversion='4.8.2', gccosandvers=''
    intsize=4, longsize=8, ptrsize=8, doublesize=8, byteorder=12345678
    d_longlong=define, longlongsize=8, d_longdbl=define, longdblsize=16
    ivtype='long', ivsize=8, nvtype='long double', nvsize=16, Off_t='off_t', lseeksize=8
    alignbytes=16, prototype=define
  Linker and Libraries:
    ld='cc', ldflags =' -fstack-protector -L/usr/local/lib'
    libpth=/usr/local/lib /usr/lib/gcc/x86_64-linux-gnu/4.8/include-fixed /usr/include/x86_64-linux-gnu /usr/lib /lib/x86_64-linux-gnu /lib/../lib /usr/lib/x86_64-linux-gnu /usr/lib/../lib /lib
    libs=-lnsl -lgdbm -ldb -ldl -lm -lcrypt -lutil -lc -lgdbm_compat
    perllibs=-lnsl -ldl -lm -lcrypt -lutil -lc
    libc=libc-2.18.so, so=so, useshrplib=false, libperl=libperl.a
    gnulibc_version='2.18'
  Dynamic Linking:
    dlsrc=dl_dlopen.xs, dlext=so, d_dlsymun=undef, ccdlflags='-Wl,-E'
    cccdlflags='-fPIC', lddlflags='-shared -O2 -g -L/usr/local/lib -fstack-protector'


Characteristics of this binary (from libperl): 
  Compile-time options: HAS_TIMES PERLIO_LAYERS PERL_DONT_CREATE_GVSV
                        PERL_HASH_FUNC_ONE_AT_A_TIME_HARD PERL_MALLOC_WRAP
                        PERL_NEW_COPY_ON_WRITE PERL_PRESERVE_IVUV
                        PERL_USE_DEVEL USE_64_BIT_ALL USE_64_BIT_INT
                        USE_LARGE_FILES USE_LOCALE USE_LOCALE_COLLATE
                        USE_LOCALE_CTYPE USE_LOCALE_NUMERIC USE_LONG_DOUBLE
                        USE_PERLIO USE_PERL_ATOF
  Built under linux
  Compiled at Mar 21 2014 05:16:05
  %ENV:
    PERL5LIB=""
    PERL5OPT=""
    PERL5_CPANPLUS_IS_RUNNING="3051"
    PERL5_CPAN_IS_RUNNING="3051"
    PERL_MM_USE_DEFAULT="1"
  @INC:
    /home/sand/src/perl/repoperls/installed-perls/perl/v5.19.10/127e/lib/site_perl/5.19.10/x86_64-linux-ld
    /home/sand/src/perl/repoperls/installed-perls/perl/v5.19.10/127e/lib/site_perl/5.19.10
    /home/sand/src/perl/repoperls/installed-perls/perl/v5.19.10/127e/lib/5.19.10/x86_64-linux-ld
    /home/sand/src/perl/repoperls/installed-perls/perl/v5.19.10/127e/lib/5.19.10
    .