Report for Dist-Zilla-Plugin-Test-Compile-2.020

Back
From: metabase:user:30ae4450-2aae-11df-837a-5e0a49663a4f
Subject: FAIL Dist-Zilla-Plugin-Test-Compile-2.020 v5.10.1 
Date: 2013-08-25T07:39:22Z

This distribution has been tested as part of the CPAN Testers
project, supporting the Perl programming language.  See
http://wiki.cpantesters.org/ for more information or email
questions to cpan-testers-discuss@perl.org


--
Dear Karen Etheridge,

This is a computer-generated report for Dist-Zilla-Plugin-Test-Compile-2.020
on perl 5.10.1, created by CPAN-Reporter-1.2010.

Thank you for uploading your work to CPAN.  However, there was a problem
testing your distribution.

If you think this report is invalid, please consult the CPAN Testers Wiki
for suggestions on how to avoid getting FAIL reports for missing library
or binary dependencies, unsupported operating systems, and so on:

http://wiki.cpantesters.org/wiki/CPANAuthorNotes

Sections of this report:

    * Tester comments
    * Program output
    * Prerequisites
    * Environment and other context

------------------------------
TESTER COMMENTS
------------------------------

Additional comments from tester:

this report is from an automated smoke testing program
and was not reviewed by a human for accuracy

------------------------------
PROGRAM OUTPUT
------------------------------

Output from 'C:\strawberry\perl\bin\perl.exe ./Build test':

t/00-check-deps.t .. ok
t/00-compile.t ..... ok

#   Failed test 'warnings from compiling LittleKaboom are captured'
#   at t/02_warnings.t line 51.
#          got: 'there was supposed to be a kaboom at C:\strawberry\cpan\build\Dist-Zilla-Plugin-Test-Compile-2.020-7cVQ3D\tmp\CYsMJEKQX4\build\blib\lib/LittleKaboom.pm line 4.
# '
#     expected: 'there was supposed to be a kaboom at C:\strawberry\cpan\build\Dist-Zilla-Plugin-Test-Compile-2.020-7cVQ3D\tmp\CYsMJEKQX4\build\blib\lib\LittleKaboom.pm line 4.
# '
# Looks like you failed 1 test of 4.
t/02_warnings.t .... 
Dubious, test returned 1 (wstat 256, 0x100)
Failed 1/4 subtests 
t/test-compile.t ... ok

Test Summary Report
-------------------
t/02_warnings.t  (Wstat: 256 Tests: 4 Failed: 1)
  Failed test:  3
  Non-zero exit status: 1
Files=4, Tests=51, 12 wallclock secs ( 0.02 usr +  0.03 sys =  0.05 CPU)
Result: FAIL

------------------------------
PREREQUISITES
------------------------------

Prerequisite modules loaded:

requires:

    Module                            Need  Have    
    --------------------------------- ----- --------
    Data::Section                     0.004 0.101621
    Dist::CheckConflicts              0.02  0.02    
    Dist::Zilla::File::InMemory       0     4.300030
    Dist::Zilla::Role::FileFinderUser 0     4.300030
    Dist::Zilla::Role::FileGatherer   0     4.300030
    Dist::Zilla::Role::FileMunger     0     4.300030
    Dist::Zilla::Role::PrereqSource   0     4.300030
    Dist::Zilla::Role::TextTemplate   0     4.300030
    Moose                             0     2.0604  
    Moose::Util::TypeConstraints      0     2.0604  
    namespace::autoclean              0     0.13    
    Path::Tiny                        0     0.013   
    perl                              5.008 5.010001
    strict                            0     1.04    
    Sub::Exporter::ForMethods         0     0.100050
    warnings                          0     1.06    

build_requires:

    Module                            Need  Have    
    --------------------------------- ----- --------
    Cwd                               0     3.40    
    Dist::Zilla::Tester               0     4.300030
    File::Spec                        0     3.40    
    IO::Handle                        0     1.28    
    IPC::Open3                        0     1.04    
    JSON                              0     2.53    
    Module::CoreList                  2.77  2.82    
    Path::Class                       0     0.31    
    Test::CheckDeps                   0.006 0.006   
    Test::DZil                        0     4.300030
    Test::More                        0.94  0.98    
    Test::Warnings                    0     0.008   
    version                           0     0.9901  

configure_requires:

    Module                            Need  Have    
    --------------------------------- ----- --------
    Dist::CheckConflicts              0.02  0.02    
    Module::Build::Tiny               0.026 0.026   


------------------------------
ENVIRONMENT AND OTHER CONTEXT
------------------------------

Environment variables:

    AUTOMATED_TESTING = 1
    COMSPEC = C:\WINDOWS\system32\cmd.exe
    NUMBER_OF_PROCESSORS = 1
    PATH = C:\Program Files\Far Manager\;C:\WINDOWS\system32;C:\WINDOWS;C:\WINDOWS\System32\Wbem;C:\strawberry\c\bin;C:\strawberry\perl\site\bin;C:\strawberry\perl\bin
    PERL5LIB = C:\strawberry\cpan\build\Test-Warnings-0.008-8PoJfZ/blib/arch;C:\strawberry\cpan\build\Test-Warnings-0.008-8PoJfZ/blib/lib;C:\strawberry\cpan\build\Test-Tester-0.109-hDhzdX/blib/arch;C:\strawberry\cpan\build\Test-Tester-0.109-hDhzdX/blib/lib;C:\strawberry\cpan\build\Test-CheckDeps-0.006-3O3brQ/blib/arch;C:\strawberry\cpan\build\Test-CheckDeps-0.006-3O3brQ/blib/lib;C:\strawberry\cpan\build\Module-Build-Tiny-0.026-LDymw5/blib/arch;C:\strawberry\cpan\build\Module-Build-Tiny-0.026-LDymw5/blib/lib;C:\strawberry\cpan\build\ExtUtils-InstallPaths-0.009-fDPU0i/blib/arch;C:\strawberry\cpan\build\ExtUtils-InstallPaths-0.009-fDPU0i/blib/lib;C:\strawberry\cpan\build\ExtUtils-Helpers-0.021-KfKp0T/blib/arch;C:\strawberry\cpan\build\ExtUtils-Helpers-0.021-KfKp0T/blib/lib
    PERL5OPT = 
    PERL5_CPANPLUS_IS_RUNNING = 764
    PERL5_CPAN_IS_RUNNING = 764
    PERL5_CPAN_IS_RUNNING_IN_RECURSION = 704,764
    PERL_CR_SMOKER_CURRENT = Dist-Zilla-Plugin-Test-Compile-2.020
    PERL_EXTUTILS_AUTOINSTALL = --defaultdeps
    PERL_JSON_BACKEND = JSON::XS
    PERL_MM_USE_DEFAULT = 1
    PERL_YAML_BACKEND = YAML
    PROCESSOR_IDENTIFIER = x86 Family 16 Model 5 Stepping 3, AuthenticAMD
    TEMP = C:\DOCUME~1\c\LOCALS~1\Temp
    TERM = dumb

Perl special variables (and OS-specific diagnostics, for MSWin32):

    $^X = C:\strawberry\perl\bin\perl.exe
    $UID/$EUID = 0 / 0
    $GID = 0
    $EGID = 0
    Win32::GetOSName = WinXP/.Net
    Win32::GetOSVersion = Service Pack 3, 5, 1, 2600, 2, 3, 0, 256, 1
    Win32::FsType = NTFS
    Win32::IsAdminUser = 1

Perl module toolchain versions installed:

    Module              Have    
    ------------------- --------
    CPAN                1.9800  
    CPAN::Meta          2.120921
    Cwd                 3.40    
    ExtUtils::CBuilder  0.280202
    ExtUtils::Command   1.17    
    ExtUtils::Install   1.54    
    ExtUtils::MakeMaker 6.64    
    ExtUtils::Manifest  1.60    
    ExtUtils::ParseXS   3.18    
    File::Spec          3.40    
    JSON                2.53    
    JSON::PP            2.27200 
    Module::Build       0.4003  
    Module::Signature   0.66    
    Parse::CPAN::Meta   1.4404  
    Test::Harness       3.28    
    Test::More          0.98    
    YAML                0.84    
    YAML::Syck          1.22    
    version             0.9901  


--

Summary of my perl5 (revision 5 version 10 subversion 1) configuration:
   
  Platform:
    osname=MSWin32, osvers=5.1, archname=MSWin32-x86-multi-thread
    uname='Win32 strawberryperl 5.10.1.5 #1 Sun May 15 09:44:53 2011 i386'
    config_args='undef'
    hint=recommended, useposix=true, d_sigaction=undef
    useithreads=define, usemultiplicity=define
    useperlio=define, d_sfio=undef, uselargefiles=define, usesocks=undef
    use64bitint=undef, use64bitall=undef, uselongdouble=undef
    usemymalloc=n, bincompat5005=undef
  Compiler:
    cc='gcc', ccflags =' -s -O2 -DWIN32 -DHAVE_DES_FCRYPT  -DUSE_SITECUSTOMIZE -DPERL_IMPLICIT_CONTEXT -DPERL_IMPLICIT_SYS -fno-strict-aliasing -DPERL_MSVCRT_READFIX',
    optimize='-s -O2',
    cppflags='-DWIN32'
    ccversion='', gccversion='3.4.5', gccosandvers=''
    intsize=4, longsize=4, ptrsize=4, doublesize=8, byteorder=1234
    d_longlong=undef, longlongsize=8, d_longdbl=define, longdblsize=12
    ivtype='long', ivsize=4, nvtype='double', nvsize=8, Off_t='long long', lseeksize=8
    alignbytes=8, prototype=define
  Linker and Libraries:
    ld='g++', ldflags ='-s -L"C:\strawberry\perl\lib\CORE" -L"C:\strawberry\c\lib"'
    libpth=C:\strawberry\c\lib
    libs= -lmoldname -lkernel32 -luser32 -lgdi32 -lwinspool -lcomdlg32 -ladvapi32 -lshell32 -lole32 -loleaut32 -lnetapi32 -luuid -lws2_32 -lmpr -lwinmm -lversion -lodbc32 -lodbccp32
    perllibs= -lmoldname -lkernel32 -luser32 -lgdi32 -lwinspool -lcomdlg32 -ladvapi32 -lshell32 -lole32 -loleaut32 -lnetapi32 -luuid -lws2_32 -lmpr -lwinmm -lversion -lodbc32 -lodbccp32
    libc=, so=dll, useshrplib=true, libperl=libperl510.a
    gnulibc_version=''
  Dynamic Linking:
    dlsrc=dl_win32.xs, dlext=dll, d_dlsymun=undef, ccdlflags=' '
    cccdlflags=' ', lddlflags='-mdll -s -L"C:\strawberry\perl\lib\CORE" -L"C:\strawberry\c\lib"'


Characteristics of this binary (from libperl): 
  Compile-time options: MULTIPLICITY PERL_DONT_CREATE_GVSV
                        PERL_IMPLICIT_CONTEXT PERL_IMPLICIT_SYS
                        PERL_MALLOC_WRAP PL_OP_SLAB_ALLOC USE_ITHREADS
                        USE_LARGE_FILES USE_PERLIO USE_SITECUSTOMIZE
  Built under MSWin32
  Compiled at May 15 2011 09:50:23
  %ENV:
    PERL5LIB="C:\strawberry\cpan\build\Test-Warnings-0.008-8PoJfZ/blib/arch;C:\strawberry\cpan\build\Test-Warnings-0.008-8PoJfZ/blib/lib;C:\strawberry\cpan\build\Test-Tester-0.109-hDhzdX/blib/arch;C:\strawberry\cpan\build\Test-Tester-0.109-hDhzdX/blib/lib;C:\strawberry\cpan\build\Test-CheckDeps-0.006-3O3brQ/blib/arch;C:\strawberry\cpan\build\Test-CheckDeps-0.006-3O3brQ/blib/lib;C:\strawberry\cpan\build\Module-Build-Tiny-0.026-LDymw5/blib/arch;C:\strawberry\cpan\build\Module-Build-Tiny-0.026-LDymw5/blib/lib;C:\strawberry\cpan\build\ExtUtils-InstallPaths-0.009-fDPU0i/blib/arch;C:\strawberry\cpan\build\ExtUtils-InstallPaths-0.009-fDPU0i/blib/lib;C:\strawberry\cpan\build\ExtUtils-Helpers-0.021-KfKp0T/blib/arch;C:\strawberry\cpan\build\ExtUtils-Helpers-0.021-KfKp0T/blib/lib"
    PERL5_CPANPLUS_IS_RUNNING="764"
    PERL5_CPAN_IS_RUNNING="764"
    PERL5_CPAN_IS_RUNNING_IN_RECURSION="704,764"
    PERL_CR_SMOKER_CURRENT="Dist-Zilla-Plugin-Test-Compile-2.020"
    PERL_EXTUTILS_AUTOINSTALL="--defaultdeps"
    PERL_JSON_BACKEND="JSON::XS"
    PERL_MM_USE_DEFAULT="1"
    PERL_YAML_BACKEND="YAML"
  @INC:
    C:\strawberry\cpan\build\Test-Warnings-0.008-8PoJfZ/blib/arch
    C:\strawberry\cpan\build\Test-Warnings-0.008-8PoJfZ/blib/lib
    C:\strawberry\cpan\build\Test-Tester-0.109-hDhzdX/blib/arch
    C:\strawberry\cpan\build\Test-Tester-0.109-hDhzdX/blib/lib
    C:\strawberry\cpan\build\Test-CheckDeps-0.006-3O3brQ/blib/arch
    C:\strawberry\cpan\build\Test-CheckDeps-0.006-3O3brQ/blib/lib
    C:\strawberry\cpan\build\Module-Build-Tiny-0.026-LDymw5/blib/arch
    C:\strawberry\cpan\build\Module-Build-Tiny-0.026-LDymw5/blib/lib
    C:\strawberry\cpan\build\ExtUtils-InstallPaths-0.009-fDPU0i/blib/arch
    C:\strawberry\cpan\build\ExtUtils-InstallPaths-0.009-fDPU0i/blib/lib
    C:\strawberry\cpan\build\ExtUtils-Helpers-0.021-KfKp0T/blib/arch
    C:\strawberry\cpan\build\ExtUtils-Helpers-0.021-KfKp0T/blib/lib
    C:/strawberry/perl/lib
    C:/strawberry/perl/site/lib
    C:\strawberry\perl\vendor\lib
    .