Report for App-Stash-0.01

Back
From: metabase:user:e3434da8-b236-11df-85ca-0247c6d74bde
Subject: FAIL App-Stash-0.01 v5.13.6 GNU/Linux
Date: 2010-11-09T13:28:33Z

This distribution has been tested as part of the CPAN Testers
project, supporting the Perl programming language.  See
http://wiki.cpantesters.org/ for more information or email
questions to cpan-testers-discuss@perl.org


--
Dear Jozef Kutej,

This is a computer-generated report for App-Stash-0.01
on perl 5.13.6, created by CPAN-Reporter-1.1803.

Thank you for uploading your work to CPAN.  However, there was a problem
testing your distribution.

If you think this report is invalid, please consult the CPAN Testers Wiki
for suggestions on how to avoid getting FAIL reports for missing library
or binary dependencies, unsupported operating systems, and so on:

http://wiki.cpantesters.org/wiki/CPANAuthorNotes

Sections of this report:

    * Tester comments
    * Program output
    * Prerequisites
    * Environment and other context

------------------------------
TESTER COMMENTS
------------------------------

Additional comments from tester:

this report is from an automated smoke testing program
and was not reviewed by a human for accuracy

------------------------------
PROGRAM OUTPUT
------------------------------

Output from './Build test':


#   Failed test 'use App::Stash;'
#   at /home/cpt0/cpantesting/perl-5.13.6/lib/site_perl/5.13.6/Test/Distribution.pm line 177.
#     Tried to use 'App::Stash'.
#     Error:  Base class package "Class::Accessor::Chained::Fast" is empty.
#     (Perhaps you need to 'use' the module which defines that package first,
#     or make that module available in @INC (@INC contains: /home/cpt0/.cpan/build/App-Stash-0.01-k4aPP8/blib/lib /home/cpt0/.cpan/build/App-Stash-0.01-k4aPP8/blib/arch /home/cpt0/.cpan/build/JSON-Util-0.05-8eThVN/blib/arch /home/cpt0/.cpan/build/JSON-Util-0.05-8eThVN/blib/lib /home/cpt0/.cpan/build/IO-Any-0.04-OfYVHT/blib/arch /home/cpt0/.cpan/build/IO-Any-0.04-OfYVHT/blib/lib /home/cpt0/.cpan/build/Path-Class-0.21-MYCgm6/blib/arch /home/cpt0/.cpan/build/Path-Class-0.21-MYCgm6/blib/lib /home/cpt0/.cpan/build/JSON-Util-0.05-8eThVN/blib/arch /home/cpt0/.cpan/build/JSON-Util-0.05-8eThVN/blib/lib /home/cpt0/.cpan/build/IO-Any-0.04-OfYVHT/blib/arch /home/cpt0/.cpan/build/IO-Any-0.04-OfYVHT/blib/lib /home/cpt0/.cpan/build/Path-Class-0.21-MYCgm6/blib/arch /home/cpt0/.cpan/build/Path-Class-0.21-MYCgm6/blib/lib /home/cpt0/cpantesting/perl-5.13.6/lib/site_perl/5.13.6/x86_64-linux /home/cpt0/cpantesting/perl-5.13.6/lib/site_perl/5.13.6 /home/cpt0/cpantesting/perl-5.13.6/lib/5.13.6/x86_64-linux /home/cpt0/cpantesting/perl-5.13.6/lib/5.13.6 .).
#  at /home/cpt0/.cpan/build/App-Stash-0.01-k4aPP8/blib/lib/App/Stash.pm line 56
# BEGIN failed--compilation aborted at /home/cpt0/.cpan/build/App-Stash-0.01-k4aPP8/blib/lib/App/Stash.pm line 56.
# Compilation failed in require at (eval 43) line 2.
# BEGIN failed--compilation aborted at (eval 43) line 2.

#   Failed test 'App::Stash defines a version'
#   at /home/cpt0/cpantesting/perl-5.13.6/lib/site_perl/5.13.6/Test/Distribution.pm line 212.
# Looks like you failed 2 tests of 10.
t/distribution.t .. 
Dubious, test returned 2 (wstat 512, 0x200)
Failed 2/10 subtests 
	(less 1 skipped subtest: 7 okay)
t/fixme.t ......... skipped: requires Test::Fixme to run
t/pod-coverage.t .. ok
t/pod-spell.t ..... skipped: Set the environment variable TEST_SPELLING to enable this test.
t/pod.t ........... ok

Test Summary Report
-------------------
t/distribution.t (Wstat: 512 Tests: 10 Failed: 2)
  Failed tests:  2-3
  Non-zero exit status: 2
Files=5, Tests=12,  1 wallclock secs ( 0.02 usr  0.01 sys +  0.32 cusr  0.05 csys =  0.40 CPU)
Result: FAIL
Failed 1/5 test programs. 2/12 subtests failed.

------------------------------
PREREQUISITES
------------------------------

Prerequisite modules loaded:

requires:

    Module            Need Have   
    ----------------- ---- -------
    File::HomeDir     0    0.93   
    File::Path        0    2.08_01
    JSON::Util        0    0.05   
    Path::Class       0    0.21   

build_requires:

    Module            Need Have   
    ----------------- ---- -------
    File::Temp        0    0.22   
    Test::Differences 0    0.500  
    Test::Exception   0    0.31   
    Test::More        0    0.97_01

configure_requires:

    Module            Need Have   
    ----------------- ---- -------
    Module::Build     0.35 0.3607 


------------------------------
ENVIRONMENT AND OTHER CONTEXT
------------------------------

Environment variables:

    AUTOMATED_TESTING = 1
    LANG = en_US.utf8
    PATH = /usr/local/bin:/usr/bin:/bin:/usr/local/games:/usr/games
    PERL5LIB = /home/cpt0/.cpan/build/JSON-Util-0.05-8eThVN/blib/arch:/home/cpt0/.cpan/build/JSON-Util-0.05-8eThVN/blib/lib:/home/cpt0/.cpan/build/IO-Any-0.04-OfYVHT/blib/arch:/home/cpt0/.cpan/build/IO-Any-0.04-OfYVHT/blib/lib:/home/cpt0/.cpan/build/Path-Class-0.21-MYCgm6/blib/arch:/home/cpt0/.cpan/build/Path-Class-0.21-MYCgm6/blib/lib
    PERL5OPT = 
    PERL5_CPANPLUS_IS_RUNNING = 20048
    PERL5_CPAN_IS_RUNNING = 20048
    PERL5_CPAN_IS_RUNNING_IN_RECURSION = 9469,20048
    PERL_CR_SMOKER_CURRENT = App-Stash-0.01
    PERL_EXTUTILS_AUTOINSTALL = --defaultdeps
    PERL_MM_USE_DEFAULT = 1
    SHELL = /bin/bash
    TERM = screen-bce

Perl special variables (and OS-specific diagnostics, for MSWin32):

    $^X = /home/cpt0/cpantesting/perl-5.13.6/bin/perl
    $UID/$EUID = 1001 / 1001
    $GID = 1001 20 24 25 27 29 30 44 46 100 102 106 112 114 1001
    $EGID = 1001 20 24 25 27 29 30 44 46 100 102 106 112 114 1001

Perl module toolchain versions installed:

    Module              Have   
    ------------------- -------
    CPAN                1.94_61
    Cwd                 3.34   
    ExtUtils::CBuilder  0.2703 
    ExtUtils::Command   1.16   
    ExtUtils::Install   1.55   
    ExtUtils::MakeMaker 6.57_05
    ExtUtils::Manifest  1.58   
    ExtUtils::ParseXS   2.2207 
    File::Spec          3.33   
    Module::Build       0.3607 
    Module::Signature   n/a    
    Test::Harness       3.22   
    Test::More          0.97_01
    YAML                n/a    
    YAML::Syck          1.15   
    version             0.83   


--

Summary of my perl5 (revision 5 version 13 subversion 6) configuration:
   
  Platform:
    osname=linux, osvers=2.6.34-0.slh.9-sidux-amd64, archname=x86_64-linux
    uname='linux verona 2.6.34-0.slh.9-sidux-amd64 #1 smp preempt sat jun 12 23:27:41 utc 2010 x86_64 gnulinux '
    config_args='-Dprefix=/home/cpt0/cpantesting/perl-5.13.6'
    hint=recommended, useposix=true, d_sigaction=define
    useithreads=undef, usemultiplicity=undef
    useperlio=define, d_sfio=undef, uselargefiles=define, usesocks=undef
    use64bitint=define, use64bitall=define, uselongdouble=undef
    usemymalloc=n, bincompat5005=undef
  Compiler:
    cc='cc', ccflags ='-fno-strict-aliasing -pipe -fstack-protector -I/usr/local/include -D_LARGEFILE_SOURCE -D_FILE_OFFSET_BITS=64',
    optimize='-O2',
    cppflags='-fno-strict-aliasing -pipe -fstack-protector -I/usr/local/include'
    ccversion='', gccversion='4.4.5 20100909 (prerelease)', gccosandvers=''
    intsize=4, longsize=8, ptrsize=8, doublesize=8, byteorder=12345678
    d_longlong=define, longlongsize=8, d_longdbl=define, longdblsize=16
    ivtype='long', ivsize=8, nvtype='double', nvsize=8, Off_t='off_t', lseeksize=8
    alignbytes=8, prototype=define
  Linker and Libraries:
    ld='cc', ldflags =' -fstack-protector -L/usr/local/lib'
    libpth=/usr/local/lib /lib /usr/lib /lib64 /usr/lib64
    libs=-lnsl -lgdbm -ldb -ldl -lm -lcrypt -lutil -lc -lgdbm_compat
    perllibs=-lnsl -ldl -lm -lcrypt -lutil -lc
    libc=/lib/libc-2.11.1.so, so=so, useshrplib=false, libperl=libperl.a
    gnulibc_version='2.11.1'
  Dynamic Linking:
    dlsrc=dl_dlopen.xs, dlext=so, d_dlsymun=undef, ccdlflags='-Wl,-E'
    cccdlflags='-fPIC', lddlflags='-shared -O2 -L/usr/local/lib -fstack-protector'


Characteristics of this binary (from libperl): 
  Compile-time options: PERL_DONT_CREATE_GVSV PERL_MALLOC_WRAP USE_64_BIT_ALL
                        USE_64_BIT_INT USE_LARGE_FILES USE_PERLIO
                        USE_PERL_ATOF
  Built under linux
  Compiled at Oct 24 2010 01:52:24
  %ENV:
    PERL5LIB="/home/cpt0/.cpan/build/JSON-Util-0.05-8eThVN/blib/arch:/home/cpt0/.cpan/build/JSON-Util-0.05-8eThVN/blib/lib:/home/cpt0/.cpan/build/IO-Any-0.04-OfYVHT/blib/arch:/home/cpt0/.cpan/build/IO-Any-0.04-OfYVHT/blib/lib:/home/cpt0/.cpan/build/Path-Class-0.21-MYCgm6/blib/arch:/home/cpt0/.cpan/build/Path-Class-0.21-MYCgm6/blib/lib"
    PERL5OPT=""
    PERL5_CPANPLUS_IS_RUNNING="20048"
    PERL5_CPAN_IS_RUNNING="20048"
    PERL5_CPAN_IS_RUNNING_IN_RECURSION="9469,20048"
    PERL_CR_SMOKER_CURRENT="App-Stash-0.01"
    PERL_EXTUTILS_AUTOINSTALL="--defaultdeps"
    PERL_MM_USE_DEFAULT="1"
  @INC:
    /home/cpt0/.cpan/build/JSON-Util-0.05-8eThVN/blib/arch
    /home/cpt0/.cpan/build/JSON-Util-0.05-8eThVN/blib/lib
    /home/cpt0/.cpan/build/IO-Any-0.04-OfYVHT/blib/arch
    /home/cpt0/.cpan/build/IO-Any-0.04-OfYVHT/blib/lib
    /home/cpt0/.cpan/build/Path-Class-0.21-MYCgm6/blib/arch
    /home/cpt0/.cpan/build/Path-Class-0.21-MYCgm6/blib/lib
    /home/cpt0/cpantesting/perl-5.13.6/lib/site_perl/5.13.6/x86_64-linux
    /home/cpt0/cpantesting/perl-5.13.6/lib/site_perl/5.13.6
    /home/cpt0/cpantesting/perl-5.13.6/lib/5.13.6/x86_64-linux
    /home/cpt0/cpantesting/perl-5.13.6/lib/5.13.6
    .