Report for UNIVERSAL-isa-1.20120726

Back
From: metabase:user:fb19509c-17e3-11e3-a14d-fdb79081a995
Subject: FAIL UNIVERSAL-isa-1.20120726 v5.21.2 Mac OS X
Date: 2014-07-21T17:12:51Z

This distribution has been tested as part of the CPAN Testers
project, supporting the Perl programming language.  See
http://wiki.cpantesters.org/ for more information or email
questions to cpan-testers-discuss@perl.org


--
Dear CHROMATIC,

This is a computer-generated report for UNIVERSAL-isa-1.20120726
on perl 5.21.2, created by App::cpanminus::reporter 0.11 (1.7001).

Thank you for uploading your work to CPAN.  However, there was a problem
testing your distribution.

If you think this report is invalid, please consult the CPAN Testers Wiki
for suggestions on how to avoid getting FAIL reports for missing library
or binary dependencies, unsupported operating systems, and so on:

http://wiki.cpantesters.org/wiki/CPANAuthorNotes

Sections of this report:

    * Tester comments
    * Program output
    * Prerequisites
    * Environment and other context

------------------------------
TESTER COMMENTS
------------------------------

Additional comments from tester:

none provided

------------------------------
PROGRAM OUTPUT
------------------------------

Output from '':

Building and testing UNIVERSAL-isa-1.20120726
cp lib/UNIVERSAL/isa.pm blib/lib/UNIVERSAL/isa.pm
Manifying 1 pod document
PERL_DL_NONLAZY=1 /Users/ether/perl5/perlbrew/perls/21.2/bin/perl5.21.2 "-MExtUtils::Command::MM" "-MTest::Harness" "-e" "undef *Test::Harness::Switches; test_harness(0, 'blib/lib', 'blib/arch')" t/*.t

#   Failed test '... warning in verbose mode'
#   at t/basic.t line 130.
#                   'Called UNIVERSAL::isa() as a function, not a method at /Users/ether/.perlbrew/libs/21.2@std/lib/perl5/Test/Builder/Stream.pm line 84.
# '
#     doesn't match '(?^:Called.+as a function.+reftyp.+basic.t)'

#   Failed test '... warning in verbose mode'
#   at t/basic.t line 135.
#                   'Called UNIVERSAL::isa() as a function, not a method at /Users/ether/.perlbrew/libs/21.2@std/lib/perl5/Test/Builder/Stream.pm line 84.
# '
#     doesn't match '(?^:Called.+as a function.+reftyp.+basic.t)'

#   Failed test '... warning in verbose mode'
#   at t/basic.t line 140.
#                   'Called UNIVERSAL::isa() as a function, not a method at /Users/ether/.perlbrew/libs/21.2@std/lib/perl5/Test/Builder/Stream.pm line 84.
# '
#     doesn't match '(?^:Called.+as a function.+reftyp.+basic.t)'

#   Failed test '... warning in verbose mode'
#   at t/basic.t line 145.
#                   'Called UNIVERSAL::isa() as a function, not a method at /Users/ether/.perlbrew/libs/21.2@std/lib/perl5/Test/Builder/Stream.pm line 84.
# '
#     doesn't match '(?^:Called.+as a function.+reftyp.+basic.t)'

#   Failed test '... warning in verbose mode'
#   at t/basic.t line 150.
#                   'Called UNIVERSAL::isa() as a function, not a method at /Users/ether/.perlbrew/libs/21.2@std/lib/perl5/Test/Builder/Stream.pm line 84.
# '
#     doesn't match '(?^:Called.+as a functio.+basic.t)'

#   Failed test '... warning in verbose mode'
#   at t/basic.t line 155.
#                   'Called UNIVERSAL::isa() as a function, not a method at /Users/ether/.perlbrew/libs/21.2@std/lib/perl5/Test/Builder/Stream.pm line 84.
# '
#     doesn't match '(?^:Called.+as a function.+reftyp.+basic.t)'
Called UNIVERSAL::isa() as a function, not a method at /Users/ether/.perlbrew/libs/21.2@std/lib/perl5/Test/Builder/Stream.pm line 253.
Called UNIVERSAL::isa() as a function, not a method at /Users/ether/.perlbrew/libs/21.2@std/lib/perl5/Test/Builder/Stream.pm line 257.
Called UNIVERSAL::isa() as a function, not a method at /Users/ether/.perlbrew/libs/21.2@std/lib/perl5/Test/Builder/Stream.pm line 261.
Called UNIVERSAL::isa() as a function, not a method at /Users/ether/.perlbrew/libs/21.2@std/lib/perl5/Test/Builder/Formatter.pm line 14.
Called UNIVERSAL::isa() as a function, not a method at /Users/ether/.perlbrew/libs/21.2@std/lib/perl5/Test/Builder/Formatter.pm line 14.
Called UNIVERSAL::isa() as a function, not a method at /Users/ether/.perlbrew/libs/21.2@std/lib/perl5/Test/Builder/Stream.pm line 84.
Called UNIVERSAL::isa() as a function, not a method at /Users/ether/.perlbrew/libs/21.2@std/lib/perl5/Test/Builder/Stream.pm line 253.
Called UNIVERSAL::isa() as a function, not a method at /Users/ether/.perlbrew/libs/21.2@std/lib/perl5/Test/Builder/Stream.pm line 257.
Called UNIVERSAL::isa() as a function, not a method at /Users/ether/.perlbrew/libs/21.2@std/lib/perl5/Test/Builder/Stream.pm line 261.
Called UNIVERSAL::isa() as a function, not a method at /Users/ether/.perlbrew/libs/21.2@std/lib/perl5/Test/Builder/Formatter.pm line 14.
Called UNIVERSAL::isa() as a function, not a method at /Users/ether/.perlbrew/libs/21.2@std/lib/perl5/Test/Builder/Formatter.pm line 14.
# Looks like you failed 6 tests of 46.
Called UNIVERSAL::isa() as a function, not a method at /Users/ether/.perlbrew/libs/21.2@std/lib/perl5/Test/Builder/Stream.pm line 84.
t/basic.t ..... 
Dubious, test returned 6 (wstat 1536, 0x600)
Failed 6/46 subtests 
t/bugs.t ...... ok
Called UNIVERSAL::isa() as a function, not a method at /Users/ether/.perlbrew/libs/21.2@std/lib/perl5/Test/Builder/Stream.pm line 253.
Called UNIVERSAL::isa() as a function, not a method at /Users/ether/.perlbrew/libs/21.2@std/lib/perl5/Test/Builder/Stream.pm line 257.
Called UNIVERSAL::isa() as a function, not a method at /Users/ether/.perlbrew/libs/21.2@std/lib/perl5/Test/Builder/Stream.pm line 261.
Called UNIVERSAL::isa() as a function, not a method at /Users/ether/.perlbrew/libs/21.2@std/lib/perl5/Test/Builder/Formatter.pm line 14.
Called UNIVERSAL::isa() as a function, not a method at /Users/ether/.perlbrew/libs/21.2@std/lib/perl5/Test/Builder/Formatter.pm line 14.
Called UNIVERSAL::isa() as a function, not a method at /Users/ether/.perlbrew/libs/21.2@std/lib/perl5/Test/Builder/Stream.pm line 84.
t/warnings.t .. ok

Test Summary Report
-------------------
t/basic.t   (Wstat: 1536 Tests: 46 Failed: 6)
  Failed tests:  36, 38, 40, 42, 44, 46
  Non-zero exit status: 6
Files=3, Tests=65,  0 wallclock secs ( 0.03 usr  0.01 sys +  0.36 cusr  0.02 csys =  0.42 CPU)
Result: FAIL

------------------------------
PREREQUISITES
------------------------------

Prerequisite modules loaded:

    No requirements found

------------------------------
ENVIRONMENT AND OTHER CONTEXT
------------------------------

Environment variables:

    LANG = en_CA.UTF-8
    PATH = /Users/ether/.perlbrew/libs/21.2@std/bin:/Users/ether/perl5/perlbrew/bin:/Users/ether/perl5/perlbrew/perls/21.2/bin:/Users/ether/bin:/Users/ether/git/misc/install/bourbon/bin:/Users/ether/git/misc/install/generic/bin:/opt/local/bin:/opt/local/sbin:/Users/ether/src/CE/devtools:/Users/ether/git/CE/devtools:/Users/ether/src/CE/bin:/Users/ether/git/CE/bin:/usr/bin:/bin:/usr/sbin:/sbin:/usr/local/bin:/opt/local/share/git-core/contrib/workdir
    PERL5LIB = /Users/ether/.perlbrew/libs/21.2@std/lib/perl5
    PERLBREW_BASHRC_VERSION = 0.69
    PERLBREW_HOME = /Users/ether/.perlbrew
    PERLBREW_LIB = std
    PERLBREW_MANPATH = /Users/ether/.perlbrew/libs/21.2@std/man:/Users/ether/perl5/perlbrew/perls/21.2/man
    PERLBREW_PATH = /Users/ether/.perlbrew/libs/21.2@std/bin:/Users/ether/perl5/perlbrew/bin:/Users/ether/perl5/perlbrew/perls/21.2/bin
    PERLBREW_PERL = 21.2
    PERLBREW_ROOT = /Users/ether/perl5/perlbrew
    PERLBREW_VERSION = 0.69
    PERLDOC_PAGER = less -sicMr
    PERL_AUTOINSTALL_PREFER_CPAN = 1
    PERL_LOCAL_LIB_ROOT = /Users/ether/.perlbrew/libs/21.2@std
    PERL_MB_OPT = --install_base /Users/ether/.perlbrew/libs/21.2@std
    PERL_MM_OPT = INSTALL_BASE=/Users/ether/.perlbrew/libs/21.2@std
    SHELL = /bin/bash
    TERM = xterm-color
    TMPDIR = /var/folders/kx/9dgyhhpn2yb7v2mggnr385fr0000gn/T/

Perl special variables (and OS-specific diagnostics, for MSWin32):

    EGID = 20 20 402 12 61 79 80 81 98
    EUID = 501
    EXECUTABLE_NAME = /Users/ether/perl5/perlbrew/perls/21.2/bin/perl5.21.2
    GID = 20 20 402 12 61 79 80 81 98
    UID = 501

Perl module toolchain versions installed:

    Module              Have        
    ------------------- ------------
    CPAN                2.05        
    CPAN::Meta          2.141520    
    Cwd                 3.49        
    ExtUtils::CBuilder  0.280216    
    ExtUtils::Command   1.18        
    ExtUtils::Install   1.68        
    ExtUtils::MakeMaker 6.99_04     
    ExtUtils::Manifest  1.64        
    ExtUtils::ParseXS   3.25        
    File::Spec          3.49        
    JSON                2.90        
    JSON::PP            2.27203     
    Module::Build       0.4206      
    Module::Signature   n/a         
    Parse::CPAN::Meta   1.4414      
    Test::Harness       3.32        
    Test::More          1.301001_013
    YAML                0.97        
    YAML::Syck          1.28_01     
    version             0.9908      


--

Summary of my perl5 (revision 5 version 21 subversion 2) configuration:
   
  Platform:
    osname=darwin, osvers=12.5.0, archname=darwin-2level
    uname='darwin bourbon 12.5.0 darwin kernel version 12.5.0: sun sep 29 13:33:47 pdt 2013; root:xnu-2050.48.12~1release_x86_64 x86_64 '
    config_args='-de -Dprefix=/Users/ether/perl5/perlbrew/perls/21.2 -Dman1dir=none -Dman3dir=none -Dusedevel -Aeval:scriptdir=/Users/ether/perl5/perlbrew/perls/21.2/bin'
    hint=recommended, useposix=true, d_sigaction=define
    useithreads=undef, usemultiplicity=undef
    use64bitint=define, use64bitall=define, uselongdouble=undef
    usemymalloc=n, bincompat5005=undef
  Compiler:
    cc='cc', ccflags ='-fno-common -DPERL_DARWIN -fno-strict-aliasing -pipe -fstack-protector -I/opt/local/include',
    optimize='-O3',
    cppflags='-fno-common -DPERL_DARWIN -fno-strict-aliasing -pipe -fstack-protector -I/opt/local/include'
    ccversion='', gccversion='4.2.1 Compatible Apple LLVM 4.2 (clang-425.0.28)', gccosandvers=''
    intsize=4, longsize=8, ptrsize=8, doublesize=8, byteorder=12345678
    d_longlong=define, longlongsize=8, d_longdbl=define, longdblsize=16
    ivtype='long', ivsize=8, nvtype='double', nvsize=8, Off_t='off_t', lseeksize=8
    alignbytes=8, prototype=define
  Linker and Libraries:
    ld='env MACOSX_DEPLOYMENT_TARGET=10.3 cc', ldflags =' -fstack-protector -L/opt/local/lib'
    libpth=/usr/bin/../lib/clang/4.2/lib /usr/lib /opt/local/lib
    libs=-lgdbm -ldbm -ldl -lm -lutil -lc
    perllibs=-ldl -lm -lutil -lc
    libc=, so=dylib, useshrplib=false, libperl=libperl.a
    gnulibc_version=''
  Dynamic Linking:
    dlsrc=dl_dlopen.xs, dlext=bundle, d_dlsymun=undef, ccdlflags=' '
    cccdlflags=' ', lddlflags=' -bundle -undefined dynamic_lookup -L/opt/local/lib -fstack-protector'


Characteristics of this binary (from libperl): 
  Compile-time options: HAS_TIMES PERLIO_LAYERS PERL_DONT_CREATE_GVSV
                        PERL_HASH_FUNC_ONE_AT_A_TIME_HARD PERL_MALLOC_WRAP
                        PERL_NEW_COPY_ON_WRITE PERL_PRESERVE_IVUV
                        PERL_USE_DEVEL USE_64_BIT_ALL USE_64_BIT_INT
                        USE_LARGE_FILES USE_LOCALE USE_LOCALE_COLLATE
                        USE_LOCALE_CTYPE USE_LOCALE_NUMERIC USE_LOCALE_TIME
                        USE_PERLIO USE_PERL_ATOF
  Built under darwin
  Compiled at Jul 21 2014 08:51:43
  %ENV:
    PERL5LIB="/Users/ether/.perlbrew/libs/21.2@std/lib/perl5"
    PERLBREW_BASHRC_VERSION="0.69"
    PERLBREW_HOME="/Users/ether/.perlbrew"
    PERLBREW_LIB="std"
    PERLBREW_MANPATH="/Users/ether/.perlbrew/libs/21.2@std/man:/Users/ether/perl5/perlbrew/perls/21.2/man"
    PERLBREW_PATH="/Users/ether/.perlbrew/libs/21.2@std/bin:/Users/ether/perl5/perlbrew/bin:/Users/ether/perl5/perlbrew/perls/21.2/bin"
    PERLBREW_PERL="21.2"
    PERLBREW_ROOT="/Users/ether/perl5/perlbrew"
    PERLBREW_VERSION="0.69"
    PERLDOC_PAGER="less -sicMr"
    PERL_AUTOINSTALL_PREFER_CPAN="1"
    PERL_LOCAL_LIB_ROOT="/Users/ether/.perlbrew/libs/21.2@std"
    PERL_MB_OPT="--install_base /Users/ether/.perlbrew/libs/21.2@std"
    PERL_MM_OPT="INSTALL_BASE=/Users/ether/.perlbrew/libs/21.2@std"
  @INC:
    /Users/ether/.perlbrew/libs/21.2@std/lib/perl5/darwin-2level
    /Users/ether/.perlbrew/libs/21.2@std/lib/perl5
    /Users/ether/perl5/perlbrew/perls/21.2/lib/site_perl/5.21.2/darwin-2level
    /Users/ether/perl5/perlbrew/perls/21.2/lib/site_perl/5.21.2
    /Users/ether/perl5/perlbrew/perls/21.2/lib/5.21.2/darwin-2level
    /Users/ether/perl5/perlbrew/perls/21.2/lib/5.21.2
    .