Report for MooseX-Role-Parameterized-1.09

Back
From: metabase:user:30f4dfbe-2aae-11df-837a-5e0a49663a4f
Subject: FAIL MooseX-Role-Parameterized-1.09 v5.8.9 NetBSD
Date: 2016-09-05T21:11:00Z

This distribution has been tested as part of the CPAN Testers
project, supporting the Perl programming language.  See
http://wiki.cpantesters.org/ for more information or email
questions to cpan-testers-discuss@perl.org


--
Dear Karen Etheridge,

This is a computer-generated report for MooseX-Role-Parameterized-1.09
on perl 5.8.9, created by CPAN-Reporter-1.2017.

Thank you for uploading your work to CPAN.  However, there was a problem
testing your distribution.

If you think this report is invalid, please consult the CPAN Testers Wiki
for suggestions on how to avoid getting FAIL reports for missing library
or binary dependencies, unsupported operating systems, and so on:

http://wiki.cpantesters.org/wiki/CPANAuthorNotes

Sections of this report:

    * Tester comments
    * Program output
    * Prerequisites
    * Environment and other context

------------------------------
TESTER COMMENTS
------------------------------

Additional comments from tester:

this report is from an automated smoke testing program
and was not reviewed by a human for accuracy

------------------------------
PROGRAM OUTPUT
------------------------------

Output from './Build test':

# 
# Versions for all modules listed in MYMETA.json (including optional ones):
# 
# === Configure Requires ===
# 
#     Module               Want  Have
#     ------------------- ----- -----
#     Module::Build::Tiny 0.034 0.039
# 
# === Test Requires ===
# 
#     Module                         Want     Have
#     ----------------------------- ----- --------
#     CPAN::Meta::Check             0.011    0.012
#     CPAN::Meta::Requirements        any    2.127
#     Data::Dumper                    any    2.154
#     File::Spec                      any     3.60
#     Module::Metadata                any 1.000027
#     Moose::Util::TypeConstraints    any   2.1801
#     MooseX::Role::WithOverloading   any     0.17
#     Storable                        any     2.19
#     Test::Fatal                     any    0.014
#     Test::Moose                     any   2.1801
#     Test::More                     0.96 1.001014
#     Test::Requires                  any     0.10
#     lib                             any     0.61
#     overload                        any     1.06
#     strict                          any     1.03
#     warnings                        any  1.05_01
# 
# === Test Recommends ===
# 
#     Module         Want     Have
#     ---------- -------- --------
#     CPAN::Meta 2.120900 2.150005
# 
# === Runtime Requires ===
# 
#     Module                 Want   Have
#     -------------------- ------ ------
#     Carp                    any   1.38
#     Module::Runtime         any  0.014
#     Moose                2.0300 2.1801
#     Moose::Exporter         any 2.1801
#     Moose::Meta::Role       any 2.1801
#     Moose::Role             any 2.1801
#     Moose::Util             any 2.1801
#     namespace::autoclean    any   0.28
#     namespace::clean       0.19   0.26
# 
# === Other Modules ===
# 
#     Module               Have
#     -------------------- ----
#     Dist::CheckConflicts 0.11
#     Pod::Coverage        0.23
# 
t/00-report-prereqs.t ............... ok
t/001-parameters.t .................. ok
t/002-role-block.t .................. ok
t/003-apply.t ....................... ok
t/004-with.t ........................ ok
t/005-with-parameterized.t .......... ok
t/006-requires.t .................... 
No subtests run 
t/007-excludes.t .................... ok
t/008-method-modifers.t ............. ok
t/009-override-super.t .............. ok
t/010-blessed-confess.t ............. ok
t/011-reference-parameters.t ........ ok
t/012-rename-role.t ................. ok
t/013-does.t ........................ ok
t/014-compose-parameterizable.t ..... ok
t/015-compose-keywords.t ............ 
No subtests run 
t/016-trait.t ....................... 
No subtests run 
t/017-current_metaclass.t ........... ok
t/018-parameter-roles.t ............. skipped: Not implemented yet
t/020-metaclass-reinitialize.t ...... ok
t/021-parameter-trait.t ............. ok
Roles with parameters cannot be cached. Consider applying the parameters before calling create_anon_class, or using 'weaken => 0' instead at /home/njh/perl5/perlbrew/perls/perl-5.8.9/lib/site_perl/5.8.9/amd64-netbsd-thread-multi/Moose/Meta/Class.pm line 129.
t/022-export-p-trait.t .............. ok
t/023-metarole-import-params.t ...... skipped: Not implemented yet
t/024-named-anonymous.t ............. ok
t/100-erroneous-keywords.t .......... ok
t/101-alias-excludes.t .............. ok
t/102-nested.t ...................... ok
t/150-composite-role-application.t .. ok
t/200-cooperative.t ................. ok
t/zzz-check-breaks.t ................ ok

Test Summary Report
-------------------
t/006-requires.t                  (Wstat: 9 Tests: 0 Failed: 0)
  Non-zero wait status: 9
  Parse errors: No plan found in TAP output
t/015-compose-keywords.t          (Wstat: 9 Tests: 0 Failed: 0)
  Non-zero wait status: 9
  Parse errors: No plan found in TAP output
t/016-trait.t                     (Wstat: 9 Tests: 0 Failed: 0)
  Non-zero wait status: 9
  Parse errors: No plan found in TAP output
Files=30, Tests=126, 208 wallclock secs ( 0.11 usr  0.10 sys +  8.61 cusr  3.12 csys = 11.94 CPU)
Result: FAIL

------------------------------
PREREQUISITES
------------------------------

Prerequisite modules loaded:

requires:

    Module                        Need     Have    
    ----------------------------- -------- --------
    Carp                          0        1.38    
    Module::Runtime               0        0.014   
    Moose                         2.0300   2.1801  
    Moose::Exporter               0        2.1801  
    Moose::Meta::Role             0        2.1801  
    Moose::Role                   0        2.1801  
    Moose::Util                   0        2.1801  
    namespace::autoclean          0        0.28    
    namespace::clean              0.19     0.26    
    perl                          5.008001 5.008009

build_requires:

    Module                        Need     Have    
    ----------------------------- -------- --------
    CPAN::Meta::Check             0.011    0.012   
    CPAN::Meta::Requirements      0        2.127   
    Data::Dumper                  0        2.154   
    File::Spec                    0        3.60    
    lib                           0        0.61    
    Module::Metadata              0        1.000027
    Moose::Util::TypeConstraints  0        2.1801  
    MooseX::Role::WithOverloading 0        0.17    
    overload                      0        1.06    
    perl                          5.008001 5.008009
    Storable                      0        2.19    
    strict                        0        1.03    
    Test::Fatal                   0        0.014   
    Test::Moose                   0        2.1801  
    Test::More                    0.96     1.001014
    Test::Requires                0        0.10    
    warnings                      0        1.05_01 

configure_requires:

    Module                        Need     Have    
    ----------------------------- -------- --------
    Module::Build::Tiny           0.034    0.039   
    perl                          5.008001 5.008009


------------------------------
ENVIRONMENT AND OTHER CONTEXT
------------------------------

Environment variables:

    AUTOMATED_TESTING = 1
    PATH = /home/njh/perl5/perlbrew/bin:/home/njh/perl5/perlbrew/perls/perl-5.8.9/bin:/home/njh/perl5/perlbrew/bin:/home/njh/perl5/perlbrew/perls/perl-5.14.2/bin:/home/njh/bin:/bin:/sbin:/usr/bin:/usr/sbin:/usr/X11R7/bin:/usr/X11R6/bin:/usr/pkg/bin:/usr/pkg/sbin:/usr/games:/usr/local/bin:/usr/local/sbin
    PERL5LIB = /home/njh/.cpan/build/MooseX-Role-WithOverloading-0.17-3/blib/arch:/home/njh/.cpan/build/MooseX-Role-WithOverloading-0.17-3/blib/lib:/home/njh/.cpan/build/aliased-0.34-3/blib/arch:/home/njh/.cpan/build/aliased-0.34-3/blib/lib:/home/njh/.cpan/build/Getopt-Long-Descriptive-0.100-3/blib/arch:/home/njh/.cpan/build/Getopt-Long-Descriptive-0.100-3/blib/lib:/home/njh/.cpan/build/MooseX-Emulate-Class-Accessor-Fast-0.00903-3/blib/arch:/home/njh/.cpan/build/MooseX-Emulate-Class-Accessor-Fast-0.00903-3/blib/lib:/home/njh/.cpan/build/Module-Pluggable-5.2-1/blib/arch:/home/njh/.cpan/build/Module-Pluggable-5.2-1/blib/lib:/home/njh/.cpan/build/Hash-MultiValue-0.16-8/blib/arch:/home/njh/.cpan/build/Hash-MultiValue-0.16-8/blib/lib:/home/njh/.cpan/build/HTTP-Request-AsCGI-1.2-5/blib/arch:/home/njh/.cpan/build/HTTP-Request-AsCGI-1.2-5/blib/lib:/home/njh/.cpan/build/HTTP-Body-1.22-8/blib/arch:/home/njh/.cpan/build/HTTP-Body-1.22-8/blib/lib:/home/njh/.cpan/build/Encode-2.86-0/blib/arch:/home/njh/.cpan/build/Encode-2.86-0/blib/lib:/home/njh/.cpan/build/Data-Dump-1.23-4/blib/arch:/home/njh/.cpan/build/Data-Dump-1.23-4/blib/lib:/home/njh/.cpan/build/Class-C3-Adopt-NEXT-0.14-5/blib/arch:/home/njh/.cpan/build/Class-C3-Adopt-NEXT-0.14-5/blib/lib:/home/njh/.cpan/build/CGI-Struct-1.21-5/blib/arch:/home/njh/.cpan/build/CGI-Struct-1.21-5/blib/lib:/home/njh/.cpan/build/CGI-Simple-1.115-5/blib/arch:/home/njh/.cpan/build/CGI-Simple-1.115-5/blib/lib:/home/njh/.cpan/build/IO-stringy-2.111-5/blib/arch:/home/njh/.cpan/build/IO-stringy-2.111-5/blib/lib
    PERL5OPT = 
    PERL5_CPANPLUS_IS_RUNNING = 27459
    PERL5_CPAN_IS_RUNNING = 27459
    PERLBREW_BASHRC_VERSION = 0.74
    PERLBREW_HOME = /home/njh/.perlbrew
    PERLBREW_LIB = 
    PERLBREW_MANPATH = /home/njh/perl5/perlbrew/perls/perl-5.8.9/man
    PERLBREW_PATH = /home/njh/perl5/perlbrew/bin:/home/njh/perl5/perlbrew/perls/perl-5.8.9/bin
    PERLBREW_PERL = perl-5.8.9
    PERLBREW_ROOT = /home/njh/perl5/perlbrew
    PERLBREW_VERSION = 0.74
    PERL_LOCAL_LIB_ROOT = 
    SHELL = /usr/pkg/bin/bash
    TERM = xterm
    TMPDIR = /tmp

Perl special variables (and OS-specific diagnostics, for MSWin32):

    $^X = /home/njh/perl5/perlbrew/perls/perl-5.8.9/bin/perl
    $UID/$EUID = 1000 / 1000
    $GID = 100 100 0
    $EGID = 100 100 0

Perl module toolchain versions installed:

    Module              Have    
    ------------------- --------
    CPAN                2.14    
    CPAN::Meta          2.150005
    Cwd                 3.60    
    ExtUtils::CBuilder  0.280224
    ExtUtils::Command   7.10    
    ExtUtils::Install   1.54    
    ExtUtils::MakeMaker 7.10    
    ExtUtils::Manifest  1.65    
    ExtUtils::ParseXS   3.30    
    File::Spec          3.60    
    JSON                2.90    
    JSON::PP            2.27300 
    Module::Build       0.4216  
    Module::Signature   n/a     
    Parse::CPAN::Meta   1.4422  
    Test::Harness       3.36    
    Test::More          1.001014
    YAML                1.18    
    YAML::Syck          1.29    
    version             0.9912  


--

Summary of my perl5 (revision 5 version 8 subversion 9) configuration:
  Platform:
    osname=netbsd, osvers=7.0, archname=amd64-netbsd-thread-multi
    uname='netbsd netbsd7-qemu.bandsman.co.uk 7.0 netbsd 7.0 (generic.201509250726z) amd64 '
    config_args='-de -Dprefix=/home/njh/perl5/perlbrew/perls/perl-5.8.9 -Duseithreads -Dusemultiplicity -Dusedevel -Accflags=-O2 -W -Wformat=2 -Wswitch -Wshadow -Wwrite-strings -Wuninitialized -Wall -pipe -mtune=native -fomit-frame-pointer -msse2 -msse -mmmx -mfpmath=sse -D_FORTIFY_SOURCE=2 -Wpointer-arith -Wstrict-prototypes -fstack-protector -Wstack-protector -Wextra -Wbad-function-cast -Wcast-align -Wcast-qual -Wdisabled-optimization -Wendif-labels -Wfloat-equal -Wformat-nonliteral -Winline -Wmissing-declarations -Wmissing-prototypes -Wnested-externs -Wpointer-arith -Aeval:scriptdir=/home/njh/perl5/perlbrew/perls/perl-5.8.9/bin'
    hint=recommended, useposix=true, d_sigaction=define
    usethreads=define use5005threads=undef useithreads=define usemultiplicity=define
    useperlio=define d_sfio=undef uselargefiles=define usesocks=undef
    use64bitint=define use64bitall=define uselongdouble=undef
    usemymalloc=n, bincompat5005=undef
  Compiler:
    cc='cc', ccflags ='-O2 -W -Wformat=2 -Wswitch -Wshadow -Wwrite-strings -Wuninitialized -Wall -pipe -mtune=native -fomit-frame-pointer -msse2 -msse -mmmx -mfpmath=sse -D_FORTIFY_SOURCE=2 -Wpointer-arith -Wstrict-prototypes -fstack-protector -Wstack-protector -Wextra -Wbad-function-cast -Wcast-align -Wcast-qual -Wdisabled-optimization -Wendif-labels -Wfloat-equal -Wformat-nonliteral -Winline -Wmissing-declarations -Wmissing-prototypes -Wnested-externs -Wpointer-arith -fno-strict-aliasing -I/usr/pkg/include',
    optimize='-O',
    cppflags='-O2 -W -Wformat=2 -Wswitch -Wshadow -Wwrite-strings -Wuninitialized -Wall -pipe -mtune=native -fomit-frame-pointer -msse2 -msse -mmmx -mfpmath=sse -D_FORTIFY_SOURCE=2 -Wpointer-arith -Wstrict-prototypes -fstack-protector -Wstack-protector -Wextra -Wbad-function-cast -Wcast-align -Wcast-qual -Wdisabled-optimization -Wendif-labels -Wfloat-equal -Wformat-nonliteral -Winline -Wmissing-declarations -Wmissing-prototypes -Wnested-externs -Wpointer-arith -fno-strict-aliasing -I/usr/pkg/include'
    ccversion='', gccversion='4.8.4', gccosandvers=''
    intsize=4, longsize=8, ptrsize=8, doublesize=8, byteorder=12345678
    d_longlong=define, longlongsize=8, d_longdbl=define, longdblsize=16
    ivtype='long', ivsize=8, nvtype='double', nvsize=8, Off_t='off_t', lseeksize=8
    alignbytes=8, prototype=define
  Linker and Libraries:
    ld='cc', ldflags =' -Wl,-rpath,/usr/pkg/lib -Wl,-rpath,/usr/local/lib -L/usr/pkg/lib'
    libpth=/usr/pkg/lib /lib /usr/lib
    libs=-lm -lcrypt -lutil -lc -lposix -lpthread
    perllibs=-lm -lcrypt -lutil -lc -lposix -lpthread
    libc=/lib/libc.so, so=so, useshrplib=false, libperl=libperl.a
    gnulibc_version=''
  Dynamic Linking:
    dlsrc=dl_dlopen.xs, dlext=so, d_dlsymun=undef, ccdlflags='-Wl,-E '
    cccdlflags='-DPIC -fPIC ', lddlflags='-shared  -L/usr/pkg/lib'


Characteristics of this binary (from libperl): 
  Compile-time options: MULTIPLICITY PERL_IMPLICIT_CONTEXT PERL_MALLOC_WRAP
                        USE_64_BIT_ALL USE_64_BIT_INT USE_FAST_STDIO
                        USE_ITHREADS USE_LARGE_FILES USE_PERLIO
                        USE_REENTRANT_API
  Locally applied patches:
	Devel::PatchPerl 1.38
  Built under netbsd
  Compiled at Dec 18 2015 17:06:03
  %ENV:
    PERL5LIB="/home/njh/.cpan/build/MooseX-Role-WithOverloading-0.17-3/blib/arch:/home/njh/.cpan/build/MooseX-Role-WithOverloading-0.17-3/blib/lib:/home/njh/.cpan/build/aliased-0.34-3/blib/arch:/home/njh/.cpan/build/aliased-0.34-3/blib/lib:/home/njh/.cpan/build/Getopt-Long-Descriptive-0.100-3/blib/arch:/home/njh/.cpan/build/Getopt-Long-Descriptive-0.100-3/blib/lib:/home/njh/.cpan/build/MooseX-Emulate-Class-Accessor-Fast-0.00903-3/blib/arch:/home/njh/.cpan/build/MooseX-Emulate-Class-Accessor-Fast-0.00903-3/blib/lib:/home/njh/.cpan/build/Module-Pluggable-5.2-1/blib/arch:/home/njh/.cpan/build/Module-Pluggable-5.2-1/blib/lib:/home/njh/.cpan/build/Hash-MultiValue-0.16-8/blib/arch:/home/njh/.cpan/build/Hash-MultiValue-0.16-8/blib/lib:/home/njh/.cpan/build/HTTP-Request-AsCGI-1.2-5/blib/arch:/home/njh/.cpan/build/HTTP-Request-AsCGI-1.2-5/blib/lib:/home/njh/.cpan/build/HTTP-Body-1.22-8/blib/arch:/home/njh/.cpan/build/HTTP-Body-1.22-8/blib/lib:/home/njh/.cpan/build/Encode-2.86-0/blib/arch:/home/njh/.cpan/build/Encode-2.86-0/blib/lib:/home/njh/.cpan/build/Data-Dump-1.23-4/blib/arch:/home/njh/.cpan/build/Data-Dump-1.23-4/blib/lib:/home/njh/.cpan/build/Class-C3-Adopt-NEXT-0.14-5/blib/arch:/home/njh/.cpan/build/Class-C3-Adopt-NEXT-0.14-5/blib/lib:/home/njh/.cpan/build/CGI-Struct-1.21-5/blib/arch:/home/njh/.cpan/build/CGI-Struct-1.21-5/blib/lib:/home/njh/.cpan/build/CGI-Simple-1.115-5/blib/arch:/home/njh/.cpan/build/CGI-Simple-1.115-5/blib/lib:/home/njh/.cpan/build/IO-stringy-2.111-5/blib/arch:/home/njh/.cpan/build/IO-stringy-2.111-5/blib/lib"
    PERL5OPT=""
    PERL5_CPANPLUS_IS_RUNNING="27459"
    PERL5_CPAN_IS_RUNNING="27459"
    PERLBREW_BASHRC_VERSION="0.74"
    PERLBREW_HOME="/home/njh/.perlbrew"
    PERLBREW_LIB=""
    PERLBREW_MANPATH="/home/njh/perl5/perlbrew/perls/perl-5.8.9/man"
    PERLBREW_PATH="/home/njh/perl5/perlbrew/bin:/home/njh/perl5/perlbrew/perls/perl-5.8.9/bin"
    PERLBREW_PERL="perl-5.8.9"
    PERLBREW_ROOT="/home/njh/perl5/perlbrew"
    PERLBREW_VERSION="0.74"
    PERL_LOCAL_LIB_ROOT=""
  @INC:
    /home/njh/.cpan/build/MooseX-Role-WithOverloading-0.17-3/blib/arch
    /home/njh/.cpan/build/MooseX-Role-WithOverloading-0.17-3/blib/lib
    /home/njh/.cpan/build/aliased-0.34-3/blib/arch
    /home/njh/.cpan/build/aliased-0.34-3/blib/lib
    /home/njh/.cpan/build/Getopt-Long-Descriptive-0.100-3/blib/arch
    /home/njh/.cpan/build/Getopt-Long-Descriptive-0.100-3/blib/lib
    /home/njh/.cpan/build/MooseX-Emulate-Class-Accessor-Fast-0.00903-3/blib/arch
    /home/njh/.cpan/build/MooseX-Emulate-Class-Accessor-Fast-0.00903-3/blib/lib
    /home/njh/.cpan/build/Module-Pluggable-5.2-1/blib/arch
    /home/njh/.cpan/build/Module-Pluggable-5.2-1/blib/lib
    /home/njh/.cpan/build/Hash-MultiValue-0.16-8/blib/arch
    /home/njh/.cpan/build/Hash-MultiValue-0.16-8/blib/lib
    /home/njh/.cpan/build/HTTP-Request-AsCGI-1.2-5/blib/arch
    /home/njh/.cpan/build/HTTP-Request-AsCGI-1.2-5/blib/lib
    /home/njh/.cpan/build/HTTP-Body-1.22-8/blib/arch
    /home/njh/.cpan/build/HTTP-Body-1.22-8/blib/lib
    /home/njh/.cpan/build/Encode-2.86-0/blib/arch
    /home/njh/.cpan/build/Encode-2.86-0/blib/lib
    /home/njh/.cpan/build/Data-Dump-1.23-4/blib/arch
    /home/njh/.cpan/build/Data-Dump-1.23-4/blib/lib
    /home/njh/.cpan/build/Class-C3-Adopt-NEXT-0.14-5/blib/arch
    /home/njh/.cpan/build/Class-C3-Adopt-NEXT-0.14-5/blib/lib
    /home/njh/.cpan/build/CGI-Struct-1.21-5/blib/arch
    /home/njh/.cpan/build/CGI-Struct-1.21-5/blib/lib
    /home/njh/.cpan/build/CGI-Simple-1.115-5/blib/arch
    /home/njh/.cpan/build/CGI-Simple-1.115-5/blib/lib
    /home/njh/.cpan/build/IO-stringy-2.111-5/blib/arch
    /home/njh/.cpan/build/IO-stringy-2.111-5/blib/lib
    /home/njh/perl5/perlbrew/perls/perl-5.8.9/lib/5.8.9/amd64-netbsd-thread-multi
    /home/njh/perl5/perlbrew/perls/perl-5.8.9/lib/5.8.9
    /home/njh/perl5/perlbrew/perls/perl-5.8.9/lib/site_perl/5.8.9/amd64-netbsd-thread-multi
    /home/njh/perl5/perlbrew/perls/perl-5.8.9/lib/site_perl/5.8.9
    .