Report for XML-LibXML-2.0108

Back
From: metabase:user:8b6db128-7a55-11e3-b140-60d50440ee7d
Subject: FAIL XML-LibXML-2.0108 v5.18.1 GNU/Linux
Date: 2014-01-11T00:35:12Z

This distribution has been tested as part of the CPAN Testers
project, supporting the Perl programming language.  See
http://wiki.cpantesters.org/ for more information or email
questions to cpan-testers-discuss@perl.org


--
Dear Shlomi Fish,

This is a computer-generated report for XML-LibXML-2.0108
on perl 5.18.1, created by CPAN-Reporter-1.2010.

Thank you for uploading your work to CPAN.  However, there was a problem
testing your distribution.

If you think this report is invalid, please consult the CPAN Testers Wiki
for suggestions on how to avoid getting FAIL reports for missing library
or binary dependencies, unsupported operating systems, and so on:

http://wiki.cpantesters.org/wiki/CPANAuthorNotes

Sections of this report:

    * Tester comments
    * Program output
    * Prerequisites
    * Environment and other context

------------------------------
TESTER COMMENTS
------------------------------

Additional comments from tester:

none provided

------------------------------
PROGRAM OUTPUT
------------------------------

Output from '/usr/bin/make test':

Running Mkbootstrap for XML::LibXML ()
chmod 644 LibXML.bs
PERL_DL_NONLAZY=1 /usr/bin/perl "-MExtUtils::Command::MM" "-MTest::Harness" "-e" "undef *Test::Harness::Switches; test_harness(0, 'blib/lib', 'blib/arch')" t/*.t
# 
# 
# Compiled against libxml2 version: 20901
# Running libxml2 version:          20901
# 
t/01basic.t ............................ ok
t/02parse.t ............................ ok
t/03doc.t .............................. ok
t/04node.t ............................. ok
t/05text.t ............................. ok
t/06elements.t ......................... ok
t/07dtd.t .............................. ok
t/08findnodes.t ........................ ok
t/09xpath.t ............................ ok
t/10ns.t ............................... ok
t/11memory.t ........................... skipped: developers only (set MEMORY_TEST=1 to run these tests)
t/12html.t ............................. ok
t/13dtd.t .............................. ok
t/14sax.t .............................. ok
t/15nodelist.t ......................... ok
t/16docnodes.t ......................... ok
t/17callbacks.t ........................ ok
t/18docfree.t .......................... ok
t/19die_on_invalid_utf8_rt_58848.t ..... ok
t/19encoding.t ......................... ok
t/20extras.t ........................... ok
t/21catalog.t .......................... ok
t/23rawfunctions.t ..................... ok
t/24c14n.t ............................. ok
t/25relaxng.t .......................... ok
t/26schema.t ........................... ok
t/27new_callbacks_simple.t ............. ok
t/28new_callbacks_multiple.t ........... ok
t/29id.t ............................... ok
t/30keep_blanks.t ...................... ok
t/30xpathcontext.t ..................... ok
t/31xpc_functions.t .................... ok
t/32xpc_variables.t .................... ok
t/35huge_mode.t ........................ ok
t/40reader.t ........................... ok
t/40reader_mem_error.t ................. ok
t/41xinclude.t ......................... ok
t/42common.t ........................... ok
t/43options.t .......................... ok
t/44extent.t ........................... ok
t/45regex.t ............................ ok
t/46err_column.t ....................... ok
t/47load_xml_callbacks.t ............... ok
t/48_memleak_rt_83744.t ................ skipped: Test::LeakTrace is required for memory leak tests.
t/48_removeChild_crashes_rt_80395.t .... ok
t/48_replaceNode_DTD_nodes_rT_80521.t .. 
All 1 subtests passed 
t/48_RH5_double_free_rt83779.t ......... skipped: Test::LeakTrace is required.
t/48_rt55000.t ......................... ok
t/48_SAX_Builder_rt_91433.t ............ ok
t/48importing_nodes_IDs_rt_69520.t ..... ok
t/49_load_html.t ....................... ok
t/49callbacks_returning_undef.t ........ ok
t/49global_extent.t .................... ok
t/50devel.t ............................ ok
t/51_parse_html_string_rt87089.t ....... ok
t/60error_prev_chain.t ................. ok
t/60struct_error.t ..................... ok
t/61error.t ............................ ok
t/62overload.t ......................... ok
t/71overloads.t ........................ ok
t/72destruction.t ...................... ok
t/80registryleak.t ..................... ok
t/90threads.t .......................... skipped: optional (set THREAD_TEST=1 to run these tests)
t/91unique_key.t ....................... ok
t/pod.t ................................ ok
t/style-trailing-space.t ............... skipped: Test::TrailingSpace required for trailing space test.

Test Summary Report
-------------------
t/48_replaceNode_DTD_nodes_rT_80521.t (Wstat: 11 Tests: 1 Failed: 0)
  Non-zero wait status: 11
Files=66, Tests=2501,  7 wallclock secs ( 0.42 usr  0.25 sys +  5.00 cusr  1.00 csys =  6.67 CPU)
Result: FAIL
Failed 1/66 test programs. 0/2501 subtests failed.
make: *** [test_dynamic] Error 255

------------------------------
PREREQUISITES
------------------------------

Prerequisite modules loaded:

requires:

    Module                Need Have    
    --------------------- ---- --------
    base                  0    2.18    
    ExtUtils::MakeMaker   6.56 6.86    
    parent                0    0.225   
    strict                0    1.07    
    Test::More            0    1.001002
    vars                  0    1.03    
    warnings              0    1.18    
    XML::NamespaceSupport 1.07 1.11    
    XML::SAX              0.11 0.99    

build_requires:

    Module                Need Have    
    --------------------- ---- --------
    ExtUtils::MakeMaker   0    6.86    

configure_requires:

    Module                Need Have    
    --------------------- ---- --------
    ExtUtils::MakeMaker   0    6.86    


------------------------------
ENVIRONMENT AND OTHER CONTEXT
------------------------------

Environment variables:

    LANG = POSIX
    LC_CTYPE = en_US.UTF-8
    LD_LIBRARY_PATH = /usr/lib64/mpi/gcc/openmpi/lib64
    PATH = /usr/lib64/mpi/gcc/openmpi/bin:/sbin:/usr/sbin:/usr/local/sbin:/root/bin:/usr/local/bin:/usr/bin:/bin:/usr/bin/X11:/usr/X11R6/bin:/usr/games:/opt/bin:/usr/lib/mit/bin:/usr/lib/mit/sbin
    PERL5LIB = /root/.cpan/build/CPAN-Reporter-1.2010-gX1Kwg/blib/arch:/root/.cpan/build/CPAN-Reporter-1.2010-gX1Kwg/blib/lib
    PERL5OPT = 
    PERL5_CPANPLUS_IS_RUNNING = 985
    PERL5_CPAN_IS_RUNNING = 985
    SHELL = /bin/bash
    TERM = xterm

Perl special variables (and OS-specific diagnostics, for MSWin32):

    $^X = /usr/bin/perl
    $UID/$EUID = 0 / 0
    $GID = 0 0
    $EGID = 0 0

Perl module toolchain versions installed:

    Module              Have    
    ------------------- --------
    CPAN                2.00    
    CPAN::Meta          2.133380
    Cwd                 3.40    
    ExtUtils::CBuilder  0.280212
    ExtUtils::Command   1.18    
    ExtUtils::Install   1.59    
    ExtUtils::MakeMaker 6.86    
    ExtUtils::Manifest  1.63    
    ExtUtils::ParseXS   3.22    
    File::Spec          3.40    
    JSON                2.90    
    JSON::PP            2.27203 
    Module::Build       0.4203  
    Module::Signature   n/a     
    Parse::CPAN::Meta   1.4409  
    Test::Harness       3.30    
    Test::More          1.001002
    YAML                n/a     
    YAML::Syck          n/a     
    version             0.9902  


--

Summary of my perl5 (revision 5 version 18 subversion 1) configuration:
   
  Platform:
    osname=linux, osvers=3.4.6-2.10-xen, archname=x86_64-linux-thread-multi
    uname='linux build16 3.4.6-2.10-xen #1 smp thu jul 26 09:36:26 utc 2012 (641c197) x86_64 x86_64 x86_64 gnulinux '
    config_args='-ds -e -Dprefix=/usr -Dvendorprefix=/usr -Dinstallusrbinperl -Dusethreads -Di_db -Di_dbm -Di_ndbm -Di_gdbm -Dd_dbm_open -Duseshrplib=true -Doptimize=-fmessage-length=0 -grecord-gcc-switches -O2 -Wall -D_FORTIFY_SOURCE=2 -fstack-protector -funwind-tables -fasynchronous-unwind-tables -g -Wall -pipe -Accflags=-DPERL_USE_SAFE_PUTENV -Dotherlibdirs=/usr/lib/perl5/site_perl -Dinc_version_list=5.18.0/x86_64-linux-thread-multi 5.18.0'
    hint=recommended, useposix=true, d_sigaction=define
    useithreads=define, usemultiplicity=define
    useperlio=define, d_sfio=undef, uselargefiles=define, usesocks=undef
    use64bitint=define, use64bitall=define, uselongdouble=undef
    usemymalloc=n, bincompat5005=undef
  Compiler:
    cc='cc', ccflags ='-D_REENTRANT -D_GNU_SOURCE -DPERL_USE_SAFE_PUTENV -fno-strict-aliasing -pipe -fstack-protector -D_LARGEFILE_SOURCE -D_FILE_OFFSET_BITS=64',
    optimize='-fmessage-length=0 -grecord-gcc-switches -O2 -Wall -D_FORTIFY_SOURCE=2 -fstack-protector -funwind-tables -fasynchronous-unwind-tables -g -Wall -pipe',
    cppflags='-D_REENTRANT -D_GNU_SOURCE -DPERL_USE_SAFE_PUTENV -fno-strict-aliasing -pipe -fstack-protector'
    ccversion='', gccversion='4.8.1 20130909 [gcc-4_8-branch revision 202388]', gccosandvers=''
    intsize=4, longsize=8, ptrsize=8, doublesize=8, byteorder=12345678
    d_longlong=define, longlongsize=8, d_longdbl=define, longdblsize=16
    ivtype='long', ivsize=8, nvtype='double', nvsize=8, Off_t='off_t', lseeksize=8
    alignbytes=8, prototype=define
  Linker and Libraries:
    ld='cc', ldflags =' -L/usr/local/lib64 -fstack-protector'
    libpth=/lib64 /usr/lib64 /usr/local/lib64
    libs=-lm -ldl -lcrypt -lpthread
    perllibs=-lm -ldl -lcrypt -lpthread
    libc=/lib64/libc-2.18.so, so=so, useshrplib=true, libperl=libperl.so
    gnulibc_version='2.18'
  Dynamic Linking:
    dlsrc=dl_dlopen.xs, dlext=so, d_dlsymun=undef, ccdlflags='-Wl,-E -Wl,-rpath,/usr/lib/perl5/5.18.1/x86_64-linux-thread-multi/CORE'
    cccdlflags='-fPIC', lddlflags='-shared -L/usr/local/lib64 -fstack-protector'


Characteristics of this binary (from libperl): 
  Compile-time options: HAS_TIMES MULTIPLICITY PERLIO_LAYERS
                        PERL_DONT_CREATE_GVSV
                        PERL_HASH_FUNC_ONE_AT_A_TIME_HARD
                        PERL_IMPLICIT_CONTEXT PERL_MALLOC_WRAP
                        PERL_PRESERVE_IVUV PERL_SAWAMPERSAND
                        PERL_USE_SAFE_PUTENV USE_64_BIT_ALL USE_64_BIT_INT
                        USE_ITHREADS USE_LARGE_FILES USE_LOCALE
                        USE_LOCALE_COLLATE USE_LOCALE_CTYPE
                        USE_LOCALE_NUMERIC USE_PERLIO USE_PERL_ATOF
                        USE_REENTRANT_API
  Built under linux
  Compiled at Sep 27 2013 18:30:33
  %ENV:
    PERL5LIB="/root/.cpan/build/CPAN-Reporter-1.2010-gX1Kwg/blib/arch:/root/.cpan/build/CPAN-Reporter-1.2010-gX1Kwg/blib/lib"
    PERL5OPT=""
    PERL5_CPANPLUS_IS_RUNNING="985"
    PERL5_CPAN_IS_RUNNING="985"
  @INC:
    /root/.cpan/build/CPAN-Reporter-1.2010-gX1Kwg/blib/arch
    /root/.cpan/build/CPAN-Reporter-1.2010-gX1Kwg/blib/lib
    /usr/lib/perl5/site_perl/5.18.1/x86_64-linux-thread-multi
    /usr/lib/perl5/site_perl/5.18.1
    /usr/lib/perl5/vendor_perl/5.18.1/x86_64-linux-thread-multi
    /usr/lib/perl5/vendor_perl/5.18.1
    /usr/lib/perl5/5.18.1/x86_64-linux-thread-multi
    /usr/lib/perl5/5.18.1
    /usr/lib/perl5/site_perl
    .