Report for CatalystX-ExtJS-Direct-2.1.5

Back
From: metabase:user:314402c4-2aae-11df-837a-5e0a49663a4f
Subject: FAIL CatalystX-ExtJS-Direct-2.1.5 v5.18.2 FreeBSD
Date: 2014-01-15T08:30:32Z

This distribution has been tested as part of the CPAN Testers
project, supporting the Perl programming language.  See
http://wiki.cpantesters.org/ for more information or email
questions to cpan-testers-discuss@perl.org


--
Dear Moritz Onken,

This is a computer-generated report for CatalystX-ExtJS-Direct-2.1.5
on perl 5.18.2, created by CPAN-Reporter-1.2010.

Thank you for uploading your work to CPAN.  However, there was a problem
testing your distribution.

If you think this report is invalid, please consult the CPAN Testers Wiki
for suggestions on how to avoid getting FAIL reports for missing library
or binary dependencies, unsupported operating systems, and so on:

http://wiki.cpantesters.org/wiki/CPANAuthorNotes

Sections of this report:

    * Tester comments
    * Program output
    * Prerequisites
    * Environment and other context

------------------------------
TESTER COMMENTS
------------------------------

Additional comments from tester:

none provided

------------------------------
PROGRAM OUTPUT
------------------------------

Output from './Build test':

# 
# 
# Generated by Dist::Zilla::Plugin::ReportVersions::Tiny v1.10
# perl: 5.018002 (wanted any version) on freebsd from /usr/perl5.18.2/bin/perl
# 
# Catalyst::Action::REST                        => 1.14       (want 0.88)   
# Catalyst::Action::RenderView                  => 0.16       (want any version)
# Catalyst::Runtime                             => 5.90053    (want 5.80024)
# JSON                                          => 2.90       (want any version)
# Module::Build                                 => 0.4204     (want 0.3601) 
# Moose                                         => 2.1201     (want 1.21)   
# Test::More                                    => 1.001002   (want 0.88)   
# Try::Tiny                                     => 0.18       (want any version)
# 
# Thanks for using my code.  I hope it works for you.
# If not, please try and include this output in the bug report.
# That will help me reproduce the issue and solve your problem.
# 
t/000-report-versions-tiny.t .. ok
Can't locate Test/WWW/Mechanize/Catalyst.pm in @INC (you may need to install the Test::WWW::Mechanize::Catalyst module) (@INC contains: t/lib /usr/home/eserte/.cpan/build/CatalystX-ExtJS-Direct-2.1.5-HzVGk0/blib/lib /usr/home/eserte/.cpan/build/CatalystX-ExtJS-Direct-2.1.5-HzVGk0/blib/arch /home/eserte/.cpan/build/Catalyst-Action-REST-1.14-sP9XDY/blib/arch /home/eserte/.cpan/build/Catalyst-Action-REST-1.14-sP9XDY/blib/lib /usr/perl5.18.2/lib/site_perl/5.18.2/amd64-freebsd /usr/perl5.18.2/lib/site_perl/5.18.2 /usr/perl5.18.2/lib/5.18.2/amd64-freebsd /usr/perl5.18.2/lib/5.18.2 .) at t/api.t line 11.
BEGIN failed--compilation aborted at t/api.t line 11.
t/api.t ....................... 
Dubious, test returned 2 (wstat 512, 0x200)
No subtests run 
Can't locate Test/WWW/Mechanize/Catalyst.pm in @INC (you may need to install the Test::WWW::Mechanize::Catalyst module) (@INC contains: t/lib /usr/home/eserte/.cpan/build/CatalystX-ExtJS-Direct-2.1.5-HzVGk0/blib/lib /usr/home/eserte/.cpan/build/CatalystX-ExtJS-Direct-2.1.5-HzVGk0/blib/arch /home/eserte/.cpan/build/Catalyst-Action-REST-1.14-sP9XDY/blib/arch /home/eserte/.cpan/build/Catalyst-Action-REST-1.14-sP9XDY/blib/lib /usr/perl5.18.2/lib/site_perl/5.18.2/amd64-freebsd /usr/perl5.18.2/lib/site_perl/5.18.2 /usr/perl5.18.2/lib/5.18.2/amd64-freebsd /usr/perl5.18.2/lib/5.18.2 .) at t/exception.t line 11.
BEGIN failed--compilation aborted at t/exception.t line 11.
t/exception.t ................. 
Dubious, test returned 2 (wstat 512, 0x200)
No subtests run 
Can't locate Test/WWW/Mechanize/Catalyst.pm in @INC (you may need to install the Test::WWW::Mechanize::Catalyst module) (@INC contains: t/lib /usr/home/eserte/.cpan/build/CatalystX-ExtJS-Direct-2.1.5-HzVGk0/blib/lib /usr/home/eserte/.cpan/build/CatalystX-ExtJS-Direct-2.1.5-HzVGk0/blib/arch /home/eserte/.cpan/build/Catalyst-Action-REST-1.14-sP9XDY/blib/arch /home/eserte/.cpan/build/Catalyst-Action-REST-1.14-sP9XDY/blib/lib /usr/perl5.18.2/lib/site_perl/5.18.2/amd64-freebsd /usr/perl5.18.2/lib/site_perl/5.18.2 /usr/perl5.18.2/lib/5.18.2/amd64-freebsd /usr/perl5.18.2/lib/5.18.2 .) at t/json.t line 11.
BEGIN failed--compilation aborted at t/json.t line 11.
t/json.t ...................... 
Dubious, test returned 2 (wstat 512, 0x200)
No subtests run 
Can't locate Test/WWW/Mechanize/Catalyst.pm in @INC (you may need to install the Test::WWW::Mechanize::Catalyst module) (@INC contains: t/lib /usr/home/eserte/.cpan/build/CatalystX-ExtJS-Direct-2.1.5-HzVGk0/blib/lib /usr/home/eserte/.cpan/build/CatalystX-ExtJS-Direct-2.1.5-HzVGk0/blib/arch /home/eserte/.cpan/build/Catalyst-Action-REST-1.14-sP9XDY/blib/arch /home/eserte/.cpan/build/Catalyst-Action-REST-1.14-sP9XDY/blib/lib /usr/perl5.18.2/lib/site_perl/5.18.2/amd64-freebsd /usr/perl5.18.2/lib/site_perl/5.18.2 /usr/perl5.18.2/lib/5.18.2/amd64-freebsd /usr/perl5.18.2/lib/5.18.2 .) at t/router.t line 11.
BEGIN failed--compilation aborted at t/router.t line 11.
t/router.t .................... 
Dubious, test returned 2 (wstat 512, 0x200)
No subtests run 
Can't locate Test/WWW/Mechanize/Catalyst.pm in @INC (you may need to install the Test::WWW::Mechanize::Catalyst module) (@INC contains: t/lib /usr/home/eserte/.cpan/build/CatalystX-ExtJS-Direct-2.1.5-HzVGk0/blib/lib /usr/home/eserte/.cpan/build/CatalystX-ExtJS-Direct-2.1.5-HzVGk0/blib/arch /home/eserte/.cpan/build/Catalyst-Action-REST-1.14-sP9XDY/blib/arch /home/eserte/.cpan/build/Catalyst-Action-REST-1.14-sP9XDY/blib/lib /usr/perl5.18.2/lib/site_perl/5.18.2/amd64-freebsd /usr/perl5.18.2/lib/site_perl/5.18.2 /usr/perl5.18.2/lib/5.18.2/amd64-freebsd /usr/perl5.18.2/lib/5.18.2 .) at t/synopsis.t line 11.
BEGIN failed--compilation aborted at t/synopsis.t line 11.
t/synopsis.t .................. 
Dubious, test returned 2 (wstat 512, 0x200)
No subtests run 

Test Summary Report
-------------------
t/api.t                     (Wstat: 512 Tests: 0 Failed: 0)
  Non-zero exit status: 2
  Parse errors: No plan found in TAP output
t/exception.t               (Wstat: 512 Tests: 0 Failed: 0)
  Non-zero exit status: 2
  Parse errors: No plan found in TAP output
t/json.t                    (Wstat: 512 Tests: 0 Failed: 0)
  Non-zero exit status: 2
  Parse errors: No plan found in TAP output
t/router.t                  (Wstat: 512 Tests: 0 Failed: 0)
  Non-zero exit status: 2
  Parse errors: No plan found in TAP output
t/synopsis.t                (Wstat: 512 Tests: 0 Failed: 0)
  Non-zero exit status: 2
  Parse errors: No plan found in TAP output
Files=6, Tests=1,  2 wallclock secs ( 0.05 usr  0.03 sys +  1.55 cusr  0.16 csys =  1.78 CPU)
Result: FAIL
Failed 5/6 test programs. 0/1 subtests failed.

------------------------------
PREREQUISITES
------------------------------

Prerequisite modules loaded:

requires:

    Module                       Need    Have    
    ---------------------------- ------- --------
    Catalyst::Action::RenderView 0       0.16    
    Catalyst::Action::REST       0.88    1.14    
    Catalyst::Runtime            5.80024 5.90053 
    JSON                         0       2.90    
    Moose                        1.21    2.1201  
    Try::Tiny                    0       0.18    

build_requires:

    Module                       Need    Have    
    ---------------------------- ------- --------
    Module::Build                0.3601  0.4204  
    Test::More                   0.88    1.001002

configure_requires:

    Module                       Need    Have    
    ---------------------------- ------- --------
    Module::Build                0.3601  0.4204  


------------------------------
ENVIRONMENT AND OTHER CONTEXT
------------------------------

Environment variables:

    DBIC_NO_WARN_BAD_PERL = 1
    PATH = /usr/local/bin:/usr/bin:/bin:/usr/local/sbin:/usr/sbin:/sbin:/home/cpansand/bin/freebsd9.1:/home/cpansand/bin/sh:/home/cpansand/bin:/usr/games:/home/cpansand/devel:/usr/home/eserte/work/srezic-misc/scripts
    PERL5LIB = /home/eserte/.cpan/build/Catalyst-Action-REST-1.14-sP9XDY/blib/arch:/home/eserte/.cpan/build/Catalyst-Action-REST-1.14-sP9XDY/blib/lib
    PERL5OPT = 
    PERL5_CPANPLUS_IS_RUNNING = 27725
    PERL5_CPAN_IS_RUNNING = 27725
    PERL5_CPAN_IS_RUNNING_IN_RECURSION = 27703,27725
    PERLDOC = -MPod::Perldoc::ToTextOverstrike
    PERL_BATCH = yes
    PERL_CPAN_REPORTER_CONFIG = /var/tmp/cpansmoker-1023/e4q3FC_4yv_config.ini
    PERL_EXTUTILS_AUTOINSTALL = --defaultdeps
    PERL_HTML_DISPLAY_CLASS = HTML::Display::Mozilla
    SHELL = /usr/local/bin/zsh
    TERM = screen
    TMPDIR = /var/tmp/cpansmoker-1023

Perl special variables (and OS-specific diagnostics, for MSWin32):

    $^X = /usr/perl5.18.2/bin/perl
    $UID/$EUID = 1023 / 1023
    $GID = 1023 1023
    $EGID = 1023 1023

Perl module toolchain versions installed:

    Module              Have    
    ------------------- --------
    CPAN                2.00    
    CPAN::Meta          2.133380
    Cwd                 3.40    
    ExtUtils::CBuilder  0.280210
    ExtUtils::Command   1.17    
    ExtUtils::Install   1.59    
    ExtUtils::MakeMaker 6.66    
    ExtUtils::Manifest  1.63    
    ExtUtils::ParseXS   3.22    
    File::Spec          3.40    
    JSON                2.90    
    JSON::PP            2.27202 
    Module::Build       0.4204  
    Module::Signature   n/a     
    Parse::CPAN::Meta   1.4404  
    Test::Harness       3.30    
    Test::More          1.001002
    YAML                0.88    
    YAML::Syck          1.27    
    version             0.9906  


--

Summary of my perl5 (revision 5 version 18 subversion 2) configuration:
   
  Platform:
    osname=freebsd, osvers=9.2-release, archname=amd64-freebsd
    uname='freebsd cvrsnica-freebsd-92 9.2-release freebsd 9.2-release #0 r255898: thu sep 26 22:50:31 utc 2013 root@bake.isc.freebsd.org:usrobjusrsrcsysgeneric amd64 '
    config_args='-ds -e -Dprefix=/usr/perl5.18.2'
    hint=recommended, useposix=true, d_sigaction=define
    useithreads=undef, usemultiplicity=undef
    useperlio=define, d_sfio=undef, uselargefiles=define, usesocks=undef
    use64bitint=define, use64bitall=define, uselongdouble=undef
    usemymalloc=n, bincompat5005=undef
  Compiler:
    cc='cc', ccflags ='-DHAS_FPSETMASK -DHAS_FLOATINGPOINT_H -fno-strict-aliasing -pipe -fstack-protector -I/usr/local/include',
    optimize='-O',
    cppflags='-DHAS_FPSETMASK -DHAS_FLOATINGPOINT_H -fno-strict-aliasing -pipe -fstack-protector -I/usr/local/include'
    ccversion='', gccversion='4.2.1 20070831 patched [FreeBSD]', gccosandvers=''
    intsize=4, longsize=8, ptrsize=8, doublesize=8, byteorder=12345678
    d_longlong=define, longlongsize=8, d_longdbl=define, longdblsize=16
    ivtype='long', ivsize=8, nvtype='double', nvsize=8, Off_t='off_t', lseeksize=8
    alignbytes=8, prototype=define
  Linker and Libraries:
    ld='cc', ldflags ='-Wl,-E  -fstack-protector -L/usr/local/lib'
    libpth=/usr/lib /usr/local/lib
    libs=-lgdbm -lm -lcrypt -lutil -lc
    perllibs=-lm -lcrypt -lutil -lc
    libc=, so=so, useshrplib=false, libperl=libperl.a
    gnulibc_version=''
  Dynamic Linking:
    dlsrc=dl_dlopen.xs, dlext=so, d_dlsymun=undef, ccdlflags=' '
    cccdlflags='-DPIC -fPIC', lddlflags='-shared  -L/usr/local/lib -fstack-protector'


Characteristics of this binary (from libperl): 
  Compile-time options: HAS_TIMES PERLIO_LAYERS PERL_DONT_CREATE_GVSV
                        PERL_HASH_FUNC_ONE_AT_A_TIME_HARD PERL_MALLOC_WRAP
                        PERL_PRESERVE_IVUV PERL_SAWAMPERSAND USE_64_BIT_ALL
                        USE_64_BIT_INT USE_LARGE_FILES USE_LOCALE
                        USE_LOCALE_COLLATE USE_LOCALE_CTYPE
                        USE_LOCALE_NUMERIC USE_PERLIO USE_PERL_ATOF
  Built under freebsd
  Compiled at Jan  7 2014 08:05:52
  %ENV:
    PERL5LIB="/home/eserte/.cpan/build/Catalyst-Action-REST-1.14-sP9XDY/blib/arch:/home/eserte/.cpan/build/Catalyst-Action-REST-1.14-sP9XDY/blib/lib"
    PERL5OPT=""
    PERL5_CPANPLUS_IS_RUNNING="27725"
    PERL5_CPAN_IS_RUNNING="27725"
    PERL5_CPAN_IS_RUNNING_IN_RECURSION="27703,27725"
    PERLDOC="-MPod::Perldoc::ToTextOverstrike"
    PERL_BATCH="yes"
    PERL_CPAN_REPORTER_CONFIG="/var/tmp/cpansmoker-1023/e4q3FC_4yv_config.ini"
    PERL_EXTUTILS_AUTOINSTALL="--defaultdeps"
    PERL_HTML_DISPLAY_CLASS="HTML::Display::Mozilla"
  @INC:
    /home/eserte/.cpan/build/Catalyst-Action-REST-1.14-sP9XDY/blib/arch
    /home/eserte/.cpan/build/Catalyst-Action-REST-1.14-sP9XDY/blib/lib
    /usr/perl5.18.2/lib/site_perl/5.18.2/amd64-freebsd
    /usr/perl5.18.2/lib/site_perl/5.18.2
    /usr/perl5.18.2/lib/5.18.2/amd64-freebsd
    /usr/perl5.18.2/lib/5.18.2
    .