Report for Template-Toolkit-2.24

Back
From: metabase:user:320bfe00-2aae-11df-837a-5e0a49663a4f
Subject: FAIL Template-Toolkit-2.24 v5.17.7 GNU/Linux
Date: 2012-11-25T14:34:28Z

This distribution has been tested as part of the CPAN Testers
project, supporting the Perl programming language.  See
http://wiki.cpantesters.org/ for more information or email
questions to cpan-testers-discuss@perl.org


--
Dear Andy Wardley,

This is a computer-generated report for Template-Toolkit-2.24
on perl 5.17.7, created by CPAN-Reporter-1.2006.

Thank you for uploading your work to CPAN.  However, there was a problem
testing your distribution.

If you think this report is invalid, please consult the CPAN Testers Wiki
for suggestions on how to avoid getting FAIL reports for missing library
or binary dependencies, unsupported operating systems, and so on:

http://wiki.cpantesters.org/wiki/CPANAuthorNotes

Sections of this report:

    * Tester comments
    * Program output
    * Prerequisites
    * Environment and other context

------------------------------
TESTER COMMENTS
------------------------------

Additional comments from tester:

this report is from an automated smoke testing program
and was not reviewed by a human for accuracy

------------------------------
PROGRAM OUTPUT
------------------------------

Output from '/usr/bin/make test':

make[1]: Entering directory `/tmp/loop_over_bdir-2clFbU/Template-Toolkit-2.24-ge8uWW/xs'
make[1]: Leaving directory `/tmp/loop_over_bdir-2clFbU/Template-Toolkit-2.24-ge8uWW/xs'
PERL_DL_NONLAZY=1 /home/sand/src/perl/repoperls/installed-perls/perl/v5.17.6-15-g2a5bd87/9980/bin/perl "-MExtUtils::Command::MM" "-e" "test_harness(0, 'blib/lib', 'blib/arch')" t/args.t t/assert.t t/base.t t/binop.t t/block.t t/blocks.t t/capture.t t/case.t t/cgi.t t/chomp.t t/compile1.t t/compile2.t t/compile3.t t/compile4.t t/compile5.t t/config.t t/constants.t t/context.t t/datafile.t t/date.t t/debug.t t/directive.t t/directry.t t/document.t t/dumper.t t/error.t t/evalperl.t t/exception.t t/factory.t t/file.t t/fileline.t t/filter.t t/foreach.t t/format.t t/html.t t/image.t t/include.t t/iterator.t t/leak.t t/list.t t/macro.t t/math.t t/object.t t/output.t t/parser.t t/plugins.t t/plusfile.t t/pod.t t/prefix.t t/proc.t t/process.t t/provider.t t/ref.t t/scalar.t t/service.t t/skel.t t/stash-xs-unicode.t t/stash-xs.t t/stash.t t/stashc.t t/stop.t t/strcat.t t/strict.t t/string.t t/switch.t t/table.t t/tags.t t/template.t t/text.t t/throw.t t/tiedhash.t t/try.t t/unicode.t t/url.t t/url2.t t/vars.t t/varsv1.t t/view.t t/while.t t/wrap.t t/wrapper.t t/zz-pmv.t t/zz-pod-coverage.t t/zz-pod-kwalitee.t t/zz-stash-xs-leak.t t/vmethods/hash.t t/vmethods/list.t t/vmethods/replace.t t/vmethods/text.t
t/args.t .............. ok
t/assert.t ............ ok
t/base.t .............. ok
t/binop.t ............. ok
t/block.t ............. ok
t/blocks.t ............ ok
t/capture.t ........... ok
t/case.t .............. ok
t/cgi.t ............... ok
t/chomp.t ............. ok
t/compile1.t .......... ok
t/compile2.t .......... ok
t/compile3.t .......... ok
t/compile4.t .......... ok
t/compile5.t .......... ok
t/config.t ............ ok
t/constants.t ......... ok
t/context.t ........... ok
t/datafile.t .......... ok
t/date.t .............. ok
t/debug.t ............. ok
t/directive.t ......... ok
t/directry.t .......... ok
t/document.t .......... ok
t/dumper.t ............ ok
t/error.t ............. ok
t/evalperl.t .......... ok
t/exception.t ......... ok
t/factory.t ........... ok
t/file.t .............. ok
t/fileline.t .......... ok
t/filter.t ............ ok
t/foreach.t ........... ok
t/format.t ............ ok
t/html.t .............. ok
FAILED 11:  - template text 4 did not match expected
t/image.t ............. 
Failed 1/15 subtests 
t/include.t ........... ok
t/iterator.t .......... ok
t/leak.t .............. ok
t/list.t .............. ok
t/macro.t ............. ok
t/math.t .............. ok
t/object.t ............ ok
t/output.t ............ ok
t/parser.t ............ ok
t/plugins.t ........... ok
t/plusfile.t .......... ok
t/pod.t ............... skipped: Pod::POM not installed
t/prefix.t ............ ok
t/proc.t .............. ok
t/process.t ........... ok
t/provider.t .......... ok
t/ref.t ............... ok
t/scalar.t ............ ok
t/service.t ........... ok
t/skel.t .............. ok
t/stash-xs-unicode.t .. ok
t/stash-xs.t .......... ok
t/stash.t ............. ok
t/stashc.t ............ ok
t/stop.t .............. ok
t/strcat.t ............ ok
t/strict.t ............ ok
t/string.t ............ ok
t/switch.t ............ ok
t/table.t ............. ok
t/tags.t .............. ok
t/template.t .......... ok
t/text.t .............. ok
t/throw.t ............. ok
t/tiedhash.t .......... ok
t/try.t ............... ok
t/unicode.t ........... ok
t/url.t ............... ok
t/url2.t .............. skipped: We can't agree on the right joint for the URL plugin
t/vars.t .............. ok
t/varsv1.t ............ ok
t/view.t .............. ok
t/vmethods/hash.t ..... ok
t/vmethods/list.t ..... ok
t/vmethods/replace.t .. ok
t/vmethods/text.t ..... ok
t/while.t ............. ok
t/wrap.t .............. ok
t/wrapper.t ........... ok
t/zz-pmv.t ............ skipped: These aren't the tests you're looking for... move along
t/zz-pod-coverage.t ... ok

#   Failed test 'POD test for blib/lib/Template/Manual/Credits.pod'
#   at /home/src/perl/repoperls/installed-perls/perl/v5.17.6-15-g2a5bd87/9980/lib/site_perl/5.17.7/Test/Pod.pm line 182.
# blib/lib/Template/Manual/Credits.pod (78): Non-ASCII character seen before =encoding in 'Buchmüller,'. Assuming UTF-8

#   Failed test 'POD test for blib/lib/Template/Manual/Filters.pod'
#   at /home/src/perl/repoperls/installed-perls/perl/v5.17.6-15-g2a5bd87/9980/lib/site_perl/5.17.7/Test/Pod.pm line 182.
# blib/lib/Template/Manual/Filters.pod (128): Non-ASCII character seen before =encoding in ''C<é>''. Assuming ISO8859-1
# Looks like you failed 2 tests of 67.
t/zz-pod-kwalitee.t ... 
Dubious, test returned 2 (wstat 512, 0x200)
Failed 2/67 subtests 
t/zz-stash-xs-leak.t .. skipped: Internal test for abw, add the --abw flag to run

Test Summary Report
-------------------
t/image.t           (Wstat: 0 Tests: 15 Failed: 1)
  Failed test:  11
t/zz-pod-kwalitee.t (Wstat: 512 Tests: 67 Failed: 2)
  Failed tests:  37, 40
  Non-zero exit status: 2
Files=89, Tests=2911, 21 wallclock secs ( 0.42 usr  0.08 sys +  6.91 cusr  0.65 csys =  8.06 CPU)
Result: FAIL
Failed 2/89 test programs. 3/2911 subtests failed.
make: *** [test_dynamic] Error 255

------------------------------
PREREQUISITES
------------------------------

Prerequisite modules loaded:

requires:

    Module              Need Have   
    ------------------- ---- -------
    AppConfig           1.56 1.66   
    File::Spec          0.8  3.39_02
    File::Temp          0.12 0.22   
    Scalar::Util        0    1.25_01

build_requires:

    Module              Need Have   
    ------------------- ---- -------
    ExtUtils::MakeMaker 0    6.63_02

configure_requires:

    Module              Need Have   
    ------------------- ---- -------
    ExtUtils::MakeMaker 0    6.63_02


------------------------------
ENVIRONMENT AND OTHER CONTEXT
------------------------------

Environment variables:

    AUTOMATED_TESTING = 1
    LANG = en_US.UTF-8
    LANGUAGE = en_US:en
    PATH = /home/sand/bin:/usr/local/bin:/usr/bin:/bin:/usr/bin/X11:/usr/games:/usr/local/perl/bin:/usr/X11/bin:/sbin:/usr/sbin
    PERL5LIB = 
    PERL5OPT = 
    PERL5_CPANPLUS_IS_RUNNING = 5695
    PERL5_CPAN_IS_RUNNING = 5695
    PERL_MM_USE_DEFAULT = 1
    SHELL = /usr/bin/zsh
    TERM = screen

Perl special variables (and OS-specific diagnostics, for MSWin32):

    $^X = /home/sand/src/perl/repoperls/installed-perls/perl/v5.17.6-15-g2a5bd87/9980/bin/perl
    $UID/$EUID = 1005 / 1005
    $GID = 1005 1005
    $EGID = 1005 1005

Perl module toolchain versions installed:

    Module              Have    
    ------------------- --------
    CPAN                1.99_51 
    CPAN::Meta          2.120921
    Cwd                 3.39_02 
    ExtUtils::CBuilder  0.280209
    ExtUtils::Command   1.17    
    ExtUtils::Install   1.58    
    ExtUtils::MakeMaker 6.63_02 
    ExtUtils::Manifest  1.62    
    ExtUtils::ParseXS   3.18    
    File::Spec          3.39_02 
    JSON                2.53    
    JSON::PP            2.27200 
    Module::Build       0.4003  
    Module::Signature   0.69    
    Parse::CPAN::Meta   1.4404  
    Test::Harness       3.25_01 
    Test::More          0.98    
    YAML                0.84    
    YAML::Syck          1.21    
    version             0.9901  


--

Summary of my perl5 (revision 5 version 17 subversion 7) configuration:
  Commit id: 2a5bd8731bfdd9308c12fac06faa637e38b5eeb5
  Platform:
    osname=linux, osvers=3.2.0-4-amd64, archname=x86_64-linux-thread-multi
    uname='linux k83 3.2.0-4-amd64 #1 smp debian 3.2.32-1 x86_64 gnulinux '
    config_args='-Dprefix=/home/src/perl/repoperls/installed-perls/perl/v5.17.6-15-g2a5bd87/9980 -Dmyhostname=k83 -Dinstallusrbinperl=n -Uversiononly -Dusedevel -des -Ui_db -Duseithreads -Uuselongdouble -DDEBUGGING=-g'
    hint=recommended, useposix=true, d_sigaction=define
    useithreads=define, usemultiplicity=define
    useperlio=define, d_sfio=undef, uselargefiles=define, usesocks=undef
    use64bitint=define, use64bitall=define, uselongdouble=undef
    usemymalloc=n, bincompat5005=undef
  Compiler:
    cc='cc', ccflags ='-D_REENTRANT -D_GNU_SOURCE -fno-strict-aliasing -pipe -fstack-protector -I/usr/local/include -D_LARGEFILE_SOURCE -D_FILE_OFFSET_BITS=64',
    optimize='-O2 -g',
    cppflags='-D_REENTRANT -D_GNU_SOURCE -fno-strict-aliasing -pipe -fstack-protector -I/usr/local/include'
    ccversion='', gccversion='4.7.2', gccosandvers=''
    intsize=4, longsize=8, ptrsize=8, doublesize=8, byteorder=12345678
    d_longlong=define, longlongsize=8, d_longdbl=define, longdblsize=16
    ivtype='long', ivsize=8, nvtype='double', nvsize=8, Off_t='off_t', lseeksize=8
    alignbytes=8, prototype=define
  Linker and Libraries:
    ld='cc', ldflags =' -fstack-protector -L/usr/local/lib'
    libpth=/usr/local/lib /lib/x86_64-linux-gnu /lib/../lib /usr/lib/x86_64-linux-gnu /usr/lib/../lib /lib /usr/lib
    libs=-lnsl -ldb -ldl -lm -lcrypt -lutil -lpthread -lc
    perllibs=-lnsl -ldl -lm -lcrypt -lutil -lpthread -lc
    libc=, so=so, useshrplib=false, libperl=libperl.a
    gnulibc_version='2.13'
  Dynamic Linking:
    dlsrc=dl_dlopen.xs, dlext=so, d_dlsymun=undef, ccdlflags='-Wl,-E'
    cccdlflags='-fPIC', lddlflags='-shared -O2 -g -L/usr/local/lib -fstack-protector'


Characteristics of this binary (from libperl): 
  Compile-time options: HAS_TIMES MULTIPLICITY PERLIO_LAYERS
                        PERL_DONT_CREATE_GVSV PERL_IMPLICIT_CONTEXT
                        PERL_MALLOC_WRAP PERL_PRESERVE_IVUV PERL_USE_DEVEL
                        USE_64_BIT_ALL USE_64_BIT_INT USE_ITHREADS
                        USE_LARGE_FILES USE_LOCALE USE_LOCALE_COLLATE
                        USE_LOCALE_CTYPE USE_LOCALE_NUMERIC USE_PERLIO
                        USE_PERL_ATOF USE_REENTRANT_API
  Built under linux
  Compiled at Nov 21 2012 10:11:07
  %ENV:
    PERL5LIB=""
    PERL5OPT=""
    PERL5_CPANPLUS_IS_RUNNING="5695"
    PERL5_CPAN_IS_RUNNING="5695"
    PERL_MM_USE_DEFAULT="1"
  @INC:
    /home/src/perl/repoperls/installed-perls/perl/v5.17.6-15-g2a5bd87/9980/lib/site_perl/5.17.7/x86_64-linux-thread-multi
    /home/src/perl/repoperls/installed-perls/perl/v5.17.6-15-g2a5bd87/9980/lib/site_perl/5.17.7
    /home/src/perl/repoperls/installed-perls/perl/v5.17.6-15-g2a5bd87/9980/lib/5.17.7/x86_64-linux-thread-multi
    /home/src/perl/repoperls/installed-perls/perl/v5.17.6-15-g2a5bd87/9980/lib/5.17.7
    .