Report for Test-HTTPStatus-2.09

Back
From: metabase:user:322078bc-2aae-11df-837a-5e0a49663a4f
Subject: FAIL Test-HTTPStatus-2.09 5.28.2 FreeBSD
Date: 2025-04-10T22:36:16Z

This distribution has been tested as part of the CPAN Testers
project, supporting the Perl programming language.  See
http://wiki.cpantesters.org/ for more information or email
questions to cpan-testers-discuss@perl.org


--

Dear NHORNE,

This is a computer-generated error report created automatically by
CPANPLUS, version 0.9914. Testers personal comments may appear
at the end of this report.


Thank you for uploading your work to CPAN.  However, it appears that
there were some problems testing your distribution.

TEST RESULTS:

Below is the error stack from stage 'make test':

PERL_DL_NONLAZY=1 "/usr/home/cpan/pit/64bit/perl-5.28.2/bin/perl" "-MExtUtils::Command::MM" "-MTest::Harness" "-e" "undef *Test::Harness::Switches; test_harness(0, 'blib/lib', 'blib/arch')" t/*.t
Link is http://blogs.perl.org/
Use of uninitialized value in numeric ge (>=) at /usr/home/cpan/pit/64bit/conf/perl-5.28.2/.cpanplus/5.28.2/build/DL4Bxu7TQ9/Test-HTTPStatus-2.09/blib/lib/Test/HTTPStatus.pm line 197.

    #   Failed test 'I can talk to http://blogs.perl.org/!'
    #   at t/200.t line 17.
    #          got: undef
    #     expected: '200'
    # Looks like you failed 1 test of 1.

#   Failed test 'http'
#   at t/200.t line 7.
Link is https://www.perl.org/
Use of uninitialized value in numeric ge (>=) at /usr/home/cpan/pit/64bit/conf/perl-5.28.2/.cpanplus/5.28.2/build/DL4Bxu7TQ9/Test-HTTPStatus-2.09/blib/lib/Test/HTTPStatus.pm line 197.

    #   Failed test 'I can talk to https://www.perl.org/!'
    #   at t/200.t line 17.
    #          got: undef
    #     expected: '200'
    # Looks like you failed 1 test of 1.

#   Failed test 'https'
#   at t/200.t line 11.
# Looks like you failed 2 tests of 3.
t/200.t ............... 
Dubious, test returned 2 (wstat 512, 0x200)
Failed 2/3 subtests 
Link is https://httpbin.org/status/403
Use of uninitialized value in numeric ge (>=) at /usr/home/cpan/pit/64bit/conf/perl-5.28.2/.cpanplus/5.28.2/build/DL4Bxu7TQ9/Test-HTTPStatus-2.09/blib/lib/Test/HTTPStatus.pm line 197.

#   Failed test 'Unauthorized code works'
#   at t/403.t line 12.
#          got: undef
#     expected: '403'
# Looks like you failed 1 test of 2.
t/403.t ............... 
Dubious, test returned 1 (wstat 256, 0x100)
Failed 1/2 subtests 
t/changes.t ........... skipped: Test::CPAN::Changes required for this test
t/comment-spelling.t .. skipped: Not running author tests
t/eof.t ............... skipped: Not running author tests
t/eol.t ............... skipped: Not running author tests
Link is http://www.perl.org/
Use of uninitialized value in numeric ge (>=) at /usr/home/cpan/pit/64bit/conf/perl-5.28.2/.cpanplus/5.28.2/build/DL4Bxu7TQ9/Test-HTTPStatus-2.09/blib/lib/Test/HTTPStatus.pm line 197.

#   Failed test 'HTTP OK'
#   at t/get_status.t line 9.
#          got: undef
#     expected: '200'
Link is http://www.perl.com/xyz.abc
Use of uninitialized value in numeric ge (>=) at /usr/home/cpan/pit/64bit/conf/perl-5.28.2/.cpanplus/5.28.2/build/DL4Bxu7TQ9/Test-HTTPStatus-2.09/blib/lib/Test/HTTPStatus.pm line 197.

#   Failed test 'HTTP Not Found'
#   at t/get_status.t line 12.
#          got: undef
#     expected: '404'
# Looks like you failed 2 tests of 5.
t/get_status.t ........ 
Dubious, test returned 2 (wstat 512, 0x200)
Failed 2/5 subtests 
t/links.t ............. skipped: Not running author tests
t/load.t .............. ok
t/no404s.t ............ skipped: Not running author tests
t/pod-cm.t ............ skipped: Test::Pod::Spelling::CommonMistakes required for testing POD spelling
t/pod-coverage.t ...... skipped: Not running author tests
t/pod-spelling.t ...... skipped: Not running author tests
t/pod.t ............... skipped: Test::Pod 1.00 required for testing POD
Link is http://www.perl6.org/
Use of uninitialized value in numeric ge (>=) at /usr/home/cpan/pit/64bit/conf/perl-5.28.2/.cpanplus/5.28.2/build/DL4Bxu7TQ9/Test-HTTPStatus-2.09/blib/lib/Test/HTTPStatus.pm line 197.
Use of uninitialized value $status in string eq at /usr/home/cpan/pit/64bit/conf/perl-5.28.2/.cpanplus/5.28.2/build/DL4Bxu7TQ9/Test-HTTPStatus-2.09/blib/lib/Test/HTTPStatus.pm line 143.
Use of uninitialized value $status in numeric eq (==) at /usr/home/cpan/pit/64bit/conf/perl-5.28.2/.cpanplus/5.28.2/build/DL4Bxu7TQ9/Test-HTTPStatus-2.09/blib/lib/Test/HTTPStatus.pm line 145.
Use of uninitialized value $status in numeric eq (==) at /usr/home/cpan/pit/64bit/conf/perl-5.28.2/.cpanplus/5.28.2/build/DL4Bxu7TQ9/Test-HTTPStatus-2.09/blib/lib/Test/HTTPStatus.pm line 147.
Use of uninitialized value $status in concatenation (.) or string at /usr/home/cpan/pit/64bit/conf/perl-5.28.2/.cpanplus/5.28.2/build/DL4Bxu7TQ9/Test-HTTPStatus-2.09/blib/lib/Test/HTTPStatus.pm line 150.

#   Failed test 'Mysterious failure for [http://www.perl6.org/] with status []'
#   at t/status.t line 9.
# Live servers can be tricky. If this fails, you may want to inspect it
# Looks like you failed 1 test of 2.
t/status.t ............ 
Dubious, test returned 1 (wstat 256, 0x100)
Failed 1/2 subtests 
t/vars.t .............. skipped: Author tests not required for installation

Test Summary Report
-------------------
t/200.t             (Wstat: 512 (exited 2) Tests: 3 Failed: 2)
  Failed tests:  2-3
  Non-zero exit status: 2
t/403.t             (Wstat: 256 (exited 1) Tests: 2 Failed: 1)
  Failed test:  2
  Non-zero exit status: 1
t/get_status.t      (Wstat: 512 (exited 2) Tests: 5 Failed: 2)
  Failed tests:  2-3
  Non-zero exit status: 2
t/status.t          (Wstat: 256 (exited 1) Tests: 2 Failed: 1)
  Failed test:  2
  Non-zero exit status: 1
Files=16, Tests=13,  6 wallclock secs ( 0.05 usr  0.10 sys +  3.73 cusr  1.87 csys =  5.74 CPU)
Result: FAIL
Failed 4/16 test programs. 6/13 subtests failed.
*** Error code 255

Stop.
make: stopped in /usr/home/cpan/pit/64bit/conf/perl-5.28.2/.cpanplus/5.28.2/build/DL4Bxu7TQ9/Test-HTTPStatus-2.09


PREREQUISITES:

Here is a list of prerequisites you specified and versions we
managed to load:

	  Module Name                        Have     Want
	  Carp                               1.50        0
	  ExtUtils::MakeMaker                7.70        0
	  Mojo::URL                             0        0
	  Mojo::UserAgent                       0        0
	  Test::Builder::Module          1.302198        0
	  Test::DescribeMe                  0.004        0
	  Test::Most                         0.38        0
	  Test::Needs                    0.002010        0
	  Test::RequiresInternet             0.05        0
	  warnings                           1.42        0

Perl module toolchain versions installed:
	Module Name                        Have
	CPANPLUS                         0.9914
	CPANPLUS::Dist::Build              0.90
	Cwd                                3.75
	ExtUtils::CBuilder             0.280236
	ExtUtils::Command                  7.70
	ExtUtils::Install                  2.22
	ExtUtils::MakeMaker                7.70
	ExtUtils::Manifest                 1.75
	ExtUtils::ParseXS                  3.51
	File::Spec                         3.75
	Module::Build                    0.4234
	Pod::Parser                        1.63
	Pod::Simple                        3.35
	Test2                          1.302198
	Test::Harness                      3.48
	Test::More                     1.302198
	version                          0.9930

******************************** NOTE ********************************
The comments above are created mechanically, possibly without manual
checking by the sender.  As there are many people performing automatic
tests on each upload to CPAN, it is likely that you will receive
identical messages about the same problem.

If you believe that the message is mistaken, please reply to the first
one with correction and/or additional informations, and do not take
it personally.  We appreciate your patience. :)
**********************************************************************

Additional comments:


This report was machine-generated by CPANPLUS::Dist::YACSmoke 1.08.
Powered by minismokebox version 0.68

CPANPLUS is prefering Build.PL

------------------------------
ENVIRONMENT AND OTHER CONTEXT
------------------------------

Environment variables:

    AUTOMATED_TESTING = 1
    NONINTERACTIVE_TESTING = 1
    PATH = /sbin:/bin:/usr/sbin:/usr/bin:/usr/local/sbin:/usr/local/bin:/home/cpan/bin
    PERL5LIB = /usr/home/cpan/pit/jail/fILM0c7ujn/lib/perl5:/usr/home/cpan/pit/64bit/conf/perl-5.28.2/.cpanplus/5.28.2/build/DL4Bxu7TQ9/Test-HTTPStatus-2.09/blib/lib:/usr/home/cpan/pit/64bit/conf/perl-5.28.2/.cpanplus/5.28.2/build/DL4Bxu7TQ9/Test-HTTPStatus-2.09/blib/arch
    PERL5_CPANPLUS_IS_RUNNING = 30676
    PERL5_CPANPLUS_IS_VERSION = 0.9914
    PERL5_MINISMOKEBOX = 0.68
    PERL5_YACSMOKE_BASE = /usr/home/cpan/pit/64bit/conf/perl-5.28.2
    PERL_EXTUTILS_AUTOINSTALL = --defaultdeps
    PERL_LOCAL_LIB_ROOT = /usr/home/cpan/pit/jail/fILM0c7ujn
    PERL_MB_OPT = --install_base "/usr/home/cpan/pit/jail/fILM0c7ujn"
    PERL_MM_OPT = INSTALL_BASE=/usr/home/cpan/pit/jail/fILM0c7ujn
    PERL_MM_USE_DEFAULT = 1
    SHELL = /usr/local/bin/bash
    TERM = screen

Perl special variables (and OS-specific diagnostics, for MSWin32):

    Perl: $^X = /usr/home/cpan/pit/64bit/perl-5.28.2/bin/perl
    UID:  $<  = 1002
    EUID: $>  = 1002
    GID:  $(  = 1002 1002
    EGID: $)  = 1002 1002


-------------------------------


--

Summary of my perl5 (revision 5 version 28 subversion 2) configuration:
   
  Platform:
    osname=freebsd
    osvers=12.4-release
    archname=i386-freebsd-64int
    uname='freebsd ffyrc 12.4-release freebsd 12.4-release r372781 generic i386 '
    config_args='-des -Dprefix=/usr/home/cpan/pit/64bit/perl-5.28.2 -Duse64bitint'
    hint=recommended
    useposix=true
    d_sigaction=define
    useithreads=undef
    usemultiplicity=undef
    use64bitint=define
    use64bitall=undef
    uselongdouble=undef
    usemymalloc=n
    default_inc_excludes_dot=define
    bincompat5005=undef
  Compiler:
    cc='cc'
    ccflags ='-DHAS_FPSETMASK -DHAS_FLOATINGPOINT_H -fno-strict-aliasing -pipe -fstack-protector-strong -I/usr/local/include'
    optimize='-O2'
    cppflags='-DHAS_FPSETMASK -DHAS_FLOATINGPOINT_H -fno-strict-aliasing -pipe -fstack-protector-strong -I/usr/local/include'
    ccversion=''
    gccversion='FreeBSD Clang 13.0.0 (git@github.com:llvm/llvm-project.git llvmorg-13.0.0-0-gd7b669b3a303)'
    gccosandvers=''
    intsize=4
    longsize=4
    ptrsize=4
    doublesize=8
    byteorder=12345678
    doublekind=3
    d_longlong=define
    longlongsize=8
    d_longdbl=define
    longdblsize=12
    longdblkind=3
    ivtype='long long'
    ivsize=8
    nvtype='double'
    nvsize=8
    Off_t='off_t'
    lseeksize=8
    alignbytes=4
    prototype=define
  Linker and Libraries:
    ld='cc'
    ldflags ='-Wl,-E  -fstack-protector-strong -L/usr/local/lib'
    libpth=/usr/lib /usr/local/lib /usr/lib/clang/13.0.0/lib /usr/lib
    libs=-lpthread -lgdbm -ldl -lm -lcrypt -lutil -lc
    perllibs=-lpthread -ldl -lm -lcrypt -lutil -lc
    libc=
    so=so
    useshrplib=false
    libperl=libperl.a
    gnulibc_version=''
  Dynamic Linking:
    dlsrc=dl_dlopen.xs
    dlext=so
    d_dlsymun=undef
    ccdlflags=' '
    cccdlflags='-DPIC -fPIC'
    lddlflags='-shared  -L/usr/local/lib -fstack-protector-strong'


Characteristics of this binary (from libperl): 
  Compile-time options:
    HAS_TIMES
    PERLIO_LAYERS
    PERL_COPY_ON_WRITE
    PERL_DONT_CREATE_GVSV
    PERL_MALLOC_WRAP
    PERL_OP_PARENT
    PERL_PRESERVE_IVUV
    USE_64_BIT_INT
    USE_LARGE_FILES
    USE_LOCALE
    USE_LOCALE_COLLATE
    USE_LOCALE_CTYPE
    USE_LOCALE_NUMERIC
    USE_LOCALE_TIME
    USE_PERLIO
    USE_PERL_ATOF
  Locally applied patches:
    Devel::PatchPerl 2.08
  Built under freebsd
  Compiled at Apr  7 2023 04:38:45
  %ENV:
    PERL5LIB="/usr/home/cpan/pit/jail/fILM0c7ujn/lib/perl5:/usr/home/cpan/pit/64bit/conf/perl-5.28.2/.cpanplus/5.28.2/build/DL4Bxu7TQ9/Test-HTTPStatus-2.09/blib/lib:/usr/home/cpan/pit/64bit/conf/perl-5.28.2/.cpanplus/5.28.2/build/DL4Bxu7TQ9/Test-HTTPStatus-2.09/blib/arch"
    PERL5_CPANPLUS_IS_RUNNING="30676"
    PERL5_CPANPLUS_IS_VERSION="0.9914"
    PERL5_MINISMOKEBOX="0.68"
    PERL5_YACSMOKE_BASE="/usr/home/cpan/pit/64bit/conf/perl-5.28.2"
    PERL_EXTUTILS_AUTOINSTALL="--defaultdeps"
    PERL_LOCAL_LIB_ROOT="/usr/home/cpan/pit/jail/fILM0c7ujn"
    PERL_MB_OPT="--install_base "/usr/home/cpan/pit/jail/fILM0c7ujn""
    PERL_MM_OPT="INSTALL_BASE=/usr/home/cpan/pit/jail/fILM0c7ujn"
    PERL_MM_USE_DEFAULT="1"
  @INC:
    /usr/home/cpan/pit/jail/fILM0c7ujn/lib/perl5/5.28.2/i386-freebsd-64int
    /usr/home/cpan/pit/jail/fILM0c7ujn/lib/perl5/5.28.2
    /usr/home/cpan/pit/jail/fILM0c7ujn/lib/perl5/i386-freebsd-64int
    /usr/home/cpan/pit/jail/fILM0c7ujn/lib/perl5
    /usr/home/cpan/pit/64bit/conf/perl-5.28.2/.cpanplus/5.28.2/build/DL4Bxu7TQ9/Test-HTTPStatus-2.09/blib/lib
    /usr/home/cpan/pit/64bit/conf/perl-5.28.2/.cpanplus/5.28.2/build/DL4Bxu7TQ9/Test-HTTPStatus-2.09/blib/arch
    /usr/home/cpan/pit/64bit/perl-5.28.2/lib/site_perl/5.28.2/i386-freebsd-64int
    /usr/home/cpan/pit/64bit/perl-5.28.2/lib/site_perl/5.28.2
    /usr/home/cpan/pit/64bit/perl-5.28.2/lib/5.28.2/i386-freebsd-64int
    /usr/home/cpan/pit/64bit/perl-5.28.2/lib/5.28.2