Back
From: metabase:user:322078bc-2aae-11df-837a-5e0a49663a4f
Subject: FAIL Audio-1.029 v5.13.7 GNU/Linux
Date: 2011-03-10T21:20:25Z
This distribution has been tested as part of the CPAN Testers
project, supporting the Perl programming language. See
http://wiki.cpantesters.org/ for more information or email
questions to cpan-testers-discuss@perl.org
--
Dear Nick Ing-Simmons (PAUSE Custodial Account),
This is a computer-generated error report created automatically by
CPANPLUS, version 0.9102. Testers personal comments may appear
at the end of this report.
Thank you for uploading your work to CPAN. However, it appears that
there were some problems testing your distribution.
TEST RESULTS:
Below is the error stack from stage 'make test':
[MSG] [Thu Mar 10 21:20:06 2011] Trying to get 'http://cpan.mirror.local/CPAN/authors/id/N/NI/NI-S/CHECKSUMS'
[MSG] [Thu Mar 10 21:20:06 2011] Checksum matches for 'Audio-1.029.tar.gz'
[MSG] [Thu Mar 10 21:20:06 2011] Extracted 'Audio::Data' to '/home/cpan/pit/bare/conf/perl-5.13.7/.cpanplus/5.13.7/build/Audio-1.029'
[MSG] [Thu Mar 10 21:20:06 2011] CPANPLUS is prefering Build.PL
[MSG] [Thu Mar 10 21:20:07 2011] Checking if your kit is complete...
Looks good
Writing Makefile for Audio::Data
Writing MYMETA.yml
Have <alsa/asoundlib.h>
Have <alsa/pcm.h>
Using ALSA driver
Testing for Network Audio Server (NAS)
Cannot build Audio::Play::Net - NAS not present
Writing Makefile for Audio::Play::linux
Writing MYMETA.yml
Writing Makefile for Audio::Play
Writing MYMETA.yml
Writing Makefile for Audio
Writing MYMETA.yml
[MSG] [Thu Mar 10 21:20:07 2011] DEFAULT 'filter_prereqs' HANDLER RETURNING 'sub return value'
[MSG] [Thu Mar 10 21:20:07 2011] Checking for previous PASS result for "Audio-1.029"
[MSG] [Thu Mar 10 21:20:10 2011] cp Tk/Scope.pm blib/lib/Tk/Scope.pm
make[1]: Entering directory `/home/cpan/pit/bare/conf/perl-5.13.7/.cpanplus/5.13.7/build/Audio-1.029/Data'
cp Audio_f.h ../blib/arch/Audio/Audio_f.h
cp Data/touchtone.star.au ../blib/lib/Audio/Data/touchtone.star.au
cp Data/touchtone.9.au ../blib/lib/Audio/Data/touchtone.9.au
cp typemap ../blib/arch/Audio/typemap
cp Audio.t ../blib/arch/Audio/Audio.t
cp Data/touchtone.0.au ../blib/lib/Audio/Data/touchtone.0.au
cp Data/touchtone.5.au ../blib/lib/Audio/Data/touchtone.5.au
cp Data/touchtone.3.au ../blib/lib/Audio/Data/touchtone.3.au
cp Audio.h ../blib/arch/Audio/Audio.h
cp Data/touchtone.1.au ../blib/lib/Audio/Data/touchtone.1.au
cp Data/touchtone.6.au ../blib/lib/Audio/Data/touchtone.6.au
cp Data/touchtone.4.au ../blib/lib/Audio/Data/touchtone.4.au
cp Data.pm ../blib/lib/Audio/Data.pm
AutoSplitting ../blib/lib/Audio/Data.pm (../blib/lib/auto/Audio/Data)
cp Filter.pm ../blib/lib/Audio/Filter.pm
cp Data/touchtone.2.au ../blib/lib/Audio/Data/touchtone.2.au
cp Audio.m ../blib/arch/Audio/Audio.m
cp Data/touchtone.8.au ../blib/lib/Audio/Data/touchtone.8.au
cp Data/touchtone.7.au ../blib/lib/Audio/Data/touchtone.7.au
cp Data/touchtone.pound.au ../blib/lib/Audio/Data/touchtone.pound.au
cc -c -fno-strict-aliasing -pipe -fstack-protector -I/usr/local/include -D_LARGEFILE_SOURCE -D_FILE_OFFSET_BITS=64 -O2 -DVERSION=\"1.029\" -DXS_VERSION=\"1.029\" -fPIC "-I/home/cpan/pit/bare/perl-5.13.7/lib/5.13.7/x86_64-linux/CORE" AudioIO.c
cc -c -fno-strict-aliasing -pipe -fstack-protector -I/usr/local/include -D_LARGEFILE_SOURCE -D_FILE_OFFSET_BITS=64 -O2 -DVERSION=\"1.029\" -DXS_VERSION=\"1.029\" -fPIC "-I/home/cpan/pit/bare/perl-5.13.7/lib/5.13.7/x86_64-linux/CORE" Audio_f.c
/home/cpan/pit/bare/perl-5.13.7/bin/perl5.13.7 /home/cpan/pit/bare/perl-5.13.7/lib/5.13.7/ExtUtils/xsubpp -typemap /home/cpan/pit/bare/perl-5.13.7/lib/5.13.7/ExtUtils/typemap -typemap typemap Data.xs > Data.xsc && mv Data.xsc Data.c
cc -c -fno-strict-aliasing -pipe -fstack-protector -I/usr/local/include -D_LARGEFILE_SOURCE -D_FILE_OFFSET_BITS=64 -O2 -DVERSION=\"1.029\" -DXS_VERSION=\"1.029\" -fPIC "-I/home/cpan/pit/bare/perl-5.13.7/lib/5.13.7/x86_64-linux/CORE" Data.c
cc -c -fno-strict-aliasing -pipe -fstack-protector -I/usr/local/include -D_LARGEFILE_SOURCE -D_FILE_OFFSET_BITS=64 -O2 -DVERSION=\"1.029\" -DXS_VERSION=\"1.029\" -fPIC "-I/home/cpan/pit/bare/perl-5.13.7/lib/5.13.7/x86_64-linux/CORE" fft.c
cc -c -fno-strict-aliasing -pipe -fstack-protector -I/usr/local/include -D_LARGEFILE_SOURCE -D_FILE_OFFSET_BITS=64 -O2 -DVERSION=\"1.029\" -DXS_VERSION=\"1.029\" -fPIC "-I/home/cpan/pit/bare/perl-5.13.7/lib/5.13.7/x86_64-linux/CORE" l2u.c
cc -c -fno-strict-aliasing -pipe -fstack-protector -I/usr/local/include -D_LARGEFILE_SOURCE -D_FILE_OFFSET_BITS=64 -O2 -DVERSION=\"1.029\" -DXS_VERSION=\"1.029\" -fPIC "-I/home/cpan/pit/bare/perl-5.13.7/lib/5.13.7/x86_64-linux/CORE" rate.c
Running Mkbootstrap for Audio::Data ()
chmod 644 Data.bs
rm -f ../blib/arch/auto/Audio/Data/Data.so
cc -shared -O2 -L/usr/local/lib -fstack-protector AudioIO.o Audio_f.o Data.o fft.o l2u.o rate.o -o ../blib/arch/auto/Audio/Data/Data.so \
\
chmod 755 ../blib/arch/auto/Audio/Data/Data.so
cp Data.bs ../blib/arch/auto/Audio/Data/Data.bs
chmod 644 ../blib/arch/auto/Audio/Data/Data.bs
Manifying ../blib/man3/Audio::Data.3
make[1]: Leaving directory `/home/cpan/pit/bare/conf/perl-5.13.7/.cpanplus/5.13.7/build/Audio-1.029/Data'
make[1]: Entering directory `/home/cpan/pit/bare/conf/perl-5.13.7/.cpanplus/5.13.7/build/Audio-1.029/Play'
true
true
cp Play.pm ../blib/lib/Audio/Play.pm
AutoSplitting ../blib/lib/Audio/Play.pm (../blib/lib/auto/Audio/Play)
make[2]: Entering directory `/home/cpan/pit/bare/conf/perl-5.13.7/.cpanplus/5.13.7/build/Audio-1.029/Play/Net'
make[2]: Nothing to be done for `all'.
make[2]: Leaving directory `/home/cpan/pit/bare/conf/perl-5.13.7/.cpanplus/5.13.7/build/Audio-1.029/Play/Net'
make[2]: Entering directory `/home/cpan/pit/bare/conf/perl-5.13.7/.cpanplus/5.13.7/build/Audio-1.029/Play/linux'
cp linux.pm ../../blib/lib/Audio/Play/linux.pm
/home/cpan/pit/bare/perl-5.13.7/bin/perl5.13.7 /home/cpan/pit/bare/perl-5.13.7/lib/5.13.7/ExtUtils/xsubpp -typemap /home/cpan/pit/bare/perl-5.13.7/lib/5.13.7/ExtUtils/typemap -typemap ../../Data/typemap linux.xs > linux.xsc && mv linux.xsc linux.c
cc -c -fno-strict-aliasing -pipe -fstack-protector -I/usr/local/include -D_LARGEFILE_SOURCE -D_FILE_OFFSET_BITS=64 -O2 -DVERSION=\"1.029\" -DXS_VERSION=\"1.029\" -fPIC "-I/home/cpan/pit/bare/perl-5.13.7/lib/5.13.7/x86_64-linux/CORE" -DHAVE_ALSA_ASOUNDLIB_H -DHAVE_ALSA_PCM_H linux.c
Running Mkbootstrap for Audio::Play::linux ()
chmod 644 linux.bs
rm -f ../../blib/arch/auto/Audio/Play/linux/linux.so
LD_RUN_PATH="/usr/lib64" cc -shared -O2 -L/usr/local/lib -fstack-protector linux.o -o ../../blib/arch/auto/Audio/Play/linux/linux.so \
-lasound \
chmod 755 ../../blib/arch/auto/Audio/Play/linux/linux.so
cp linux.bs ../../blib/arch/auto/Audio/Play/linux/linux.bs
chmod 644 ../../blib/arch/auto/Audio/Play/linux/linux.bs
make[2]: Leaving directory `/home/cpan/pit/bare/conf/perl-5.13.7/.cpanplus/5.13.7/build/Audio-1.029/Play/linux'
Manifying ../blib/man3/Audio::Play.3
make[1]: Leaving directory `/home/cpan/pit/bare/conf/perl-5.13.7/.cpanplus/5.13.7/build/Audio-1.029/Play'
cp tkscope blib/script/tkscope
/home/cpan/pit/bare/perl-5.13.7/bin/perl5.13.7 -MExtUtils::MY -e 'MY->fixin(shift)' -- blib/script/tkscope
cp morse blib/script/morse
/home/cpan/pit/bare/perl-5.13.7/bin/perl5.13.7 -MExtUtils::MY -e 'MY->fixin(shift)' -- blib/script/morse
cp dial blib/script/dial
/home/cpan/pit/bare/perl-5.13.7/bin/perl5.13.7 -MExtUtils::MY -e 'MY->fixin(shift)' -- blib/script/dial
cp pplay blib/script/pplay
/home/cpan/pit/bare/perl-5.13.7/bin/perl5.13.7 -MExtUtils::MY -e 'MY->fixin(shift)' -- blib/script/pplay
[ERROR] [Thu Mar 10 21:20:10 2011] MAKE TEST failed: make[1]: Entering directory `/home/cpan/pit/bare/conf/perl-5.13.7/.cpanplus/5.13.7/build/Audio-1.029/Data'
make[1]: Leaving directory `/home/cpan/pit/bare/conf/perl-5.13.7/.cpanplus/5.13.7/build/Audio-1.029/Data'
make[1]: Entering directory `/home/cpan/pit/bare/conf/perl-5.13.7/.cpanplus/5.13.7/build/Audio-1.029/Play'
true
true
make[2]: Entering directory `/home/cpan/pit/bare/conf/perl-5.13.7/.cpanplus/5.13.7/build/Audio-1.029/Play/Net'
make[2]: Nothing to be done for `all'.
make[2]: Leaving directory `/home/cpan/pit/bare/conf/perl-5.13.7/.cpanplus/5.13.7/build/Audio-1.029/Play/Net'
make[2]: Entering directory `/home/cpan/pit/bare/conf/perl-5.13.7/.cpanplus/5.13.7/build/Audio-1.029/Play/linux'
make[2]: Leaving directory `/home/cpan/pit/bare/conf/perl-5.13.7/.cpanplus/5.13.7/build/Audio-1.029/Play/linux'
make[1]: Leaving directory `/home/cpan/pit/bare/conf/perl-5.13.7/.cpanplus/5.13.7/build/Audio-1.029/Play'
make[1]: Entering directory `/home/cpan/pit/bare/conf/perl-5.13.7/.cpanplus/5.13.7/build/Audio-1.029/Data'
PERL_DL_NONLAZY=1 /home/cpan/pit/bare/perl-5.13.7/bin/perl5.13.7 "-MExtUtils::Command::MM" "-e" "test_harness(0, '../blib/lib', '../blib/arch')" t/*.t
Name "Audio::Data::AudioVtab" used only once: possible typo at /home/cpan/pit/bare/perl-5.13.7/lib/5.13.7/x86_64-linux/DynaLoader.pm line 219.
t/init.t ...... ok
Name "Audio::Data::AudioVtab" used only once: possible typo at /home/cpan/pit/bare/perl-5.13.7/lib/5.13.7/x86_64-linux/DynaLoader.pm line 219.
Unknown file format at t/load.t line 11.
t/load.t ......
Dubious, test returned 25 (wstat 6400, 0x1900)
Failed 2/2 subtests
Name "Audio::Data::AudioVtab" used only once: possible typo at /home/cpan/pit/bare/perl-5.13.7/lib/5.13.7/x86_64-linux/DynaLoader.pm line 219.
t/overload.t .. ok
Name "Audio::Data::AudioVtab" used only once: possible typo at /home/cpan/pit/bare/perl-5.13.7/lib/5.13.7/x86_64-linux/DynaLoader.pm line 219.
t/poly.t ...... ok
Test Summary Report
-------------------
t/load.t (Wstat: 6400 Tests: 0 Failed: 0)
Non-zero exit status: 25
Parse errors: Bad plan. You planned 2 tests but ran 0.
Files=4, Tests=42, 0 wallclock secs ( 0.03 usr 0.00 sys + 0.07 cusr 0.01 csys = 0.11 CPU)
Result: FAIL
Failed 1/4 test programs. 0/42 subtests failed.
make[1]: *** [test_dynamic] Error 255
make[1]: Leaving directory `/home/cpan/pit/bare/conf/perl-5.13.7/.cpanplus/5.13.7/build/Audio-1.029/Data'
make: *** [subdirs-test] Error 2
[MSG] [Thu Mar 10 21:20:10 2011] DEFAULT 'proceed_on_test_failure' HANDLER RETURNING 'sub return value'
PREREQUISITES:
Here is a list of prerequisites you specified and versions we
managed to load:
Module Name Have Want
ExtUtils::MakeMaker 6.57_05 0
Perl module toolchain versions installed:
Module Name Have
CPANPLUS 0.9102
CPANPLUS::Dist::Build 0.54
Cwd 3.34
ExtUtils::CBuilder 0.280202
ExtUtils::Command 1.16
ExtUtils::Install 1.55
ExtUtils::MakeMaker 6.57_05
ExtUtils::Manifest 1.58
ExtUtils::ParseXS 2.2207
File::Spec 3.33
Module::Build 0.3624
Test::Harness 3.23
Test::More 0.98
version 0.88
******************************** NOTE ********************************
The comments above are created mechanically, possibly without manual
checking by the sender. As there are many people performing automatic
tests on each upload to CPAN, it is likely that you will receive
identical messages about the same problem.
If you believe that the message is mistaken, please reply to the first
one with correction and/or additional informations, and do not take
it personally. We appreciate your patience. :)
**********************************************************************
Additional comments:
This report was machine-generated by CPANPLUS::Dist::YACSmoke 0.62.
Powered by minismokebox version 0.42
------------------------------
ENVIRONMENT AND OTHER CONTEXT
------------------------------
Environment variables:
AUTOMATED_TESTING = 1
LANG = en_US
LC_COLLATE = C
PATH = /usr/local/bin:/usr/bin:/bin:/usr/games:/usr/lib64/java/bin:/usr/lib64/qt/bin:/usr/share/texmf/bin:.
PERL5LIB = :/home/cpan/pit/bare/conf/perl-5.13.7/.cpanplus/5.13.7/build/Audio-1.029/blib/lib:/home/cpan/pit/bare/conf/perl-5.13.7/.cpanplus/5.13.7/build/Audio-1.029/blib/arch
PERL5_CPANPLUS_IS_RUNNING = 32512
PERL5_CPANPLUS_IS_VERSION = 0.9102
PERL5_MINISMOKEBOX = 0.42
PERL5_YACSMOKE_BASE = /home/cpan/pit/bare/conf/perl-5.13.7
PERL_EXTUTILS_AUTOINSTALL = --defaultdeps
PERL_MM_USE_DEFAULT = 1
SHELL = /bin/bash
TERM = screen
Perl special variables (and OS-specific diagnostics, for MSWin32):
Perl: $^X = /home/cpan/pit/bare/perl-5.13.7/bin/perl5.13.7
UID: $< = 1001
EUID: $> = 1001
GID: $( = 100 100
EGID: $) = 100 100
-------------------------------
--
Summary of my perl5 (revision 5 version 13 subversion 7) configuration:
Platform:
osname=linux, osvers=2.6.33.4, archname=x86_64-linux
uname='linux slack64 2.6.33.4 #3 smp wed may 12 23:13:09 cdt 2010 x86_64 intel(r) xeon(r) cpu e5520 @ 2.27ghz genuineintel gnulinux '
config_args='-des -Dprefix=/home/cpan/pit/bare/perl-5.13.7 -Dusedevel'
hint=recommended, useposix=true, d_sigaction=define
useithreads=undef, usemultiplicity=undef
useperlio=define, d_sfio=undef, uselargefiles=define, usesocks=undef
use64bitint=define, use64bitall=define, uselongdouble=undef
usemymalloc=n, bincompat5005=undef
Compiler:
cc='cc', ccflags ='-fno-strict-aliasing -pipe -fstack-protector -I/usr/local/include -D_LARGEFILE_SOURCE -D_FILE_OFFSET_BITS=64',
optimize='-O2',
cppflags='-fno-strict-aliasing -pipe -fstack-protector -I/usr/local/include'
ccversion='', gccversion='4.4.4', gccosandvers=''
intsize=4, longsize=8, ptrsize=8, doublesize=8, byteorder=12345678
d_longlong=define, longlongsize=8, d_longdbl=define, longdblsize=16
ivtype='long', ivsize=8, nvtype='double', nvsize=8, Off_t='off_t', lseeksize=8
alignbytes=8, prototype=define
Linker and Libraries:
ld='cc', ldflags =' -fstack-protector -L/usr/local/lib'
libpth=/usr/local/lib /lib /usr/lib /lib64 /usr/lib64 /usr/local/lib64
libs=-lnsl -lgdbm -ldb -ldl -lm -lcrypt -lutil -lc
perllibs=-lnsl -ldl -lm -lcrypt -lutil -lc
libc=, so=so, useshrplib=false, libperl=libperl.a
gnulibc_version='2.11.1'
Dynamic Linking:
dlsrc=dl_dlopen.xs, dlext=so, d_dlsymun=undef, ccdlflags='-Wl,-E'
cccdlflags='-fPIC', lddlflags='-shared -O2 -L/usr/local/lib -fstack-protector'
Characteristics of this binary (from libperl):
Compile-time options: PERL_DONT_CREATE_GVSV PERL_MALLOC_WRAP PERL_USE_DEVEL
USE_64_BIT_ALL USE_64_BIT_INT USE_LARGE_FILES
USE_PERLIO USE_PERL_ATOF
Built under linux
Compiled at Feb 18 2011 11:05:42
%ENV:
PERL5LIB=":/home/cpan/pit/bare/conf/perl-5.13.7/.cpanplus/5.13.7/build/Audio-1.029/blib/lib:/home/cpan/pit/bare/conf/perl-5.13.7/.cpanplus/5.13.7/build/Audio-1.029/blib/arch"
PERL5_CPANPLUS_IS_RUNNING="32512"
PERL5_CPANPLUS_IS_VERSION="0.9102"
PERL5_MINISMOKEBOX="0.42"
PERL5_YACSMOKE_BASE="/home/cpan/pit/bare/conf/perl-5.13.7"
PERL_EXTUTILS_AUTOINSTALL="--defaultdeps"
PERL_MM_USE_DEFAULT="1"
@INC:
/home/cpan/pit/bare/conf/perl-5.13.7/.cpanplus/5.13.7/build/Audio-1.029/blib/lib
/home/cpan/pit/bare/conf/perl-5.13.7/.cpanplus/5.13.7/build/Audio-1.029/blib/arch
/home/cpan/pit/bare/perl-5.13.7/lib/site_perl/5.13.7/x86_64-linux
/home/cpan/pit/bare/perl-5.13.7/lib/site_perl/5.13.7
/home/cpan/pit/bare/perl-5.13.7/lib/5.13.7/x86_64-linux
/home/cpan/pit/bare/perl-5.13.7/lib/5.13.7
.