Report for Protocol-IMAP-0.004

Back
From: metabase:user:320bfe00-2aae-11df-837a-5e0a49663a4f
Subject: FAIL Protocol-IMAP-0.004 v5.10.0 GNU/Linux
Date: 2013-11-07T20:19:26Z

This distribution has been tested as part of the CPAN Testers
project, supporting the Perl programming language.  See
http://wiki.cpantesters.org/ for more information or email
questions to cpan-testers-discuss@perl.org


--
Dear Tom Molesworth,

This is a computer-generated report for Protocol-IMAP-0.004
on perl 5.10.0, created by CPAN-Reporter-1.2010.

Thank you for uploading your work to CPAN.  However, there was a problem
testing your distribution.

If you think this report is invalid, please consult the CPAN Testers Wiki
for suggestions on how to avoid getting FAIL reports for missing library
or binary dependencies, unsupported operating systems, and so on:

http://wiki.cpantesters.org/wiki/CPANAuthorNotes

Sections of this report:

    * Tester comments
    * Program output
    * Prerequisites
    * Environment and other context

------------------------------
TESTER COMMENTS
------------------------------

Additional comments from tester:

this report is from an automated smoke testing program
and was not reviewed by a human for accuracy

------------------------------
PROGRAM OUTPUT
------------------------------

Output from '/usr/bin/make test':

PERL_DL_NONLAZY=1 /home/sand/src/perl/repoperls/installed-perls/perl/perl-5.10.0/5da8/bin/perl "-MExtUtils::Command::MM" "-MTest::Harness" "-e" "undef *Test::Harness::Switches; test_harness(0, 'blib/lib', 'blib/arch')" t/*.t
t/00-check-deps.t .. ok

#   Failed test 'Protocol/IMAP/Client.pm loaded ok'
#   at t/00-compile.t line 41.
#          got: '512'
#     expected: '0'
Can't locate curry.pm in @INC (@INC contains: /tmp/loop_over_bdir-20754-wuXCry/Protocol-IMAP-0.004-St82WB/blib/arch /tmp/loop_over_bdir-20754-wuXCry/Protocol-IMAP-0.004-St82WB/blib/lib /tmp/loop_over_bdir-20754-wuXCry/Protocol-IMAP-0.004-St82WB/blib/lib /tmp/loop_over_bdir-20754-wuXCry/Protocol-IMAP-0.004-St82WB/blib/arch /home/sand/src/perl/repoperls/installed-perls/perl/perl-5.10.0/5da8/lib/5.10.0/x86_64-linux /home/sand/src/perl/repoperls/installed-perls/perl/perl-5.10.0/5da8/lib/5.10.0 /home/sand/src/perl/repoperls/installed-perls/perl/perl-5.10.0/5da8/lib/site_perl/5.10.0/x86_64-linux /home/sand/src/perl/repoperls/installed-perls/perl/perl-5.10.0/5da8/lib/site_perl/5.10.0 .) at /tmp/loop_over_bdir-20754-wuXCry/Protocol-IMAP-0.004-St82WB/blib/lib/Protocol/IMAP/FetchResponseParser.pm line 9.
BEGIN failed--compilation aborted at /tmp/loop_over_bdir-20754-wuXCry/Protocol-IMAP-0.004-St82WB/blib/lib/Protocol/IMAP/FetchResponseParser.pm line 9.
Compilation failed in require at /tmp/loop_over_bdir-20754-wuXCry/Protocol-IMAP-0.004-St82WB/blib/lib/Protocol/IMAP/Fetch.pm line 11.
BEGIN failed--compilation aborted at /tmp/loop_over_bdir-20754-wuXCry/Protocol-IMAP-0.004-St82WB/blib/lib/Protocol/IMAP/Fetch.pm line 11.
Compilation failed in require at /tmp/loop_over_bdir-20754-wuXCry/Protocol-IMAP-0.004-St82WB/blib/lib/Protocol/IMAP/Client.pm line 159.
BEGIN failed--compilation aborted at /tmp/loop_over_bdir-20754-wuXCry/Protocol-IMAP-0.004-St82WB/blib/lib/Protocol/IMAP/Client.pm line 159.
Compilation failed in require at -e line 1.

#   Failed test 'Protocol/IMAP/Fetch.pm loaded ok'
#   at t/00-compile.t line 41.
#          got: '512'
#     expected: '0'
Can't locate curry.pm in @INC (@INC contains: /tmp/loop_over_bdir-20754-wuXCry/Protocol-IMAP-0.004-St82WB/blib/arch /tmp/loop_over_bdir-20754-wuXCry/Protocol-IMAP-0.004-St82WB/blib/lib /tmp/loop_over_bdir-20754-wuXCry/Protocol-IMAP-0.004-St82WB/blib/lib /tmp/loop_over_bdir-20754-wuXCry/Protocol-IMAP-0.004-St82WB/blib/arch /home/sand/src/perl/repoperls/installed-perls/perl/perl-5.10.0/5da8/lib/5.10.0/x86_64-linux /home/sand/src/perl/repoperls/installed-perls/perl/perl-5.10.0/5da8/lib/5.10.0 /home/sand/src/perl/repoperls/installed-perls/perl/perl-5.10.0/5da8/lib/site_perl/5.10.0/x86_64-linux /home/sand/src/perl/repoperls/installed-perls/perl/perl-5.10.0/5da8/lib/site_perl/5.10.0 .) at /tmp/loop_over_bdir-20754-wuXCry/Protocol-IMAP-0.004-St82WB/blib/lib/Protocol/IMAP/FetchResponseParser.pm line 9.
BEGIN failed--compilation aborted at /tmp/loop_over_bdir-20754-wuXCry/Protocol-IMAP-0.004-St82WB/blib/lib/Protocol/IMAP/FetchResponseParser.pm line 9.
Compilation failed in require at /tmp/loop_over_bdir-20754-wuXCry/Protocol-IMAP-0.004-St82WB/blib/lib/Protocol/IMAP/Fetch.pm line 11.
BEGIN failed--compilation aborted at /tmp/loop_over_bdir-20754-wuXCry/Protocol-IMAP-0.004-St82WB/blib/lib/Protocol/IMAP/Fetch.pm line 11.
Compilation failed in require at -e line 1.

#   Failed test 'Protocol/IMAP/FetchResponseParser.pm loaded ok'
#   at t/00-compile.t line 41.
#          got: '512'
#     expected: '0'
Can't locate curry.pm in @INC (@INC contains: /tmp/loop_over_bdir-20754-wuXCry/Protocol-IMAP-0.004-St82WB/blib/arch /tmp/loop_over_bdir-20754-wuXCry/Protocol-IMAP-0.004-St82WB/blib/lib /tmp/loop_over_bdir-20754-wuXCry/Protocol-IMAP-0.004-St82WB/blib/lib /tmp/loop_over_bdir-20754-wuXCry/Protocol-IMAP-0.004-St82WB/blib/arch /home/sand/src/perl/repoperls/installed-perls/perl/perl-5.10.0/5da8/lib/5.10.0/x86_64-linux /home/sand/src/perl/repoperls/installed-perls/perl/perl-5.10.0/5da8/lib/5.10.0 /home/sand/src/perl/repoperls/installed-perls/perl/perl-5.10.0/5da8/lib/site_perl/5.10.0/x86_64-linux /home/sand/src/perl/repoperls/installed-perls/perl/perl-5.10.0/5da8/lib/site_perl/5.10.0 .) at /tmp/loop_over_bdir-20754-wuXCry/Protocol-IMAP-0.004-St82WB/blib/lib/Protocol/IMAP/FetchResponseParser.pm line 9.
BEGIN failed--compilation aborted at /tmp/loop_over_bdir-20754-wuXCry/Protocol-IMAP-0.004-St82WB/blib/lib/Protocol/IMAP/FetchResponseParser.pm line 9.
Compilation failed in require at -e line 1.
# Looks like you failed 3 tests of 7.
t/00-compile.t ..... 
Dubious, test returned 3 (wstat 768, 0x300)
Failed 3/7 subtests 
t/baseclass.t ...... ok
Can't locate curry.pm in @INC (@INC contains: /tmp/loop_over_bdir-20754-wuXCry/Protocol-IMAP-0.004-St82WB/blib/lib /tmp/loop_over_bdir-20754-wuXCry/Protocol-IMAP-0.004-St82WB/blib/arch /home/sand/src/perl/repoperls/installed-perls/perl/perl-5.10.0/5da8/lib/5.10.0/x86_64-linux /home/sand/src/perl/repoperls/installed-perls/perl/perl-5.10.0/5da8/lib/5.10.0 /home/sand/src/perl/repoperls/installed-perls/perl/perl-5.10.0/5da8/lib/site_perl/5.10.0/x86_64-linux /home/sand/src/perl/repoperls/installed-perls/perl/perl-5.10.0/5da8/lib/site_perl/5.10.0 .) at /tmp/loop_over_bdir-20754-wuXCry/Protocol-IMAP-0.004-St82WB/blib/lib/Protocol/IMAP/FetchResponseParser.pm line 9.
BEGIN failed--compilation aborted at /tmp/loop_over_bdir-20754-wuXCry/Protocol-IMAP-0.004-St82WB/blib/lib/Protocol/IMAP/FetchResponseParser.pm line 9.
Compilation failed in require at /tmp/loop_over_bdir-20754-wuXCry/Protocol-IMAP-0.004-St82WB/blib/lib/Protocol/IMAP/Fetch.pm line 11.
BEGIN failed--compilation aborted at /tmp/loop_over_bdir-20754-wuXCry/Protocol-IMAP-0.004-St82WB/blib/lib/Protocol/IMAP/Fetch.pm line 11.
Compilation failed in require at /tmp/loop_over_bdir-20754-wuXCry/Protocol-IMAP-0.004-St82WB/blib/lib/Protocol/IMAP/Client.pm line 159.
BEGIN failed--compilation aborted at /tmp/loop_over_bdir-20754-wuXCry/Protocol-IMAP-0.004-St82WB/blib/lib/Protocol/IMAP/Client.pm line 159.
Compilation failed in require at t/client.t line 5.
BEGIN failed--compilation aborted at t/client.t line 5.
# Looks like your test exited with 2 before it could output anything.
t/client.t ......... 
Dubious, test returned 2 (wstat 512, 0x200)
Failed 1017/1017 subtests 
Can't locate curry.pm in @INC (@INC contains: /tmp/loop_over_bdir-20754-wuXCry/Protocol-IMAP-0.004-St82WB/blib/lib /tmp/loop_over_bdir-20754-wuXCry/Protocol-IMAP-0.004-St82WB/blib/arch /home/sand/src/perl/repoperls/installed-perls/perl/perl-5.10.0/5da8/lib/5.10.0/x86_64-linux /home/sand/src/perl/repoperls/installed-perls/perl/perl-5.10.0/5da8/lib/5.10.0 /home/sand/src/perl/repoperls/installed-perls/perl/perl-5.10.0/5da8/lib/site_perl/5.10.0/x86_64-linux /home/sand/src/perl/repoperls/installed-perls/perl/perl-5.10.0/5da8/lib/site_perl/5.10.0 .) at /tmp/loop_over_bdir-20754-wuXCry/Protocol-IMAP-0.004-St82WB/blib/lib/Protocol/IMAP/FetchResponseParser.pm line 9.
BEGIN failed--compilation aborted at /tmp/loop_over_bdir-20754-wuXCry/Protocol-IMAP-0.004-St82WB/blib/lib/Protocol/IMAP/FetchResponseParser.pm line 9.
Compilation failed in require at t/fetch-parser.t line 3.
BEGIN failed--compilation aborted at t/fetch-parser.t line 3.
t/fetch-parser.t ... 
Dubious, test returned 2 (wstat 512, 0x200)
No subtests run 
Can't locate curry.pm in @INC (@INC contains: /tmp/loop_over_bdir-20754-wuXCry/Protocol-IMAP-0.004-St82WB/blib/lib /tmp/loop_over_bdir-20754-wuXCry/Protocol-IMAP-0.004-St82WB/blib/arch /home/sand/src/perl/repoperls/installed-perls/perl/perl-5.10.0/5da8/lib/5.10.0/x86_64-linux /home/sand/src/perl/repoperls/installed-perls/perl/perl-5.10.0/5da8/lib/5.10.0 /home/sand/src/perl/repoperls/installed-perls/perl/perl-5.10.0/5da8/lib/site_perl/5.10.0/x86_64-linux /home/sand/src/perl/repoperls/installed-perls/perl/perl-5.10.0/5da8/lib/site_perl/5.10.0 .) at /tmp/loop_over_bdir-20754-wuXCry/Protocol-IMAP-0.004-St82WB/blib/lib/Protocol/IMAP/FetchResponseParser.pm line 9.
BEGIN failed--compilation aborted at /tmp/loop_over_bdir-20754-wuXCry/Protocol-IMAP-0.004-St82WB/blib/lib/Protocol/IMAP/FetchResponseParser.pm line 9.
Compilation failed in require at /tmp/loop_over_bdir-20754-wuXCry/Protocol-IMAP-0.004-St82WB/blib/lib/Protocol/IMAP/Fetch.pm line 11.
BEGIN failed--compilation aborted at /tmp/loop_over_bdir-20754-wuXCry/Protocol-IMAP-0.004-St82WB/blib/lib/Protocol/IMAP/Fetch.pm line 11.
Compilation failed in require at /tmp/loop_over_bdir-20754-wuXCry/Protocol-IMAP-0.004-St82WB/blib/lib/Protocol/IMAP/Client.pm line 159.
BEGIN failed--compilation aborted at /tmp/loop_over_bdir-20754-wuXCry/Protocol-IMAP-0.004-St82WB/blib/lib/Protocol/IMAP/Client.pm line 159.
Compilation failed in require at t/imap.t line 6.
BEGIN failed--compilation aborted at t/imap.t line 6.
# Looks like your test exited with 2 before it could output anything.
t/imap.t ........... 
Dubious, test returned 2 (wstat 512, 0x200)
Failed 1/1 subtests 
t/states.t ......... ok

Test Summary Report
-------------------
t/00-compile.t   (Wstat: 768 Tests: 7 Failed: 3)
  Failed tests:  3, 5-6
  Non-zero exit status: 3
t/client.t       (Wstat: 512 Tests: 0 Failed: 0)
  Non-zero exit status: 2
  Parse errors: Bad plan.  You planned 1017 tests but ran 0.
t/fetch-parser.t (Wstat: 512 Tests: 0 Failed: 0)
  Non-zero exit status: 2
  Parse errors: No plan found in TAP output
t/imap.t         (Wstat: 512 Tests: 0 Failed: 0)
  Non-zero exit status: 2
  Parse errors: Bad plan.  You planned 1 tests but ran 0.
Files=7, Tests=42,  3 wallclock secs ( 0.04 usr  0.01 sys +  0.52 cusr  0.10 csys =  0.67 CPU)
Result: FAIL
Failed 4/7 test programs. 3/42 subtests failed.
make: *** [test_dynamic] Error 255

------------------------------
PREREQUISITES
------------------------------

Prerequisite modules loaded:

requires:

    Module              Need  Have    
    ------------------- ----- --------
    Authen::SASL        0     2.16    
    Encode::IMAPUTF7    0     1.05    
    parent              0     0.228   
    POSIX               0     1.13    
    Socket              0     2.013   
    Time::HiRes         0     1.9711  

build_requires:

    Module              Need  Have    
    ------------------- ----- --------
    File::Spec          0     3.40    
    IO::Handle          0     1.28    
    IPC::Open3          0     1.02    
    Test::CheckDeps     0.010 0.010   
    Test::More          0.98  1.001002

configure_requires:

    Module              Need  Have    
    ------------------- ----- --------
    ExtUtils::MakeMaker 6.30  6.83_01 


------------------------------
ENVIRONMENT AND OTHER CONTEXT
------------------------------

Environment variables:

    AUTOMATED_TESTING = 1
    LANG = en_US.UTF-8
    LANGUAGE = en_US:en
    PATH = /usr/lib/ccache:/home/sand/bin:/usr/local/bin:/usr/bin:/bin:/usr/bin/X11:/usr/games:/usr/local/perl/bin:/usr/X11/bin:/sbin:/usr/sbin
    PERL5LIB = 
    PERL5OPT = 
    PERL5_CPANPLUS_IS_RUNNING = 20755
    PERL5_CPAN_IS_RUNNING = 20755
    PERL_MM_USE_DEFAULT = 1
    SHELL = /usr/bin/zsh
    TERM = screen

Perl special variables (and OS-specific diagnostics, for MSWin32):

    $^X = /home/sand/src/perl/repoperls/installed-perls/perl/perl-5.10.0/5da8/bin/perl
    $UID/$EUID = 1005 / 1005
    $GID = 1005 1005
    $EGID = 1005 1005

Perl module toolchain versions installed:

    Module              Have    
    ------------------- --------
    CPAN                2.00    
    CPAN::Meta          2.132830
    Cwd                 3.40    
    ExtUtils::CBuilder  0.280212
    ExtUtils::Command   1.16    
    ExtUtils::Install   1.54    
    ExtUtils::MakeMaker 6.83_01 
    ExtUtils::Manifest  1.60    
    ExtUtils::ParseXS   3.22    
    File::Spec          3.40    
    JSON                2.90    
    JSON::PP            2.27203 
    Module::Build       0.40_11 
    Module::Signature   0.73    
    Parse::CPAN::Meta   1.4409  
    Test::Harness       3.29    
    Test::More          1.001002
    YAML                0.84    
    YAML::Syck          1.27    
    version             0.9904  


--

Summary of my perl5 (revision 5 version 10 subversion 0) configuration:
  Platform:
    osname=linux, osvers=3.10-3-amd64, archname=x86_64-linux
    uname='linux k83 3.10-3-amd64 #1 smp debian 3.10.11-1 (2013-09-10) x86_64 gnulinux '
    config_args='-Dprefix=/home/sand/src/perl/repoperls/installed-perls/perl/perl-5.10.0/5da8 -Dmyhostname=k83 -Dinstallusrbinperl=n -Uversiononly -Dusedevel -des -Ui_db -Uuseithreads -Uuselongdouble -DDEBUGGING=-g -Dusedl -Ddlsrc=dl_dlopen.xs -Dlibs=-lnsl -ldb -ldl -lm -lcrypt -lutil -lc -Dlibpth=/usr/lib/x86_64-linux-gnu /usr/local/lib /lib /usr/lib'
    hint=recommended, useposix=true, d_sigaction=define
    useithreads=undef, usemultiplicity=undef
    useperlio=define, d_sfio=undef, uselargefiles=define, usesocks=undef
    use64bitint=define, use64bitall=define, uselongdouble=undef
    usemymalloc=n, bincompat5005=undef
  Compiler:
    cc='cc', ccflags ='-fno-strict-aliasing -pipe -I/usr/local/include -D_LARGEFILE_SOURCE -D_FILE_OFFSET_BITS=64',
    optimize='-O2 -g',
    cppflags='-fno-strict-aliasing -pipe -I/usr/local/include'
    ccversion='', gccversion='4.8.1', gccosandvers=''
    intsize=4, longsize=8, ptrsize=8, doublesize=8, byteorder=12345678
    d_longlong=define, longlongsize=8, d_longdbl=define, longdblsize=16
    ivtype='long', ivsize=8, nvtype='double', nvsize=8, Off_t='off_t', lseeksize=8
    alignbytes=8, prototype=define
  Linker and Libraries:
    ld='cc', ldflags =' -L/usr/local/lib'
    libpth=/usr/lib/x86_64-linux-gnu /usr/local/lib /lib /usr/lib
    libs=-lnsl -ldb -ldl -lm -lcrypt -lutil -lc
    perllibs=-lnsl -ldl -lm -lcrypt -lutil -lc
    libc=, so=so, useshrplib=false, libperl=libperl.a
    gnulibc_version='2.17'
  Dynamic Linking:
    dlsrc=dl_dlopen.xs, dlext=so, d_dlsymun=undef, ccdlflags='-Wl,-E'
    cccdlflags='-fPIC', lddlflags='-shared -O2 -g -L/usr/local/lib'


Characteristics of this binary (from libperl): 
  Compile-time options: PERL_DONT_CREATE_GVSV PERL_MALLOC_WRAP USE_64_BIT_ALL
                        USE_64_BIT_INT USE_LARGE_FILES USE_PERLIO
  Built under linux
  Compiled at Oct 11 2013 00:40:21
  %ENV:
    PERL5LIB=""
    PERL5OPT=""
    PERL5_CPANPLUS_IS_RUNNING="20755"
    PERL5_CPAN_IS_RUNNING="20755"
    PERL_MM_USE_DEFAULT="1"
  @INC:
    /home/sand/src/perl/repoperls/installed-perls/perl/perl-5.10.0/5da8/lib/5.10.0/x86_64-linux
    /home/sand/src/perl/repoperls/installed-perls/perl/perl-5.10.0/5da8/lib/5.10.0
    /home/sand/src/perl/repoperls/installed-perls/perl/perl-5.10.0/5da8/lib/site_perl/5.10.0/x86_64-linux
    /home/sand/src/perl/repoperls/installed-perls/perl/perl-5.10.0/5da8/lib/site_perl/5.10.0
    .