Back
From: metabase:user:30ae4450-2aae-11df-837a-5e0a49663a4f
Subject: FAIL Unix-Whereis-0.1 v5.10.1
Date: 2013-08-28T12:15:48Z
This distribution has been tested as part of the CPAN Testers
project, supporting the Perl programming language. See
http://wiki.cpantesters.org/ for more information or email
questions to cpan-testers-discuss@perl.org
--
Dear Daniel Muey,
This is a computer-generated report for Unix-Whereis-0.1
on perl 5.10.1, created by CPAN-Reporter-1.2010_01.
Thank you for uploading your work to CPAN. However, there was a problem
testing your distribution.
If you think this report is invalid, please consult the CPAN Testers Wiki
for suggestions on how to avoid getting FAIL reports for missing library
or binary dependencies, unsupported operating systems, and so on:
http://wiki.cpantesters.org/wiki/CPANAuthorNotes
Sections of this report:
* Tester comments
* Program output
* Prerequisites
* Environment and other context
------------------------------
TESTER COMMENTS
------------------------------
Additional comments from tester:
this report is from an automated smoke testing program
and was not reviewed by a human for accuracy
------------------------------
PROGRAM OUTPUT
------------------------------
Output from 'C:\strawberry\perl\bin\perl.exe ./Build test':
Use of uninitialized value $VERSION in concatenation (.) or string at t\00.load.t line 5.
# Testing Unix::Whereis
t\00.load.t ....... ok
# Testing Unix::Whereis 0.1
Use of uninitialized value $Config::Config{"path_sep"} in length at C:\strawberry\cpan\build\Unix-Whereis-0.1-3h0S7B\blib\lib/Unix/Whereis.pm line 32.
Use of uninitialized value in length at C:\strawberry\cpan\build\Unix-Whereis-0.1-3h0S7B\blib\lib/Unix/Whereis.pm line 96.
Use of uninitialized value in length at C:\strawberry\cpan\build\Unix-Whereis-0.1-3h0S7B\blib\lib/Unix/Whereis.pm line 100.
Use of uninitialized value in length at C:\strawberry\cpan\build\Unix-Whereis-0.1-3h0S7B\blib\lib/Unix/Whereis.pm line 106.
Use of uninitialized value in length at C:\strawberry\cpan\build\Unix-Whereis-0.1-3h0S7B\blib\lib/Unix/Whereis.pm line 100.
Use of uninitialized value in length at C:\strawberry\cpan\build\Unix-Whereis-0.1-3h0S7B\blib\lib/Unix/Whereis.pm line 106.
Use of uninitialized value in length at C:\strawberry\cpan\build\Unix-Whereis-0.1-3h0S7B\blib\lib/Unix/Whereis.pm line 96.
Use of uninitialized value in length at C:\strawberry\cpan\build\Unix-Whereis-0.1-3h0S7B\blib\lib/Unix/Whereis.pm line 100.
Use of uninitialized value in length at C:\strawberry\cpan\build\Unix-Whereis-0.1-3h0S7B\blib\lib/Unix/Whereis.pm line 96.
Use of uninitialized value in length at C:\strawberry\cpan\build\Unix-Whereis-0.1-3h0S7B\blib\lib/Unix/Whereis.pm line 106.
Use of uninitialized value in length at C:\strawberry\cpan\build\Unix-Whereis-0.1-3h0S7B\blib\lib/Unix/Whereis.pm line 96.
Use of uninitialized value in length at C:\strawberry\cpan\build\Unix-Whereis-0.1-3h0S7B\blib\lib/Unix/Whereis.pm line 100.
Use of uninitialized value in length at C:\strawberry\cpan\build\Unix-Whereis-0.1-3h0S7B\blib\lib/Unix/Whereis.pm line 106.
# Failed test 'whereis_everyone() does not include non-executable files'
# at t\01.functions.t line 186.
# Structures begin differing at:
# $got->[0] = Does not exist
# $expected->[0] = 'C:\DOCUME~1\c\LOCALS~1\Temp\0WGOMaLs9R/foo/file'
# Failed test 'whereis_everyone() includes all executable files'
# at t\01.functions.t line 192.
# Structures begin differing at:
# $got->[0] = Does not exist
# $expected->[0] = 'C:\DOCUME~1\c\LOCALS~1\Temp\0WGOMaLs9R/bin/myprog'
# Failed test 'whereis_everyone() cache true returns correct values'
# at t\01.functions.t line 212.
# Structures begin differing at:
# $got->[0] = Does not exist
# $expected->[0] = 'C:\DOCUME~1\c\LOCALS~1\Temp\0WGOMaLs9R/bin/myprog'
# Failed test 'whereis_everyone() cache true sets correct values'
# at t\01.functions.t line 218.
# Structures begin differing at:
# $got->[0] = Does not exist
# $expected->[0] = 'C:\DOCUME~1\c\LOCALS~1\Temp\0WGOMaLs9R/bin/myprog'
# Failed test 'whereis_everyone() cache true returns cached values, even though reality has changed'
# at t\01.functions.t line 226.
# Structures begin differing at:
# $got->[0] = Does not exist
# $expected->[0] = 'C:\DOCUME~1\c\LOCALS~1\Temp\0WGOMaLs9R/bin/myprog'
# Failed test 'whereis_everyone() cache not true returns reality, not the cache'
# at t\01.functions.t line 232.
# Structures begin differing at:
# $got->[0] = Does not exist
# $expected->[0] = 'C:\DOCUME~1\c\LOCALS~1\Temp\0WGOMaLs9R/local/bin/myprog'
# Failed test 'whereis_everyone() cache clear returns correct values'
# at t\01.functions.t line 238.
# Structures begin differing at:
# $got->[0] = Does not exist
# $expected->[0] = 'C:\DOCUME~1\c\LOCALS~1\Temp\0WGOMaLs9R/local/bin/myprog'
# Failed test 'whereis_everyone() cache clear reset to correct values'
# at t\01.functions.t line 244.
# Structures begin differing at:
# $got->[0] = Does not exist
# $expected->[0] = 'C:\DOCUME~1\c\LOCALS~1\Temp\0WGOMaLs9R/local/bin/myprog'
# Failed test 'whereis() does not include non-executable files'
# at t\01.functions.t line 261.
# got: undef
# expected: 'C:\DOCUME~1\c\LOCALS~1\Temp\0WGOMaLs9R/foo/file'
# Failed test 'whereis() returns first executable file'
# at t\01.functions.t line 262.
# got: undef
# expected: 'C:\DOCUME~1\c\LOCALS~1\Temp\0WGOMaLs9R/bin/myprog'
# Failed test 'whereis() cache true returns correct values'
# at t\01.functions.t line 277.
# got: undef
# expected: 'C:\DOCUME~1\c\LOCALS~1\Temp\0WGOMaLs9R/bin/myprog'
# Failed test 'whereis() cache true sets correct values'
# at t\01.functions.t line 278.
# got: undef
# expected: 'C:\DOCUME~1\c\LOCALS~1\Temp\0WGOMaLs9R/bin/myprog'
# Failed test 'whereis() cache true returns cached values, even though reality has changed'
# at t\01.functions.t line 282.
# got: undef
# expected: 'C:\DOCUME~1\c\LOCALS~1\Temp\0WGOMaLs9R/bin/myprog'
# Failed test 'whereis() cache not true returns reality, not the cache'
# at t\01.functions.t line 283.
# got: undef
# expected: 'C:\DOCUME~1\c\LOCALS~1\Temp\0WGOMaLs9R/local/bin/myprog'
# Failed test 'whereis() cache clear returns correct values'
# at t\01.functions.t line 284.
# got: undef
# expected: 'C:\DOCUME~1\c\LOCALS~1\Temp\0WGOMaLs9R/local/bin/myprog'
# Failed test 'whereis() cache clear reset to correct values'
# at t\01.functions.t line 285.
# got: undef
# expected: 'C:\DOCUME~1\c\LOCALS~1\Temp\0WGOMaLs9R/local/bin/myprog'
Use of uninitialized value $DynaLoader::dlsrc in string eq at C:/strawberry/perl/lib/DynaLoader.pm line 60.
Use of uninitialized value in split at C:/strawberry/perl/lib/DynaLoader.pm line 65.
Can't locate loadable object for module Win32 in @INC (@INC contains: C:\strawberry\cpan\build\Unix-Whereis-0.1-3h0S7B\blib\lib C:\strawberry\cpan\build\Unix-Whereis-0.1-3h0S7B\blib\arch C:/strawberry/perl/lib C:/strawberry/perl/site/lib C:\strawberry\perl\vendor\lib .) at C:/strawberry/perl/lib/Cwd.pm line 763.
Compilation failed in require at C:/strawberry/perl/lib/Cwd.pm line 763.
BEGIN failed--compilation aborted.
# Looks like you failed 16 tests of 92.
t\01.functions.t ..
Dubious, test returned 16 (wstat 4096, 0x1000)
Failed 16/92 subtests
t\perlcritic.t .... skipped: Critic tests are only run in RELEASE_TESTING mode.
t\perltidy.t ...... skipped: PerlTidy tests are only run in RELEASE_TESTING mode.
t\pod-coverage.t .. skipped: POD tests are only run in RELEASE_TESTING mode.
t\pod-spelling.t .. skipped: POD tests are only run in RELEASE_TESTING mode.
t\pod.t ........... skipped: POD tests are only run in RELEASE_TESTING mode.
Test Summary Report
-------------------
t\01.functions.t (Wstat: 4096 Tests: 92 Failed: 16)
Failed tests: 69-70, 73-78, 83-84, 87-92
Non-zero exit status: 16
Files=7, Tests=101, 1 wallclock secs ( 0.01 usr + 0.05 sys = 0.06 CPU)
Result: FAIL
Failed 1/7 test programs. 16/101 subtests failed.
------------------------------
PREREQUISITES
------------------------------
Prerequisite modules loaded:
requires:
Module Need Have
------------------- ---- -------
File::Slurp 0 9999.19
File::Spec 0 3.40
File::Temp 0 0.22
Test::More 0 0.98
configure_requires:
Module Need Have
------------------- ---- -------
ExtUtils::MakeMaker 0 6.64
------------------------------
ENVIRONMENT AND OTHER CONTEXT
------------------------------
Environment variables:
AUTOMATED_TESTING = 1
COMSPEC = C:\WINDOWS\system32\cmd.exe
NUMBER_OF_PROCESSORS = 1
PATH = C:\Program Files\Far Manager\;C:\WINDOWS\system32;C:\WINDOWS;C:\WINDOWS\System32\Wbem;C:\strawberry\c\bin;C:\strawberry\perl\site\bin;C:\strawberry\perl\bin
PERL5LIB =
PERL5OPT =
PERL5_CPANPLUS_IS_RUNNING = 1508
PERL5_CPAN_IS_RUNNING = 1508
PERL5_CPAN_IS_RUNNING_IN_RECURSION = 1008,1508
PERL_CR_SMOKER_CURRENT = Unix-Whereis-0.1
PERL_EXTUTILS_AUTOINSTALL = --defaultdeps
PERL_JSON_BACKEND = JSON::XS
PERL_MM_USE_DEFAULT = 1
PERL_YAML_BACKEND = YAML
PROCESSOR_IDENTIFIER = x86 Family 16 Model 5 Stepping 3, AuthenticAMD
TEMP = C:\DOCUME~1\c\LOCALS~1\Temp
TERM = dumb
Perl special variables (and OS-specific diagnostics, for MSWin32):
$^X = C:\strawberry\perl\bin\perl.exe
$UID/$EUID = 0 / 0
$GID = 0
$EGID = 0
Win32::GetOSName = WinXP/.Net
Win32::GetOSVersion = Service Pack 3, 5, 1, 2600, 2, 3, 0, 256, 1
Win32::FsType = NTFS
Win32::IsAdminUser = 1
Perl module toolchain versions installed:
Module Have
------------------- --------
CPAN 1.9800
CPAN::Meta 2.120921
Cwd 3.40
ExtUtils::CBuilder 0.280202
ExtUtils::Command 1.17
ExtUtils::Install 1.54
ExtUtils::MakeMaker 6.64
ExtUtils::Manifest 1.60
ExtUtils::ParseXS 3.18
File::Spec 3.40
JSON 2.53
JSON::PP 2.27200
Module::Build 0.4003
Module::Signature 0.66
Parse::CPAN::Meta 1.4404
Test::Harness 3.28
Test::More 0.98
YAML 0.84
YAML::Syck 1.22
version 0.9901
--
Summary of my perl5 (revision 5 version 10 subversion 1) configuration:
Platform:
osname=MSWin32, osvers=5.1, archname=MSWin32-x86-multi-thread
uname='Win32 strawberryperl 5.10.1.5 #1 Sun May 15 09:44:53 2011 i386'
config_args='undef'
hint=recommended, useposix=true, d_sigaction=undef
useithreads=define, usemultiplicity=define
useperlio=define, d_sfio=undef, uselargefiles=define, usesocks=undef
use64bitint=undef, use64bitall=undef, uselongdouble=undef
usemymalloc=n, bincompat5005=undef
Compiler:
cc='gcc', ccflags =' -s -O2 -DWIN32 -DHAVE_DES_FCRYPT -DUSE_SITECUSTOMIZE -DPERL_IMPLICIT_CONTEXT -DPERL_IMPLICIT_SYS -fno-strict-aliasing -DPERL_MSVCRT_READFIX',
optimize='-s -O2',
cppflags='-DWIN32'
ccversion='', gccversion='3.4.5', gccosandvers=''
intsize=4, longsize=4, ptrsize=4, doublesize=8, byteorder=1234
d_longlong=undef, longlongsize=8, d_longdbl=define, longdblsize=12
ivtype='long', ivsize=4, nvtype='double', nvsize=8, Off_t='long long', lseeksize=8
alignbytes=8, prototype=define
Linker and Libraries:
ld='g++', ldflags ='-s -L"C:\strawberry\perl\lib\CORE" -L"C:\strawberry\c\lib"'
libpth=C:\strawberry\c\lib
libs= -lmoldname -lkernel32 -luser32 -lgdi32 -lwinspool -lcomdlg32 -ladvapi32 -lshell32 -lole32 -loleaut32 -lnetapi32 -luuid -lws2_32 -lmpr -lwinmm -lversion -lodbc32 -lodbccp32
perllibs= -lmoldname -lkernel32 -luser32 -lgdi32 -lwinspool -lcomdlg32 -ladvapi32 -lshell32 -lole32 -loleaut32 -lnetapi32 -luuid -lws2_32 -lmpr -lwinmm -lversion -lodbc32 -lodbccp32
libc=, so=dll, useshrplib=true, libperl=libperl510.a
gnulibc_version=''
Dynamic Linking:
dlsrc=dl_win32.xs, dlext=dll, d_dlsymun=undef, ccdlflags=' '
cccdlflags=' ', lddlflags='-mdll -s -L"C:\strawberry\perl\lib\CORE" -L"C:\strawberry\c\lib"'
Characteristics of this binary (from libperl):
Compile-time options: MULTIPLICITY PERL_DONT_CREATE_GVSV
PERL_IMPLICIT_CONTEXT PERL_IMPLICIT_SYS
PERL_MALLOC_WRAP PL_OP_SLAB_ALLOC USE_ITHREADS
USE_LARGE_FILES USE_PERLIO USE_SITECUSTOMIZE
Built under MSWin32
Compiled at May 15 2011 09:50:23
%ENV:
PERL5_CPANPLUS_IS_RUNNING="1508"
PERL5_CPAN_IS_RUNNING="1508"
PERL5_CPAN_IS_RUNNING_IN_RECURSION="1008,1508"
PERL_CR_SMOKER_CURRENT="Unix-Whereis-0.1"
PERL_EXTUTILS_AUTOINSTALL="--defaultdeps"
PERL_JSON_BACKEND="JSON::XS"
PERL_MM_USE_DEFAULT="1"
PERL_YAML_BACKEND="YAML"
@INC:
C:/strawberry/perl/lib
C:/strawberry/perl/site/lib
C:\strawberry\perl\vendor\lib
.