Report for Siebel-Srvrmgr-0.11.2

Back
From: metabase:user:31d414ea-2aae-11df-837a-5e0a49663a4f
Subject: FAIL Siebel-Srvrmgr-0.11.2 v5.16.0 GNU/Linux
Date: 2014-05-12T17:45:28Z

This distribution has been tested as part of the CPAN Testers
project, supporting the Perl programming language.  See
http://wiki.cpantesters.org/ for more information or email
questions to cpan-testers-discuss@perl.org


--
Dear Alceu Rodrigues de Freitas Junior,

This is a computer-generated report for Siebel-Srvrmgr-0.11.2
on perl 5.16.0, created by CPAN-Reporter-1.2006.

Thank you for uploading your work to CPAN.  However, there was a problem
testing your distribution.

If you think this report is invalid, please consult the CPAN Testers Wiki
for suggestions on how to avoid getting FAIL reports for missing library
or binary dependencies, unsupported operating systems, and so on:

http://wiki.cpantesters.org/wiki/CPANAuthorNotes

Sections of this report:

    * Tester comments
    * Program output
    * Prerequisites
    * Environment and other context

------------------------------
TESTER COMMENTS
------------------------------

Additional comments from tester:

this report is from an automated smoke testing program
and was not reviewed by a human for accuracy

------------------------------
PROGRAM OUTPUT
------------------------------

Output from '/usr/bin/make test':

PERL_DL_NONLAZY=1 /home/david/cpantesting/perl-5.16.0/bin/perl "-MExtUtils::Command::MM" "-e" "test_harness(0, 'blib/lib', 'blib/arch')" t/*.t
Base class package "Test::Class" is empty.
    (Perhaps you need to 'use' the module which defines that package first,
    or make that module available in @INC (@INC contains: t /home/david/cpantesting/perl-5.16.0/.cpan/build/Siebel-Srvrmgr-0.11.2-HRFDJS/blib/lib /home/david/cpantesting/perl-5.16.0/.cpan/build/Siebel-Srvrmgr-0.11.2-HRFDJS/blib/arch /home/david/cpantesting/perl-5.16.0/lib/site_perl/5.16.0/x86_64-linux-thread-multi /home/david/cpantesting/perl-5.16.0/lib/site_perl/5.16.0 /home/david/cpantesting/perl-5.16.0/lib/5.16.0/x86_64-linux-thread-multi /home/david/cpantesting/perl-5.16.0/lib/5.16.0 .).
 at t/Test/Siebel/Srvrmgr.pm line 4.
BEGIN failed--compilation aborted at t/Test/Siebel/Srvrmgr.pm line 4.
Compilation failed in require at (eval 272) line 2.
	...propagated at /home/david/cpantesting/perl-5.16.0/lib/5.16.0/base.pm line 84.
BEGIN failed--compilation aborted at t/Test/Siebel/Srvrmgr/Daemon/Action.pm line 7.
Compilation failed in require at t/Action.t line 2.
BEGIN failed--compilation aborted at t/Action.t line 2.
t/Action.t ...................... 
Dubious, test returned 2 (wstat 512, 0x200)
No subtests run 
Base class package "Test::Class" is empty.
    (Perhaps you need to 'use' the module which defines that package first,
    or make that module available in @INC (@INC contains: t /home/david/cpantesting/perl-5.16.0/.cpan/build/Siebel-Srvrmgr-0.11.2-HRFDJS/blib/lib /home/david/cpantesting/perl-5.16.0/.cpan/build/Siebel-Srvrmgr-0.11.2-HRFDJS/blib/arch /home/david/cpantesting/perl-5.16.0/lib/site_perl/5.16.0/x86_64-linux-thread-multi /home/david/cpantesting/perl-5.16.0/lib/site_perl/5.16.0 /home/david/cpantesting/perl-5.16.0/lib/5.16.0/x86_64-linux-thread-multi /home/david/cpantesting/perl-5.16.0/lib/5.16.0 .).
 at t/Test/Siebel/Srvrmgr.pm line 4.
BEGIN failed--compilation aborted at t/Test/Siebel/Srvrmgr.pm line 4.
Compilation failed in require at (eval 273) line 2.
	...propagated at /home/david/cpantesting/perl-5.16.0/lib/5.16.0/base.pm line 84.
BEGIN failed--compilation aborted at t/Test/Siebel/Srvrmgr/Daemon/Action.pm line 7.
Compilation failed in require at (eval 2) line 2.
	...propagated at /home/david/cpantesting/perl-5.16.0/lib/5.16.0/base.pm line 84.
BEGIN failed--compilation aborted at t/Test/Siebel/Srvrmgr/Daemon/Action/CheckComps.pm line 3.
Compilation failed in require at t/ActionCheckComps.t line 2.
BEGIN failed--compilation aborted at t/ActionCheckComps.t line 2.
t/ActionCheckComps.t ............ 
Dubious, test returned 2 (wstat 512, 0x200)
No subtests run 
t/ActionCheckCompsRoleComp.t .... ok
t/ActionCheckCompsRoleServer.t .. ok
Base class package "Test::Class" is empty.
    (Perhaps you need to 'use' the module which defines that package first,
    or make that module available in @INC (@INC contains: t /home/david/cpantesting/perl-5.16.0/.cpan/build/Siebel-Srvrmgr-0.11.2-HRFDJS/blib/lib /home/david/cpantesting/perl-5.16.0/.cpan/build/Siebel-Srvrmgr-0.11.2-HRFDJS/blib/arch /home/david/cpantesting/perl-5.16.0/lib/site_perl/5.16.0/x86_64-linux-thread-multi /home/david/cpantesting/perl-5.16.0/lib/site_perl/5.16.0 /home/david/cpantesting/perl-5.16.0/lib/5.16.0/x86_64-linux-thread-multi /home/david/cpantesting/perl-5.16.0/lib/5.16.0 .).
 at t/Test/Siebel/Srvrmgr.pm line 4.
BEGIN failed--compilation aborted at t/Test/Siebel/Srvrmgr.pm line 4.
Compilation failed in require at (eval 273) line 2.
	...propagated at /home/david/cpantesting/perl-5.16.0/lib/5.16.0/base.pm line 84.
BEGIN failed--compilation aborted at t/Test/Siebel/Srvrmgr/Daemon/Action.pm line 7.
Compilation failed in require at (eval 2) line 2.
	...propagated at /home/david/cpantesting/perl-5.16.0/lib/5.16.0/base.pm line 84.
BEGIN failed--compilation aborted at t/Test/Siebel/Srvrmgr/Daemon/Action/Dumper.pm line 3.
Compilation failed in require at t/ActionDumper.t line 2.
BEGIN failed--compilation aborted at t/ActionDumper.t line 2.
t/ActionDumper.t ................ 
Dubious, test returned 2 (wstat 512, 0x200)
No subtests run 
Base class package "Test::Class" is empty.
    (Perhaps you need to 'use' the module which defines that package first,
    or make that module available in @INC (@INC contains: t /home/david/cpantesting/perl-5.16.0/.cpan/build/Siebel-Srvrmgr-0.11.2-HRFDJS/blib/lib /home/david/cpantesting/perl-5.16.0/.cpan/build/Siebel-Srvrmgr-0.11.2-HRFDJS/blib/arch /home/david/cpantesting/perl-5.16.0/lib/site_perl/5.16.0/x86_64-linux-thread-multi /home/david/cpantesting/perl-5.16.0/lib/site_perl/5.16.0 /home/david/cpantesting/perl-5.16.0/lib/5.16.0/x86_64-linux-thread-multi /home/david/cpantesting/perl-5.16.0/lib/5.16.0 .).
 at t/Test/Siebel/Srvrmgr.pm line 4.
BEGIN failed--compilation aborted at t/Test/Siebel/Srvrmgr.pm line 4.
Compilation failed in require at (eval 272) line 2.
	...propagated at /home/david/cpantesting/perl-5.16.0/lib/5.16.0/base.pm line 84.
BEGIN failed--compilation aborted at t/Test/Siebel/Srvrmgr/ActionFactory.pm line 5.
Compilation failed in require at t/ActionFactory.t line 2.
BEGIN failed--compilation aborted at t/ActionFactory.t line 2.
t/ActionFactory.t ............... 
Dubious, test returned 2 (wstat 512, 0x200)
No subtests run 
Base class package "Test::Class" is empty.
    (Perhaps you need to 'use' the module which defines that package first,
    or make that module available in @INC (@INC contains: t /home/david/cpantesting/perl-5.16.0/.cpan/build/Siebel-Srvrmgr-0.11.2-HRFDJS/blib/lib /home/david/cpantesting/perl-5.16.0/.cpan/build/Siebel-Srvrmgr-0.11.2-HRFDJS/blib/arch /home/david/cpantesting/perl-5.16.0/lib/site_perl/5.16.0/x86_64-linux-thread-multi /home/david/cpantesting/perl-5.16.0/lib/site_perl/5.16.0 /home/david/cpantesting/perl-5.16.0/lib/5.16.0/x86_64-linux-thread-multi /home/david/cpantesting/perl-5.16.0/lib/5.16.0 .).
 at t/Test/Siebel/Srvrmgr.pm line 4.
BEGIN failed--compilation aborted at t/Test/Siebel/Srvrmgr.pm line 4.
Compilation failed in require at (eval 273) line 2.
	...propagated at /home/david/cpantesting/perl-5.16.0/lib/5.16.0/base.pm line 84.
BEGIN failed--compilation aborted at t/Test/Siebel/Srvrmgr/Daemon/Action.pm line 7.
Compilation failed in require at (eval 2) line 2.
	...propagated at /home/david/cpantesting/perl-5.16.0/lib/5.16.0/base.pm line 84.
BEGIN failed--compilation aborted at t/Test/Siebel/Srvrmgr/Daemon/Action/ListCompDef.pm line 3.
Compilation failed in require at t/ActionListCompDef.t line 2.
BEGIN failed--compilation aborted at t/ActionListCompDef.t line 2.
t/ActionListCompDef.t ........... 
Dubious, test returned 2 (wstat 512, 0x200)
No subtests run 
Base class package "Test::Class" is empty.
    (Perhaps you need to 'use' the module which defines that package first,
    or make that module available in @INC (@INC contains: t /home/david/cpantesting/perl-5.16.0/.cpan/build/Siebel-Srvrmgr-0.11.2-HRFDJS/blib/lib /home/david/cpantesting/perl-5.16.0/.cpan/build/Siebel-Srvrmgr-0.11.2-HRFDJS/blib/arch /home/david/cpantesting/perl-5.16.0/lib/site_perl/5.16.0/x86_64-linux-thread-multi /home/david/cpantesting/perl-5.16.0/lib/site_perl/5.16.0 /home/david/cpantesting/perl-5.16.0/lib/5.16.0/x86_64-linux-thread-multi /home/david/cpantesting/perl-5.16.0/lib/5.16.0 .).
 at t/Test/Siebel/Srvrmgr.pm line 4.
BEGIN failed--compilation aborted at t/Test/Siebel/Srvrmgr.pm line 4.
Compilation failed in require at (eval 273) line 2.
	...propagated at /home/david/cpantesting/perl-5.16.0/lib/5.16.0/base.pm line 84.
BEGIN failed--compilation aborted at t/Test/Siebel/Srvrmgr/Daemon/Action.pm line 7.
Compilation failed in require at (eval 2) line 2.
	...propagated at /home/david/cpantesting/perl-5.16.0/lib/5.16.0/base.pm line 84.
BEGIN failed--compilation aborted at t/Test/Siebel/Srvrmgr/Daemon/Action/ListComps.pm line 3.
Compilation failed in require at t/ActionListComps.t line 2.
BEGIN failed--compilation aborted at t/ActionListComps.t line 2.
t/ActionListComps.t ............. 
Dubious, test returned 2 (wstat 512, 0x200)
No subtests run 
Base class package "Test::Class" is empty.
    (Perhaps you need to 'use' the module which defines that package first,
    or make that module available in @INC (@INC contains: t /home/david/cpantesting/perl-5.16.0/.cpan/build/Siebel-Srvrmgr-0.11.2-HRFDJS/blib/lib /home/david/cpantesting/perl-5.16.0/.cpan/build/Siebel-Srvrmgr-0.11.2-HRFDJS/blib/arch /home/david/cpantesting/perl-5.16.0/lib/site_perl/5.16.0/x86_64-linux-thread-multi /home/david/cpantesting/perl-5.16.0/lib/site_perl/5.16.0 /home/david/cpantesting/perl-5.16.0/lib/5.16.0/x86_64-linux-thread-multi /home/david/cpantesting/perl-5.16.0/lib/5.16.0 .).
 at t/Test/Siebel/Srvrmgr.pm line 4.
BEGIN failed--compilation aborted at t/Test/Siebel/Srvrmgr.pm line 4.
Compilation failed in require at (eval 273) line 2.
	...propagated at /home/david/cpantesting/perl-5.16.0/lib/5.16.0/base.pm line 84.
BEGIN failed--compilation aborted at t/Test/Siebel/Srvrmgr/Daemon/Action.pm line 7.
Compilation failed in require at (eval 2) line 2.
	...propagated at /home/david/cpantesting/perl-5.16.0/lib/5.16.0/base.pm line 84.
BEGIN failed--compilation aborted at t/Test/Siebel/Srvrmgr/Daemon/Action/ListCompTypes.pm line 3.
Compilation failed in require at t/ActionListCompTypes.t line 2.
BEGIN failed--compilation aborted at t/ActionListCompTypes.t line 2.
t/ActionListCompTypes.t ......... 
Dubious, test returned 2 (wstat 512, 0x200)
No subtests run 
Base class package "Test::Class" is empty.
    (Perhaps you need to 'use' the module which defines that package first,
    or make that module available in @INC (@INC contains: t /home/david/cpantesting/perl-5.16.0/.cpan/build/Siebel-Srvrmgr-0.11.2-HRFDJS/blib/lib /home/david/cpantesting/perl-5.16.0/.cpan/build/Siebel-Srvrmgr-0.11.2-HRFDJS/blib/arch /home/david/cpantesting/perl-5.16.0/lib/site_perl/5.16.0/x86_64-linux-thread-multi /home/david/cpantesting/perl-5.16.0/lib/site_perl/5.16.0 /home/david/cpantesting/perl-5.16.0/lib/5.16.0/x86_64-linux-thread-multi /home/david/cpantesting/perl-5.16.0/lib/5.16.0 .).
 at t/Test/Siebel/Srvrmgr.pm line 4.
BEGIN failed--compilation aborted at t/Test/Siebel/Srvrmgr.pm line 4.
Compilation failed in require at (eval 273) line 2.
	...propagated at /home/david/cpantesting/perl-5.16.0/lib/5.16.0/base.pm line 84.
BEGIN failed--compilation aborted at t/Test/Siebel/Srvrmgr/Daemon/Action.pm line 7.
Compilation failed in require at (eval 2) line 2.
	...propagated at /home/david/cpantesting/perl-5.16.0/lib/5.16.0/base.pm line 84.
BEGIN failed--compilation aborted at t/Test/Siebel/Srvrmgr/Daemon/Action/ListParams.pm line 3.
Compilation failed in require at t/ActionListParams.t line 2.
BEGIN failed--compilation aborted at t/ActionListParams.t line 2.
t/ActionListParams.t ............ 
Dubious, test returned 2 (wstat 512, 0x200)
No subtests run 
Base class package "Test::Class" is empty.
    (Perhaps you need to 'use' the module which defines that package first,
    or make that module available in @INC (@INC contains: t /home/david/cpantesting/perl-5.16.0/.cpan/build/Siebel-Srvrmgr-0.11.2-HRFDJS/blib/lib /home/david/cpantesting/perl-5.16.0/.cpan/build/Siebel-Srvrmgr-0.11.2-HRFDJS/blib/arch /home/david/cpantesting/perl-5.16.0/lib/site_perl/5.16.0/x86_64-linux-thread-multi /home/david/cpantesting/perl-5.16.0/lib/site_perl/5.16.0 /home/david/cpantesting/perl-5.16.0/lib/5.16.0/x86_64-linux-thread-multi /home/david/cpantesting/perl-5.16.0/lib/5.16.0 .).
 at t/Test/Siebel/Srvrmgr.pm line 4.
BEGIN failed--compilation aborted at t/Test/Siebel/Srvrmgr.pm line 4.
Compilation failed in require at (eval 273) line 2.
	...propagated at /home/david/cpantesting/perl-5.16.0/lib/5.16.0/base.pm line 84.
BEGIN failed--compilation aborted at t/Test/Siebel/Srvrmgr/Daemon/Action.pm line 7.
Compilation failed in require at (eval 2) line 2.
	...propagated at /home/david/cpantesting/perl-5.16.0/lib/5.16.0/base.pm line 84.
BEGIN failed--compilation aborted at t/Test/Siebel/Srvrmgr/Daemon/Action/LoadPreferences.pm line 3.
Compilation failed in require at t/ActionLoadPreferences.t line 2.
BEGIN failed--compilation aborted at t/ActionLoadPreferences.t line 2.
t/ActionLoadPreferences.t ....... 
Dubious, test returned 2 (wstat 512, 0x200)
No subtests run 
Base class package "Test::Class" is empty.
    (Perhaps you need to 'use' the module which defines that package first,
    or make that module available in @INC (@INC contains: t /home/david/cpantesting/perl-5.16.0/.cpan/build/Siebel-Srvrmgr-0.11.2-HRFDJS/blib/lib /home/david/cpantesting/perl-5.16.0/.cpan/build/Siebel-Srvrmgr-0.11.2-HRFDJS/blib/arch /home/david/cpantesting/perl-5.16.0/lib/site_perl/5.16.0/x86_64-linux-thread-multi /home/david/cpantesting/perl-5.16.0/lib/site_perl/5.16.0 /home/david/cpantesting/perl-5.16.0/lib/5.16.0/x86_64-linux-thread-multi /home/david/cpantesting/perl-5.16.0/lib/5.16.0 .).
 at t/Test/Siebel/Srvrmgr.pm line 4.
BEGIN failed--compilation aborted at t/Test/Siebel/Srvrmgr.pm line 4.
Compilation failed in require at (eval 272) line 2.
	...propagated at /home/david/cpantesting/perl-5.16.0/lib/5.16.0/base.pm line 84.
BEGIN failed--compilation aborted at t/Test/Siebel/Srvrmgr/Daemon/ActionStash.pm line 6.
Compilation failed in require at t/ActionStash.t line 2.
BEGIN failed--compilation aborted at t/ActionStash.t line 2.
t/ActionStash.t ................. 
Dubious, test returned 2 (wstat 512, 0x200)
No subtests run 
Base class package "Test::Class" is empty.
    (Perhaps you need to 'use' the module which defines that package first,
    or make that module available in @INC (@INC contains: t /home/david/cpantesting/perl-5.16.0/.cpan/build/Siebel-Srvrmgr-0.11.2-HRFDJS/blib/lib /home/david/cpantesting/perl-5.16.0/.cpan/build/Siebel-Srvrmgr-0.11.2-HRFDJS/blib/arch /home/david/cpantesting/perl-5.16.0/lib/site_perl/5.16.0/x86_64-linux-thread-multi /home/david/cpantesting/perl-5.16.0/lib/site_perl/5.16.0 /home/david/cpantesting/perl-5.16.0/lib/5.16.0/x86_64-linux-thread-multi /home/david/cpantesting/perl-5.16.0/lib/5.16.0 .).
 at t/Test/Siebel/Srvrmgr.pm line 4.
BEGIN failed--compilation aborted at t/Test/Siebel/Srvrmgr.pm line 4.
Compilation failed in require at (eval 42) line 2.
	...propagated at /home/david/cpantesting/perl-5.16.0/lib/5.16.0/base.pm line 84.
BEGIN failed--compilation aborted at t/Test/Siebel/Srvrmgr/ListParser/Buffer.pm line 5.
Compilation failed in require at t/Buffer.t line 2.
BEGIN failed--compilation aborted at t/Buffer.t line 2.
t/Buffer.t ...................... 
Dubious, test returned 2 (wstat 512, 0x200)
No subtests run 
Base class package "Test::Class" is empty.
    (Perhaps you need to 'use' the module which defines that package first,
    or make that module available in @INC (@INC contains: t /home/david/cpantesting/perl-5.16.0/.cpan/build/Siebel-Srvrmgr-0.11.2-HRFDJS/blib/lib /home/david/cpantesting/perl-5.16.0/.cpan/build/Siebel-Srvrmgr-0.11.2-HRFDJS/blib/arch /home/david/cpantesting/perl-5.16.0/lib/site_perl/5.16.0/x86_64-linux-thread-multi /home/david/cpantesting/perl-5.16.0/lib/site_perl/5.16.0 /home/david/cpantesting/perl-5.16.0/lib/5.16.0/x86_64-linux-thread-multi /home/david/cpantesting/perl-5.16.0/lib/5.16.0 .).
 at t/Test/Siebel/Srvrmgr.pm line 4.
BEGIN failed--compilation aborted at t/Test/Siebel/Srvrmgr.pm line 4.
Compilation failed in require at (eval 42) line 2.
	...propagated at /home/david/cpantesting/perl-5.16.0/lib/5.16.0/base.pm line 84.
BEGIN failed--compilation aborted at t/Test/Siebel/Srvrmgr/Daemon/Command.pm line 5.
Compilation failed in require at t/Command.t line 2.
BEGIN failed--compilation aborted at t/Command.t line 2.
t/Command.t ..................... 
Dubious, test returned 2 (wstat 512, 0x200)
No subtests run 
Base class package "Test::Class" is empty.
    (Perhaps you need to 'use' the module which defines that package first,
    or make that module available in @INC (@INC contains: t /home/david/cpantesting/perl-5.16.0/.cpan/build/Siebel-Srvrmgr-0.11.2-HRFDJS/blib/lib /home/david/cpantesting/perl-5.16.0/.cpan/build/Siebel-Srvrmgr-0.11.2-HRFDJS/blib/arch /home/david/cpantesting/perl-5.16.0/lib/site_perl/5.16.0/x86_64-linux-thread-multi /home/david/cpantesting/perl-5.16.0/lib/site_perl/5.16.0 /home/david/cpantesting/perl-5.16.0/lib/5.16.0/x86_64-linux-thread-multi /home/david/cpantesting/perl-5.16.0/lib/5.16.0 .).
 at t/Test/Siebel/Srvrmgr.pm line 4.
BEGIN failed--compilation aborted at t/Test/Siebel/Srvrmgr.pm line 4.
Compilation failed in require at (eval 42) line 2.
	...propagated at /home/david/cpantesting/perl-5.16.0/lib/5.16.0/base.pm line 84.
BEGIN failed--compilation aborted at t/Test/Siebel/Srvrmgr/ListParser/Output/ListComp/Comp.pm line 5.
Compilation failed in require at t/Comp.t line 2.
BEGIN failed--compilation aborted at t/Comp.t line 2.
t/Comp.t ........................ 
Dubious, test returned 2 (wstat 512, 0x200)
No subtests run 
Base class package "Test::Class" is empty.
    (Perhaps you need to 'use' the module which defines that package first,
    or make that module available in @INC (@INC contains: t /home/david/cpantesting/perl-5.16.0/.cpan/build/Siebel-Srvrmgr-0.11.2-HRFDJS/blib/lib /home/david/cpantesting/perl-5.16.0/.cpan/build/Siebel-Srvrmgr-0.11.2-HRFDJS/blib/arch /home/david/cpantesting/perl-5.16.0/lib/site_perl/5.16.0/x86_64-linux-thread-multi /home/david/cpantesting/perl-5.16.0/lib/site_perl/5.16.0 /home/david/cpantesting/perl-5.16.0/lib/5.16.0/x86_64-linux-thread-multi /home/david/cpantesting/perl-5.16.0/lib/5.16.0 .).
 at t/Test/Siebel/Srvrmgr.pm line 4.
BEGIN failed--compilation aborted at t/Test/Siebel/Srvrmgr.pm line 4.
Compilation failed in require at (eval 272) line 2.
	...propagated at /home/david/cpantesting/perl-5.16.0/lib/5.16.0/base.pm line 84.
BEGIN failed--compilation aborted at t/Test/Siebel/Srvrmgr/Daemon/Condition.pm line 6.
Compilation failed in require at t/Condition.t line 2.
BEGIN failed--compilation aborted at t/Condition.t line 2.
t/Condition.t ................... 
Dubious, test returned 2 (wstat 512, 0x200)
No subtests run 
Base class package "Test::Class" is empty.
    (Perhaps you need to 'use' the module which defines that package first,
    or make that module available in @INC (@INC contains: t /home/david/cpantesting/perl-5.16.0/.cpan/build/Siebel-Srvrmgr-0.11.2-HRFDJS/blib/lib /home/david/cpantesting/perl-5.16.0/.cpan/build/Siebel-Srvrmgr-0.11.2-HRFDJS/blib/arch /home/david/cpantesting/perl-5.16.0/lib/site_perl/5.16.0/x86_64-linux-thread-multi /home/david/cpantesting/perl-5.16.0/lib/site_perl/5.16.0 /home/david/cpantesting/perl-5.16.0/lib/5.16.0/x86_64-linux-thread-multi /home/david/cpantesting/perl-5.16.0/lib/5.16.0 .).
 at t/Test/Siebel/Srvrmgr.pm line 4.
BEGIN failed--compilation aborted at t/Test/Siebel/Srvrmgr.pm line 4.
Compilation failed in require at (eval 238) line 2.
	...propagated at /home/david/cpantesting/perl-5.16.0/lib/5.16.0/base.pm line 84.
BEGIN failed--compilation aborted at t/Test/Siebel/Srvrmgr/Daemon.pm line 10.
Compilation failed in require at t/Daemon.t line 2.
BEGIN failed--compilation aborted at t/Daemon.t line 2.
t/Daemon.t ...................... 
Dubious, test returned 2 (wstat 512, 0x200)
No subtests run 
Base class package "Test::Class" is empty.
    (Perhaps you need to 'use' the module which defines that package first,
    or make that module available in @INC (@INC contains: t /home/david/cpantesting/perl-5.16.0/.cpan/build/Siebel-Srvrmgr-0.11.2-HRFDJS/blib/lib /home/david/cpantesting/perl-5.16.0/.cpan/build/Siebel-Srvrmgr-0.11.2-HRFDJS/blib/arch /home/david/cpantesting/perl-5.16.0/lib/site_perl/5.16.0/x86_64-linux-thread-multi /home/david/cpantesting/perl-5.16.0/lib/site_perl/5.16.0 /home/david/cpantesting/perl-5.16.0/lib/5.16.0/x86_64-linux-thread-multi /home/david/cpantesting/perl-5.16.0/lib/5.16.0 .).
 at t/Test/Siebel/Srvrmgr.pm line 4.
BEGIN failed--compilation aborted at t/Test/Siebel/Srvrmgr.pm line 4.
Compilation failed in require at (eval 371) line 2.
	...propagated at /home/david/cpantesting/perl-5.16.0/lib/5.16.0/base.pm line 84.
BEGIN failed--compilation aborted at t/Test/Siebel/Srvrmgr/Daemon.pm line 10.
Compilation failed in require at (eval 365) line 2.
	...propagated at /home/david/cpantesting/perl-5.16.0/lib/5.16.0/base.pm line 84.
BEGIN failed--compilation aborted at t/Test/Siebel/Srvrmgr/Daemon/Heavy.pm line 9.
Compilation failed in require at t/DaemonHeavy.t line 2.
BEGIN failed--compilation aborted at t/DaemonHeavy.t line 2.
t/DaemonHeavy.t ................. 
Dubious, test returned 2 (wstat 512, 0x200)
No subtests run 
t/DaemonHeavyLeak.t ............. ok
t/DaemonHeavyRuns.t ............. ok
Base class package "Test::Class" is empty.
    (Perhaps you need to 'use' the module which defines that package first,
    or make that module available in @INC (@INC contains: t /home/david/cpantesting/perl-5.16.0/.cpan/build/Siebel-Srvrmgr-0.11.2-HRFDJS/blib/lib /home/david/cpantesting/perl-5.16.0/.cpan/build/Siebel-Srvrmgr-0.11.2-HRFDJS/blib/arch /home/david/cpantesting/perl-5.16.0/lib/site_perl/5.16.0/x86_64-linux-thread-multi /home/david/cpantesting/perl-5.16.0/lib/site_perl/5.16.0 /home/david/cpantesting/perl-5.16.0/lib/5.16.0/x86_64-linux-thread-multi /home/david/cpantesting/perl-5.16.0/lib/5.16.0 .).
 at t/Test/Siebel/Srvrmgr.pm line 4.
BEGIN failed--compilation aborted at t/Test/Siebel/Srvrmgr.pm line 4.
Compilation failed in require at (eval 244) line 2.
	...propagated at /home/david/cpantesting/perl-5.16.0/lib/5.16.0/base.pm line 84.
BEGIN failed--compilation aborted at t/Test/Siebel/Srvrmgr/Daemon.pm line 10.
Compilation failed in require at (eval 230) line 2.
	...propagated at /home/david/cpantesting/perl-5.16.0/lib/5.16.0/base.pm line 84.
BEGIN failed--compilation aborted at t/Test/Siebel/Srvrmgr/Daemon/Light.pm line 9.
Compilation failed in require at t/DaemonLight.t line 2.
BEGIN failed--compilation aborted at t/DaemonLight.t line 2.
t/DaemonLight.t ................. 
Dubious, test returned 2 (wstat 512, 0x200)
No subtests run 
Base class package "Test::Class" is empty.
    (Perhaps you need to 'use' the module which defines that package first,
    or make that module available in @INC (@INC contains: t /home/david/cpantesting/perl-5.16.0/.cpan/build/Siebel-Srvrmgr-0.11.2-HRFDJS/blib/lib /home/david/cpantesting/perl-5.16.0/.cpan/build/Siebel-Srvrmgr-0.11.2-HRFDJS/blib/arch /home/david/cpantesting/perl-5.16.0/lib/site_perl/5.16.0/x86_64-linux-thread-multi /home/david/cpantesting/perl-5.16.0/lib/site_perl/5.16.0 /home/david/cpantesting/perl-5.16.0/lib/5.16.0/x86_64-linux-thread-multi /home/david/cpantesting/perl-5.16.0/lib/5.16.0 .).
 at t/Test/Siebel/Srvrmgr.pm line 4.
BEGIN failed--compilation aborted at t/Test/Siebel/Srvrmgr.pm line 4.
Compilation failed in require at (eval 48) line 2.
	...propagated at /home/david/cpantesting/perl-5.16.0/lib/5.16.0/base.pm line 84.
BEGIN failed--compilation aborted at t/Test/Siebel/Srvrmgr/ListParser/Output.pm line 6.
Compilation failed in require at (eval 23) line 2.
	...propagated at /home/david/cpantesting/perl-5.16.0/lib/5.16.0/base.pm line 84.
BEGIN failed--compilation aborted at t/Test/Siebel/Srvrmgr/ListParser/Output/Greetings.pm line 4.
Compilation failed in require at t/Greetings.t line 2.
BEGIN failed--compilation aborted at t/Greetings.t line 2.
t/Greetings.t ................... 
Dubious, test returned 2 (wstat 512, 0x200)
No subtests run 
Base class package "Test::Class" is empty.
    (Perhaps you need to 'use' the module which defines that package first,
    or make that module available in @INC (@INC contains: t /home/david/cpantesting/perl-5.16.0/.cpan/build/Siebel-Srvrmgr-0.11.2-HRFDJS/blib/lib /home/david/cpantesting/perl-5.16.0/.cpan/build/Siebel-Srvrmgr-0.11.2-HRFDJS/blib/arch /home/david/cpantesting/perl-5.16.0/lib/site_perl/5.16.0/x86_64-linux-thread-multi /home/david/cpantesting/perl-5.16.0/lib/site_perl/5.16.0 /home/david/cpantesting/perl-5.16.0/lib/5.16.0/x86_64-linux-thread-multi /home/david/cpantesting/perl-5.16.0/lib/5.16.0 .).
 at t/Test/Siebel/Srvrmgr.pm line 4.
BEGIN failed--compilation aborted at t/Test/Siebel/Srvrmgr.pm line 4.
Compilation failed in require at (eval 48) line 2.
	...propagated at /home/david/cpantesting/perl-5.16.0/lib/5.16.0/base.pm line 84.
BEGIN failed--compilation aborted at t/Test/Siebel/Srvrmgr/ListParser/Output.pm line 6.
Compilation failed in require at (eval 42) line 2.
	...propagated at /home/david/cpantesting/perl-5.16.0/lib/5.16.0/base.pm line 84.
BEGIN failed--compilation aborted at t/Test/Siebel/Srvrmgr/ListParser/Output/ListComp.pm line 6.
Compilation failed in require at t/ListComp.t line 2.
BEGIN failed--compilation aborted at t/ListComp.t line 2.
t/ListComp.t .................... 
Dubious, test returned 2 (wstat 512, 0x200)
No subtests run 
Base class package "Test::Class" is empty.
    (Perhaps you need to 'use' the module which defines that package first,
    or make that module available in @INC (@INC contains: t /home/david/cpantesting/perl-5.16.0/.cpan/build/Siebel-Srvrmgr-0.11.2-HRFDJS/blib/lib /home/david/cpantesting/perl-5.16.0/.cpan/build/Siebel-Srvrmgr-0.11.2-HRFDJS/blib/arch /home/david/cpantesting/perl-5.16.0/lib/site_perl/5.16.0/x86_64-linux-thread-multi /home/david/cpantesting/perl-5.16.0/lib/site_perl/5.16.0 /home/david/cpantesting/perl-5.16.0/lib/5.16.0/x86_64-linux-thread-multi /home/david/cpantesting/perl-5.16.0/lib/5.16.0 .).
 at t/Test/Siebel/Srvrmgr.pm line 4.
BEGIN failed--compilation aborted at t/Test/Siebel/Srvrmgr.pm line 4.
Compilation failed in require at (eval 48) line 2.
	...propagated at /home/david/cpantesting/perl-5.16.0/lib/5.16.0/base.pm line 84.
BEGIN failed--compilation aborted at t/Test/Siebel/Srvrmgr/ListParser/Output.pm line 6.
Compilation failed in require at (eval 42) line 2.
	...propagated at /home/david/cpantesting/perl-5.16.0/lib/5.16.0/base.pm line 84.
BEGIN failed--compilation aborted at t/Test/Siebel/Srvrmgr/ListParser/Output/ListCompDef.pm line 5.
Compilation failed in require at t/ListCompDef.t line 2.
BEGIN failed--compilation aborted at t/ListCompDef.t line 2.
t/ListCompDef.t ................. 
Dubious, test returned 2 (wstat 512, 0x200)
No subtests run 
Base class package "Test::Class" is empty.
    (Perhaps you need to 'use' the module which defines that package first,
    or make that module available in @INC (@INC contains: t /home/david/cpantesting/perl-5.16.0/.cpan/build/Siebel-Srvrmgr-0.11.2-HRFDJS/blib/lib /home/david/cpantesting/perl-5.16.0/.cpan/build/Siebel-Srvrmgr-0.11.2-HRFDJS/blib/arch /home/david/cpantesting/perl-5.16.0/lib/site_perl/5.16.0/x86_64-linux-thread-multi /home/david/cpantesting/perl-5.16.0/lib/site_perl/5.16.0 /home/david/cpantesting/perl-5.16.0/lib/5.16.0/x86_64-linux-thread-multi /home/david/cpantesting/perl-5.16.0/lib/5.16.0 .).
 at t/Test/Siebel/Srvrmgr.pm line 4.
BEGIN failed--compilation aborted at t/Test/Siebel/Srvrmgr.pm line 4.
Compilation failed in require at (eval 48) line 2.
	...propagated at /home/david/cpantesting/perl-5.16.0/lib/5.16.0/base.pm line 84.
BEGIN failed--compilation aborted at t/Test/Siebel/Srvrmgr/ListParser/Output.pm line 6.
Compilation failed in require at (eval 23) line 2.
	...propagated at /home/david/cpantesting/perl-5.16.0/lib/5.16.0/base.pm line 84.
BEGIN failed--compilation aborted at t/Test/Siebel/Srvrmgr/ListParser/Output/ListCompTypes.pm line 4.
Compilation failed in require at t/ListCompTypes.t line 2.
BEGIN failed--compilation aborted at t/ListCompTypes.t line 2.
t/ListCompTypes.t ............... 
Dubious, test returned 2 (wstat 512, 0x200)
No subtests run 
Base class package "Test::Class" is empty.
    (Perhaps you need to 'use' the module which defines that package first,
    or make that module available in @INC (@INC contains: t /home/david/cpantesting/perl-5.16.0/.cpan/build/Siebel-Srvrmgr-0.11.2-HRFDJS/blib/lib /home/david/cpantesting/perl-5.16.0/.cpan/build/Siebel-Srvrmgr-0.11.2-HRFDJS/blib/arch /home/david/cpantesting/perl-5.16.0/lib/site_perl/5.16.0/x86_64-linux-thread-multi /home/david/cpantesting/perl-5.16.0/lib/site_perl/5.16.0 /home/david/cpantesting/perl-5.16.0/lib/5.16.0/x86_64-linux-thread-multi /home/david/cpantesting/perl-5.16.0/lib/5.16.0 .).
 at t/Test/Siebel/Srvrmgr.pm line 4.
BEGIN failed--compilation aborted at t/Test/Siebel/Srvrmgr.pm line 4.
Compilation failed in require at (eval 48) line 2.
	...propagated at /home/david/cpantesting/perl-5.16.0/lib/5.16.0/base.pm line 84.
BEGIN failed--compilation aborted at t/Test/Siebel/Srvrmgr/ListParser/Output.pm line 6.
Compilation failed in require at (eval 42) line 2.
	...propagated at /home/david/cpantesting/perl-5.16.0/lib/5.16.0/base.pm line 84.
BEGIN failed--compilation aborted at t/Test/Siebel/Srvrmgr/ListParser/Output/ListParams.pm line 5.
Compilation failed in require at t/ListParams.t line 2.
BEGIN failed--compilation aborted at t/ListParams.t line 2.
t/ListParams.t .................. 
Dubious, test returned 2 (wstat 512, 0x200)
No subtests run 
Base class package "Test::Class" is empty.
    (Perhaps you need to 'use' the module which defines that package first,
    or make that module available in @INC (@INC contains: t /home/david/cpantesting/perl-5.16.0/.cpan/build/Siebel-Srvrmgr-0.11.2-HRFDJS/blib/lib /home/david/cpantesting/perl-5.16.0/.cpan/build/Siebel-Srvrmgr-0.11.2-HRFDJS/blib/arch /home/david/cpantesting/perl-5.16.0/lib/site_perl/5.16.0/x86_64-linux-thread-multi /home/david/cpantesting/perl-5.16.0/lib/site_perl/5.16.0 /home/david/cpantesting/perl-5.16.0/lib/5.16.0/x86_64-linux-thread-multi /home/david/cpantesting/perl-5.16.0/lib/5.16.0 .).
 at t/Test/Siebel/Srvrmgr.pm line 4.
BEGIN failed--compilation aborted at t/Test/Siebel/Srvrmgr.pm line 4.
Compilation failed in require at (eval 42) line 2.
	...propagated at /home/david/cpantesting/perl-5.16.0/lib/5.16.0/base.pm line 84.
BEGIN failed--compilation aborted at t/Test/Siebel/Srvrmgr/ListParser.pm line 5.
Compilation failed in require at t/ListParser.t line 2.
BEGIN failed--compilation aborted at t/ListParser.t line 2.
t/ListParser.t .................. 
Dubious, test returned 2 (wstat 512, 0x200)
No subtests run 
Base class package "Test::Class" is empty.
    (Perhaps you need to 'use' the module which defines that package first,
    or make that module available in @INC (@INC contains: t /home/david/cpantesting/perl-5.16.0/.cpan/build/Siebel-Srvrmgr-0.11.2-HRFDJS/blib/lib /home/david/cpantesting/perl-5.16.0/.cpan/build/Siebel-Srvrmgr-0.11.2-HRFDJS/blib/arch /home/david/cpantesting/perl-5.16.0/lib/site_perl/5.16.0/x86_64-linux-thread-multi /home/david/cpantesting/perl-5.16.0/lib/site_perl/5.16.0 /home/david/cpantesting/perl-5.16.0/lib/5.16.0/x86_64-linux-thread-multi /home/david/cpantesting/perl-5.16.0/lib/5.16.0 .).
 at t/Test/Siebel/Srvrmgr.pm line 4.
BEGIN failed--compilation aborted at t/Test/Siebel/Srvrmgr.pm line 4.
Compilation failed in require at (eval 48) line 2.
	...propagated at /home/david/cpantesting/perl-5.16.0/lib/5.16.0/base.pm line 84.
BEGIN failed--compilation aborted at t/Test/Siebel/Srvrmgr/ListParser/Output.pm line 6.
Compilation failed in require at (eval 23) line 2.
	...propagated at /home/david/cpantesting/perl-5.16.0/lib/5.16.0/base.pm line 84.
BEGIN failed--compilation aborted at t/Test/Siebel/Srvrmgr/ListParser/Output/ListServers.pm line 4.
Compilation failed in require at t/ListServers.t line 2.
BEGIN failed--compilation aborted at t/ListServers.t line 2.
t/ListServers.t ................. 
Dubious, test returned 2 (wstat 512, 0x200)
No subtests run 
Base class package "Test::Class" is empty.
    (Perhaps you need to 'use' the module which defines that package first,
    or make that module available in @INC (@INC contains: t /home/david/cpantesting/perl-5.16.0/.cpan/build/Siebel-Srvrmgr-0.11.2-HRFDJS/blib/lib /home/david/cpantesting/perl-5.16.0/.cpan/build/Siebel-Srvrmgr-0.11.2-HRFDJS/blib/arch /home/david/cpantesting/perl-5.16.0/lib/site_perl/5.16.0/x86_64-linux-thread-multi /home/david/cpantesting/perl-5.16.0/lib/site_perl/5.16.0 /home/david/cpantesting/perl-5.16.0/lib/5.16.0/x86_64-linux-thread-multi /home/david/cpantesting/perl-5.16.0/lib/5.16.0 .).
 at t/Test/Siebel/Srvrmgr.pm line 4.
BEGIN failed--compilation aborted at t/Test/Siebel/Srvrmgr.pm line 4.
Compilation failed in require at (eval 250) line 2.
	...propagated at /home/david/cpantesting/perl-5.16.0/lib/5.16.0/base.pm line 84.
BEGIN failed--compilation aborted at t/Test/Siebel/Srvrmgr/ListParser/Output.pm line 6.
Compilation failed in require at (eval 244) line 2.
	...propagated at /home/david/cpantesting/perl-5.16.0/lib/5.16.0/base.pm line 84.
BEGIN failed--compilation aborted at t/Test/Siebel/Srvrmgr/ListParser/Output/ListTasks.pm line 6.
Compilation failed in require at t/ListTasks.t line 2.
BEGIN failed--compilation aborted at t/ListTasks.t line 2.
t/ListTasks.t ................... 
Dubious, test returned 2 (wstat 512, 0x200)
No subtests run 
Base class package "Test::Class" is empty.
    (Perhaps you need to 'use' the module which defines that package first,
    or make that module available in @INC (@INC contains: t /home/david/cpantesting/perl-5.16.0/.cpan/build/Siebel-Srvrmgr-0.11.2-HRFDJS/blib/lib /home/david/cpantesting/perl-5.16.0/.cpan/build/Siebel-Srvrmgr-0.11.2-HRFDJS/blib/arch /home/david/cpantesting/perl-5.16.0/lib/site_perl/5.16.0/x86_64-linux-thread-multi /home/david/cpantesting/perl-5.16.0/lib/site_perl/5.16.0 /home/david/cpantesting/perl-5.16.0/lib/5.16.0/x86_64-linux-thread-multi /home/david/cpantesting/perl-5.16.0/lib/5.16.0 .).
 at t/Test/Siebel/Srvrmgr.pm line 4.
BEGIN failed--compilation aborted at t/Test/Siebel/Srvrmgr.pm line 4.
Compilation failed in require at (eval 273) line 2.
	...propagated at /home/david/cpantesting/perl-5.16.0/lib/5.16.0/base.pm line 84.
BEGIN failed--compilation aborted at t/Test/Siebel/Srvrmgr/Daemon/Action.pm line 7.
Compilation failed in require at (eval 2) line 2.
	...propagated at /home/david/cpantesting/perl-5.16.0/lib/5.16.0/base.pm line 84.
BEGIN failed--compilation aborted at t/Test/Siebel/Srvrmgr/Daemon/Action/LoadPreferences.pm line 3.
Compilation failed in require at t/LoadPreferences.t line 2.
BEGIN failed--compilation aborted at t/LoadPreferences.t line 2.
t/LoadPreferences.t ............. 
Dubious, test returned 2 (wstat 512, 0x200)
No subtests run 
t/output_8.1.1.5_21229.t ........ ok
Base class package "Test::Class" is empty.
    (Perhaps you need to 'use' the module which defines that package first,
    or make that module available in @INC (@INC contains: t /home/david/cpantesting/perl-5.16.0/.cpan/build/Siebel-Srvrmgr-0.11.2-HRFDJS/blib/lib /home/david/cpantesting/perl-5.16.0/.cpan/build/Siebel-Srvrmgr-0.11.2-HRFDJS/blib/arch /home/david/cpantesting/perl-5.16.0/lib/site_perl/5.16.0/x86_64-linux-thread-multi /home/david/cpantesting/perl-5.16.0/lib/site_perl/5.16.0 /home/david/cpantesting/perl-5.16.0/lib/5.16.0/x86_64-linux-thread-multi /home/david/cpantesting/perl-5.16.0/lib/5.16.0 .).
 at t/Test/Siebel/Srvrmgr.pm line 4.
BEGIN failed--compilation aborted at t/Test/Siebel/Srvrmgr.pm line 4.
Compilation failed in require at (eval 23) line 2.
	...propagated at /home/david/cpantesting/perl-5.16.0/lib/5.16.0/base.pm line 84.
BEGIN failed--compilation aborted at t/Test/Siebel/Srvrmgr/ListParser/OutputFactory.pm line 4.
Compilation failed in require at t/OutputFactory.t line 2.
BEGIN failed--compilation aborted at t/OutputFactory.t line 2.
t/OutputFactory.t ............... 
Dubious, test returned 2 (wstat 512, 0x200)
No subtests run 
Subroutine Siebel::Srvrmgr::Daemon::Light::tmpnam redefined at /home/david/cpantesting/perl-5.16.0/lib/5.16.0/Exporter.pm line 66.
 at /home/david/cpantesting/perl-5.16.0/.cpan/build/Siebel-Srvrmgr-0.11.2-HRFDJS/blib/lib/Siebel/Srvrmgr/Daemon/Light.pm line 69.
t/pod-coverage.t ................ ok
t/pod.t ......................... ok
t/Regexes.t ..................... ok
Base class package "Test::Class" is empty.
    (Perhaps you need to 'use' the module which defines that package first,
    or make that module available in @INC (@INC contains: t /home/david/cpantesting/perl-5.16.0/.cpan/build/Siebel-Srvrmgr-0.11.2-HRFDJS/blib/lib /home/david/cpantesting/perl-5.16.0/.cpan/build/Siebel-Srvrmgr-0.11.2-HRFDJS/blib/arch /home/david/cpantesting/perl-5.16.0/lib/site_perl/5.16.0/x86_64-linux-thread-multi /home/david/cpantesting/perl-5.16.0/lib/site_perl/5.16.0 /home/david/cpantesting/perl-5.16.0/lib/5.16.0/x86_64-linux-thread-multi /home/david/cpantesting/perl-5.16.0/lib/5.16.0 .).
 at t/Test/Siebel/Srvrmgr/Daemon/Action/Serializable.pm line 3.
BEGIN failed--compilation aborted at t/Test/Siebel/Srvrmgr/Daemon/Action/Serializable.pm line 3.
Compilation failed in require at (eval 2) line 2.
	...propagated at /home/david/cpantesting/perl-5.16.0/lib/5.16.0/base.pm line 84.
BEGIN failed--compilation aborted at t/Test/Siebel/Srvrmgr/Daemon/Action/Serializable/ListComps.pm line 4.
Compilation failed in require at t/Serial-ActionListComp.t line 2.
BEGIN failed--compilation aborted at t/Serial-ActionListComp.t line 2.
t/Serial-ActionListComp.t ....... 
Dubious, test returned 255 (wstat 65280, 0xff00)
No subtests run 
Base class package "Test::Class" is empty.
    (Perhaps you need to 'use' the module which defines that package first,
    or make that module available in @INC (@INC contains: t /home/david/cpantesting/perl-5.16.0/.cpan/build/Siebel-Srvrmgr-0.11.2-HRFDJS/blib/lib /home/david/cpantesting/perl-5.16.0/.cpan/build/Siebel-Srvrmgr-0.11.2-HRFDJS/blib/arch /home/david/cpantesting/perl-5.16.0/lib/site_perl/5.16.0/x86_64-linux-thread-multi /home/david/cpantesting/perl-5.16.0/lib/site_perl/5.16.0 /home/david/cpantesting/perl-5.16.0/lib/5.16.0/x86_64-linux-thread-multi /home/david/cpantesting/perl-5.16.0/lib/5.16.0 .).
 at t/Test/Siebel/Srvrmgr/Daemon/Action/Serializable.pm line 3.
BEGIN failed--compilation aborted at t/Test/Siebel/Srvrmgr/Daemon/Action/Serializable.pm line 3.
Compilation failed in require at (eval 2) line 2.
	...propagated at /home/david/cpantesting/perl-5.16.0/lib/5.16.0/base.pm line 84.
BEGIN failed--compilation aborted at t/Test/Siebel/Srvrmgr/Daemon/Action/Serializable/ListCompDef.pm line 3.
Compilation failed in require at t/Serial-ActionListCompDef.t line 2.
BEGIN failed--compilation aborted at t/Serial-ActionListCompDef.t line 2.
t/Serial-ActionListCompDef.t .... 
Dubious, test returned 255 (wstat 65280, 0xff00)
No subtests run 
Base class package "Test::Class" is empty.
    (Perhaps you need to 'use' the module which defines that package first,
    or make that module available in @INC (@INC contains: t /home/david/cpantesting/perl-5.16.0/.cpan/build/Siebel-Srvrmgr-0.11.2-HRFDJS/blib/lib /home/david/cpantesting/perl-5.16.0/.cpan/build/Siebel-Srvrmgr-0.11.2-HRFDJS/blib/arch /home/david/cpantesting/perl-5.16.0/lib/site_perl/5.16.0/x86_64-linux-thread-multi /home/david/cpantesting/perl-5.16.0/lib/site_perl/5.16.0 /home/david/cpantesting/perl-5.16.0/lib/5.16.0/x86_64-linux-thread-multi /home/david/cpantesting/perl-5.16.0/lib/5.16.0 .).
 at t/Test/Siebel/Srvrmgr/Daemon/Action/Serializable.pm line 3.
BEGIN failed--compilation aborted at t/Test/Siebel/Srvrmgr/Daemon/Action/Serializable.pm line 3.
Compilation failed in require at (eval 2) line 2.
	...propagated at /home/david/cpantesting/perl-5.16.0/lib/5.16.0/base.pm line 84.
BEGIN failed--compilation aborted at t/Test/Siebel/Srvrmgr/Daemon/Action/Serializable/ListCompDef.pm line 3.
Compilation failed in require at t/Serial-ActionListCompTypes.t line 2.
BEGIN failed--compilation aborted at t/Serial-ActionListCompTypes.t line 2.
t/Serial-ActionListCompTypes.t .. 
Dubious, test returned 255 (wstat 65280, 0xff00)
No subtests run 
Base class package "Test::Class" is empty.
    (Perhaps you need to 'use' the module which defines that package first,
    or make that module available in @INC (@INC contains: t /home/david/cpantesting/perl-5.16.0/.cpan/build/Siebel-Srvrmgr-0.11.2-HRFDJS/blib/lib /home/david/cpantesting/perl-5.16.0/.cpan/build/Siebel-Srvrmgr-0.11.2-HRFDJS/blib/arch /home/david/cpantesting/perl-5.16.0/lib/site_perl/5.16.0/x86_64-linux-thread-multi /home/david/cpantesting/perl-5.16.0/lib/site_perl/5.16.0 /home/david/cpantesting/perl-5.16.0/lib/5.16.0/x86_64-linux-thread-multi /home/david/cpantesting/perl-5.16.0/lib/5.16.0 .).
 at t/Test/Siebel/Srvrmgr/Daemon/Action/Serializable.pm line 3.
BEGIN failed--compilation aborted at t/Test/Siebel/Srvrmgr/Daemon/Action/Serializable.pm line 3.
Compilation failed in require at (eval 2) line 2.
	...propagated at /home/david/cpantesting/perl-5.16.0/lib/5.16.0/base.pm line 84.
BEGIN failed--compilation aborted at t/Test/Siebel/Srvrmgr/Daemon/Action/Serializable/ListCompDef.pm line 3.
Compilation failed in require at t/Serial-ActionListParams.t line 2.
BEGIN failed--compilation aborted at t/Serial-ActionListParams.t line 2.
t/Serial-ActionListParams.t ..... 
Dubious, test returned 255 (wstat 65280, 0xff00)
No subtests run 
Base class package "Test::Class" is empty.
    (Perhaps you need to 'use' the module which defines that package first,
    or make that module available in @INC (@INC contains: t /home/david/cpantesting/perl-5.16.0/.cpan/build/Siebel-Srvrmgr-0.11.2-HRFDJS/blib/lib /home/david/cpantesting/perl-5.16.0/.cpan/build/Siebel-Srvrmgr-0.11.2-HRFDJS/blib/arch /home/david/cpantesting/perl-5.16.0/lib/site_perl/5.16.0/x86_64-linux-thread-multi /home/david/cpantesting/perl-5.16.0/lib/site_perl/5.16.0 /home/david/cpantesting/perl-5.16.0/lib/5.16.0/x86_64-linux-thread-multi /home/david/cpantesting/perl-5.16.0/lib/5.16.0 .).
 at t/Test/Siebel/Srvrmgr.pm line 4.
BEGIN failed--compilation aborted at t/Test/Siebel/Srvrmgr.pm line 4.
Compilation failed in require at (eval 42) line 2.
	...propagated at /home/david/cpantesting/perl-5.16.0/lib/5.16.0/base.pm line 84.
BEGIN failed--compilation aborted at t/Test/Siebel/Srvrmgr/Server.pm line 5.
Compilation failed in require at t/Server.t line 2.
BEGIN failed--compilation aborted at t/Server.t line 2.
t/Server.t ...................... 
Dubious, test returned 2 (wstat 512, 0x200)
No subtests run 
Base class package "Test::Class" is empty.
    (Perhaps you need to 'use' the module which defines that package first,
    or make that module available in @INC (@INC contains: t /home/david/cpantesting/perl-5.16.0/.cpan/build/Siebel-Srvrmgr-0.11.2-HRFDJS/blib/lib /home/david/cpantesting/perl-5.16.0/.cpan/build/Siebel-Srvrmgr-0.11.2-HRFDJS/blib/arch /home/david/cpantesting/perl-5.16.0/lib/site_perl/5.16.0/x86_64-linux-thread-multi /home/david/cpantesting/perl-5.16.0/lib/site_perl/5.16.0 /home/david/cpantesting/perl-5.16.0/lib/5.16.0/x86_64-linux-thread-multi /home/david/cpantesting/perl-5.16.0/lib/5.16.0 .).
 at t/Test/Siebel/Srvrmgr.pm line 4.
BEGIN failed--compilation aborted at t/Test/Siebel/Srvrmgr.pm line 4.
Compilation failed in require at (eval 42) line 2.
	...propagated at /home/david/cpantesting/perl-5.16.0/lib/5.16.0/base.pm line 84.
BEGIN failed--compilation aborted at t/Test/Siebel/Srvrmgr/Task.pm line 5.
Compilation failed in require at t/Task.t line 2.
BEGIN failed--compilation aborted at t/Task.t line 2.
t/Task.t ........................ 
Dubious, test returned 2 (wstat 512, 0x200)
No subtests run 

Test Summary Report
-------------------
t/Action.t                    (Wstat: 512 Tests: 0 Failed: 0)
  Non-zero exit status: 2
  Parse errors: No plan found in TAP output
t/ActionCheckComps.t          (Wstat: 512 Tests: 0 Failed: 0)
  Non-zero exit status: 2
  Parse errors: No plan found in TAP output
t/ActionDumper.t              (Wstat: 512 Tests: 0 Failed: 0)
  Non-zero exit status: 2
  Parse errors: No plan found in TAP output
t/ActionFactory.t             (Wstat: 512 Tests: 0 Failed: 0)
  Non-zero exit status: 2
  Parse errors: No plan found in TAP output
t/ActionListCompDef.t         (Wstat: 512 Tests: 0 Failed: 0)
  Non-zero exit status: 2
  Parse errors: No plan found in TAP output
t/ActionListComps.t           (Wstat: 512 Tests: 0 Failed: 0)
  Non-zero exit status: 2
  Parse errors: No plan found in TAP output
t/ActionListCompTypes.t       (Wstat: 512 Tests: 0 Failed: 0)
  Non-zero exit status: 2
  Parse errors: No plan found in TAP output
t/ActionListParams.t          (Wstat: 512 Tests: 0 Failed: 0)
  Non-zero exit status: 2
  Parse errors: No plan found in TAP output
t/ActionLoadPreferences.t     (Wstat: 512 Tests: 0 Failed: 0)
  Non-zero exit status: 2
  Parse errors: No plan found in TAP output
t/ActionStash.t               (Wstat: 512 Tests: 0 Failed: 0)
  Non-zero exit status: 2
  Parse errors: No plan found in TAP output
t/Buffer.t                    (Wstat: 512 Tests: 0 Failed: 0)
  Non-zero exit status: 2
  Parse errors: No plan found in TAP output
t/Command.t                   (Wstat: 512 Tests: 0 Failed: 0)
  Non-zero exit status: 2
  Parse errors: No plan found in TAP output
t/Comp.t                      (Wstat: 512 Tests: 0 Failed: 0)
  Non-zero exit status: 2
  Parse errors: No plan found in TAP output
t/Condition.t                 (Wstat: 512 Tests: 0 Failed: 0)
  Non-zero exit status: 2
  Parse errors: No plan found in TAP output
t/Daemon.t                    (Wstat: 512 Tests: 0 Failed: 0)
  Non-zero exit status: 2
  Parse errors: No plan found in TAP output
t/DaemonHeavy.t               (Wstat: 512 Tests: 0 Failed: 0)
  Non-zero exit status: 2
  Parse errors: No plan found in TAP output
t/DaemonLight.t               (Wstat: 512 Tests: 0 Failed: 0)
  Non-zero exit status: 2
  Parse errors: No plan found in TAP output
t/Greetings.t                 (Wstat: 512 Tests: 0 Failed: 0)
  Non-zero exit status: 2
  Parse errors: No plan found in TAP output
t/ListComp.t                  (Wstat: 512 Tests: 0 Failed: 0)
  Non-zero exit status: 2
  Parse errors: No plan found in TAP output
t/ListCompDef.t               (Wstat: 512 Tests: 0 Failed: 0)
  Non-zero exit status: 2
  Parse errors: No plan found in TAP output
t/ListCompTypes.t             (Wstat: 512 Tests: 0 Failed: 0)
  Non-zero exit status: 2
  Parse errors: No plan found in TAP output
t/ListParams.t                (Wstat: 512 Tests: 0 Failed: 0)
  Non-zero exit status: 2
  Parse errors: No plan found in TAP output
t/ListParser.t                (Wstat: 512 Tests: 0 Failed: 0)
  Non-zero exit status: 2
  Parse errors: No plan found in TAP output
t/ListServers.t               (Wstat: 512 Tests: 0 Failed: 0)
  Non-zero exit status: 2
  Parse errors: No plan found in TAP output
t/ListTasks.t                 (Wstat: 512 Tests: 0 Failed: 0)
  Non-zero exit status: 2
  Parse errors: No plan found in TAP output
t/LoadPreferences.t           (Wstat: 512 Tests: 0 Failed: 0)
  Non-zero exit status: 2
  Parse errors: No plan found in TAP output
t/OutputFactory.t             (Wstat: 512 Tests: 0 Failed: 0)
  Non-zero exit status: 2
  Parse errors: No plan found in TAP output
t/Serial-ActionListComp.t     (Wstat: 65280 Tests: 0 Failed: 0)
  Non-zero exit status: 255
  Parse errors: No plan found in TAP output
t/Serial-ActionListCompDef.t  (Wstat: 65280 Tests: 0 Failed: 0)
  Non-zero exit status: 255
  Parse errors: No plan found in TAP output
t/Serial-ActionListCompTypes.t (Wstat: 65280 Tests: 0 Failed: 0)
  Non-zero exit status: 255
  Parse errors: No plan found in TAP output
t/Serial-ActionListParams.t   (Wstat: 65280 Tests: 0 Failed: 0)
  Non-zero exit status: 255
  Parse errors: No plan found in TAP output
t/Server.t                    (Wstat: 512 Tests: 0 Failed: 0)
  Non-zero exit status: 2
  Parse errors: No plan found in TAP output
t/Task.t                      (Wstat: 512 Tests: 0 Failed: 0)
  Non-zero exit status: 2
  Parse errors: No plan found in TAP output
Files=41, Tests=767, 98 wallclock secs ( 0.10 usr  0.20 sys +  9.66 cusr  1.01 csys = 10.97 CPU)
Result: FAIL
Failed 33/41 test programs. 0/767 subtests failed.
make: *** [test_dynamic] Error 2

------------------------------
PREREQUISITES
------------------------------

Prerequisite modules loaded:

requires:

    Module                       Need   Have    
    ---------------------------- ------ --------
    File::BOM                    0.14   0.14    
    FSA::Rules                   0.32   0.32    
    Log::Log4perl                1.41   1.43    
    Moose                        2.0401 2.1205  
    Moose::Util::TypeConstraints 2.0402 2.1205  
    MooseX::AbstractFactory      0.004  0.004003
    MooseX::FollowPBP            0.05   0.05    
    MooseX::Singleton            0.27   0.29    
    MooseX::Storage              0.33   0.46    
    namespace::autoclean         0.13   0.15    
    YAML::Syck                   1.25   1.27    

configure_requires:

    Module                       Need   Have    
    ---------------------------- ------ --------
    ExtUtils::MakeMaker          0      6.63_02 


------------------------------
ENVIRONMENT AND OTHER CONTEXT
------------------------------

Environment variables:

    AUTOMATED_TESTING = 1
    PATH = /usr/local/bin:/usr/bin:/bin:/usr/games
    PERL = 5.16.0
    PERL5LIB = 
    PERL5OPT = 
    PERL5_CPANPLUS_IS_RUNNING = 19047
    PERL5_CPAN_IS_RUNNING = 19047
    PERLVER = 5.16.0
    PERL_INLINE_DIRECTORY = /home/david/.Inline-5.16.0
    PERL_MM_USE_DEFAULT = 1
    SHELL = /bin/bash
    TERM = screen

Perl special variables (and OS-specific diagnostics, for MSWin32):

    $^X = /home/david/cpantesting/perl-5.16.0/bin/perl
    $UID/$EUID = 1000 / 1000
    $GID = 1000 1000
    $EGID = 1000 1000

Perl module toolchain versions installed:

    Module              Have    
    ------------------- --------
    CPAN                1.9800  
    CPAN::Meta          2.141170
    Cwd                 3.40    
    ExtUtils::CBuilder  0.280206
    ExtUtils::Command   1.17    
    ExtUtils::Install   1.58    
    ExtUtils::MakeMaker 6.63_02 
    ExtUtils::Manifest  1.61    
    ExtUtils::ParseXS   3.24    
    File::Spec          3.40    
    JSON                2.53    
    JSON::PP            2.27203 
    Module::Build       0.4205  
    Module::Signature   n/a     
    Parse::CPAN::Meta   1.4414  
    Test::Harness       3.30    
    Test::More          1.001003
    YAML                0.90    
    YAML::Syck          1.27    
    version             0.99    


--

Summary of my perl5 (revision 5 version 16 subversion 0) configuration:
   
  Platform:
    osname=linux, osvers=2.6.32-5-xen-amd64, archname=x86_64-linux-thread-multi
    uname='linux pigsty.barnyard.co.uk 2.6.32-5-xen-amd64 #1 smp mon jan 16 20:48:30 utc 2012 x86_64 gnulinux '
    config_args='-de -Dprefix=/home/david/cpantesting/perl-5.16.0 -Dusethreads -Duse64bitall'
    hint=recommended, useposix=true, d_sigaction=define
    useithreads=define, usemultiplicity=define
    useperlio=define, d_sfio=undef, uselargefiles=define, usesocks=undef
    use64bitint=define, use64bitall=define, uselongdouble=undef
    usemymalloc=n, bincompat5005=undef
  Compiler:
    cc='cc', ccflags ='-D_REENTRANT -D_GNU_SOURCE -fno-strict-aliasing -pipe -fstack-protector -I/usr/local/include -D_LARGEFILE_SOURCE -D_FILE_OFFSET_BITS=64',
    optimize='-O2',
    cppflags='-D_REENTRANT -D_GNU_SOURCE -fno-strict-aliasing -pipe -fstack-protector -I/usr/local/include'
    ccversion='', gccversion='4.1.2 20061115 (prerelease) (Debian 4.1.1-21)', gccosandvers=''
    intsize=4, longsize=8, ptrsize=8, doublesize=8, byteorder=12345678
    d_longlong=define, longlongsize=8, d_longdbl=define, longdblsize=16
    ivtype='long', ivsize=8, nvtype='double', nvsize=8, Off_t='off_t', lseeksize=8
    alignbytes=8, prototype=define
  Linker and Libraries:
    ld='cc', ldflags =' -fstack-protector -L/usr/local/lib'
    libpth=/usr/local/lib /lib /usr/lib /lib64 /usr/lib64
    libs=-lnsl -lgdbm -ldb -ldl -lm -lcrypt -lutil -lpthread -lc -lgdbm_compat
    perllibs=-lnsl -ldl -lm -lcrypt -lutil -lpthread -lc
    libc=/lib/libc-2.3.6.so, so=so, useshrplib=false, libperl=libperl.a
    gnulibc_version='2.3.6'
  Dynamic Linking:
    dlsrc=dl_dlopen.xs, dlext=so, d_dlsymun=undef, ccdlflags='-Wl,-E'
    cccdlflags='-fPIC', lddlflags='-shared -O2 -L/usr/local/lib -fstack-protector'


Characteristics of this binary (from libperl): 
  Compile-time options: HAS_TIMES MULTIPLICITY PERLIO_LAYERS
                        PERL_DONT_CREATE_GVSV PERL_IMPLICIT_CONTEXT
                        PERL_MALLOC_WRAP PERL_PRESERVE_IVUV USE_64_BIT_ALL
                        USE_64_BIT_INT USE_ITHREADS USE_LARGE_FILES
                        USE_LOCALE USE_LOCALE_COLLATE USE_LOCALE_CTYPE
                        USE_LOCALE_NUMERIC USE_PERLIO USE_PERL_ATOF
                        USE_REENTRANT_API
  Built under linux
  Compiled at May 21 2012 14:49:20
  %ENV:
    PERL="5.16.0"
    PERL5LIB=""
    PERL5OPT=""
    PERL5_CPANPLUS_IS_RUNNING="19047"
    PERL5_CPAN_IS_RUNNING="19047"
    PERLVER="5.16.0"
    PERL_INLINE_DIRECTORY="/home/david/.Inline-5.16.0"
    PERL_MM_USE_DEFAULT="1"
  @INC:
    /home/david/cpantesting/perl-5.16.0/lib/site_perl/5.16.0/x86_64-linux-thread-multi
    /home/david/cpantesting/perl-5.16.0/lib/site_perl/5.16.0
    /home/david/cpantesting/perl-5.16.0/lib/5.16.0/x86_64-linux-thread-multi
    /home/david/cpantesting/perl-5.16.0/lib/5.16.0
    .