Report for stockmonkey-2.9400

Back
From: metabase:user:320bfe00-2aae-11df-837a-5e0a49663a4f
Subject: FAIL stockmonkey-2.9400 v5.19.4 GNU/Linux
Date: 2013-10-03T17:44:38Z

This distribution has been tested as part of the CPAN Testers
project, supporting the Perl programming language.  See
http://wiki.cpantesters.org/ for more information or email
questions to cpan-testers-discuss@perl.org


--
Dear Paul Miller,

This is a computer-generated report for stockmonkey-2.9400
on perl 5.19.4, created by CPAN-Reporter-1.2010.

Thank you for uploading your work to CPAN.  However, there was a problem
testing your distribution.

If you think this report is invalid, please consult the CPAN Testers Wiki
for suggestions on how to avoid getting FAIL reports for missing library
or binary dependencies, unsupported operating systems, and so on:

http://wiki.cpantesters.org/wiki/CPANAuthorNotes

Sections of this report:

    * Tester comments
    * Program output
    * Prerequisites
    * Environment and other context

------------------------------
TESTER COMMENTS
------------------------------

Additional comments from tester:

this report is from an automated smoke testing program
and was not reviewed by a human for accuracy

------------------------------
PROGRAM OUTPUT
------------------------------

Output from '/usr/bin/make test':

PERL_DL_NONLAZY=1 /home/sand/src/perl/repoperls/installed-perls/perl/v5.19.4/127e/bin/perl "-MExtUtils::Command::MM" "-MTest::Harness" "-e" "undef *Test::Harness::Switches; test_harness(0, 'blib/lib', 'blib/arch')" t/*.t
t/01_sma.t .......... ok
t/02_ema.t .......... ok
t/03_macd.t ......... ok
t/04_rsi.t .......... ok
t/04_rsi_amit.t ..... ok
t/05_bollinger.t .... ok
t/06_atr.t .......... ok
t/06_bobback_dmi.t .. ok
t/06_dmi.t .......... ok
t/07_sar.t .......... ok
t/07_sar_b.t ........ ok
t/08_wma.t .......... ok
t/09_hma.t .......... ok
t/10_lf.t ........... ok
t/11_alf.t .......... ok
t/12_cci.t .......... ok
# Test 79 got: "70.4382202470156581" (t/13_sto.t at line 49)
#    Expected: "70.4382202470155"
#  t/13_sto.t line 49 is:         ok( $K, $theirK );
# Test 85 got: "67.6089091003048938" (t/13_sto.t at line 49 fail #2)
#    Expected: "67.6089091003048"
# Test 91 got: "89.2021084181696038" (t/13_sto.t at line 49 fail #3)
#    Expected: "89.2021084181696"
# Test 97 got: "65.8105524262312025" (t/13_sto.t at line 49 fail #4)
#    Expected: "65.8105524262313"
# Test 103 got: "81.7477132964704666" (t/13_sto.t at line 49 fail #5)
#     Expected: "81.7477132964705"
# Test 109 got: "64.5237972197819235" (t/13_sto.t at line 49 fail #6)
#     Expected: "64.5237972197819"
# Test 115 got: "74.5297763406090002" (t/13_sto.t at line 49 fail #7)
#     Expected: "74.5297763406087"
# Test 121 got: "98.5814423191160745" (t/13_sto.t at line 49 fail #8)
#     Expected: "98.5814423191156"
# Test 127 got: "70.1045325659147658" (t/13_sto.t at line 49 fail #9)
#     Expected: "70.1045325659149"
# Test 133 got: "73.0560907339416192" (t/13_sto.t at line 49 fail #10)
#     Expected: "73.0560907339419"
# Test 139 got: "73.4177905412774002" (t/13_sto.t at line 49 fail #11)
#     Expected: "73.4177905412773"
# Test 145 got: "61.2312902873374851" (t/13_sto.t at line 49 fail #12)
#     Expected: "61.2312902873376"
# Test 151 got: "60.9562710235463719" (t/13_sto.t at line 49 fail #13)
#     Expected: "60.9562710235466"
# Test 157 got: "40.3861022518604427" (t/13_sto.t at line 49 fail #14)
#     Expected: "40.3861022518606"
# Test 163 got: "40.3861022518604427" (t/13_sto.t at line 49 fail #15)
#     Expected: "40.3861022518606"
# Test 169 got: "66.8285493379723592" (t/13_sto.t at line 49 fail #16)
#     Expected: "66.8285493379727"
# Test 175 got: "56.7314197351889438" (t/13_sto.t at line 49 fail #17)
#     Expected: "56.7314197351892"
t/13_sto.t .......... 
Failed 17/180 subtests 
t/14_crsi.t ......... ok

Test Summary Report
-------------------
t/13_sto.t        (Wstat: 0 Tests: 180 Failed: 17)
  Failed tests:  79, 85, 91, 97, 103, 109, 115, 121, 127
                133, 139, 145, 151, 157, 163, 169, 175
Files=18, Tests=14630,  3 wallclock secs ( 0.77 usr  0.19 sys +  0.60 cusr  0.06 csys =  1.62 CPU)
Result: FAIL
Failed 1/18 test programs. 17/14630 subtests failed.
make: *** [test_dynamic] Error 255

------------------------------
PREREQUISITES
------------------------------

Prerequisite modules loaded:

requires:

    Module              Need     Have    
    ------------------- -------- --------
    constant            1.05     1.28    
    perl                5.006001 5.019004

build_requires:

    Module              Need     Have    
    ------------------- -------- --------
    ExtUtils::MakeMaker 0        6.79_01 

configure_requires:

    Module              Need     Have    
    ------------------- -------- --------
    ExtUtils::MakeMaker 0        6.79_01 


------------------------------
ENVIRONMENT AND OTHER CONTEXT
------------------------------

Environment variables:

    AUTOMATED_TESTING = 1
    LANG = en_US.UTF-8
    LANGUAGE = en_US:en
    PATH = /usr/lib/ccache:/home/sand/bin:/usr/local/bin:/usr/bin:/bin:/usr/bin/X11:/usr/games:/usr/local/perl/bin:/usr/X11/bin:/sbin:/usr/sbin
    PERL5LIB = 
    PERL5OPT = 
    PERL5_CPANPLUS_IS_RUNNING = 16813
    PERL5_CPAN_IS_RUNNING = 16813
    PERL_MM_USE_DEFAULT = 1
    SHELL = /usr/bin/zsh
    TERM = screen

Perl special variables (and OS-specific diagnostics, for MSWin32):

    $^X = /home/sand/src/perl/repoperls/installed-perls/perl/v5.19.4/127e/bin/perl
    $UID/$EUID = 1005 / 1005
    $GID = 1005 1005
    $EGID = 1005 1005

Perl module toolchain versions installed:

    Module              Have      
    ------------------- ----------
    CPAN                2.03      
    CPAN::Meta          2.132661  
    Cwd                 3.44      
    ExtUtils::CBuilder  0.280212  
    ExtUtils::Command   1.18      
    ExtUtils::Install   1.60      
    ExtUtils::MakeMaker 6.79_01   
    ExtUtils::Manifest  1.63      
    ExtUtils::ParseXS   3.23      
    File::Spec          3.44      
    JSON                2.59      
    JSON::PP            2.27202_01
    Module::Build       0.4007    
    Module::Signature   0.73      
    Parse::CPAN::Meta   1.4409    
    Test::Harness       3.28      
    Test::More          0.98_06   
    YAML                0.84      
    YAML::Syck          1.27      
    version             0.9904    


--

Summary of my perl5 (revision 5 version 19 subversion 4) configuration:
  Commit id: 388a7a89010010e899c2e3a9707478167adad606
  Platform:
    osname=linux, osvers=3.10-2-amd64, archname=x86_64-linux-ld
    uname='linux k83 3.10-2-amd64 #1 smp debian 3.10.7-1 (2013-08-17) x86_64 gnulinux '
    config_args='-Dprefix=/home/sand/src/perl/repoperls/installed-perls/perl/v5.19.4/127e -Dmyhostname=k83 -Dinstallusrbinperl=n -Uversiononly -Dusedevel -des -Ui_db -Uuseithreads -Duselongdouble -DDEBUGGING=-g'
    hint=recommended, useposix=true, d_sigaction=define
    useithreads=undef, usemultiplicity=undef
    useperlio=define, d_sfio=undef, uselargefiles=define, usesocks=undef
    use64bitint=define, use64bitall=define, uselongdouble=define
    usemymalloc=n, bincompat5005=undef
  Compiler:
    cc='cc', ccflags ='-fno-strict-aliasing -pipe -fstack-protector -I/usr/local/include -D_LARGEFILE_SOURCE -D_FILE_OFFSET_BITS=64',
    optimize='-O2 -g',
    cppflags='-fno-strict-aliasing -pipe -fstack-protector -I/usr/local/include'
    ccversion='', gccversion='4.8.1', gccosandvers=''
    intsize=4, longsize=8, ptrsize=8, doublesize=8, byteorder=12345678
    d_longlong=define, longlongsize=8, d_longdbl=define, longdblsize=16
    ivtype='long', ivsize=8, nvtype='long double', nvsize=16, Off_t='off_t', lseeksize=8
    alignbytes=16, prototype=define
  Linker and Libraries:
    ld='cc', ldflags =' -fstack-protector -L/usr/local/lib'
    libpth=/usr/local/lib /lib/x86_64-linux-gnu /lib/../lib /usr/lib/x86_64-linux-gnu /usr/lib/../lib /lib /usr/lib
    libs=-lnsl -lgdbm -ldb -ldl -lm -lcrypt -lutil -lc -lgdbm_compat
    perllibs=-lnsl -ldl -lm -lcrypt -lutil -lc
    libc=, so=so, useshrplib=false, libperl=libperl.a
    gnulibc_version='2.17'
  Dynamic Linking:
    dlsrc=dl_dlopen.xs, dlext=so, d_dlsymun=undef, ccdlflags='-Wl,-E'
    cccdlflags='-fPIC', lddlflags='-shared -O2 -g -L/usr/local/lib -fstack-protector'


Characteristics of this binary (from libperl): 
  Compile-time options: HAS_TIMES PERLIO_LAYERS PERL_DONT_CREATE_GVSV
                        PERL_HASH_FUNC_ONE_AT_A_TIME_HARD PERL_MALLOC_WRAP
                        PERL_NEW_COPY_ON_WRITE PERL_PRESERVE_IVUV
                        PERL_USE_DEVEL USE_64_BIT_ALL USE_64_BIT_INT
                        USE_LARGE_FILES USE_LOCALE USE_LOCALE_COLLATE
                        USE_LOCALE_CTYPE USE_LOCALE_NUMERIC USE_LONG_DOUBLE
                        USE_PERLIO USE_PERL_ATOF
  Built under linux
  Compiled at Sep 20 2013 21:49:27
  %ENV:
    PERL5LIB=""
    PERL5OPT=""
    PERL5_CPANPLUS_IS_RUNNING="16813"
    PERL5_CPAN_IS_RUNNING="16813"
    PERL_MM_USE_DEFAULT="1"
  @INC:
    /home/sand/src/perl/repoperls/installed-perls/perl/v5.19.4/127e/lib/site_perl/5.19.4/x86_64-linux-ld
    /home/sand/src/perl/repoperls/installed-perls/perl/v5.19.4/127e/lib/site_perl/5.19.4
    /home/sand/src/perl/repoperls/installed-perls/perl/v5.19.4/127e/lib/5.19.4/x86_64-linux-ld
    /home/sand/src/perl/repoperls/installed-perls/perl/v5.19.4/127e/lib/5.19.4
    .