Report for EAV-XS-0.3.2

Back
From: Slaven Rezić (SREZIC) 
Subject: FAIL EAV-XS-0.3.2 5.31.10 FreeBSD
Date: 2020-03-22T19:06:14Z

This distribution has been tested as part of the CPAN Testers
project, supporting the Perl programming language.  See
http://wiki.cpantesters.org/ for more information or email
questions to cpan-testers-discuss@perl.org


--
Dear Vitaliy V. Tokarev,

This is a computer-generated report for EAV-XS-0.3.2
on perl 5.31.10, created by CPAN-Reporter-1.2018.

Thank you for uploading your work to CPAN.  However, there was a problem
testing your distribution.

If you think this report is invalid, please consult the CPAN Testers Wiki
for suggestions on how to avoid getting FAIL reports for missing library
or binary dependencies, unsupported operating systems, and so on:

http://wiki.cpantesters.org/wiki/CPANAuthorNotes

Sections of this report:

    * Tester comments
    * Program output
    * Prerequisites
    * Environment and other context

------------------------------
TESTER COMMENTS
------------------------------

Additional comments from tester:

none provided

------------------------------
PROGRAM OUTPUT
------------------------------

Output from '/usr/bin/make test':

"/usr/perl5.31.10p/bin/perl5.31.10" -MExtUtils::Command::MM -e 'cp_nonempty' -- XS.bs blib/arch/auto/EAV/XS/XS.bs 644
PERL_DL_NONLAZY=1 "/usr/perl5.31.10p/bin/perl5.31.10" "-MExtUtils::Command::MM" "-MTest::Harness" "-e" "undef *Test::Harness::Switches; test_harness(0, 'blib/lib', 'blib/arch')" t/*.t
t/00-load.t ..... ok
t/01-basic.t .... ok
t/02-ascii.t .... ok
t/03-ipv4.t ..... ok
t/04-ipv6.t ..... ok
t/05-length.t ... ok

#   Failed test 'pass: 'иван@иванов.рф''
#   at t/06-utf8.t line 45.

#   Failed test 'pass: 'user@ارامكو.ارامكو''
#   at t/06-utf8.t line 45.

#   Failed test 'pass: 'r2l@عربي.de''
#   at t/06-utf8.t line 45.

#   Failed test 'pass: '微博@微博.微博''
#   at t/06-utf8.t line 45.

#   Failed test 'pass: 'الجزائر@الجزائر.الجزائر''
#   at t/06-utf8.t line 45.

#   Failed test 'pass: 'ok@hello.vermögensberater''
#   at t/06-utf8.t line 45.

#   Failed test 'pass: 'ok@クラウド.クラウド''
#   at t/06-utf8.t line 45.

#   Failed test 'pass: 'ok@日本。co。jp''
#   at t/06-utf8.t line 45.

#   Failed test 'pass: 'country-code@भारतम्.भारतम्''
#   at t/06-utf8.t line 45.
# Looks like you failed 9 tests of 24.
t/06-utf8.t ..... 
Dubious, test returned 9 (wstat 2304, 0x900)
Failed 9/24 subtests 

#   Failed test 'pass: 'ok@дети.дети''
#   at t/07-domains.t line 61.

#   Failed test 'pass: 'ok@ею.ею''
#   at t/07-domains.t line 61.

#   Failed test 'pass: 'ok@қаз.қаз''
#   at t/07-domains.t line 61.

#   Failed test 'pass: 'ok@קום.קום''
#   at t/07-domains.t line 61.

#   Failed test 'pass: 'cc@ಭಾರತ.ಭಾರತ''
#   at t/07-domains.t line 61.

#   Failed test 'pass: 'cc@ଭାରତ.ଭାରତ''
#   at t/07-domains.t line 61.

#   Failed test 'pass: 'cc@ভাৰত.ভাৰত''
#   at t/07-domains.t line 61.

#   Failed test 'pass: 'cc@भारोत.भारोत''
#   at t/07-domains.t line 61.

#   Failed test 'pass: 'cc@भारतम्.भारतम्''
#   at t/07-domains.t line 61.

#   Failed test 'pass: 'cc@بارت.بارت''
#   at t/07-domains.t line 61.

#   Failed test 'pass: 'cc@ڀارت.ڀارت''
#   at t/07-domains.t line 61.

#   Failed test 'pass: 'cc@ഭാരതം.ഭാരതം''
#   at t/07-domains.t line 61.
# Looks like you failed 12 tests of 40.
t/07-domains.t .. 
Dubious, test returned 12 (wstat 3072, 0xc00)
Failed 12/40 subtests 

#   Failed test 'pass: проверка@тест.рф'
#   at t/08-file.t line 19.

#   Failed test 'pass: valid@faß.de'
#   at t/08-file.t line 19.

#   Failed test 'pass: valid@fäß.de'
#   at t/08-file.t line 19.

#   Failed test 'pass: valid@öbb.at'
#   at t/08-file.t line 19.

#   Failed test 'pass: valid@ÖBB.at'
#   at t/08-file.t line 19.

#   Failed test 'pass: valid@عربي.de'
#   at t/08-file.t line 19.

#   Failed test 'pass: valid@نامهای.de'
#   at t/08-file.t line 19.

#   Failed test 'pass: valid-mapping@日本。co。jp'
#   at t/08-file.t line 19.

#   Failed test 'pass: valid-mapping@日本。co.jp'
#   at t/08-file.t line 19.

#   Failed test 'pass: lowercase@Σόλος.gr'
#   at t/08-file.t line 19.
# Looks like you failed 10 tests of 29.
t/08-file.t ..... 
Dubious, test returned 10 (wstat 2560, 0xa00)
Failed 10/29 subtests 
t/09-pod.t ...... ok
t/10-rfc822.t ... ok
t/11-rfc5321.t .. ok
t/11-rfc5322.t .. ok
t/13-not-tld.t .. ok
t/14-error.t .... ok
t/15-tld.t ...... ok

Test Summary Report
-------------------
t/06-utf8.t   (Wstat: 2304 Tests: 24 Failed: 9)
  Failed tests:  2, 5-11, 15
  Non-zero exit status: 9
t/07-domains.t (Wstat: 3072 Tests: 40 Failed: 12)
  Failed tests:  3-6, 16-23
  Non-zero exit status: 12
t/08-file.t   (Wstat: 2560 Tests: 29 Failed: 10)
  Failed tests:  8, 10-11, 13-19
  Non-zero exit status: 10
Files=16, Tests=195,  2 wallclock secs ( 0.10 usr  0.05 sys +  0.94 cusr  0.34 csys =  1.42 CPU)
Result: FAIL
Failed 3/16 test programs. 31/195 subtests failed.
*** Error code 255

Stop.
make: stopped in /usr/home/cpansand/.cpan/build/2020032216/EAV-XS-0.3.2-2

------------------------------
PREREQUISITES
------------------------------

Prerequisite modules loaded:

requires:

    Module              Need Have    
    ------------------- ---- --------
    XSLoader            0    0.30    

build_requires:

    Module              Need Have    
    ------------------- ---- --------
    ExtUtils::MakeMaker 0    7.44    
    Test::More          0    1.302171

configure_requires:

    Module              Need Have    
    ------------------- ---- --------
    ExtUtils::MakeMaker 5.62 7.44    
    ExtUtils::PkgConfig 1.16 1.16    


------------------------------
ENVIRONMENT AND OTHER CONTEXT
------------------------------

Environment variables:

    PATH = /usr/local/bin:/usr/bin:/bin:/usr/local/sbin:/usr/sbin:/sbin:/home/cpansand/bin/sh:/home/cpansand/bin:/usr/games:/home/cpansand/devel:/usr/home/eserte/src/srezic-misc/scripts
    PERL5LIB = 
    PERL5OPT = 
    PERL5_CPANPLUS_IS_RUNNING = 17967
    PERL5_CPAN_IS_RUNNING = 17967
    PERL5_CPAN_IS_RUNNING_IN_RECURSION = 17492,17967
    PERL_BATCH = yes
    PERL_CANARY_STABILITY_NOPROMPT = 1
    PERL_CPAN_REPORTER_CONFIG = /var/tmp/cpansmoker-1023/2020032216/cpanreporter_000_config.ini
    PERL_EXTUTILS_AUTOINSTALL = --defaultdeps
    PERL_USE_UNSAFE_INC = 1
    SHELL = /bin/sh
    TMPDIR = /var/tmp/cpansmoker-1023/2020032216

Perl special variables (and OS-specific diagnostics, for MSWin32):

    $^X = /usr/perl5.31.10p/bin/perl5.31.10
    $UID/$EUID = 1023 / 1023
    $GID = 1023 1023
    $EGID = 1023 1023

Perl module toolchain versions installed:

    Module              Have    
    ------------------- --------
    CPAN                2.27    
    CPAN::Meta          2.150010
    Cwd                 3.78    
    ExtUtils::CBuilder  0.280234
    ExtUtils::Command   7.44    
    ExtUtils::Install   2.14    
    ExtUtils::MakeMaker 7.44    
    ExtUtils::Manifest  1.72    
    ExtUtils::ParseXS   3.40    
    File::Spec          3.78    
    JSON                4.02    
    JSON::PP            4.04    
    Module::Build       0.4231  
    Module::Signature   n/a     
    Parse::CPAN::Meta   2.150010
    Test::Harness       3.42    
    Test::More          1.302171
    YAML                1.30    
    YAML::Syck          1.32    
    version             0.9924  


--

Summary of my perl5 (revision 5 version 31 subversion 10) configuration:
   
  Platform:
    osname=freebsd
    osvers=12.1-stable
    archname=amd64-freebsd
    uname='freebsd cloud1.bbbike.org 12.1-stable freebsd 12.1-stable 1272afeae43(stable12) generic amd64 '
    config_args='-ds -e -Dprefix=/usr/perl5.31.10p -Dusedevel -Dusemallocwrap=no -Dcf_email=srezic@cpan.org -Doptimize=-O2 -pipe'
    hint=recommended
    useposix=true
    d_sigaction=define
    useithreads=undef
    usemultiplicity=undef
    use64bitint=define
    use64bitall=define
    uselongdouble=undef
    usemymalloc=n
    default_inc_excludes_dot=define
    bincompat5005=undef
  Compiler:
    cc='cc'
    ccflags ='-DHAS_FPSETMASK -DHAS_FLOATINGPOINT_H -fno-strict-aliasing -pipe -fstack-protector-strong -I/usr/local/include'
    optimize='-O2 -pipe'
    cppflags='-DHAS_FPSETMASK -DHAS_FLOATINGPOINT_H -fno-strict-aliasing -pipe -fstack-protector-strong -I/usr/local/include'
    ccversion=''
    gccversion='FreeBSD Clang 9.0.1 (git@github.com:llvm/llvm-project.git c1a0a213378a458fbea1a5c77b315c7dce08fd05)'
    gccosandvers=''
    intsize=4
    longsize=8
    ptrsize=8
    doublesize=8
    byteorder=12345678
    doublekind=3
    d_longlong=define
    longlongsize=8
    d_longdbl=define
    longdblsize=16
    longdblkind=3
    ivtype='long'
    ivsize=8
    nvtype='double'
    nvsize=8
    Off_t='off_t'
    lseeksize=8
    alignbytes=8
    prototype=define
  Linker and Libraries:
    ld='cc'
    ldflags ='-pthread -Wl,-E  -fstack-protector-strong -L/usr/local/lib'
    libpth=/usr/lib /usr/local/lib /usr/lib/clang/9.0.1/lib /usr/lib
    libs=-lpthread -lgdbm -ldl -lm -lcrypt -lutil -lc
    perllibs=-lpthread -ldl -lm -lcrypt -lutil -lc
    libc=
    so=so
    useshrplib=false
    libperl=libperl.a
    gnulibc_version=''
  Dynamic Linking:
    dlsrc=dl_dlopen.xs
    dlext=so
    d_dlsymun=undef
    ccdlflags=' '
    cccdlflags='-DPIC -fPIC'
    lddlflags='-shared  -L/usr/local/lib -fstack-protector-strong'


Characteristics of this binary (from libperl): 
  Compile-time options:
    HAS_TIMES
    PERLIO_LAYERS
    PERL_COPY_ON_WRITE
    PERL_DONT_CREATE_GVSV
    PERL_OP_PARENT
    PERL_PRESERVE_IVUV
    PERL_USE_DEVEL
    USE_64_BIT_ALL
    USE_64_BIT_INT
    USE_LARGE_FILES
    USE_LOCALE
    USE_LOCALE_COLLATE
    USE_LOCALE_CTYPE
    USE_LOCALE_NUMERIC
    USE_LOCALE_TIME
    USE_PERLIO
    USE_PERL_ATOF
  Built under freebsd
  Compiled at Mar 21 2020 07:38:02
  %ENV:
    PERL5LIB=""
    PERL5OPT=""
    PERL5_CPANPLUS_IS_RUNNING="17967"
    PERL5_CPAN_IS_RUNNING="17967"
    PERL5_CPAN_IS_RUNNING_IN_RECURSION="17492,17967"
    PERL_BATCH="yes"
    PERL_CANARY_STABILITY_NOPROMPT="1"
    PERL_CPAN_REPORTER_CONFIG="/var/tmp/cpansmoker-1023/2020032216/cpanreporter_000_config.ini"
    PERL_EXTUTILS_AUTOINSTALL="--defaultdeps"
    PERL_USE_UNSAFE_INC="1"
  @INC:
    /usr/perl5.31.10p/lib/site_perl/5.31.10/amd64-freebsd
    /usr/perl5.31.10p/lib/site_perl/5.31.10
    /usr/perl5.31.10p/lib/5.31.10/amd64-freebsd
    /usr/perl5.31.10p/lib/5.31.10
    .