Report for WebService-Eventful-1.04

Back
From: metabase:user:320bfe00-2aae-11df-837a-5e0a49663a4f
Subject: FAIL WebService-Eventful-1.04 v5.19.3 GNU/Linux
Date: 2013-08-27T16:05:55Z

This distribution has been tested as part of the CPAN Testers
project, supporting the Perl programming language.  See
http://wiki.cpantesters.org/ for more information or email
questions to cpan-testers-discuss@perl.org


--
Dear David Reiter,

This is a computer-generated report for WebService-Eventful-1.04
on perl 5.19.3, created by CPAN-Reporter-1.2010.

Thank you for uploading your work to CPAN.  However, there was a problem
testing your distribution.

If you think this report is invalid, please consult the CPAN Testers Wiki
for suggestions on how to avoid getting FAIL reports for missing library
or binary dependencies, unsupported operating systems, and so on:

http://wiki.cpantesters.org/wiki/CPANAuthorNotes

Sections of this report:

    * Tester comments
    * Program output
    * Prerequisites
    * Environment and other context

------------------------------
TESTER COMMENTS
------------------------------

Additional comments from tester:

this report is from an automated smoke testing program
and was not reviewed by a human for accuracy

------------------------------
PROGRAM OUTPUT
------------------------------

Output from '/usr/bin/make test':

PERL_DL_NONLAZY=1 /home/sand/src/perl/repoperls/installed-perls/perl/v5.19.3/a2da/bin/perl "-MExtUtils::Command::MM" "-e" "test_harness(0, 'blib/lib', 'blib/arch')" t/*.t

#   Failed test 'use WebService::Eventful;'
#   at t/01use.t line 5.
#     Tried to use 'WebService::Eventful'.
#     Error:  Can't locate OAuth/Lite/Consumer.pm in @INC (you may need to install the OAuth::Lite::Consumer module) (@INC contains: /tmp/loop_over_bdir-30866-8qTsSz/WebService-Eventful-1.04-ZbwU89/blib/lib /tmp/loop_over_bdir-30866-8qTsSz/WebService-Eventful-1.04-ZbwU89/blib/arch /home/sand/src/perl/repoperls/installed-perls/perl/v5.19.3/a2da/lib/site_perl/5.19.3/x86_64-linux-thread-multi-ld /home/sand/src/perl/repoperls/installed-perls/perl/v5.19.3/a2da/lib/site_perl/5.19.3 /home/sand/src/perl/repoperls/installed-perls/perl/v5.19.3/a2da/lib/5.19.3/x86_64-linux-thread-multi-ld /home/sand/src/perl/repoperls/installed-perls/perl/v5.19.3/a2da/lib/5.19.3 .) at /tmp/loop_over_bdir-30866-8qTsSz/WebService-Eventful-1.04-ZbwU89/blib/lib/WebService/Eventful.pm line 67.
# BEGIN failed--compilation aborted at /tmp/loop_over_bdir-30866-8qTsSz/WebService-Eventful-1.04-ZbwU89/blib/lib/WebService/Eventful.pm line 67.
# Compilation failed in require at (eval 4) line 2.
# BEGIN failed--compilation aborted at (eval 4) line 2.
# Looks like you failed 1 test of 4.
t/01use.t ..... 
Dubious, test returned 1 (wstat 256, 0x100)
Failed 1/4 subtests 
Can't locate OAuth/Lite/Consumer.pm in @INC (you may need to install the OAuth::Lite::Consumer module) (@INC contains: /tmp/loop_over_bdir-30866-8qTsSz/WebService-Eventful-1.04-ZbwU89/blib/lib /tmp/loop_over_bdir-30866-8qTsSz/WebService-Eventful-1.04-ZbwU89/blib/arch /home/sand/src/perl/repoperls/installed-perls/perl/v5.19.3/a2da/lib/site_perl/5.19.3/x86_64-linux-thread-multi-ld /home/sand/src/perl/repoperls/installed-perls/perl/v5.19.3/a2da/lib/site_perl/5.19.3 /home/sand/src/perl/repoperls/installed-perls/perl/v5.19.3/a2da/lib/5.19.3/x86_64-linux-thread-multi-ld /home/sand/src/perl/repoperls/installed-perls/perl/v5.19.3/a2da/lib/5.19.3 .) at /tmp/loop_over_bdir-30866-8qTsSz/WebService-Eventful-1.04-ZbwU89/blib/lib/WebService/Eventful.pm line 67.
BEGIN failed--compilation aborted at /tmp/loop_over_bdir-30866-8qTsSz/WebService-Eventful-1.04-ZbwU89/blib/lib/WebService/Eventful.pm line 67.
Compilation failed in require at t/02basic.t line 3.
BEGIN failed--compilation aborted at t/02basic.t line 3.
t/02basic.t ... 
Dubious, test returned 2 (wstat 512, 0x200)
No subtests run 
Can't locate OAuth/Lite/Consumer.pm in @INC (you may need to install the OAuth::Lite::Consumer module) (@INC contains: /tmp/loop_over_bdir-30866-8qTsSz/WebService-Eventful-1.04-ZbwU89/blib/lib /tmp/loop_over_bdir-30866-8qTsSz/WebService-Eventful-1.04-ZbwU89/blib/arch /home/sand/src/perl/repoperls/installed-perls/perl/v5.19.3/a2da/lib/site_perl/5.19.3/x86_64-linux-thread-multi-ld /home/sand/src/perl/repoperls/installed-perls/perl/v5.19.3/a2da/lib/site_perl/5.19.3 /home/sand/src/perl/repoperls/installed-perls/perl/v5.19.3/a2da/lib/5.19.3/x86_64-linux-thread-multi-ld /home/sand/src/perl/repoperls/installed-perls/perl/v5.19.3/a2da/lib/5.19.3 .) at /tmp/loop_over_bdir-30866-8qTsSz/WebService-Eventful-1.04-ZbwU89/blib/lib/WebService/Eventful.pm line 67.
BEGIN failed--compilation aborted at /tmp/loop_over_bdir-30866-8qTsSz/WebService-Eventful-1.04-ZbwU89/blib/lib/WebService/Eventful.pm line 67.
Compilation failed in require at t/03flavor.t line 3.
BEGIN failed--compilation aborted at t/03flavor.t line 3.
t/03flavor.t .. 
Dubious, test returned 2 (wstat 512, 0x200)
No subtests run 
Can't locate OAuth/Lite/Consumer.pm in @INC (you may need to install the OAuth::Lite::Consumer module) (@INC contains: /tmp/loop_over_bdir-30866-8qTsSz/WebService-Eventful-1.04-ZbwU89/blib/lib /tmp/loop_over_bdir-30866-8qTsSz/WebService-Eventful-1.04-ZbwU89/blib/arch /home/sand/src/perl/repoperls/installed-perls/perl/v5.19.3/a2da/lib/site_perl/5.19.3/x86_64-linux-thread-multi-ld /home/sand/src/perl/repoperls/installed-perls/perl/v5.19.3/a2da/lib/site_perl/5.19.3 /home/sand/src/perl/repoperls/installed-perls/perl/v5.19.3/a2da/lib/5.19.3/x86_64-linux-thread-multi-ld /home/sand/src/perl/repoperls/installed-perls/perl/v5.19.3/a2da/lib/5.19.3 .) at /tmp/loop_over_bdir-30866-8qTsSz/WebService-Eventful-1.04-ZbwU89/blib/lib/WebService/Eventful.pm line 67.
BEGIN failed--compilation aborted at /tmp/loop_over_bdir-30866-8qTsSz/WebService-Eventful-1.04-ZbwU89/blib/lib/WebService/Eventful.pm line 67.
Compilation failed in require at t/04oauth.t line 3.
BEGIN failed--compilation aborted at t/04oauth.t line 3.
t/04oauth.t ... 
Dubious, test returned 2 (wstat 512, 0x200)
No subtests run 

Test Summary Report
-------------------
t/01use.t   (Wstat: 256 Tests: 4 Failed: 1)
  Failed test:  1
  Non-zero exit status: 1
t/02basic.t (Wstat: 512 Tests: 0 Failed: 0)
  Non-zero exit status: 2
  Parse errors: No plan found in TAP output
t/03flavor.t (Wstat: 512 Tests: 0 Failed: 0)
  Non-zero exit status: 2
  Parse errors: No plan found in TAP output
t/04oauth.t (Wstat: 512 Tests: 0 Failed: 0)
  Non-zero exit status: 2
  Parse errors: No plan found in TAP output
Files=4, Tests=4,  0 wallclock secs ( 0.02 usr  0.00 sys +  0.15 cusr  0.01 csys =  0.18 CPU)
Result: FAIL
Failed 4/4 test programs. 1/4 subtests failed.
make: *** [test_dynamic] Error 2

------------------------------
PREREQUISITES
------------------------------

Prerequisite modules loaded:

requires:

    Module                    Need Have
    ------------------------- ---- ----
    Carp                      0    1.31
    Digest::MD5               0.1  2.53
    LWP::UserAgent            0.1  6.05
    Module::Pluggable::Object 0    4.8 
    Test::More                0    0.98
    XML::Simple               0.1  2.20

build_requires:

    Module                    Need Have
    ------------------------- ---- ----
    ExtUtils::MakeMaker       0    6.74


------------------------------
ENVIRONMENT AND OTHER CONTEXT
------------------------------

Environment variables:

    AUTOMATED_TESTING = 1
    LANG = en_US.UTF-8
    LANGUAGE = en_US:en
    PATH = /usr/lib/ccache:/home/sand/bin:/usr/local/bin:/usr/bin:/bin:/usr/bin/X11:/usr/games:/usr/local/perl/bin:/usr/X11/bin:/sbin:/usr/sbin
    PERL5LIB = 
    PERL5OPT = 
    PERL5_CPANPLUS_IS_RUNNING = 2422
    PERL5_CPAN_IS_RUNNING = 2422
    PERL_MM_USE_DEFAULT = 1
    SHELL = /usr/bin/zsh
    TERM = screen

Perl special variables (and OS-specific diagnostics, for MSWin32):

    $^X = /home/sand/src/perl/repoperls/installed-perls/perl/v5.19.3/a2da/bin/perl
    $UID/$EUID = 1005 / 1005
    $GID = 1005 1005
    $EGID = 1005 1005

Perl module toolchain versions installed:

    Module              Have    
    ------------------- --------
    CPAN                2.00    
    CPAN::Meta          2.132140
    Cwd                 3.44    
    ExtUtils::CBuilder  0.280210
    ExtUtils::Command   1.17    
    ExtUtils::Install   1.60    
    ExtUtils::MakeMaker 6.74    
    ExtUtils::Manifest  1.63    
    ExtUtils::ParseXS   3.21    
    File::Spec          3.44    
    JSON                2.59    
    JSON::PP            2.27202 
    Module::Build       0.4007  
    Module::Signature   0.73    
    Parse::CPAN::Meta   1.4405  
    Test::Harness       3.28    
    Test::More          0.98    
    YAML                0.84    
    YAML::Syck          1.27    
    version             0.9903  


--

Summary of my perl5 (revision 5 version 19 subversion 3) configuration:
  Commit id: f865d60069cbf2222595cce29bf98f8f1b6703ec
  Platform:
    osname=linux, osvers=3.9-1-amd64, archname=x86_64-linux-thread-multi-ld
    uname='linux k83 3.9-1-amd64 #1 smp debian 3.9.8-1 x86_64 gnulinux '
    config_args='-Dprefix=/home/sand/src/perl/repoperls/installed-perls/perl/v5.19.3/a2da -Dmyhostname=k83 -Dinstallusrbinperl=n -Uversiononly -Dusedevel -des -Ui_db -Duseithreads -Duselongdouble -DDEBUGGING=-g'
    hint=recommended, useposix=true, d_sigaction=define
    useithreads=define, usemultiplicity=define
    useperlio=define, d_sfio=undef, uselargefiles=define, usesocks=undef
    use64bitint=define, use64bitall=define, uselongdouble=define
    usemymalloc=n, bincompat5005=undef
  Compiler:
    cc='cc', ccflags ='-D_REENTRANT -D_GNU_SOURCE -fno-strict-aliasing -pipe -fstack-protector -I/usr/local/include -D_LARGEFILE_SOURCE -D_FILE_OFFSET_BITS=64',
    optimize='-O2 -g',
    cppflags='-D_REENTRANT -D_GNU_SOURCE -fno-strict-aliasing -pipe -fstack-protector -I/usr/local/include'
    ccversion='', gccversion='4.8.1', gccosandvers=''
    intsize=4, longsize=8, ptrsize=8, doublesize=8, byteorder=12345678
    d_longlong=define, longlongsize=8, d_longdbl=define, longdblsize=16
    ivtype='long', ivsize=8, nvtype='long double', nvsize=16, Off_t='off_t', lseeksize=8
    alignbytes=16, prototype=define
  Linker and Libraries:
    ld='cc', ldflags =' -fstack-protector -L/usr/local/lib'
    libpth=/usr/local/lib /lib/x86_64-linux-gnu /lib/../lib /usr/lib/x86_64-linux-gnu /usr/lib/../lib /lib /usr/lib
    libs=-lnsl -lgdbm -ldb -ldl -lm -lcrypt -lutil -lpthread -lc -lgdbm_compat
    perllibs=-lnsl -ldl -lm -lcrypt -lutil -lpthread -lc
    libc=, so=so, useshrplib=false, libperl=libperl.a
    gnulibc_version='2.17'
  Dynamic Linking:
    dlsrc=dl_dlopen.xs, dlext=so, d_dlsymun=undef, ccdlflags='-Wl,-E'
    cccdlflags='-fPIC', lddlflags='-shared -O2 -g -L/usr/local/lib -fstack-protector'


Characteristics of this binary (from libperl): 
  Compile-time options: HAS_TIMES MULTIPLICITY PERLIO_LAYERS
                        PERL_DONT_CREATE_GVSV
                        PERL_HASH_FUNC_ONE_AT_A_TIME_HARD
                        PERL_IMPLICIT_CONTEXT PERL_MALLOC_WRAP
                        PERL_NEW_COPY_ON_WRITE PERL_PRESERVE_IVUV
                        PERL_USE_DEVEL USE_64_BIT_ALL USE_64_BIT_INT
                        USE_ITHREADS USE_LARGE_FILES USE_LOCALE
                        USE_LOCALE_COLLATE USE_LOCALE_CTYPE
                        USE_LOCALE_NUMERIC USE_LONG_DOUBLE USE_PERLIO
                        USE_PERL_ATOF USE_REENTRANT_API
  Built under linux
  Compiled at Aug 21 2013 05:27:01
  %ENV:
    PERL5LIB=""
    PERL5OPT=""
    PERL5_CPANPLUS_IS_RUNNING="2422"
    PERL5_CPAN_IS_RUNNING="2422"
    PERL_MM_USE_DEFAULT="1"
  @INC:
    /home/sand/src/perl/repoperls/installed-perls/perl/v5.19.3/a2da/lib/site_perl/5.19.3/x86_64-linux-thread-multi-ld
    /home/sand/src/perl/repoperls/installed-perls/perl/v5.19.3/a2da/lib/site_perl/5.19.3
    /home/sand/src/perl/repoperls/installed-perls/perl/v5.19.3/a2da/lib/5.19.3/x86_64-linux-thread-multi-ld
    /home/sand/src/perl/repoperls/installed-perls/perl/v5.19.3/a2da/lib/5.19.3
    .