Back
From: metabase:user:d2c9f356-b46f-11df-9a90-20a83c0b7757
Subject: FAIL DBIx-Class-FormTools-0.000007 v5.18.0 SunOS/Solaris
Date: 2013-07-17T15:26:08Z
This distribution has been tested as part of the CPAN Testers
project, supporting the Perl programming language. See
http://wiki.cpantesters.org/ for more information or email
questions to cpan-testers-discuss@perl.org
--
Dear David Jack Wange Olrik,
This is a computer-generated report for DBIx-Class-FormTools-0.000007
on perl 5.18.0, created by CPAN-Reporter-1.2010.
Thank you for uploading your work to CPAN. However, there was a problem
testing your distribution.
If you think this report is invalid, please consult the CPAN Testers Wiki
for suggestions on how to avoid getting FAIL reports for missing library
or binary dependencies, unsupported operating systems, and so on:
http://wiki.cpantesters.org/wiki/CPANAuthorNotes
Sections of this report:
* Tester comments
* Program output
* Prerequisites
* Environment and other context
------------------------------
TESTER COMMENTS
------------------------------
Additional comments from tester:
this report is from an automated smoke testing program
and was not reviewed by a human for accuracy
------------------------------
PROGRAM OUTPUT
------------------------------
Output from './Build test':
DBIx::Class::Storage::DBI::connect_info(): You provided explicit AutoCommit => 0 in your connection_info. This is almost universally a bad idea (see the footnotes of DBIx::Class::Storage::DBI for more info). If you still want to do this you can set $ENV{DBIC_UNSAFE_AUTOCOMMIT_OK} to disable this warning. at t/lib/Test.pm line 12
# Testing DBIx::Class::FormTools 0.000007
t/00.load.t ................. ok
DBIx::Class::Storage::DBI::connect_info(): You provided explicit AutoCommit => 0 in your connection_info. This is almost universally a bad idea (see the footnotes of DBIx::Class::Storage::DBI for more info). If you still want to do this you can set $ENV{DBIC_UNSAFE_AUTOCOMMIT_OK} to disable this warning. at t/lib/Test.pm line 12
t/05.fieldname.t ............ ok
DBIx::Class::Storage::DBI::connect_info(): You provided explicit AutoCommit => 0 in your connection_info. This is almost universally a bad idea (see the footnotes of DBIx::Class::Storage::DBI for more info). If you still want to do this you can set $ENV{DBIC_UNSAFE_AUTOCOMMIT_OK} to disable this warning. at t/lib/Test.pm line 12
t/10.local_attributes.t ..... ok
DBIx::Class::Storage::DBI::connect_info(): You provided explicit AutoCommit => 0 in your connection_info. This is almost universally a bad idea (see the footnotes of DBIx::Class::Storage::DBI for more info). If you still want to do this you can set $ENV{DBIC_UNSAFE_AUTOCOMMIT_OK} to disable this warning. at t/lib/Test.pm line 12
t/20.one_to_many_fields.t ... ok
DBIx::Class::Storage::DBI::connect_info(): You provided explicit AutoCommit => 0 in your connection_info. This is almost universally a bad idea (see the footnotes of DBIx::Class::Storage::DBI for more info). If you still want to do this you can set $ENV{DBIC_UNSAFE_AUTOCOMMIT_OK} to disable this warning. at t/lib/Test.pm line 12
t/21.one_to_many_fields.t ... ok
DBIx::Class::Storage::DBI::connect_info(): You provided explicit AutoCommit => 0 in your connection_info. This is almost universally a bad idea (see the footnotes of DBIx::Class::Storage::DBI for more info). If you still want to do this you can set $ENV{DBIC_UNSAFE_AUTOCOMMIT_OK} to disable this warning. at t/lib/Test.pm line 12
# Failed test 'Object is a Film'
# at t/22.one_to_many_fields.t line 45.
Can't locate object method "location_id" via package "Schema::Location" at t/22.one_to_many_fields.t line 46.
# Looks like you planned 9 tests but ran 7.
# Looks like you failed 1 test of 7 run.
# Looks like your test exited with 255 just after 7.
t/22.one_to_many_fields.t ...
Dubious, test returned 255 (wstat 65280, 0xff00)
Failed 3/9 subtests
DBIx::Class::Storage::DBI::connect_info(): You provided explicit AutoCommit => 0 in your connection_info. This is almost universally a bad idea (see the footnotes of DBIx::Class::Storage::DBI for more info). If you still want to do this you can set $ENV{DBIC_UNSAFE_AUTOCOMMIT_OK} to disable this warning. at t/lib/Test.pm line 12
# Failed test 'Object is a Film'
# at t/30.many_to_many_fields.t line 50.
# Looks like you failed 1 test of 8.
t/30.many_to_many_fields.t ..
Dubious, test returned 1 (wstat 256, 0x100)
Failed 1/8 subtests
DBIx::Class::Storage::DBI::connect_info(): You provided explicit AutoCommit => 0 in your connection_info. This is almost universally a bad idea (see the footnotes of DBIx::Class::Storage::DBI for more info). If you still want to do this you can set $ENV{DBIC_UNSAFE_AUTOCOMMIT_OK} to disable this warning. at t/lib/Test.pm line 12
t/31.many_to_many_fields.t .. ok
DBIx::Class::Storage::DBI::connect_info(): You provided explicit AutoCommit => 0 in your connection_info. This is almost universally a bad idea (see the footnotes of DBIx::Class::Storage::DBI for more info). If you still want to do this you can set $ENV{DBIC_UNSAFE_AUTOCOMMIT_OK} to disable this warning. at t/lib/Test.pm line 12
# Failed test 'Object is a Film'
# at t/32.many_to_many_fields.t line 50.
# Failed test 'Object is a Actor'
# at t/32.many_to_many_fields.t line 51.
# Looks like you failed 2 tests of 10.
t/32.many_to_many_fields.t ..
Dubious, test returned 2 (wstat 512, 0x200)
Failed 2/10 subtests
t/40.form.t ................. ok
t/pod-coverage.t ............ skipped: Test::Pod::Coverage 1.04 required for testing POD coverage
t/pod.t ..................... ok
Test Summary Report
-------------------
t/22.one_to_many_fields.t (Wstat: 65280 Tests: 7 Failed: 1)
Failed test: 7
Non-zero exit status: 255
Parse errors: Bad plan. You planned 9 tests but ran 7.
t/30.many_to_many_fields.t (Wstat: 256 Tests: 8 Failed: 1)
Failed test: 7
Non-zero exit status: 1
t/32.many_to_many_fields.t (Wstat: 512 Tests: 10 Failed: 2)
Failed tests: 7-8
Non-zero exit status: 2
Files=12, Tests=84, 7 wallclock secs ( 0.19 usr 0.10 sys + 5.59 cusr 0.84 csys = 6.72 CPU)
Result: FAIL
Failed 3/12 test programs. 4/84 subtests failed.
------------------------------
PREREQUISITES
------------------------------
Prerequisite modules loaded:
requires:
Module Need Have
------------- ------- -------
DBIx::Class 0.06003 0.08250
Moose 0.11 2.1001
Test::More 0 0.98
version 0.50 0.9902
build_requires:
Module Need Have
------------- ------- -------
Data::Dump 0 1.22
configure_requires:
Module Need Have
------------- ------- -------
Module::Build 0.35 0.4005
------------------------------
ENVIRONMENT AND OTHER CONTEXT
------------------------------
Environment variables:
AUTOMATED_TESTING = 1
LANG = C
LD_LIBRARY_PATH = /usr/local/lib:
MANPATH_WITHOUT_PERLBREW =
PATH = /export/home/cpant5/perl5/perlbrew/bin:/export/home/cpant5/perl5/perlbrew/perls/perl-5.18.0/bin:/export/home/cpant5/perl5/bin:/usr/local/bin:/usr/bin
PATH_WITHOUT_PERLBREW = /export/home/cpant5/perl5/bin:/usr/local/bin:/usr/bin
PERL5LIB =
PERL5OPT =
PERL5_CPANPLUS_IS_RUNNING = 36
PERL5_CPAN_IS_RUNNING = 36
PERL5_CPAN_IS_RUNNING_IN_RECURSION = 27917,36
PERLBREW_BASHRC_VERSION = 0.44
PERLBREW_HOME = /export/home/cpant5/.perlbrew
PERLBREW_MANPATH = /export/home/cpant5/perl5/perlbrew/perls/perl-5.18.0/man
PERLBREW_PATH = /export/home/cpant5/perl5/perlbrew/bin:/export/home/cpant5/perl5/perlbrew/perls/perl-5.18.0/bin
PERLBREW_PERL = perl-5.18.0
PERLBREW_ROOT = /export/home/cpant5/perl5/perlbrew
PERLBREW_VERSION = 0.44
PERL_CR_SMOKER_CURRENT = DBIx-Class-FormTools-0.000007
PERL_EXTUTILS_AUTOINSTALL = --defaultdeps
PERL_MM_USE_DEFAULT = 1
SHELL = /bin/bash
TERM = xterm
Perl special variables (and OS-specific diagnostics, for MSWin32):
$^X = /export/home/cpant5/perl5/perlbrew/perls/perl-5.18.0/bin/perl5.18.0
$UID/$EUID = 105 / 105
$GID = 1 1
$EGID = 1 1
Perl module toolchain versions installed:
Module Have
------------------- --------
CPAN 2.00
CPAN::Meta 2.131560
Cwd 3.40
ExtUtils::CBuilder 0.280210
ExtUtils::Command 1.17
ExtUtils::Install 1.59
ExtUtils::MakeMaker 6.68
ExtUtils::Manifest 1.63
ExtUtils::ParseXS 3.18
File::Spec 3.40
JSON 2.59
JSON::PP 2.27202
Module::Build 0.4005
Module::Signature n/a
Parse::CPAN::Meta 1.4404
Test::Harness 3.28
Test::More 0.98
YAML 0.84
YAML::Syck 1.27
version 0.9902
--
Summary of my perl5 (revision 5 version 18 subversion 0) configuration:
Platform:
osname=solaris, osvers=2.10, archname=i86pc-solaris-64int
uname='sunos vmrz0046 5.10 generic_141445-09 i86pc i386 i86pc solaris '
config_args='-de -Dprefix=/export/home/cpant5/perl5/perlbrew/perls/perl-5.18.0 -Dcc=gcc -Duse64bitint -Dusedevel -Aeval:scriptdir=/export/home/cpant5/perl5/perlbrew/perls/perl-5.18.0/bin'
hint=recommended, useposix=true, d_sigaction=define
useithreads=undef, usemultiplicity=undef
useperlio=define, d_sfio=undef, uselargefiles=define, usesocks=undef
use64bitint=define, use64bitall=undef, uselongdouble=undef
usemymalloc=n, bincompat5005=undef
Compiler:
cc='gcc', ccflags ='-DPTR_IS_LONG -fno-strict-aliasing -pipe -I/usr/local/include -D_LARGEFILE_SOURCE -D_FILE_OFFSET_BITS=64 -DPERL_USE_SAFE_PUTENV',
optimize='-O',
cppflags='-DPTR_IS_LONG -fno-strict-aliasing -pipe -I/usr/local/include'
ccversion='', gccversion='3.4.6', gccosandvers='solaris2.10'
intsize=4, longsize=4, ptrsize=4, doublesize=8, byteorder=12345678
d_longlong=define, longlongsize=8, d_longdbl=define, longdblsize=12
ivtype='long long', ivsize=8, nvtype='double', nvsize=8, Off_t='off_t', lseeksize=8
alignbytes=4, prototype=define
Linker and Libraries:
ld='gcc', ldflags =' -L/usr/local/lib '
libpth=/usr/local/lib /usr/lib /usr/ccs/lib
libs=-lsocket -lnsl -lgdbm -ldl -lm -lc
perllibs=-lsocket -lnsl -ldl -lm -lc
libc=/lib/libc.so, so=so, useshrplib=false, libperl=libperl.a
gnulibc_version=''
Dynamic Linking:
dlsrc=dl_dlopen.xs, dlext=so, d_dlsymun=undef, ccdlflags=' '
cccdlflags='-fPIC', lddlflags='-G -L/usr/local/lib'
Characteristics of this binary (from libperl):
Compile-time options: HAS_TIMES PERLIO_LAYERS PERL_DONT_CREATE_GVSV
PERL_HASH_FUNC_ONE_AT_A_TIME_HARD PERL_MALLOC_WRAP
PERL_PRESERVE_IVUV PERL_SAWAMPERSAND PERL_USE_DEVEL
PERL_USE_SAFE_PUTENV USE_64_BIT_INT USE_LARGE_FILES
USE_LOCALE USE_LOCALE_COLLATE USE_LOCALE_CTYPE
USE_LOCALE_NUMERIC USE_PERLIO USE_PERL_ATOF
Built under solaris
Compiled at May 21 2013 08:43:42
%ENV:
PERL5LIB=""
PERL5OPT=""
PERL5_CPANPLUS_IS_RUNNING="36"
PERL5_CPAN_IS_RUNNING="36"
PERL5_CPAN_IS_RUNNING_IN_RECURSION="27917,36"
PERLBREW_BASHRC_VERSION="0.44"
PERLBREW_HOME="/export/home/cpant5/.perlbrew"
PERLBREW_MANPATH="/export/home/cpant5/perl5/perlbrew/perls/perl-5.18.0/man"
PERLBREW_PATH="/export/home/cpant5/perl5/perlbrew/bin:/export/home/cpant5/perl5/perlbrew/perls/perl-5.18.0/bin"
PERLBREW_PERL="perl-5.18.0"
PERLBREW_ROOT="/export/home/cpant5/perl5/perlbrew"
PERLBREW_VERSION="0.44"
PERL_CR_SMOKER_CURRENT="DBIx-Class-FormTools-0.000007"
PERL_EXTUTILS_AUTOINSTALL="--defaultdeps"
PERL_MM_USE_DEFAULT="1"
@INC:
/export/home/cpant5/perl5/perlbrew/perls/perl-5.18.0/lib/site_perl/5.18.0/i86pc-solaris-64int
/export/home/cpant5/perl5/perlbrew/perls/perl-5.18.0/lib/site_perl/5.18.0
/export/home/cpant5/perl5/perlbrew/perls/perl-5.18.0/lib/5.18.0/i86pc-solaris-64int
/export/home/cpant5/perl5/perlbrew/perls/perl-5.18.0/lib/5.18.0
.