Report for libintl-perl-1.24

Back
From: metabase:user:314402c4-2aae-11df-837a-5e0a49663a4f
Subject: FAIL libintl-perl-1.24 v5.10.1 GNU/Linux
Date: 2015-04-08T06:55:09Z

This distribution has been tested as part of the CPAN Testers
project, supporting the Perl programming language.  See
http://wiki.cpantesters.org/ for more information or email
questions to cpan-testers-discuss@perl.org


--
Dear Guido Flohr,

This is a computer-generated report for libintl-perl-1.24
on perl 5.10.1, created by CPAN-Reporter-1.2011.

Thank you for uploading your work to CPAN.  However, there was a problem
testing your distribution.

If you think this report is invalid, please consult the CPAN Testers Wiki
for suggestions on how to avoid getting FAIL reports for missing library
or binary dependencies, unsupported operating systems, and so on:

http://wiki.cpantesters.org/wiki/CPANAuthorNotes

Sections of this report:

    * Tester comments
    * Program output
    * Prerequisites
    * Environment and other context

------------------------------
TESTER COMMENTS
------------------------------

Additional comments from tester:

none provided

------------------------------
PROGRAM OUTPUT
------------------------------

Output from '/usr/bin/make test':

make[1]: Entering directory `/tmpfs/.cpan-build/libintl-perl-1.24-TbCllX/gettext_xs'
Running Mkbootstrap for Locale::gettext_xs ()
chmod 644 "gettext_xs.bs"
make[1]: Leaving directory `/tmpfs/.cpan-build/libintl-perl-1.24-TbCllX/gettext_xs'
PERL_DL_NONLAZY=1 "/bbbike/perl-5.10.1/bin/perl5.10.1" "-Iblib/lib" "-Iblib/arch" test.pl
# Encode revision used is 2.72.
perl: warning: Setting locale failed.
perl: warning: Please check that your locale settings:
	LANGUAGE = "de_AT",
	LC_ALL = "de_AT",
	LC_MESSAGES = "de_AT",
	LANG = "de_AT"
    are supported and installed on your system.
perl: warning: Falling back to the standard locale ("C").
perl: warning: Setting locale failed.
perl: warning: Please check that your locale settings:
	LANGUAGE = "de_AT",
	LC_ALL = "de_AT",
	LC_MESSAGES = "de_AT",
	LANG = "de_AT"
    are supported and installed on your system.
perl: warning: Falling back to the standard locale ("C").
./tests/00gettext.t ..................... ok
perl: warning: Setting locale failed.
perl: warning: Please check that your locale settings:
	LANGUAGE = "de_AT",
	LC_ALL = "de_AT",
	LC_MESSAGES = "de_AT",
	LANG = "de_AT"
    are supported and installed on your system.
perl: warning: Falling back to the standard locale ("C").
./tests/00recode.t ...................... ok
perl: warning: Setting locale failed.
perl: warning: Please check that your locale settings:
	LANGUAGE = "de_AT",
	LC_ALL = "de_AT",
	LC_MESSAGES = "de_AT",
	LANG = "de_AT"
    are supported and installed on your system.
perl: warning: Falling back to the standard locale ("C").
./tests/01trivial.t ..................... ok
perl: warning: Setting locale failed.
perl: warning: Please check that your locale settings:
	LANGUAGE = "de_AT",
	LC_ALL = "de_AT",
	LC_MESSAGES = "de_AT",
	LANG = "de_AT"
    are supported and installed on your system.
perl: warning: Falling back to the standard locale ("C").
./tests/02asmo_449.t .................... ok
perl: warning: Setting locale failed.
perl: warning: Please check that your locale settings:
	LANGUAGE = "de_AT",
	LC_ALL = "de_AT",
	LC_MESSAGES = "de_AT",
	LANG = "de_AT"
    are supported and installed on your system.
perl: warning: Falling back to the standard locale ("C").
./tests/02atari-st-euro.t ............... ok
perl: warning: Setting locale failed.
perl: warning: Please check that your locale settings:
	LANGUAGE = "de_AT",
	LC_ALL = "de_AT",
	LC_MESSAGES = "de_AT",
	LANG = "de_AT"
    are supported and installed on your system.
perl: warning: Falling back to the standard locale ("C").
./tests/02atari-st.t .................... ok
perl: warning: Setting locale failed.
perl: warning: Please check that your locale settings:
	LANGUAGE = "de_AT",
	LC_ALL = "de_AT",
	LC_MESSAGES = "de_AT",
	LANG = "de_AT"
    are supported and installed on your system.
perl: warning: Falling back to the standard locale ("C").
./tests/02cp10007.t ..................... ok
perl: warning: Setting locale failed.
perl: warning: Please check that your locale settings:
	LANGUAGE = "de_AT",
	LC_ALL = "de_AT",
	LC_MESSAGES = "de_AT",
	LANG = "de_AT"
    are supported and installed on your system.
perl: warning: Falling back to the standard locale ("C").
./tests/02cp1250.t ...................... ok
perl: warning: Setting locale failed.
perl: warning: Please check that your locale settings:
	LANGUAGE = "de_AT",
	LC_ALL = "de_AT",
	LC_MESSAGES = "de_AT",
	LANG = "de_AT"
    are supported and installed on your system.
perl: warning: Falling back to the standard locale ("C").
./tests/02cp1251.t ...................... ok
perl: warning: Setting locale failed.
perl: warning: Please check that your locale settings:
	LANGUAGE = "de_AT",
	LC_ALL = "de_AT",
	LC_MESSAGES = "de_AT",
	LANG = "de_AT"
    are supported and installed on your system.
perl: warning: Falling back to the standard locale ("C").
./tests/02cp1252.t ...................... ok
perl: warning: Setting locale failed.
perl: warning: Please check that your locale settings:
	LANGUAGE = "de_AT",
	LC_ALL = "de_AT",
	LC_MESSAGES = "de_AT",
	LANG = "de_AT"
    are supported and installed on your system.
perl: warning: Falling back to the standard locale ("C").
./tests/02cp1253.t ...................... ok
perl: warning: Setting locale failed.
perl: warning: Please check that your locale settings:
	LANGUAGE = "de_AT",
	LC_ALL = "de_AT",
	LC_MESSAGES = "de_AT",
	LANG = "de_AT"
    are supported and installed on your system.
perl: warning: Falling back to the standard locale ("C").
./tests/02cp1254.t ...................... ok
perl: warning: Setting locale failed.
perl: warning: Please check that your locale settings:
	LANGUAGE = "de_AT",
	LC_ALL = "de_AT",
	LC_MESSAGES = "de_AT",
	LANG = "de_AT"
    are supported and installed on your system.
perl: warning: Falling back to the standard locale ("C").
./tests/02cp1256.t ...................... ok
perl: warning: Setting locale failed.
perl: warning: Please check that your locale settings:
	LANGUAGE = "de_AT",
	LC_ALL = "de_AT",
	LC_MESSAGES = "de_AT",
	LANG = "de_AT"
    are supported and installed on your system.
perl: warning: Falling back to the standard locale ("C").
./tests/02cp1257.t ...................... ok
perl: warning: Setting locale failed.
perl: warning: Please check that your locale settings:
	LANGUAGE = "de_AT",
	LC_ALL = "de_AT",
	LC_MESSAGES = "de_AT",
	LANG = "de_AT"
    are supported and installed on your system.
perl: warning: Falling back to the standard locale ("C").
./tests/02csn_369103.t .................. ok
perl: warning: Setting locale failed.
perl: warning: Please check that your locale settings:
	LANGUAGE = "de_AT",
	LC_ALL = "de_AT",
	LC_MESSAGES = "de_AT",
	LANG = "de_AT"
    are supported and installed on your system.
perl: warning: Falling back to the standard locale ("C").
./tests/02cwi.t ......................... ok
perl: warning: Setting locale failed.
perl: warning: Please check that your locale settings:
	LANGUAGE = "de_AT",
	LC_ALL = "de_AT",
	LC_MESSAGES = "de_AT",
	LANG = "de_AT"
    are supported and installed on your system.
perl: warning: Falling back to the standard locale ("C").
./tests/02dec-mcs.t ..................... ok
perl: warning: Setting locale failed.
perl: warning: Please check that your locale settings:
	LANGUAGE = "de_AT",
	LC_ALL = "de_AT",
	LC_MESSAGES = "de_AT",
	LANG = "de_AT"
    are supported and installed on your system.
perl: warning: Falling back to the standard locale ("C").
./tests/02ebcdic-at-de-a.t .............. ok
perl: warning: Setting locale failed.
perl: warning: Please check that your locale settings:
	LANGUAGE = "de_AT",
	LC_ALL = "de_AT",
	LC_MESSAGES = "de_AT",
	LANG = "de_AT"
    are supported and installed on your system.
perl: warning: Falling back to the standard locale ("C").
./tests/02ebcdic-at-de.t ................ ok
perl: warning: Setting locale failed.
perl: warning: Please check that your locale settings:
	LANGUAGE = "de_AT",
	LC_ALL = "de_AT",
	LC_MESSAGES = "de_AT",
	LANG = "de_AT"
    are supported and installed on your system.
perl: warning: Falling back to the standard locale ("C").
./tests/02ebcdic-ca-fr.t ................ ok
perl: warning: Setting locale failed.
perl: warning: Please check that your locale settings:
	LANGUAGE = "de_AT",
	LC_ALL = "de_AT",
	LC_MESSAGES = "de_AT",
	LANG = "de_AT"
    are supported and installed on your system.
perl: warning: Falling back to the standard locale ("C").
./tests/02ebcdic-dk-no-a.t .............. ok
perl: warning: Setting locale failed.
perl: warning: Please check that your locale settings:
	LANGUAGE = "de_AT",
	LC_ALL = "de_AT",
	LC_MESSAGES = "de_AT",
	LANG = "de_AT"
    are supported and installed on your system.
perl: warning: Falling back to the standard locale ("C").
./tests/02ebcdic-dk-no.t ................ ok
perl: warning: Setting locale failed.
perl: warning: Please check that your locale settings:
	LANGUAGE = "de_AT",
	LC_ALL = "de_AT",
	LC_MESSAGES = "de_AT",
	LANG = "de_AT"
    are supported and installed on your system.
perl: warning: Falling back to the standard locale ("C").
./tests/02ebcdic-es-a.t ................. ok
perl: warning: Setting locale failed.
perl: warning: Please check that your locale settings:
	LANGUAGE = "de_AT",
	LC_ALL = "de_AT",
	LC_MESSAGES = "de_AT",
	LANG = "de_AT"
    are supported and installed on your system.
perl: warning: Falling back to the standard locale ("C").
./tests/02ebcdic-es-s.t ................. ok
perl: warning: Setting locale failed.
perl: warning: Please check that your locale settings:
	LANGUAGE = "de_AT",
	LC_ALL = "de_AT",
	LC_MESSAGES = "de_AT",
	LANG = "de_AT"
    are supported and installed on your system.
perl: warning: Falling back to the standard locale ("C").
./tests/02ebcdic-es.t ................... ok
perl: warning: Setting locale failed.
perl: warning: Please check that your locale settings:
	LANGUAGE = "de_AT",
	LC_ALL = "de_AT",
	LC_MESSAGES = "de_AT",
	LANG = "de_AT"
    are supported and installed on your system.
perl: warning: Falling back to the standard locale ("C").
./tests/02ebcdic-fi-se-a.t .............. ok
perl: warning: Setting locale failed.
perl: warning: Please check that your locale settings:
	LANGUAGE = "de_AT",
	LC_ALL = "de_AT",
	LC_MESSAGES = "de_AT",
	LANG = "de_AT"
    are supported and installed on your system.
perl: warning: Falling back to the standard locale ("C").
./tests/02ebcdic-fi-se.t ................ ok
perl: warning: Setting locale failed.
perl: warning: Please check that your locale settings:
	LANGUAGE = "de_AT",
	LC_ALL = "de_AT",
	LC_MESSAGES = "de_AT",
	LANG = "de_AT"
    are supported and installed on your system.
perl: warning: Falling back to the standard locale ("C").
./tests/02ebcdic-fr.t ................... ok
perl: warning: Setting locale failed.
perl: warning: Please check that your locale settings:
	LANGUAGE = "de_AT",
	LC_ALL = "de_AT",
	LC_MESSAGES = "de_AT",
	LANG = "de_AT"
    are supported and installed on your system.
perl: warning: Falling back to the standard locale ("C").
./tests/02ebcdic-is-friss.t ............. ok
perl: warning: Setting locale failed.
perl: warning: Please check that your locale settings:
	LANGUAGE = "de_AT",
	LC_ALL = "de_AT",
	LC_MESSAGES = "de_AT",
	LANG = "de_AT"
    are supported and installed on your system.
perl: warning: Falling back to the standard locale ("C").
./tests/02ebcdic-it.t ................... ok
perl: warning: Setting locale failed.
perl: warning: Please check that your locale settings:
	LANGUAGE = "de_AT",
	LC_ALL = "de_AT",
	LC_MESSAGES = "de_AT",
	LANG = "de_AT"
    are supported and installed on your system.
perl: warning: Falling back to the standard locale ("C").
./tests/02ebcdic-pt.t ................... ok
perl: warning: Setting locale failed.
perl: warning: Please check that your locale settings:
	LANGUAGE = "de_AT",
	LC_ALL = "de_AT",
	LC_MESSAGES = "de_AT",
	LANG = "de_AT"
    are supported and installed on your system.
perl: warning: Falling back to the standard locale ("C").
./tests/02ebcdic-uk.t ................... ok
perl: warning: Setting locale failed.
perl: warning: Please check that your locale settings:
	LANGUAGE = "de_AT",
	LC_ALL = "de_AT",
	LC_MESSAGES = "de_AT",
	LANG = "de_AT"
    are supported and installed on your system.
perl: warning: Falling back to the standard locale ("C").
./tests/02ebcdic-us.t ................... ok
perl: warning: Setting locale failed.
perl: warning: Please check that your locale settings:
	LANGUAGE = "de_AT",
	LC_ALL = "de_AT",
	LC_MESSAGES = "de_AT",
	LANG = "de_AT"
    are supported and installed on your system.
perl: warning: Falling back to the standard locale ("C").
./tests/02ecma-cyrillic.t ............... ok
perl: warning: Setting locale failed.
perl: warning: Please check that your locale settings:
	LANGUAGE = "de_AT",
	LC_ALL = "de_AT",
	LC_MESSAGES = "de_AT",
	LANG = "de_AT"
    are supported and installed on your system.
perl: warning: Falling back to the standard locale ("C").
./tests/02georgian-academy.t ............ ok
perl: warning: Setting locale failed.
perl: warning: Please check that your locale settings:
	LANGUAGE = "de_AT",
	LC_ALL = "de_AT",
	LC_MESSAGES = "de_AT",
	LANG = "de_AT"
    are supported and installed on your system.
perl: warning: Falling back to the standard locale ("C").
./tests/02georgian-ps.t ................. ok
perl: warning: Setting locale failed.
perl: warning: Please check that your locale settings:
	LANGUAGE = "de_AT",
	LC_ALL = "de_AT",
	LC_MESSAGES = "de_AT",
	LANG = "de_AT"
    are supported and installed on your system.
perl: warning: Falling back to the standard locale ("C").
./tests/02gost_19768-74.t ............... ok
perl: warning: Setting locale failed.
perl: warning: Please check that your locale settings:
	LANGUAGE = "de_AT",
	LC_ALL = "de_AT",
	LC_MESSAGES = "de_AT",
	LANG = "de_AT"
    are supported and installed on your system.
perl: warning: Falling back to the standard locale ("C").
./tests/02greek-ccitt.t ................. ok
perl: warning: Setting locale failed.
perl: warning: Please check that your locale settings:
	LANGUAGE = "de_AT",
	LC_ALL = "de_AT",
	LC_MESSAGES = "de_AT",
	LANG = "de_AT"
    are supported and installed on your system.
perl: warning: Falling back to the standard locale ("C").
./tests/02greek7-old.t .................. ok
perl: warning: Setting locale failed.
perl: warning: Please check that your locale settings:
	LANGUAGE = "de_AT",
	LC_ALL = "de_AT",
	LC_MESSAGES = "de_AT",
	LANG = "de_AT"
    are supported and installed on your system.
perl: warning: Falling back to the standard locale ("C").
./tests/02greek7.t ...................... ok
perl: warning: Setting locale failed.
perl: warning: Please check that your locale settings:
	LANGUAGE = "de_AT",
	LC_ALL = "de_AT",
	LC_MESSAGES = "de_AT",
	LANG = "de_AT"
    are supported and installed on your system.
perl: warning: Falling back to the standard locale ("C").
./tests/02hp-roman8.t ................... ok
perl: warning: Setting locale failed.
perl: warning: Please check that your locale settings:
	LANGUAGE = "de_AT",
	LC_ALL = "de_AT",
	LC_MESSAGES = "de_AT",
	LANG = "de_AT"
    are supported and installed on your system.
perl: warning: Falling back to the standard locale ("C").
./tests/02ibm037.t ...................... ok
perl: warning: Setting locale failed.
perl: warning: Please check that your locale settings:
	LANGUAGE = "de_AT",
	LC_ALL = "de_AT",
	LC_MESSAGES = "de_AT",
	LANG = "de_AT"
    are supported and installed on your system.
perl: warning: Falling back to the standard locale ("C").
./tests/02ibm038.t ...................... ok
perl: warning: Setting locale failed.
perl: warning: Please check that your locale settings:
	LANGUAGE = "de_AT",
	LC_ALL = "de_AT",
	LC_MESSAGES = "de_AT",
	LANG = "de_AT"
    are supported and installed on your system.
perl: warning: Falling back to the standard locale ("C").
./tests/02ibm1004.t ..................... ok
perl: warning: Setting locale failed.
perl: warning: Please check that your locale settings:
	LANGUAGE = "de_AT",
	LC_ALL = "de_AT",
	LC_MESSAGES = "de_AT",
	LANG = "de_AT"
    are supported and installed on your system.
perl: warning: Falling back to the standard locale ("C").
./tests/02ibm1026.t ..................... ok
perl: warning: Setting locale failed.
perl: warning: Please check that your locale settings:
	LANGUAGE = "de_AT",
	LC_ALL = "de_AT",
	LC_MESSAGES = "de_AT",
	LANG = "de_AT"
    are supported and installed on your system.
perl: warning: Falling back to the standard locale ("C").
./tests/02ibm1047.t ..................... ok
perl: warning: Setting locale failed.
perl: warning: Please check that your locale settings:
	LANGUAGE = "de_AT",
	LC_ALL = "de_AT",
	LC_MESSAGES = "de_AT",
	LANG = "de_AT"
    are supported and installed on your system.
perl: warning: Falling back to the standard locale ("C").
./tests/02ibm256.t ...................... ok
perl: warning: Setting locale failed.
perl: warning: Please check that your locale settings:
	LANGUAGE = "de_AT",
	LC_ALL = "de_AT",
	LC_MESSAGES = "de_AT",
	LANG = "de_AT"
    are supported and installed on your system.
perl: warning: Falling back to the standard locale ("C").
./tests/02ibm273.t ...................... ok
perl: warning: Setting locale failed.
perl: warning: Please check that your locale settings:
	LANGUAGE = "de_AT",
	LC_ALL = "de_AT",
	LC_MESSAGES = "de_AT",
	LANG = "de_AT"
    are supported and installed on your system.
perl: warning: Falling back to the standard locale ("C").
./tests/02ibm274.t ...................... ok
perl: warning: Setting locale failed.
perl: warning: Please check that your locale settings:
	LANGUAGE = "de_AT",
	LC_ALL = "de_AT",
	LC_MESSAGES = "de_AT",
	LANG = "de_AT"
    are supported and installed on your system.
perl: warning: Falling back to the standard locale ("C").
./tests/02ibm275.t ...................... ok
perl: warning: Setting locale failed.
perl: warning: Please check that your locale settings:
	LANGUAGE = "de_AT",
	LC_ALL = "de_AT",
	LC_MESSAGES = "de_AT",
	LANG = "de_AT"
    are supported and installed on your system.
perl: warning: Falling back to the standard locale ("C").
./tests/02ibm277.t ...................... ok
perl: warning: Setting locale failed.
perl: warning: Please check that your locale settings:
	LANGUAGE = "de_AT",
	LC_ALL = "de_AT",
	LC_MESSAGES = "de_AT",
	LANG = "de_AT"
    are supported and installed on your system.
perl: warning: Falling back to the standard locale ("C").
./tests/02ibm278.t ...................... ok
perl: warning: Setting locale failed.
perl: warning: Please check that your locale settings:
	LANGUAGE = "de_AT",
	LC_ALL = "de_AT",
	LC_MESSAGES = "de_AT",
	LANG = "de_AT"
    are supported and installed on your system.
perl: warning: Falling back to the standard locale ("C").
./tests/02ibm280.t ...................... ok
perl: warning: Setting locale failed.
perl: warning: Please check that your locale settings:
	LANGUAGE = "de_AT",
	LC_ALL = "de_AT",
	LC_MESSAGES = "de_AT",
	LANG = "de_AT"
    are supported and installed on your system.
perl: warning: Falling back to the standard locale ("C").
./tests/02ibm281.t ...................... ok
perl: warning: Setting locale failed.
perl: warning: Please check that your locale settings:
	LANGUAGE = "de_AT",
	LC_ALL = "de_AT",
	LC_MESSAGES = "de_AT",
	LANG = "de_AT"
    are supported and installed on your system.
perl: warning: Falling back to the standard locale ("C").
./tests/02ibm284.t ...................... ok
perl: warning: Setting locale failed.
perl: warning: Please check that your locale settings:
	LANGUAGE = "de_AT",
	LC_ALL = "de_AT",
	LC_MESSAGES = "de_AT",
	LANG = "de_AT"
    are supported and installed on your system.
perl: warning: Falling back to the standard locale ("C").
./tests/02ibm285.t ...................... ok
perl: warning: Setting locale failed.
perl: warning: Please check that your locale settings:
	LANGUAGE = "de_AT",
	LC_ALL = "de_AT",
	LC_MESSAGES = "de_AT",
	LANG = "de_AT"
    are supported and installed on your system.
perl: warning: Falling back to the standard locale ("C").
./tests/02ibm290.t ...................... ok
perl: warning: Setting locale failed.
perl: warning: Please check that your locale settings:
	LANGUAGE = "de_AT",
	LC_ALL = "de_AT",
	LC_MESSAGES = "de_AT",
	LANG = "de_AT"
    are supported and installed on your system.
perl: warning: Falling back to the standard locale ("C").
./tests/02ibm297.t ...................... ok
perl: warning: Setting locale failed.
perl: warning: Please check that your locale settings:
	LANGUAGE = "de_AT",
	LC_ALL = "de_AT",
	LC_MESSAGES = "de_AT",
	LANG = "de_AT"
    are supported and installed on your system.
perl: warning: Falling back to the standard locale ("C").
./tests/02ibm420.t ...................... ok
perl: warning: Setting locale failed.
perl: warning: Please check that your locale settings:
	LANGUAGE = "de_AT",
	LC_ALL = "de_AT",
	LC_MESSAGES = "de_AT",
	LANG = "de_AT"
    are supported and installed on your system.
perl: warning: Falling back to the standard locale ("C").
./tests/02ibm423.t ...................... ok
perl: warning: Setting locale failed.
perl: warning: Please check that your locale settings:
	LANGUAGE = "de_AT",
	LC_ALL = "de_AT",
	LC_MESSAGES = "de_AT",
	LANG = "de_AT"
    are supported and installed on your system.
perl: warning: Falling back to the standard locale ("C").
./tests/02ibm424.t ...................... ok
perl: warning: Setting locale failed.
perl: warning: Please check that your locale settings:
	LANGUAGE = "de_AT",
	LC_ALL = "de_AT",
	LC_MESSAGES = "de_AT",
	LANG = "de_AT"
    are supported and installed on your system.
perl: warning: Falling back to the standard locale ("C").
./tests/02ibm437.t ...................... ok
perl: warning: Setting locale failed.
perl: warning: Please check that your locale settings:
	LANGUAGE = "de_AT",
	LC_ALL = "de_AT",
	LC_MESSAGES = "de_AT",
	LANG = "de_AT"
    are supported and installed on your system.
perl: warning: Falling back to the standard locale ("C").
./tests/02ibm500.t ...................... ok
perl: warning: Setting locale failed.
perl: warning: Please check that your locale settings:
	LANGUAGE = "de_AT",
	LC_ALL = "de_AT",
	LC_MESSAGES = "de_AT",
	LANG = "de_AT"
    are supported and installed on your system.
perl: warning: Falling back to the standard locale ("C").
./tests/02ibm850.t ...................... ok
perl: warning: Setting locale failed.
perl: warning: Please check that your locale settings:
	LANGUAGE = "de_AT",
	LC_ALL = "de_AT",
	LC_MESSAGES = "de_AT",
	LANG = "de_AT"
    are supported and installed on your system.
perl: warning: Falling back to the standard locale ("C").
./tests/02ibm851.t ...................... ok
perl: warning: Setting locale failed.
perl: warning: Please check that your locale settings:
	LANGUAGE = "de_AT",
	LC_ALL = "de_AT",
	LC_MESSAGES = "de_AT",
	LANG = "de_AT"
    are supported and installed on your system.
perl: warning: Falling back to the standard locale ("C").
./tests/02ibm852.t ...................... ok
perl: warning: Setting locale failed.
perl: warning: Please check that your locale settings:
	LANGUAGE = "de_AT",
	LC_ALL = "de_AT",
	LC_MESSAGES = "de_AT",
	LANG = "de_AT"
    are supported and installed on your system.
perl: warning: Falling back to the standard locale ("C").
./tests/02ibm855.t ...................... ok
perl: warning: Setting locale failed.
perl: warning: Please check that your locale settings:
	LANGUAGE = "de_AT",
	LC_ALL = "de_AT",
	LC_MESSAGES = "de_AT",
	LANG = "de_AT"
    are supported and installed on your system.
perl: warning: Falling back to the standard locale ("C").
./tests/02ibm857.t ...................... ok
perl: warning: Setting locale failed.
perl: warning: Please check that your locale settings:
	LANGUAGE = "de_AT",
	LC_ALL = "de_AT",
	LC_MESSAGES = "de_AT",
	LANG = "de_AT"
    are supported and installed on your system.
perl: warning: Falling back to the standard locale ("C").
./tests/02ibm860.t ...................... ok
perl: warning: Setting locale failed.
perl: warning: Please check that your locale settings:
	LANGUAGE = "de_AT",
	LC_ALL = "de_AT",
	LC_MESSAGES = "de_AT",
	LANG = "de_AT"
    are supported and installed on your system.
perl: warning: Falling back to the standard locale ("C").
./tests/02ibm861.t ...................... ok
perl: warning: Setting locale failed.
perl: warning: Please check that your locale settings:
	LANGUAGE = "de_AT",
	LC_ALL = "de_AT",
	LC_MESSAGES = "de_AT",
	LANG = "de_AT"
    are supported and installed on your system.
perl: warning: Falling back to the standard locale ("C").
./tests/02ibm862.t ...................... ok
perl: warning: Setting locale failed.
perl: warning: Please check that your locale settings:
	LANGUAGE = "de_AT",
	LC_ALL = "de_AT",
	LC_MESSAGES = "de_AT",
	LANG = "de_AT"
    are supported and installed on your system.
perl: warning: Falling back to the standard locale ("C").
./tests/02ibm863.t ...................... ok
perl: warning: Setting locale failed.
perl: warning: Please check that your locale settings:
	LANGUAGE = "de_AT",
	LC_ALL = "de_AT",
	LC_MESSAGES = "de_AT",
	LANG = "de_AT"
    are supported and installed on your system.
perl: warning: Falling back to the standard locale ("C").
./tests/02ibm864.t ...................... ok
perl: warning: Setting locale failed.
perl: warning: Please check that your locale settings:
	LANGUAGE = "de_AT",
	LC_ALL = "de_AT",
	LC_MESSAGES = "de_AT",
	LANG = "de_AT"
    are supported and installed on your system.
perl: warning: Falling back to the standard locale ("C").
./tests/02ibm865.t ...................... ok
perl: warning: Setting locale failed.
perl: warning: Please check that your locale settings:
	LANGUAGE = "de_AT",
	LC_ALL = "de_AT",
	LC_MESSAGES = "de_AT",
	LANG = "de_AT"
    are supported and installed on your system.
perl: warning: Falling back to the standard locale ("C").
./tests/02ibm866.t ...................... ok
perl: warning: Setting locale failed.
perl: warning: Please check that your locale settings:
	LANGUAGE = "de_AT",
	LC_ALL = "de_AT",
	LC_MESSAGES = "de_AT",
	LANG = "de_AT"
    are supported and installed on your system.
perl: warning: Falling back to the standard locale ("C").
./tests/02ibm868.t ...................... ok
perl: warning: Setting locale failed.
perl: warning: Please check that your locale settings:
	LANGUAGE = "de_AT",
	LC_ALL = "de_AT",
	LC_MESSAGES = "de_AT",
	LANG = "de_AT"
    are supported and installed on your system.
perl: warning: Falling back to the standard locale ("C").
./tests/02ibm869.t ...................... ok
perl: warning: Setting locale failed.
perl: warning: Please check that your locale settings:
	LANGUAGE = "de_AT",
	LC_ALL = "de_AT",
	LC_MESSAGES = "de_AT",
	LANG = "de_AT"
    are supported and installed on your system.
perl: warning: Falling back to the standard locale ("C").
./tests/02ibm870.t ...................... ok
perl: warning: Setting locale failed.
perl: warning: Please check that your locale settings:
	LANGUAGE = "de_AT",
	LC_ALL = "de_AT",
	LC_MESSAGES = "de_AT",
	LANG = "de_AT"
    are supported and installed on your system.
perl: warning: Falling back to the standard locale ("C").
./tests/02ibm871.t ...................... ok
perl: warning: Setting locale failed.
perl: warning: Please check that your locale settings:
	LANGUAGE = "de_AT",
	LC_ALL = "de_AT",
	LC_MESSAGES = "de_AT",
	LANG = "de_AT"
    are supported and installed on your system.
perl: warning: Falling back to the standard locale ("C").
./tests/02ibm874.t ...................... ok
perl: warning: Setting locale failed.
perl: warning: Please check that your locale settings:
	LANGUAGE = "de_AT",
	LC_ALL = "de_AT",
	LC_MESSAGES = "de_AT",
	LANG = "de_AT"
    are supported and installed on your system.
perl: warning: Falling back to the standard locale ("C").
./tests/02ibm875.t ...................... ok
perl: warning: Setting locale failed.
perl: warning: Please check that your locale settings:
	LANGUAGE = "de_AT",
	LC_ALL = "de_AT",
	LC_MESSAGES = "de_AT",
	LANG = "de_AT"
    are supported and installed on your system.
perl: warning: Falling back to the standard locale ("C").
./tests/02ibm880.t ...................... ok
perl: warning: Setting locale failed.
perl: warning: Please check that your locale settings:
	LANGUAGE = "de_AT",
	LC_ALL = "de_AT",
	LC_MESSAGES = "de_AT",
	LANG = "de_AT"
    are supported and installed on your system.
perl: warning: Falling back to the standard locale ("C").
./tests/02ibm891.t ...................... ok
perl: warning: Setting locale failed.
perl: warning: Please check that your locale settings:
	LANGUAGE = "de_AT",
	LC_ALL = "de_AT",
	LC_MESSAGES = "de_AT",
	LANG = "de_AT"
    are supported and installed on your system.
perl: warning: Falling back to the standard locale ("C").
./tests/02ibm903.t ...................... ok
perl: warning: Setting locale failed.
perl: warning: Please check that your locale settings:
	LANGUAGE = "de_AT",
	LC_ALL = "de_AT",
	LC_MESSAGES = "de_AT",
	LANG = "de_AT"
    are supported and installed on your system.
perl: warning: Falling back to the standard locale ("C").
./tests/02ibm904.t ...................... ok
perl: warning: Setting locale failed.
perl: warning: Please check that your locale settings:
	LANGUAGE = "de_AT",
	LC_ALL = "de_AT",
	LC_MESSAGES = "de_AT",
	LANG = "de_AT"
    are supported and installed on your system.
perl: warning: Falling back to the standard locale ("C").
./tests/02ibm905.t ...................... ok
perl: warning: Setting locale failed.
perl: warning: Please check that your locale settings:
	LANGUAGE = "de_AT",
	LC_ALL = "de_AT",
	LC_MESSAGES = "de_AT",
	LANG = "de_AT"
    are supported and installed on your system.
perl: warning: Falling back to the standard locale ("C").
./tests/02ibm918.t ...................... ok
perl: warning: Setting locale failed.
perl: warning: Please check that your locale settings:
	LANGUAGE = "de_AT",
	LC_ALL = "de_AT",
	LC_MESSAGES = "de_AT",
	LANG = "de_AT"
    are supported and installed on your system.
perl: warning: Falling back to the standard locale ("C").
./tests/02iec_p27-1.t ................... ok
perl: warning: Setting locale failed.
perl: warning: Please check that your locale settings:
	LANGUAGE = "de_AT",
	LC_ALL = "de_AT",
	LC_MESSAGES = "de_AT",
	LANG = "de_AT"
    are supported and installed on your system.
perl: warning: Falling back to the standard locale ("C").
./tests/02inis-8.t ...................... ok
perl: warning: Setting locale failed.
perl: warning: Please check that your locale settings:
	LANGUAGE = "de_AT",
	LC_ALL = "de_AT",
	LC_MESSAGES = "de_AT",
	LANG = "de_AT"
    are supported and installed on your system.
perl: warning: Falling back to the standard locale ("C").
./tests/02inis-cyrillic.t ............... ok
perl: warning: Setting locale failed.
perl: warning: Please check that your locale settings:
	LANGUAGE = "de_AT",
	LC_ALL = "de_AT",
	LC_MESSAGES = "de_AT",
	LANG = "de_AT"
    are supported and installed on your system.
perl: warning: Falling back to the standard locale ("C").
./tests/02inis.t ........................ ok
perl: warning: Setting locale failed.
perl: warning: Please check that your locale settings:
	LANGUAGE = "de_AT",
	LC_ALL = "de_AT",
	LC_MESSAGES = "de_AT",
	LANG = "de_AT"
    are supported and installed on your system.
perl: warning: Falling back to the standard locale ("C").
./tests/02iso-8859-1.t .................. ok
perl: warning: Setting locale failed.
perl: warning: Please check that your locale settings:
	LANGUAGE = "de_AT",
	LC_ALL = "de_AT",
	LC_MESSAGES = "de_AT",
	LANG = "de_AT"
    are supported and installed on your system.
perl: warning: Falling back to the standard locale ("C").
./tests/02iso-8859-10.t ................. ok
perl: warning: Setting locale failed.
perl: warning: Please check that your locale settings:
	LANGUAGE = "de_AT",
	LC_ALL = "de_AT",
	LC_MESSAGES = "de_AT",
	LANG = "de_AT"
    are supported and installed on your system.
perl: warning: Falling back to the standard locale ("C").
./tests/02iso-8859-11.t ................. ok
perl: warning: Setting locale failed.
perl: warning: Please check that your locale settings:
	LANGUAGE = "de_AT",
	LC_ALL = "de_AT",
	LC_MESSAGES = "de_AT",
	LANG = "de_AT"
    are supported and installed on your system.
perl: warning: Falling back to the standard locale ("C").
./tests/02iso-8859-13.t ................. ok
perl: warning: Setting locale failed.
perl: warning: Please check that your locale settings:
	LANGUAGE = "de_AT",
	LC_ALL = "de_AT",
	LC_MESSAGES = "de_AT",
	LANG = "de_AT"
    are supported and installed on your system.
perl: warning: Falling back to the standard locale ("C").
./tests/02iso-8859-14.t ................. ok
perl: warning: Setting locale failed.
perl: warning: Please check that your locale settings:
	LANGUAGE = "de_AT",
	LC_ALL = "de_AT",
	LC_MESSAGES = "de_AT",
	LANG = "de_AT"
    are supported and installed on your system.
perl: warning: Falling back to the standard locale ("C").
./tests/02iso-8859-15.t ................. ok
perl: warning: Setting locale failed.
perl: warning: Please check that your locale settings:
	LANGUAGE = "de_AT",
	LC_ALL = "de_AT",
	LC_MESSAGES = "de_AT",
	LANG = "de_AT"
    are supported and installed on your system.
perl: warning: Falling back to the standard locale ("C").
./tests/02iso-8859-16.t ................. ok
perl: warning: Setting locale failed.
perl: warning: Please check that your locale settings:
	LANGUAGE = "de_AT",
	LC_ALL = "de_AT",
	LC_MESSAGES = "de_AT",
	LANG = "de_AT"
    are supported and installed on your system.
perl: warning: Falling back to the standard locale ("C").
./tests/02iso-8859-2.t .................. ok
perl: warning: Setting locale failed.
perl: warning: Please check that your locale settings:
	LANGUAGE = "de_AT",
	LC_ALL = "de_AT",
	LC_MESSAGES = "de_AT",
	LANG = "de_AT"
    are supported and installed on your system.
perl: warning: Falling back to the standard locale ("C").
./tests/02iso-8859-3.t .................. ok
perl: warning: Setting locale failed.
perl: warning: Please check that your locale settings:
	LANGUAGE = "de_AT",
	LC_ALL = "de_AT",
	LC_MESSAGES = "de_AT",
	LANG = "de_AT"
    are supported and installed on your system.
perl: warning: Falling back to the standard locale ("C").
./tests/02iso-8859-4.t .................. ok
perl: warning: Setting locale failed.
perl: warning: Please check that your locale settings:
	LANGUAGE = "de_AT",
	LC_ALL = "de_AT",
	LC_MESSAGES = "de_AT",
	LANG = "de_AT"
    are supported and installed on your system.
perl: warning: Falling back to the standard locale ("C").
./tests/02iso-8859-5.t .................. ok
perl: warning: Setting locale failed.
perl: warning: Please check that your locale settings:
	LANGUAGE = "de_AT",
	LC_ALL = "de_AT",
	LC_MESSAGES = "de_AT",
	LANG = "de_AT"
    are supported and installed on your system.
perl: warning: Falling back to the standard locale ("C").
./tests/02iso-8859-6.t .................. ok
perl: warning: Setting locale failed.
perl: warning: Please check that your locale settings:
	LANGUAGE = "de_AT",
	LC_ALL = "de_AT",
	LC_MESSAGES = "de_AT",
	LANG = "de_AT"
    are supported and installed on your system.
perl: warning: Falling back to the standard locale ("C").
./tests/02iso-8859-7.t .................. ok
perl: warning: Setting locale failed.
perl: warning: Please check that your locale settings:
	LANGUAGE = "de_AT",
	LC_ALL = "de_AT",
	LC_MESSAGES = "de_AT",
	LANG = "de_AT"
    are supported and installed on your system.
perl: warning: Falling back to the standard locale ("C").
./tests/02iso-8859-8.t .................. ok
perl: warning: Setting locale failed.
perl: warning: Please check that your locale settings:
	LANGUAGE = "de_AT",
	LC_ALL = "de_AT",
	LC_MESSAGES = "de_AT",
	LANG = "de_AT"
    are supported and installed on your system.
perl: warning: Falling back to the standard locale ("C").
./tests/02iso-8859-9.t .................. ok
perl: warning: Setting locale failed.
perl: warning: Please check that your locale settings:
	LANGUAGE = "de_AT",
	LC_ALL = "de_AT",
	LC_MESSAGES = "de_AT",
	LANG = "de_AT"
    are supported and installed on your system.
perl: warning: Falling back to the standard locale ("C").
./tests/02iso_10367-box.t ............... ok
perl: warning: Setting locale failed.
perl: warning: Please check that your locale settings:
	LANGUAGE = "de_AT",
	LC_ALL = "de_AT",
	LC_MESSAGES = "de_AT",
	LANG = "de_AT"
    are supported and installed on your system.
perl: warning: Falling back to the standard locale ("C").
./tests/02iso_2033-1983.t ............... ok
perl: warning: Setting locale failed.
perl: warning: Please check that your locale settings:
	LANGUAGE = "de_AT",
	LC_ALL = "de_AT",
	LC_MESSAGES = "de_AT",
	LANG = "de_AT"
    are supported and installed on your system.
perl: warning: Falling back to the standard locale ("C").
./tests/02iso_5427-ext.t ................ ok
perl: warning: Setting locale failed.
perl: warning: Please check that your locale settings:
	LANGUAGE = "de_AT",
	LC_ALL = "de_AT",
	LC_MESSAGES = "de_AT",
	LANG = "de_AT"
    are supported and installed on your system.
perl: warning: Falling back to the standard locale ("C").
./tests/02iso_5427.t .................... ok
perl: warning: Setting locale failed.
perl: warning: Please check that your locale settings:
	LANGUAGE = "de_AT",
	LC_ALL = "de_AT",
	LC_MESSAGES = "de_AT",
	LANG = "de_AT"
    are supported and installed on your system.
perl: warning: Falling back to the standard locale ("C").
./tests/02iso_5428.t .................... ok
perl: warning: Setting locale failed.
perl: warning: Please check that your locale settings:
	LANGUAGE = "de_AT",
	LC_ALL = "de_AT",
	LC_MESSAGES = "de_AT",
	LANG = "de_AT"
    are supported and installed on your system.
perl: warning: Falling back to the standard locale ("C").
./tests/02koi-8.t ....................... ok
perl: warning: Setting locale failed.
perl: warning: Please check that your locale settings:
	LANGUAGE = "de_AT",
	LC_ALL = "de_AT",
	LC_MESSAGES = "de_AT",
	LANG = "de_AT"
    are supported and installed on your system.
perl: warning: Falling back to the standard locale ("C").
./tests/02koi8-r.t ...................... ok
perl: warning: Setting locale failed.
perl: warning: Please check that your locale settings:
	LANGUAGE = "de_AT",
	LC_ALL = "de_AT",
	LC_MESSAGES = "de_AT",
	LANG = "de_AT"
    are supported and installed on your system.
perl: warning: Falling back to the standard locale ("C").
./tests/02koi8-ru.t ..................... ok
perl: warning: Setting locale failed.
perl: warning: Please check that your locale settings:
	LANGUAGE = "de_AT",
	LC_ALL = "de_AT",
	LC_MESSAGES = "de_AT",
	LANG = "de_AT"
    are supported and installed on your system.
perl: warning: Falling back to the standard locale ("C").
./tests/02koi8-t.t ...................... ok
perl: warning: Setting locale failed.
perl: warning: Please check that your locale settings:
	LANGUAGE = "de_AT",
	LC_ALL = "de_AT",
	LC_MESSAGES = "de_AT",
	LANG = "de_AT"
    are supported and installed on your system.
perl: warning: Falling back to the standard locale ("C").
./tests/02koi8-u.t ...................... ok
perl: warning: Setting locale failed.
perl: warning: Please check that your locale settings:
	LANGUAGE = "de_AT",
	LC_ALL = "de_AT",
	LC_MESSAGES = "de_AT",
	LANG = "de_AT"
    are supported and installed on your system.
perl: warning: Falling back to the standard locale ("C").
./tests/02latin-greek-1.t ............... ok
perl: warning: Setting locale failed.
perl: warning: Please check that your locale settings:
	LANGUAGE = "de_AT",
	LC_ALL = "de_AT",
	LC_MESSAGES = "de_AT",
	LANG = "de_AT"
    are supported and installed on your system.
perl: warning: Falling back to the standard locale ("C").
./tests/02latin-greek.t ................. ok
perl: warning: Setting locale failed.
perl: warning: Please check that your locale settings:
	LANGUAGE = "de_AT",
	LC_ALL = "de_AT",
	LC_MESSAGES = "de_AT",
	LANG = "de_AT"
    are supported and installed on your system.
perl: warning: Falling back to the standard locale ("C").
./tests/02mac-is.t ...................... ok
perl: warning: Setting locale failed.
perl: warning: Please check that your locale settings:
	LANGUAGE = "de_AT",
	LC_ALL = "de_AT",
	LC_MESSAGES = "de_AT",
	LANG = "de_AT"
    are supported and installed on your system.
perl: warning: Falling back to the standard locale ("C").
./tests/02mac-sami.t .................... ok
perl: warning: Setting locale failed.
perl: warning: Please check that your locale settings:
	LANGUAGE = "de_AT",
	LC_ALL = "de_AT",
	LC_MESSAGES = "de_AT",
	LANG = "de_AT"
    are supported and installed on your system.
perl: warning: Falling back to the standard locale ("C").
./tests/02mac-uk.t ...................... ok
perl: warning: Setting locale failed.
perl: warning: Please check that your locale settings:
	LANGUAGE = "de_AT",
	LC_ALL = "de_AT",
	LC_MESSAGES = "de_AT",
	LANG = "de_AT"
    are supported and installed on your system.
perl: warning: Falling back to the standard locale ("C").
./tests/02macarabic.t ................... ok
perl: warning: Setting locale failed.
perl: warning: Please check that your locale settings:
	LANGUAGE = "de_AT",
	LC_ALL = "de_AT",
	LC_MESSAGES = "de_AT",
	LANG = "de_AT"
    are supported and installed on your system.
perl: warning: Falling back to the standard locale ("C").
./tests/02maccroatian.t ................. ok
perl: warning: Setting locale failed.
perl: warning: Please check that your locale settings:
	LANGUAGE = "de_AT",
	LC_ALL = "de_AT",
	LC_MESSAGES = "de_AT",
	LANG = "de_AT"
    are supported and installed on your system.
perl: warning: Falling back to the standard locale ("C").
./tests/02maccyrillic.t ................. ok
perl: warning: Setting locale failed.
perl: warning: Please check that your locale settings:
	LANGUAGE = "de_AT",
	LC_ALL = "de_AT",
	LC_MESSAGES = "de_AT",
	LANG = "de_AT"
    are supported and installed on your system.
perl: warning: Falling back to the standard locale ("C").
./tests/02macgreek.t .................... ok
perl: warning: Setting locale failed.
perl: warning: Please check that your locale settings:
	LANGUAGE = "de_AT",
	LC_ALL = "de_AT",
	LC_MESSAGES = "de_AT",
	LANG = "de_AT"
    are supported and installed on your system.
perl: warning: Falling back to the standard locale ("C").
./tests/02machebrew.t ................... ok
perl: warning: Setting locale failed.
perl: warning: Please check that your locale settings:
	LANGUAGE = "de_AT",
	LC_ALL = "de_AT",
	LC_MESSAGES = "de_AT",
	LANG = "de_AT"
    are supported and installed on your system.
perl: warning: Falling back to the standard locale ("C").
./tests/02maciceland.t .................. ok
perl: warning: Setting locale failed.
perl: warning: Please check that your locale settings:
	LANGUAGE = "de_AT",
	LC_ALL = "de_AT",
	LC_MESSAGES = "de_AT",
	LANG = "de_AT"
    are supported and installed on your system.
perl: warning: Falling back to the standard locale ("C").
./tests/02macintosh.t ................... ok
perl: warning: Setting locale failed.
perl: warning: Please check that your locale settings:
	LANGUAGE = "de_AT",
	LC_ALL = "de_AT",
	LC_MESSAGES = "de_AT",
	LANG = "de_AT"
    are supported and installed on your system.
perl: warning: Falling back to the standard locale ("C").
./tests/02macromania.t .................. ok
perl: warning: Setting locale failed.
perl: warning: Please check that your locale settings:
	LANGUAGE = "de_AT",
	LC_ALL = "de_AT",
	LC_MESSAGES = "de_AT",
	LANG = "de_AT"
    are supported and installed on your system.
perl: warning: Falling back to the standard locale ("C").
./tests/02macthai.t ..................... ok
perl: warning: Setting locale failed.
perl: warning: Please check that your locale settings:
	LANGUAGE = "de_AT",
	LC_ALL = "de_AT",
	LC_MESSAGES = "de_AT",
	LANG = "de_AT"
    are supported and installed on your system.
perl: warning: Falling back to the standard locale ("C").
./tests/02macturkish.t .................. ok
perl: warning: Setting locale failed.
perl: warning: Please check that your locale settings:
	LANGUAGE = "de_AT",
	LC_ALL = "de_AT",
	LC_MESSAGES = "de_AT",
	LANG = "de_AT"
    are supported and installed on your system.
perl: warning: Falling back to the standard locale ("C").
./tests/02macukraine.t .................. ok
perl: warning: Setting locale failed.
perl: warning: Please check that your locale settings:
	LANGUAGE = "de_AT",
	LC_ALL = "de_AT",
	LC_MESSAGES = "de_AT",
	LANG = "de_AT"
    are supported and installed on your system.
perl: warning: Falling back to the standard locale ("C").
./tests/02nats-dano.t ................... ok
perl: warning: Setting locale failed.
perl: warning: Please check that your locale settings:
	LANGUAGE = "de_AT",
	LC_ALL = "de_AT",
	LC_MESSAGES = "de_AT",
	LANG = "de_AT"
    are supported and installed on your system.
perl: warning: Falling back to the standard locale ("C").
./tests/02nats-sefi.t ................... ok
perl: warning: Setting locale failed.
perl: warning: Please check that your locale settings:
	LANGUAGE = "de_AT",
	LC_ALL = "de_AT",
	LC_MESSAGES = "de_AT",
	LANG = "de_AT"
    are supported and installed on your system.
perl: warning: Falling back to the standard locale ("C").
./tests/02nextstep.t .................... ok
perl: warning: Setting locale failed.
perl: warning: Please check that your locale settings:
	LANGUAGE = "de_AT",
	LC_ALL = "de_AT",
	LC_MESSAGES = "de_AT",
	LANG = "de_AT"
    are supported and installed on your system.
perl: warning: Falling back to the standard locale ("C").
./tests/02sami-ws2.t .................... ok
perl: warning: Setting locale failed.
perl: warning: Please check that your locale settings:
	LANGUAGE = "de_AT",
	LC_ALL = "de_AT",
	LC_MESSAGES = "de_AT",
	LANG = "de_AT"
    are supported and installed on your system.
perl: warning: Falling back to the standard locale ("C").
./tests/02tis-620.t ..................... ok
perl: warning: Setting locale failed.
perl: warning: Please check that your locale settings:
	LANGUAGE = "de_AT",
	LC_ALL = "de_AT",
	LC_MESSAGES = "de_AT",
	LANG = "de_AT"
    are supported and installed on your system.
perl: warning: Falling back to the standard locale ("C").
./tests/02us-ascii.t .................... ok
perl: warning: Setting locale failed.
perl: warning: Please check that your locale settings:
	LANGUAGE = "de_AT",
	LC_ALL = "de_AT",
	LC_MESSAGES = "de_AT",
	LANG = "de_AT"
    are supported and installed on your system.
perl: warning: Falling back to the standard locale ("C").
./tests/02utf-8.t ....................... ok
perl: warning: Setting locale failed.
perl: warning: Please check that your locale settings:
	LANGUAGE = "de_AT",
	LC_ALL = "de_AT",
	LC_MESSAGES = "de_AT",
	LANG = "de_AT"
    are supported and installed on your system.
perl: warning: Falling back to the standard locale ("C").
./tests/02viscii.t ...................... ok
perl: warning: Setting locale failed.
perl: warning: Please check that your locale settings:
	LANGUAGE = "de_AT",
	LC_ALL = "de_AT",
	LC_MESSAGES = "de_AT",
	LANG = "de_AT"
    are supported and installed on your system.
perl: warning: Falling back to the standard locale ("C").
# Test 5 got: "View" (./tests/03_tester_david_pp.t at line 54)
#   Expected: "Anzeigen"
#  ./tests/03_tester_david_pp.t line 54 is: ok dcgettext (existing => 'View', LC_MESSAGES), 'Anzeigen';
# Test 6 got: "Which folder would you like to view?\4View" (./tests/03_tester_david_pp.t at line 57)
#   Expected: "Ansicht"
#  ./tests/03_tester_david_pp.t line 57 is: ok dcgettext (existing => "Which folder would you like to view?\004View",
./tests/03_tester_david_pp.t ............ 
Failed 2/6 subtests 
perl: warning: Setting locale failed.
perl: warning: Please check that your locale settings:
	LANGUAGE = "de_AT",
	LC_ALL = "de_AT",
	LC_MESSAGES = "de_AT",
	LANG = "de_AT"
    are supported and installed on your system.
perl: warning: Falling back to the standard locale ("C").
# Test 5 got: "View" (./tests/03_tester_david_xs.t at line 54)
#   Expected: "Anzeigen"
#  ./tests/03_tester_david_xs.t line 54 is: ok dcgettext (existing => 'View', LC_MESSAGES), 'Anzeigen';
# Test 6 got: "Which folder would you like to view?\4View" (./tests/03_tester_david_xs.t at line 57)
#   Expected: "Ansicht"
#  ./tests/03_tester_david_xs.t line 57 is: ok dcgettext (existing => "Which folder would you like to view?\004View",
./tests/03_tester_david_xs.t ............ 
Failed 2/6 subtests 
perl: warning: Setting locale failed.
perl: warning: Please check that your locale settings:
	LANGUAGE = "de_AT",
	LC_ALL = "de_AT",
	LC_MESSAGES = "de_AT",
	LANG = "de_AT"
    are supported and installed on your system.
perl: warning: Falling back to the standard locale ("C").
./tests/03bind_textdomain_codeset_pp.t .. ok
perl: warning: Setting locale failed.
perl: warning: Please check that your locale settings:
	LANGUAGE = "de_AT",
	LC_ALL = "de_AT",
	LC_MESSAGES = "de_AT",
	LANG = "de_AT"
    are supported and installed on your system.
perl: warning: Falling back to the standard locale ("C").
./tests/03bind_textdomain_codeset_xs.t .. ok
perl: warning: Setting locale failed.
perl: warning: Please check that your locale settings:
	LANGUAGE = "de_AT",
	LC_ALL = "de_AT",
	LC_MESSAGES = "de_AT",
	LANG = "de_AT"
    are supported and installed on your system.
perl: warning: Falling back to the standard locale ("C").
./tests/03bind_textdomain_filter_pp.t ... ok
perl: warning: Setting locale failed.
perl: warning: Please check that your locale settings:
	LANGUAGE = "de_AT",
	LC_ALL = "de_AT",
	LC_MESSAGES = "de_AT",
	LANG = "de_AT"
    are supported and installed on your system.
perl: warning: Falling back to the standard locale ("C").
./tests/03bind_textdomain_filter_xs.t ... ok
perl: warning: Setting locale failed.
perl: warning: Please check that your locale settings:
	LANGUAGE = "de_AT",
	LC_ALL = "de_AT",
	LC_MESSAGES = "de_AT",
	LANG = "de_AT"
    are supported and installed on your system.
perl: warning: Falling back to the standard locale ("C").
./tests/03bindtextdomain_pp.t ........... ok
perl: warning: Setting locale failed.
perl: warning: Please check that your locale settings:
	LANGUAGE = "de_AT",
	LC_ALL = "de_AT",
	LC_MESSAGES = "de_AT",
	LANG = "de_AT"
    are supported and installed on your system.
perl: warning: Falling back to the standard locale ("C").
./tests/03bindtextdomain_xs.t ........... ok
perl: warning: Setting locale failed.
perl: warning: Please check that your locale settings:
	LANGUAGE = "de_AT",
	LC_ALL = "de_AT",
	LC_MESSAGES = "de_AT",
	LANG = "de_AT"
    are supported and installed on your system.
perl: warning: Falling back to the standard locale ("C").
./tests/03dcgettext_pp.t ................ ok
perl: warning: Setting locale failed.
perl: warning: Please check that your locale settings:
	LANGUAGE = "de_AT",
	LC_ALL = "de_AT",
	LC_MESSAGES = "de_AT",
	LANG = "de_AT"
    are supported and installed on your system.
perl: warning: Falling back to the standard locale ("C").
./tests/03dcgettext_xs.t ................ ok
perl: warning: Setting locale failed.
perl: warning: Please check that your locale settings:
	LANGUAGE = "de_AT",
	LC_ALL = "de_AT",
	LC_MESSAGES = "de_AT",
	LANG = "de_AT"
    are supported and installed on your system.
perl: warning: Falling back to the standard locale ("C").
./tests/03dcngettext_pp.t ............... ok
perl: warning: Setting locale failed.
perl: warning: Please check that your locale settings:
	LANGUAGE = "de_AT",
	LC_ALL = "de_AT",
	LC_MESSAGES = "de_AT",
	LANG = "de_AT"
    are supported and installed on your system.
perl: warning: Falling back to the standard locale ("C").
./tests/03dcngettext_xs.t ............... ok
perl: warning: Setting locale failed.
perl: warning: Please check that your locale settings:
	LANGUAGE = "de_AT",
	LC_ALL = "de_AT",
	LC_MESSAGES = "de_AT",
	LANG = "de_AT"
    are supported and installed on your system.
perl: warning: Falling back to the standard locale ("C").
./tests/03dcnpgettext_pp.t .............. ok
perl: warning: Setting locale failed.
perl: warning: Please check that your locale settings:
	LANGUAGE = "de_AT",
	LC_ALL = "de_AT",
	LC_MESSAGES = "de_AT",
	LANG = "de_AT"
    are supported and installed on your system.
perl: warning: Falling back to the standard locale ("C").
./tests/03dcnpgettext_xs.t .............. ok
perl: warning: Setting locale failed.
perl: warning: Please check that your locale settings:
	LANGUAGE = "de_AT",
	LC_ALL = "de_AT",
	LC_MESSAGES = "de_AT",
	LANG = "de_AT"
    are supported and installed on your system.
perl: warning: Falling back to the standard locale ("C").
# Test 5 got: "Anzeigen" (./tests/03dcpgettext_pp.t at line 51)
#   Expected: "View"
#  ./tests/03dcpgettext_pp.t line 51 is: ok 'Anzeigen', dcgettext (existing => 'View', LC_MESSAGES);
# Test 6 got: "Ansicht" (./tests/03dcpgettext_pp.t at line 52)
#   Expected: "View"
#  ./tests/03dcpgettext_pp.t line 52 is: ok 'Ansicht', dcpgettext (existing => 'Which folder would you like to view?','View', LC_MESSAGES);
# Test 8 got: "Eine andere Ansicht mit Kontext" (./tests/03dcpgettext_pp.t at line 55)
#   Expected: "Another View"
#  ./tests/03dcpgettext_pp.t line 55 is: ok 'Eine andere Ansicht mit Kontext', dcpgettext (additional => 'Context', 'Another View', LC_MESSAGES);
# Test 10 got: "Eine andere Ansicht mit Kontext" (./tests/03dcpgettext_pp.t at line 57)
#    Expected: "Another View"
#  ./tests/03dcpgettext_pp.t line 57 is: ok 'Eine andere Ansicht mit Kontext', dcpgettext (additional => 'Context', 'Another View', LC_MESSAGES);
./tests/03dcpgettext_pp.t ............... 
Failed 4/10 subtests 
perl: warning: Setting locale failed.
perl: warning: Please check that your locale settings:
	LANGUAGE = "de_AT",
	LC_ALL = "de_AT",
	LC_MESSAGES = "de_AT",
	LANG = "de_AT"
    are supported and installed on your system.
perl: warning: Falling back to the standard locale ("C").
# Test 5 got: "Anzeigen" (./tests/03dcpgettext_xs.t at line 51)
#   Expected: "View"
#  ./tests/03dcpgettext_xs.t line 51 is: ok 'Anzeigen', dcgettext (existing => 'View', LC_MESSAGES);
# Test 6 got: "Ansicht" (./tests/03dcpgettext_xs.t at line 52)
#   Expected: "View"
#  ./tests/03dcpgettext_xs.t line 52 is: ok 'Ansicht', dcpgettext (existing => 'Which folder would you like to view?','View', LC_MESSAGES);
# Test 8 got: "Eine andere Ansicht mit Kontext" (./tests/03dcpgettext_xs.t at line 55)
#   Expected: "Another View"
#  ./tests/03dcpgettext_xs.t line 55 is: ok 'Eine andere Ansicht mit Kontext', dcpgettext (additional => 'Context', 'Another View', LC_MESSAGES);
# Test 10 got: "Eine andere Ansicht mit Kontext" (./tests/03dcpgettext_xs.t at line 57)
#    Expected: "Another View"
#  ./tests/03dcpgettext_xs.t line 57 is: ok 'Eine andere Ansicht mit Kontext', dcpgettext (additional => 'Context', 'Another View', LC_MESSAGES);
./tests/03dcpgettext_xs.t ............... 
Failed 4/10 subtests 
perl: warning: Setting locale failed.
perl: warning: Please check that your locale settings:
	LANGUAGE = "de_AT",
	LC_ALL = "de_AT",
	LC_MESSAGES = "de_AT",
	LANG = "de_AT"
    are supported and installed on your system.
perl: warning: Falling back to the standard locale ("C").
./tests/03dgettext_pp.t ................. ok
perl: warning: Setting locale failed.
perl: warning: Please check that your locale settings:
	LANGUAGE = "de_AT",
	LC_ALL = "de_AT",
	LC_MESSAGES = "de_AT",
	LANG = "de_AT"
    are supported and installed on your system.
perl: warning: Falling back to the standard locale ("C").
./tests/03dgettext_xs.t ................. ok
perl: warning: Setting locale failed.
perl: warning: Please check that your locale settings:
	LANGUAGE = "de_AT",
	LC_ALL = "de_AT",
	LC_MESSAGES = "de_AT",
	LANG = "de_AT"
    are supported and installed on your system.
perl: warning: Falling back to the standard locale ("C").
./tests/03dngettext_pp.t ................ ok
perl: warning: Setting locale failed.
perl: warning: Please check that your locale settings:
	LANGUAGE = "de_AT",
	LC_ALL = "de_AT",
	LC_MESSAGES = "de_AT",
	LANG = "de_AT"
    are supported and installed on your system.
perl: warning: Falling back to the standard locale ("C").
./tests/03dngettext_xs.t ................ ok
perl: warning: Setting locale failed.
perl: warning: Please check that your locale settings:
	LANGUAGE = "de_AT",
	LC_ALL = "de_AT",
	LC_MESSAGES = "de_AT",
	LANG = "de_AT"
    are supported and installed on your system.
perl: warning: Falling back to the standard locale ("C").
./tests/03dnpgettext_pp.t ............... ok
perl: warning: Setting locale failed.
perl: warning: Please check that your locale settings:
	LANGUAGE = "de_AT",
	LC_ALL = "de_AT",
	LC_MESSAGES = "de_AT",
	LANG = "de_AT"
    are supported and installed on your system.
perl: warning: Falling back to the standard locale ("C").
./tests/03dnpgettext_xs.t ............... ok
perl: warning: Setting locale failed.
perl: warning: Please check that your locale settings:
	LANGUAGE = "de_AT",
	LC_ALL = "de_AT",
	LC_MESSAGES = "de_AT",
	LANG = "de_AT"
    are supported and installed on your system.
perl: warning: Falling back to the standard locale ("C").
# Test 5 got: "View" (./tests/03dpgettext_pp.t at line 53)
#   Expected: "Anzeigen"
#  ./tests/03dpgettext_pp.t line 53 is: ok dgettext (existing => 'View'), 'Anzeigen';
# Test 6 got: "View" (./tests/03dpgettext_pp.t at line 54)
#   Expected: "Ansicht"
#  ./tests/03dpgettext_pp.t line 54 is: ok dpgettext (existing => 'Which folder would you like to view?', 'View'), 'Ansicht';
# Test 8 got: "Another View" (./tests/03dpgettext_pp.t at line 57)
#   Expected: "Eine andere Ansicht mit Kontext"
#  ./tests/03dpgettext_pp.t line 57 is: ok dpgettext (additional => 'Context', 'Another View'), 'Eine andere Ansicht mit Kontext';
./tests/03dpgettext_pp.t ................ 
Failed 3/9 subtests 
perl: warning: Setting locale failed.
perl: warning: Please check that your locale settings:
	LANGUAGE = "de_AT",
	LC_ALL = "de_AT",
	LC_MESSAGES = "de_AT",
	LANG = "de_AT"
    are supported and installed on your system.
perl: warning: Falling back to the standard locale ("C").
# Test 5 got: "View" (./tests/03dpgettext_xs.t at line 53)
#   Expected: "Anzeigen"
#  ./tests/03dpgettext_xs.t line 53 is: ok dgettext (existing => 'View'), 'Anzeigen';
# Test 6 got: "View" (./tests/03dpgettext_xs.t at line 54)
#   Expected: "Ansicht"
#  ./tests/03dpgettext_xs.t line 54 is: ok dpgettext (existing => 'Which folder would you like to view?', 'View'), 'Ansicht';
# Test 8 got: "Another View" (./tests/03dpgettext_xs.t at line 57)
#   Expected: "Eine andere Ansicht mit Kontext"
#  ./tests/03dpgettext_xs.t line 57 is: ok dpgettext (additional => 'Context', 'Another View'), 'Eine andere Ansicht mit Kontext';
./tests/03dpgettext_xs.t ................ 
Failed 3/9 subtests 
perl: warning: Setting locale failed.
perl: warning: Please check that your locale settings:
	LANGUAGE = "de_AT",
	LC_ALL = "de_AT",
	LC_MESSAGES = "de_AT",
	LANG = "de_AT"
    are supported and installed on your system.
perl: warning: Falling back to the standard locale ("C").
./tests/03environment_pp.t .............. ok
perl: warning: Setting locale failed.
perl: warning: Please check that your locale settings:
	LANGUAGE = "de_AT",
	LC_ALL = "de_AT",
	LC_MESSAGES = "de_AT",
	LANG = "de_AT"
    are supported and installed on your system.
perl: warning: Falling back to the standard locale ("C").
./tests/03environment_xs.t .............. ok
perl: warning: Setting locale failed.
perl: warning: Please check that your locale settings:
	LANGUAGE = "de_AT",
	LC_ALL = "de_AT",
	LC_MESSAGES = "de_AT",
	LANG = "de_AT"
    are supported and installed on your system.
perl: warning: Falling back to the standard locale ("C").
./tests/03gettext_dumb.t ................ ok
perl: warning: Setting locale failed.
perl: warning: Please check that your locale settings:
	LANGUAGE = "de_AT",
	LC_ALL = "de_AT",
	LC_MESSAGES = "de_AT",
	LANG = "de_AT"
    are supported and installed on your system.
perl: warning: Falling back to the standard locale ("C").
./tests/03gettext_pp.t .................. ok
perl: warning: Setting locale failed.
perl: warning: Please check that your locale settings:
	LANGUAGE = "de_AT",
	LC_ALL = "de_AT",
	LC_MESSAGES = "de_AT",
	LANG = "de_AT"
    are supported and installed on your system.
perl: warning: Falling back to the standard locale ("C").
./tests/03gettext_xs.t .................. ok
perl: warning: Setting locale failed.
perl: warning: Please check that your locale settings:
	LANGUAGE = "de_AT",
	LC_ALL = "de_AT",
	LC_MESSAGES = "de_AT",
	LANG = "de_AT"
    are supported and installed on your system.
perl: warning: Falling back to the standard locale ("C").
./tests/03language_pp.t ................. ok
perl: warning: Setting locale failed.
perl: warning: Please check that your locale settings:
	LANGUAGE = "de_AT",
	LC_ALL = "de_AT",
	LC_MESSAGES = "de_AT",
	LANG = "de_AT"
    are supported and installed on your system.
perl: warning: Falling back to the standard locale ("C").
./tests/03language_xs.t ................. ok
perl: warning: Setting locale failed.
perl: warning: Please check that your locale settings:
	LANGUAGE = "de_AT",
	LC_ALL = "de_AT",
	LC_MESSAGES = "de_AT",
	LANG = "de_AT"
    are supported and installed on your system.
perl: warning: Falling back to the standard locale ("C").
./tests/03ngettext_pp.t ................. ok
perl: warning: Setting locale failed.
perl: warning: Please check that your locale settings:
	LANGUAGE = "de_AT",
	LC_ALL = "de_AT",
	LC_MESSAGES = "de_AT",
	LANG = "de_AT"
    are supported and installed on your system.
perl: warning: Falling back to the standard locale ("C").
./tests/03ngettext_xs.t ................. ok
perl: warning: Setting locale failed.
perl: warning: Please check that your locale settings:
	LANGUAGE = "de_AT",
	LC_ALL = "de_AT",
	LC_MESSAGES = "de_AT",
	LANG = "de_AT"
    are supported and installed on your system.
perl: warning: Falling back to the standard locale ("C").
./tests/03npgettext_pp.t ................ ok
perl: warning: Setting locale failed.
perl: warning: Please check that your locale settings:
	LANGUAGE = "de_AT",
	LC_ALL = "de_AT",
	LC_MESSAGES = "de_AT",
	LANG = "de_AT"
    are supported and installed on your system.
perl: warning: Falling back to the standard locale ("C").
./tests/03npgettext_xs.t ................ ok
perl: warning: Setting locale failed.
perl: warning: Please check that your locale settings:
	LANGUAGE = "de_AT",
	LC_ALL = "de_AT",
	LC_MESSAGES = "de_AT",
	LANG = "de_AT"
    are supported and installed on your system.
perl: warning: Falling back to the standard locale ("C").
# Test 5 got: "View" (./tests/03pgettext_pp.t at line 54)
#   Expected: "Anzeigen"
#  ./tests/03pgettext_pp.t line 54 is: ok gettext ('View'), 'Anzeigen';
# Test 6 got: "View" (./tests/03pgettext_pp.t at line 57)
#   Expected: "Ansicht"
#  ./tests/03pgettext_pp.t line 57 is: ok pgettext ('Which folder would you like to view?','View'), 'Ansicht';
# Test 7 got: "View" (./tests/03pgettext_pp.t at line 60)
#   Expected: "View 2"
#  ./tests/03pgettext_pp.t line 60 is: ok pgettext ('Which folder would you like to view? (2)','View'), 'View 2';
./tests/03pgettext_pp.t ................. 
Failed 3/8 subtests 
perl: warning: Setting locale failed.
perl: warning: Please check that your locale settings:
	LANGUAGE = "de_AT",
	LC_ALL = "de_AT",
	LC_MESSAGES = "de_AT",
	LANG = "de_AT"
    are supported and installed on your system.
perl: warning: Falling back to the standard locale ("C").
# Test 5 got: "View" (./tests/03pgettext_xs.t at line 54)
#   Expected: "Anzeigen"
#  ./tests/03pgettext_xs.t line 54 is: ok gettext ('View'), 'Anzeigen';
# Test 6 got: "View" (./tests/03pgettext_xs.t at line 57)
#   Expected: "Ansicht"
#  ./tests/03pgettext_xs.t line 57 is: ok pgettext ('Which folder would you like to view?','View'), 'Ansicht';
# Test 7 got: "View" (./tests/03pgettext_xs.t at line 60)
#   Expected: "View 2"
#  ./tests/03pgettext_xs.t line 60 is: ok pgettext ('Which folder would you like to view? (2)','View'), 'View 2';
./tests/03pgettext_xs.t ................. 
Failed 3/8 subtests 
perl: warning: Setting locale failed.
perl: warning: Please check that your locale settings:
	LANGUAGE = "de_AT",
	LC_ALL = "de_AT",
	LC_MESSAGES = "de_AT",
	LANG = "de_AT"
    are supported and installed on your system.
perl: warning: Falling back to the standard locale ("C").
./tests/03textdomain_pp.t ............... ok
perl: warning: Setting locale failed.
perl: warning: Please check that your locale settings:
	LANGUAGE = "de_AT",
	LC_ALL = "de_AT",
	LC_MESSAGES = "de_AT",
	LANG = "de_AT"
    are supported and installed on your system.
perl: warning: Falling back to the standard locale ("C").
./tests/03textdomain_xs.t ............... ok
perl: warning: Setting locale failed.
perl: warning: Please check that your locale settings:
	LANGUAGE = "de_AT",
	LC_ALL = "de_AT",
	LC_MESSAGES = "de_AT",
	LANG = "de_AT"
    are supported and installed on your system.
perl: warning: Falling back to the standard locale ("C").
./tests/04find_domain_bug.t ............. ok
perl: warning: Setting locale failed.
perl: warning: Please check that your locale settings:
	LANGUAGE = "de_AT",
	LC_ALL = "de_AT",
	LC_MESSAGES = "de_AT",
	LANG = "de_AT"
    are supported and installed on your system.
perl: warning: Falling back to the standard locale ("C").
./tests/04russian_plural_function.t ..... ok
perl: warning: Setting locale failed.
perl: warning: Please check that your locale settings:
	LANGUAGE = "de_AT",
	LC_ALL = "de_AT",
	LC_MESSAGES = "de_AT",
	LANG = "de_AT"
    are supported and installed on your system.
perl: warning: Falling back to the standard locale ("C").
./tests/04scalar_noop.t ................. ok
perl: warning: Setting locale failed.
perl: warning: Please check that your locale settings:
	LANGUAGE = "de_AT",
	LC_ALL = "de_AT",
	LC_MESSAGES = "de_AT",
	LANG = "de_AT"
    are supported and installed on your system.
perl: warning: Falling back to the standard locale ("C").
./tests/05parse_accept.t ................ ok

Test Summary Report
-------------------
./tests/03_tester_david_pp.t          (Wstat: 0 Tests: 6 Failed: 2)
  Failed tests:  5-6
./tests/03_tester_david_xs.t          (Wstat: 0 Tests: 6 Failed: 2)
  Failed tests:  5-6
./tests/03dcpgettext_pp.t             (Wstat: 0 Tests: 10 Failed: 4)
  Failed tests:  5-6, 8, 10
./tests/03dcpgettext_xs.t             (Wstat: 0 Tests: 10 Failed: 4)
  Failed tests:  5-6, 8, 10
./tests/03dpgettext_pp.t              (Wstat: 0 Tests: 9 Failed: 3)
  Failed tests:  5-6, 8
./tests/03dpgettext_xs.t              (Wstat: 0 Tests: 9 Failed: 3)
  Failed tests:  5-6, 8
./tests/03pgettext_pp.t               (Wstat: 0 Tests: 8 Failed: 3)
  Failed tests:  5-7
./tests/03pgettext_xs.t               (Wstat: 0 Tests: 8 Failed: 3)
  Failed tests:  5-7
Files=183, Tests=4500,  6 wallclock secs ( 0,56 usr  0,88 sys +  4,06 cusr  1,42 csys =  6,92 CPU)
Result: FAIL
Failed 8/183 test programs. 24/4500 subtests failed.
make: *** [test_dynamic] Fehler 255

------------------------------
PREREQUISITES
------------------------------

Prerequisite modules loaded:

requires:

    Module              Need Have  
    ------------------- ---- ------
    File::Spec          0    3.47  
    version             0.77 0.9912

build_requires:

    Module              Need Have  
    ------------------- ---- ------
    ExtUtils::MakeMaker 0    7.04  

configure_requires:

    Module              Need Have  
    ------------------- ---- ------
    ExtUtils::MakeMaker 0    7.04  


------------------------------
ENVIRONMENT AND OTHER CONTEXT
------------------------------

Environment variables:

    DBIC_NO_WARN_BAD_PERL = 1
    LANG = C
    LC_ALL = de_DE.UTF-8
    PATH = /usr/local/bin:/usr/bin:/bin:/usr/local/sbin:/usr/sbin:/sbin:/home/eserte/bin/linux-gnu:/home/eserte/bin/sh:/home/eserte/bin:/usr/games:/home/eserte/devel:/home/eserte/src/srezic-misc/scripts
    PERL5LIB = 
    PERL5OPT = 
    PERL5_CPANPLUS_IS_RUNNING = 1165
    PERL5_CPAN_IS_RUNNING = 1165
    PERL5_CPAN_IS_RUNNING_IN_RECURSION = 1105,1165
    PERLDOC = -MPod::Perldoc::ToTextOverstrike
    PERL_BATCH = yes
    PERL_CPAN_REPORTER_CONFIG = /var/tmp/cpansmoker-1001/4C5CLGUNlp_config.ini
    PERL_EXTUTILS_AUTOINSTALL = --defaultdeps
    PERL_HTML_DISPLAY_CLASS = HTML::Display::Mozilla
    PERL_PARALLEL_SMOKER = yes
    SHELL = /bin/zsh
    TERM = screen
    TMPDIR = /var/tmp/cpansmoker-1001

Perl special variables (and OS-specific diagnostics, for MSWin32):

    $^X = /bbbike/perl-5.10.1/bin/perl5.10.1
    $UID/$EUID = 1001 / 1001
    $GID = 1001 109 1001
    $EGID = 1001 109 1001

Perl module toolchain versions installed:

    Module              Have    
    ------------------- --------
    CPAN                2.05    
    CPAN::Meta          2.150001
    Cwd                 3.47    
    ExtUtils::CBuilder  0.280219
    ExtUtils::Command   1.16    
    ExtUtils::Install   2.04    
    ExtUtils::MakeMaker 7.04    
    ExtUtils::Manifest  1.68    
    ExtUtils::ParseXS   3.24    
    File::Spec          3.47    
    JSON                2.90    
    JSON::PP            2.27203 
    Module::Build       0.4211  
    Module::Signature   0.74    
    Parse::CPAN::Meta   1.4414  
    Test::Harness       3.35    
    Test::More          1.001014
    YAML                1.14    
    YAML::Syck          1.29    
    version             0.9912  


--

Summary of my perl5 (revision 5 version 10 subversion 1) configuration:
   
  Platform:
    osname=linux, osvers=3.2.0-4-amd64, archname=x86_64-linux
    uname='linux eserte 3.2.0-4-amd64 #1 smp debian 3.2.60-1+deb7u3 x86_64 gnulinux '
    config_args='-ds -e -Dprefix=/opt/perl-5.10.1'
    hint=recommended, useposix=true, d_sigaction=define
    useithreads=undef, usemultiplicity=undef
    useperlio=define, d_sfio=undef, uselargefiles=define, usesocks=undef
    use64bitint=define, use64bitall=define, uselongdouble=undef
    usemymalloc=n, bincompat5005=undef
  Compiler:
    cc='cc', ccflags ='-fno-strict-aliasing -pipe -fstack-protector -I/usr/local/include -D_LARGEFILE_SOURCE -D_FILE_OFFSET_BITS=64',
    optimize='-O2',
    cppflags='-fno-strict-aliasing -pipe -fstack-protector -I/usr/local/include'
    ccversion='', gccversion='4.7.2', gccosandvers=''
    intsize=4, longsize=8, ptrsize=8, doublesize=8, byteorder=12345678
    d_longlong=define, longlongsize=8, d_longdbl=define, longdblsize=16
    ivtype='long', ivsize=8, nvtype='double', nvsize=8, Off_t='off_t', lseeksize=8
    alignbytes=8, prototype=define
  Linker and Libraries:
    ld='cc', ldflags =' -fstack-protector -L/usr/local/lib'
    libpth=/usr/local/lib /lib/x86_64-linux-gnu /lib/../lib /usr/lib/x86_64-linux-gnu /usr/lib/../lib /lib /usr/lib
    libs=-lnsl -ldb -ldl -lm -lcrypt -lutil -lc
    perllibs=-lnsl -ldl -lm -lcrypt -lutil -lc
    libc=libc-2.13.so, so=so, useshrplib=false, libperl=libperl.a
    gnulibc_version='2.13'
  Dynamic Linking:
    dlsrc=dl_dlopen.xs, dlext=so, d_dlsymun=undef, ccdlflags='-Wl,-E'
    cccdlflags='-fPIC', lddlflags='-shared -O2 -L/usr/local/lib -fstack-protector'


Characteristics of this binary (from libperl): 
  Compile-time options: PERL_DONT_CREATE_GVSV PERL_MALLOC_WRAP USE_64_BIT_ALL
                        USE_64_BIT_INT USE_LARGE_FILES USE_PERLIO
  Built under linux
  Compiled at Aug 18 2014 20:38:33
  %ENV:
    PERL5LIB=""
    PERL5OPT=""
    PERL5_CPANPLUS_IS_RUNNING="1165"
    PERL5_CPAN_IS_RUNNING="1165"
    PERL5_CPAN_IS_RUNNING_IN_RECURSION="1105,1165"
    PERLDOC="-MPod::Perldoc::ToTextOverstrike"
    PERL_BATCH="yes"
    PERL_CPAN_REPORTER_CONFIG="/var/tmp/cpansmoker-1001/4C5CLGUNlp_config.ini"
    PERL_EXTUTILS_AUTOINSTALL="--defaultdeps"
    PERL_HTML_DISPLAY_CLASS="HTML::Display::Mozilla"
    PERL_PARALLEL_SMOKER="yes"
  @INC:
    /opt/perl-5.10.1/lib/5.10.1/x86_64-linux
    /opt/perl-5.10.1/lib/5.10.1
    /opt/perl-5.10.1/lib/site_perl/5.10.1/x86_64-linux
    /opt/perl-5.10.1/lib/site_perl/5.10.1
    .