Back
From: metabase:user:314402c4-2aae-11df-837a-5e0a49663a4f
Subject: FAIL DBIx-QueryByName-0.18 v5.13.11 FreeBSD
Date: 2011-03-27T21:57:23Z
This distribution has been tested as part of the CPAN Testers
project, supporting the Perl programming language. See
http://wiki.cpantesters.org/ for more information or email
questions to cpan-testers-discuss@perl.org
--
Dear Erwan Lemonnier,
This is a computer-generated report for DBIx-QueryByName-0.18
on perl 5.13.11, created by CPAN-Reporter-1.1902.
Thank you for uploading your work to CPAN. However, there was a problem
testing your distribution.
If you think this report is invalid, please consult the CPAN Testers Wiki
for suggestions on how to avoid getting FAIL reports for missing library
or binary dependencies, unsupported operating systems, and so on:
http://wiki.cpantesters.org/wiki/CPANAuthorNotes
Sections of this report:
* Tester comments
* Program output
* Prerequisites
* Environment and other context
------------------------------
TESTER COMMENTS
------------------------------
Additional comments from tester:
none provided
------------------------------
PROGRAM OUTPUT
------------------------------
Output from '/usr/bin/make test':
PERL_DL_NONLAZY=1 /usr/home/cpansand/var/ctps/2pre5140/install/perl-167630b6ab7e291cbd4f89943a3aec8d6a1ecbfc/bin/perl "-MExtUtils::Command::MM" "-e" "test_harness(0, 'blib/lib', 'blib/arch')" t/*.t
Can't locate object method "DESTROY" via package "DBD::SQLite" at t/iterator.t line 214.
# Looks like your test exited with 2 just after 50.
t/iterator.t .......
Dubious, test returned 2 (wstat 512, 0x200)
All 50 subtests passed
t/load_from_xml.t .. ok
t/pod-coverage.t ... ok
t/pod.t ............ ok
Can't locate object method "DESTROY" via package "DBD::SQLite" at t/query.t line 235.
# Looks like your test exited with 2 just after 67.
t/query.t ..........
Dubious, test returned 2 (wstat 512, 0x200)
All 67 subtests passed
t/stress.t ......... skipped: test require a osx host
Test Summary Report
-------------------
t/iterator.t (Wstat: 512 Tests: 50 Failed: 0)
Non-zero exit status: 2
t/query.t (Wstat: 512 Tests: 67 Failed: 0)
Non-zero exit status: 2
Files=6, Tests=204, 5 wallclock secs ( 0.09 usr 0.02 sys + 1.02 cusr 0.17 csys = 1.30 CPU)
Result: FAIL
Failed 2/6 test programs. 0/204 subtests failed.
*** Error code 255
Stop in /var/tmp/CPAN-build/DBIx-QueryByName-0.18-ozjvcA.
------------------------------
PREREQUISITES
------------------------------
Prerequisite modules loaded:
requires:
Module Need Have
------------------- ---- -------
accessors::chained 1.01 1.01
XML::Parser 2.34 2.40
XML::SimpleObject 0.53 0.53
build_requires:
Module Need Have
------------------- ---- -------
ExtUtils::MakeMaker 0 6.57_05
------------------------------
ENVIRONMENT AND OTHER CONTEXT
------------------------------
Environment variables:
DBIC_NO_WARN_BAD_PERL = 1
PATH = /usr/local/bin:/usr/X11R6/bin:/usr/X11/bin:/usr/perl5.8.0/bin:/usr/bin:/bin:/usr/local/sbin:/usr/sbin:/sbin:/usr/local/pilot/bin:/home/cpansand/bin/freebsd8.0:/home/cpansand/bin/sh:/home/cpansand/bin:/usr/X386/bin:/usr/games:/home/cpansand/devel:/usr/home/e/eserte/src/perl/CPAN-Testers-ParallelSmoker/utils
PERL5LIB =
PERL5OPT =
PERL5_CPANPLUS_IS_RUNNING = 38642
PERL5_CPAN_IS_RUNNING = 38642
PERL5_CPAN_IS_RUNNING_IN_RECURSION = 87016,38642
PERL_BATCH = yes
PERL_CPAN_REPORTER_DIR = /home/cpansand/var/ctps/2pre5140/config/perl-167630b6ab7e291cbd4f89943a3aec8d6a1ecbfc/cpanreporter
PERL_EXTUTILS_AUTOINSTALL = --defaultdeps
PERL_HTML_DISPLAY_CLASS = HTML::Display::Mozilla
PERL_PARALLEL_SMOKER = yes
SHELL = /usr/local/bin/zsh
TERM = xterm
TMPDIR = /tmp/cpansmoker-1023
Perl special variables (and OS-specific diagnostics, for MSWin32):
$^X = /usr/home/cpansand/var/ctps/2pre5140/install/perl-167630b6ab7e291cbd4f89943a3aec8d6a1ecbfc/bin/perl
$UID/$EUID = 1023 / 1023
$GID = 1023 1023
$EGID = 1023 1023
Perl module toolchain versions installed:
Module Have
------------------- --------
CPAN 1.9600
Cwd 3.36
ExtUtils::CBuilder 0.280202
ExtUtils::Command 1.17
ExtUtils::Install 1.56
ExtUtils::MakeMaker 6.57_05
ExtUtils::Manifest 1.58
ExtUtils::ParseXS 2.2209
File::Spec 3.33
Module::Build 0.3800
Module::Signature 0.66
Test::Harness 3.23
Test::More 0.98
YAML 0.72
YAML::Syck 1.17
version 0.88
--
Summary of my perl5 (revision 5 version 13 subversion 11) configuration:
Commit id: 167630b6ab7e291cbd4f89943a3aec8d6a1ecbfc
Platform:
osname=freebsd, osvers=8.0-release, archname=i386-freebsd
uname='freebsd biokovo.herceg.de 8.0-release freebsd 8.0-release #0: sat nov 21 15:48:17 utc 2009 root@almeida.cse.buffalo.edu:usrobjusrsrcsysgeneric i386 '
config_args='-ds -e -Uversiononly -Dinstallusrbinperl=n -Dusedevel -Dprefix=/home/cpansand/var/ctps/2pre5140/install/perl-167630b6ab7e291cbd4f89943a3aec8d6a1ecbfc'
hint=recommended, useposix=true, d_sigaction=define
useithreads=undef, usemultiplicity=undef
useperlio=define, d_sfio=undef, uselargefiles=define, usesocks=undef
use64bitint=undef, use64bitall=undef, uselongdouble=undef
usemymalloc=n, bincompat5005=undef
Compiler:
cc='cc', ccflags ='-DHAS_FPSETMASK -DHAS_FLOATINGPOINT_H -fno-strict-aliasing -pipe -fstack-protector -I/usr/local/include',
optimize='-O',
cppflags='-DHAS_FPSETMASK -DHAS_FLOATINGPOINT_H -fno-strict-aliasing -pipe -fstack-protector -I/usr/local/include'
ccversion='', gccversion='4.2.1 20070719 [FreeBSD]', gccosandvers=''
intsize=4, longsize=4, ptrsize=4, doublesize=8, byteorder=1234
d_longlong=define, longlongsize=8, d_longdbl=define, longdblsize=12
ivtype='long', ivsize=4, nvtype='double', nvsize=8, Off_t='off_t', lseeksize=8
alignbytes=4, prototype=define
Linker and Libraries:
ld='cc', ldflags ='-Wl,-E -fstack-protector -L/usr/local/lib'
libpth=/usr/lib /usr/local/lib
libs=-lgdbm -lm -lcrypt -lutil -lc
perllibs=-lm -lcrypt -lutil -lc
libc=, so=so, useshrplib=false, libperl=libperl.a
gnulibc_version=''
Dynamic Linking:
dlsrc=dl_dlopen.xs, dlext=so, d_dlsymun=undef, ccdlflags=' '
cccdlflags='-DPIC -fPIC', lddlflags='-shared -L/usr/local/lib -fstack-protector'
Characteristics of this binary (from libperl):
Compile-time options: PERL_DONT_CREATE_GVSV PERL_MALLOC_WRAP
PERL_PRESERVE_IVUV PERL_USE_DEVEL USE_LARGE_FILES
USE_PERLIO USE_PERL_ATOF
Built under freebsd
Compiled at Mar 23 2011 09:26:46
%ENV:
PERL5LIB=""
PERL5OPT=""
PERL5_CPANPLUS_IS_RUNNING="38642"
PERL5_CPAN_IS_RUNNING="38642"
PERL5_CPAN_IS_RUNNING_IN_RECURSION="87016,38642"
PERL_BATCH="yes"
PERL_CPAN_REPORTER_DIR="/home/cpansand/var/ctps/2pre5140/config/perl-167630b6ab7e291cbd4f89943a3aec8d6a1ecbfc/cpanreporter"
PERL_EXTUTILS_AUTOINSTALL="--defaultdeps"
PERL_HTML_DISPLAY_CLASS="HTML::Display::Mozilla"
PERL_PARALLEL_SMOKER="yes"
@INC:
/home/cpansand/var/ctps/2pre5140/install/perl-167630b6ab7e291cbd4f89943a3aec8d6a1ecbfc/lib/site_perl/5.13.11/i386-freebsd
/home/cpansand/var/ctps/2pre5140/install/perl-167630b6ab7e291cbd4f89943a3aec8d6a1ecbfc/lib/site_perl/5.13.11
/home/cpansand/var/ctps/2pre5140/install/perl-167630b6ab7e291cbd4f89943a3aec8d6a1ecbfc/lib/5.13.11/i386-freebsd
/home/cpansand/var/ctps/2pre5140/install/perl-167630b6ab7e291cbd4f89943a3aec8d6a1ecbfc/lib/5.13.11
.