Back
From: metabase:user:314402c4-2aae-11df-837a-5e0a49663a4f
Subject: FAIL File-Dropbox-0.2 v5.10.1 FreeBSD
Date: 2013-05-25T20:44:02Z
This distribution has been tested as part of the CPAN Testers
project, supporting the Perl programming language. See
http://wiki.cpantesters.org/ for more information or email
questions to cpan-testers-discuss@perl.org
--
Dear Alexander Nazarov,
This is a computer-generated report for File-Dropbox-0.2
on perl 5.10.1, created by CPAN-Reporter-1.2007.
Thank you for uploading your work to CPAN. However, there was a problem
testing your distribution.
If you think this report is invalid, please consult the CPAN Testers Wiki
for suggestions on how to avoid getting FAIL reports for missing library
or binary dependencies, unsupported operating systems, and so on:
http://wiki.cpantesters.org/wiki/CPANAuthorNotes
Sections of this report:
* Tester comments
* Program output
* Prerequisites
* Environment and other context
------------------------------
TESTER COMMENTS
------------------------------
Additional comments from tester:
none provided
------------------------------
PROGRAM OUTPUT
------------------------------
Output from './Build test':
# Failed test 'use File::Dropbox;'
# at t/01-basic.t line 7.
# Tried to use 'File::Dropbox'.
# Error: syntax error at /var/tmp/CPAN-build/File-Dropbox-0.2-Ax7yBm/blib/lib/File/Dropbox.pm line 1, near "package File::Dropbox 0.2"
# Compilation failed in require at (eval 4) line 2.
# BEGIN failed--compilation aborted at (eval 4) line 2.
# Failed test 'Root parameter validation'
# at t/01-basic.t line 15.
# 'Can't locate object method "new" via package "File::Dropbox" at t/01-basic.t line 13.
# '
# doesn't match '(?-xism:Unexpected root value)'
Can't locate object method "new" via package "File::Dropbox" at t/01-basic.t line 17.
# Looks like you planned 6 tests but ran 3.
# Looks like you failed 2 tests of 3 run.
# Looks like your test exited with 255 just after 3.
t/01-basic.t .....
Dubious, test returned 255 (wstat 65280, 0xff00)
Failed 5/6 subtests
syntax error at /var/tmp/CPAN-build/File-Dropbox-0.2-Ax7yBm/blib/lib/File/Dropbox.pm line 1, near "package File::Dropbox 0.2"
Compilation failed in require at t/02-open.t line 5.
BEGIN failed--compilation aborted at t/02-open.t line 5.
# Looks like your test exited with 9 before it could output anything.
t/02-open.t ......
Dubious, test returned 9 (wstat 2304, 0x900)
Failed 15/15 subtests
syntax error at /var/tmp/CPAN-build/File-Dropbox-0.2-Ax7yBm/blib/lib/File/Dropbox.pm line 1, near "package File::Dropbox 0.2"
Compilation failed in require at t/03-write.t line 7.
BEGIN failed--compilation aborted at t/03-write.t line 7.
# Looks like your test exited with 9 before it could output anything.
t/03-write.t .....
Dubious, test returned 9 (wstat 2304, 0x900)
Failed 64/64 subtests
syntax error at /var/tmp/CPAN-build/File-Dropbox-0.2-Ax7yBm/blib/lib/File/Dropbox.pm line 1, near "package File::Dropbox 0.2"
Compilation failed in require at t/04-read.t line 7.
BEGIN failed--compilation aborted at t/04-read.t line 7.
# Looks like your test exited with 9 before it could output anything.
t/04-read.t ......
Dubious, test returned 9 (wstat 2304, 0x900)
Failed 78/78 subtests
syntax error at /var/tmp/CPAN-build/File-Dropbox-0.2-Ax7yBm/blib/lib/File/Dropbox.pm line 1, near "package File::Dropbox 0.2"
Compilation failed in require at t/05-meta.t line 6.
BEGIN failed--compilation aborted at t/05-meta.t line 6.
# Looks like your test exited with 9 before it could output anything.
t/05-meta.t ......
Dubious, test returned 9 (wstat 2304, 0x900)
Failed 31/31 subtests
syntax error at /var/tmp/CPAN-build/File-Dropbox-0.2-Ax7yBm/blib/lib/File/Dropbox.pm line 1, near "package File::Dropbox 0.2"
Compilation failed in require at t/06-putfile.t line 6.
BEGIN failed--compilation aborted at t/06-putfile.t line 6.
# Looks like your test exited with 9 before it could output anything.
t/06-putfile.t ...
Dubious, test returned 9 (wstat 2304, 0x900)
Failed 9/9 subtests
syntax error at /var/tmp/CPAN-build/File-Dropbox-0.2-Ax7yBm/blib/lib/File/Dropbox.pm line 1, near "package File::Dropbox 0.2"
Compilation failed in require at t/07-contents.t line 6.
BEGIN failed--compilation aborted at t/07-contents.t line 6.
# Looks like your test exited with 9 before it could output anything.
t/07-contents.t ..
Dubious, test returned 9 (wstat 2304, 0x900)
Failed 14/14 subtests
Test Summary Report
-------------------
t/01-basic.t (Wstat: 65280 Tests: 3 Failed: 2)
Failed tests: 1, 3
Non-zero exit status: 255
Parse errors: Bad plan. You planned 6 tests but ran 3.
t/02-open.t (Wstat: 2304 Tests: 0 Failed: 0)
Non-zero exit status: 9
Parse errors: Bad plan. You planned 15 tests but ran 0.
t/03-write.t (Wstat: 2304 Tests: 0 Failed: 0)
Non-zero exit status: 9
Parse errors: Bad plan. You planned 64 tests but ran 0.
t/04-read.t (Wstat: 2304 Tests: 0 Failed: 0)
Non-zero exit status: 9
Parse errors: Bad plan. You planned 78 tests but ran 0.
t/05-meta.t (Wstat: 2304 Tests: 0 Failed: 0)
Non-zero exit status: 9
Parse errors: Bad plan. You planned 31 tests but ran 0.
t/06-putfile.t (Wstat: 2304 Tests: 0 Failed: 0)
Non-zero exit status: 9
Parse errors: Bad plan. You planned 9 tests but ran 0.
t/07-contents.t (Wstat: 2304 Tests: 0 Failed: 0)
Non-zero exit status: 9
Parse errors: Bad plan. You planned 14 tests but ran 0.
Files=7, Tests=3, 1 wallclock secs ( 0.05 usr 0.02 sys + 0.18 cusr 0.05 csys = 0.30 CPU)
Result: FAIL
Failed 7/7 test programs. 2/3 subtests failed.
------------------------------
PREREQUISITES
------------------------------
Prerequisite modules loaded:
requires:
Module Need Have
------------- ---- ------
JSON 2.0 2.57
WWW::Curl 4.0 4.15
configure_requires:
Module Need Have
------------- ---- ------
Module::Build 0.40 0.4005
------------------------------
ENVIRONMENT AND OTHER CONTEXT
------------------------------
Environment variables:
DBIC_NO_WARN_BAD_PERL = 1
PATH = /usr/local/bin:/usr/X11R6/bin:/usr/X11/bin:/usr/perl5.8.0/bin:/usr/bin:/bin:/usr/local/sbin:/usr/sbin:/sbin:/usr/local/pilot/bin:/home/cpansand/bin/freebsd8.0:/home/cpansand/bin/sh:/home/cpansand/bin:/usr/X386/bin:/usr/games:/home/cpansand/devel:/usr/home/e/eserte/work/srezic-misc/scripts
PERL5LIB = /usr/local/src/CPAN/build/Dist-Zilla-Plugins-CJM-4.15-4vUxmZ/blib/arch:/usr/local/src/CPAN/build/Dist-Zilla-Plugins-CJM-4.15-4vUxmZ/blib/lib:/usr/local/src/CPAN/build/Dist-Zilla-4.300034-ZHNSki/blib/arch:/usr/local/src/CPAN/build/Dist-Zilla-4.300034-ZHNSki/blib/lib:/usr/local/src/CPAN/build/CPAN-Meta-2.130880-fN3Wc3/blib/arch:/usr/local/src/CPAN/build/CPAN-Meta-2.130880-fN3Wc3/blib/lib
PERL5OPT =
PERL5_CPANPLUS_IS_RUNNING = 10506
PERL5_CPAN_IS_RUNNING = 10506
PERL5_CPAN_IS_RUNNING_IN_RECURSION = 10228,10506
PERL_BATCH = yes
PERL_CPAN_REPORTER_CONFIG = /var/tmp/cpansmoker-1023/R1Hb0Mw5Vy_config.ini
PERL_EXTUTILS_AUTOINSTALL = --defaultdeps
PERL_HTML_DISPLAY_CLASS = HTML::Display::Mozilla
SHELL = /usr/local/bin/zsh
TERM = screen
TMPDIR = /var/tmp/cpansmoker-1023
Perl special variables (and OS-specific diagnostics, for MSWin32):
$^X = /usr/perl5.10.1/bin/perl5.10.1
$UID/$EUID = 1023 / 1023
$GID = 1023 1023
$EGID = 1023 1023
Perl module toolchain versions installed:
Module Have
------------------- --------
CPAN 1.9800
CPAN::Meta 2.130880
Cwd 3.40
ExtUtils::CBuilder 0.280205
ExtUtils::Command 1.17
ExtUtils::Install 1.54
ExtUtils::MakeMaker 6.62
ExtUtils::Manifest 1.60
ExtUtils::ParseXS 3.18
File::Spec 3.40
JSON 2.57
JSON::PP 2.27200
Module::Build 0.4005
Module::Signature 0.68
Parse::CPAN::Meta 1.4403
Test::Harness 3.23
Test::More 0.98
YAML 0.84
YAML::Syck 1.27
version 0.9901
--
Summary of my perl5 (revision 5 version 10 subversion 1) configuration:
Platform:
osname=freebsd, osvers=8.0-release, archname=i386-freebsd
uname='freebsd biokovo.herceg.de 8.0-release freebsd 8.0-release #0: sat nov 21 15:48:17 utc 2009 root@almeida.cse.buffalo.edu:usrobjusrsrcsysgeneric i386 '
config_args='-Dprefix=/usr/perl5.10.1 -Dusemymalloc=n -D cc=ccache cc -Dgccansipedantic -Duse64bit -de -D hintfile=myfreebsd'
hint=recommended, useposix=true, d_sigaction=define
useithreads=undef, usemultiplicity=undef
useperlio=define, d_sfio=undef, uselargefiles=define, usesocks=undef
use64bitint=undef, use64bitall=undef, uselongdouble=undef
usemymalloc=n, bincompat5005=undef
Compiler:
cc='ccache cc', ccflags ='-DHAS_FPSETMASK -DHAS_FLOATINGPOINT_H -fno-strict-aliasing -pipe -fstack-protector -I/usr/local/include',
optimize='-O2 -mtune=athlon64 -pipe',
cppflags='-DHAS_FPSETMASK -DHAS_FLOATINGPOINT_H -fno-strict-aliasing -pipe -fstack-protector -I/usr/local/include'
ccversion='', gccversion='4.2.1 20070719 [FreeBSD]', gccosandvers=''
intsize=4, longsize=4, ptrsize=4, doublesize=8, byteorder=1234
d_longlong=define, longlongsize=8, d_longdbl=define, longdblsize=12
ivtype='long', ivsize=4, nvtype='double', nvsize=8, Off_t='off_t', lseeksize=8
alignbytes=4, prototype=define
Linker and Libraries:
ld='ccache cc', ldflags ='-Wl,-E -fstack-protector -L/usr/local/lib'
libpth=/usr/lib /usr/local/lib
libs=-lgdbm -lm -lcrypt -lutil -lc
perllibs=-lm -lcrypt -lutil -lc
libc=, so=so, useshrplib=false, libperl=libperl.a
gnulibc_version=''
Dynamic Linking:
dlsrc=dl_dlopen.xs, dlext=so, d_dlsymun=undef, ccdlflags=' '
cccdlflags='-DPIC -fPIC', lddlflags='-shared -L/usr/local/lib -fstack-protector'
Characteristics of this binary (from libperl):
Compile-time options: PERL_DONT_CREATE_GVSV PERL_MALLOC_WRAP PERL_USE_DEVEL
USE_LARGE_FILES USE_PERLIO
Built under freebsd
Compiled at Feb 6 2010 13:47:51
%ENV:
PERL5LIB="/usr/local/src/CPAN/build/Dist-Zilla-Plugins-CJM-4.15-4vUxmZ/blib/arch:/usr/local/src/CPAN/build/Dist-Zilla-Plugins-CJM-4.15-4vUxmZ/blib/lib:/usr/local/src/CPAN/build/Dist-Zilla-4.300034-ZHNSki/blib/arch:/usr/local/src/CPAN/build/Dist-Zilla-4.300034-ZHNSki/blib/lib:/usr/local/src/CPAN/build/CPAN-Meta-2.130880-fN3Wc3/blib/arch:/usr/local/src/CPAN/build/CPAN-Meta-2.130880-fN3Wc3/blib/lib"
PERL5OPT=""
PERL5_CPANPLUS_IS_RUNNING="10506"
PERL5_CPAN_IS_RUNNING="10506"
PERL5_CPAN_IS_RUNNING_IN_RECURSION="10228,10506"
PERL_BATCH="yes"
PERL_CPAN_REPORTER_CONFIG="/var/tmp/cpansmoker-1023/R1Hb0Mw5Vy_config.ini"
PERL_EXTUTILS_AUTOINSTALL="--defaultdeps"
PERL_HTML_DISPLAY_CLASS="HTML::Display::Mozilla"
@INC:
/usr/local/src/CPAN/build/Dist-Zilla-Plugins-CJM-4.15-4vUxmZ/blib/arch
/usr/local/src/CPAN/build/Dist-Zilla-Plugins-CJM-4.15-4vUxmZ/blib/lib
/usr/local/src/CPAN/build/Dist-Zilla-4.300034-ZHNSki/blib/arch
/usr/local/src/CPAN/build/Dist-Zilla-4.300034-ZHNSki/blib/lib
/usr/local/src/CPAN/build/CPAN-Meta-2.130880-fN3Wc3/blib/arch
/usr/local/src/CPAN/build/CPAN-Meta-2.130880-fN3Wc3/blib/lib
/usr/perl5.10.1/lib/5.10.1/i386-freebsd
/usr/perl5.10.1/lib/5.10.1
/usr/perl5.10.1/lib/site_perl/5.10.1/i386-freebsd
/usr/perl5.10.1/lib/site_perl/5.10.1
.