Report for Math-Complex_C-0.03

Back
From: metabase:user:320bfe00-2aae-11df-837a-5e0a49663a4f
Subject: FAIL Math-Complex_C-0.03 v5.13.5 GNU/Linux
Date: 2011-03-09T07:16:45Z

This distribution has been tested as part of the CPAN Testers
project, supporting the Perl programming language.  See
http://wiki.cpantesters.org/ for more information or email
questions to cpan-testers-discuss@perl.org


--
Dear Sisyphus,

This is a computer-generated report for Math-Complex_C-0.03
on perl 5.13.5, created by CPAN-Reporter-1.1902.

Thank you for uploading your work to CPAN.  However, there was a problem
testing your distribution.

If you think this report is invalid, please consult the CPAN Testers Wiki
for suggestions on how to avoid getting FAIL reports for missing library
or binary dependencies, unsupported operating systems, and so on:

http://wiki.cpantesters.org/wiki/CPANAuthorNotes

Sections of this report:

    * Tester comments
    * Program output
    * Prerequisites
    * Environment and other context

------------------------------
TESTER COMMENTS
------------------------------

Additional comments from tester:

this report is from an automated smoke testing program
and was not reviewed by a human for accuracy

------------------------------
PROGRAM OUTPUT
------------------------------

Output from '/usr/bin/make test':

make[1]: Entering directory `/home/sand/.cpan/build/Math-Complex_C-0.03-F0TF7A/Long'
make[1]: Leaving directory `/home/sand/.cpan/build/Math-Complex_C-0.03-F0TF7A/Long'
PERL_DL_NONLAZY=1 /home/src/perl/repoperls/installed-perls/perl/v5.13.5-533-gc3b19b5/bin/perl "-MExtUtils::Command::MM" "-e" "test_harness(0, 'blib/lib', 'blib/arch')" t/*.t
t/aab_basic.t ..... ok
t/abs_arg.t ....... ok
t/absl_argl.t ..... ok
t/arith.t ......... ok
t/arithl.t ........ ok
t/bool.t .......... ok
t/booll.t ......... ok

Skipping tests 3 & 4 - your glibc contains a bug that breaks cproj()
Updating your glibc to version 2.12.0 or later should fix the problem
8: $rop: (inf 0)
10: $rop: (inf 0)
$nan: -nan
14: $rop: (inf 0)
t/conj_proj.t ..... 
Failed 3/14 subtests 

Skipping tests 3 & 4 - your glibc contains a bug that breaks cprojl()
Updating your glibc to version 2.12.0 or later should fix the problem
8: $rop: (inf 0)
10: $rop: (inf 0)
$nan: -nan
14: $rop: (inf 0)
t/conjl_projl.t ... 
Failed 3/14 subtests 
t/exp.t ........... ok
t/expl.t .......... ok
t/nan_inf.t ....... ok
t/nanl_infl.t ..... ok
t/new.t ........... ok
t/newl.t .......... ok
t/pow.t ........... ok
t/powl.t .......... ok

  $re: 0 (correct result is '-0')

  $im: 0 (correct result is '-0')
t/signed_zero.t ... 
Failed 2/2 subtests 

  $re: 0 (correct result is '-0')

  $im: 0 (correct result is '-0')
t/signed_zerol.t .. 
Failed 2/2 subtests 
t/trig.t .......... ok
t/trigl.t ......... ok
  Configuration details:
   NV size is 8
   IV size is 8
   double size is 8
   long double size is 16
   double _Complex size is 16
   long double _Complex size is 32
t/type.t .......... ok

Test Summary Report
-------------------
t/conj_proj.t   (Wstat: 0 Tests: 14 Failed: 3)
  Failed tests:  8, 10, 14
t/conjl_projl.t (Wstat: 0 Tests: 14 Failed: 3)
  Failed tests:  8, 10, 14
t/signed_zero.t (Wstat: 0 Tests: 2 Failed: 2)
  Failed tests:  1-2
t/signed_zerol.t (Wstat: 0 Tests: 2 Failed: 2)
  Failed tests:  1-2
Files=22, Tests=288,  0 wallclock secs ( 0.08 usr  0.02 sys +  0.27 cusr  0.08 csys =  0.45 CPU)
Result: FAIL
Failed 4/22 test programs. 10/288 subtests failed.
make: *** [test_dynamic] Error 255

------------------------------
PREREQUISITES
------------------------------

Prerequisite modules loaded:

build_requires:

    Module              Need Have   
    ------------------- ---- -------
    ExtUtils::MakeMaker 0    6.57_06


------------------------------
ENVIRONMENT AND OTHER CONTEXT
------------------------------

Environment variables:

    AUTOMATED_TESTING = 1
    LANG = en_US.UTF-8
    LC_TIME = de_DE.utf8
    PATH = /home/sand/bin:/usr/local/bin:/usr/bin:/bin:/usr/bin/X11:/usr/games:/usr/local/perl/bin:/usr/X11/bin:/sbin:/usr/sbin
    PERL5LIB = 
    PERL5OPT = 
    PERL5_CPANPLUS_IS_RUNNING = 7766
    PERL5_CPAN_IS_RUNNING = 7766
    PERL_MM_USE_DEFAULT = 1
    SHELL = /usr/bin/zsh
    TERM = screen

Perl special variables (and OS-specific diagnostics, for MSWin32):

    $^X = /home/src/perl/repoperls/installed-perls/perl/v5.13.5-533-gc3b19b5/bin/perl
    $UID/$EUID = 1001 / 1001
    $GID = 1001 1001
    $EGID = 1001 1001

Perl module toolchain versions installed:

    Module              Have    
    ------------------- --------
    CPAN                1.94_65 
    Cwd                 3.34    
    ExtUtils::CBuilder  0.280202
    ExtUtils::Command   1.16    
    ExtUtils::Install   1.55    
    ExtUtils::MakeMaker 6.57_06 
    ExtUtils::Manifest  1.58    
    ExtUtils::ParseXS   2.2207  
    File::Spec          3.33    
    Module::Build       0.3800  
    Module::Signature   0.66    
    Test::Harness       3.23    
    Test::More          0.98    
    YAML                0.72    
    YAML::Syck          1.17    
    version             0.88    


--

Summary of my perl5 (revision 5 version 13 subversion 5) configuration:
  Commit id: c3b19b5c6db555d96caf73d7810b391045c5fb7c
  Platform:
    osname=linux, osvers=2.6.32-2-amd64, archname=x86_64-linux
    uname='linux k81 2.6.32-2-amd64 #1 smp fri feb 12 00:01:47 utc 2010 x86_64 gnulinux '
    config_args='-Dprefix=/home/src/perl/repoperls/installed-perls/perl/v5.13.5-533-gc3b19b5 -Dinstallusrbinperl=n -Uversiononly -Dusedevel -des -Ui_db -Uuseithreads -Uuselongdouble'
    hint=recommended, useposix=true, d_sigaction=define
    useithreads=undef, usemultiplicity=undef
    useperlio=define, d_sfio=undef, uselargefiles=define, usesocks=undef
    use64bitint=define, use64bitall=define, uselongdouble=undef
    usemymalloc=n, bincompat5005=undef
  Compiler:
    cc='cc', ccflags ='-fno-strict-aliasing -pipe -fstack-protector -I/usr/local/include -D_LARGEFILE_SOURCE -D_FILE_OFFSET_BITS=64',
    optimize='-O2',
    cppflags='-fno-strict-aliasing -pipe -fstack-protector -I/usr/local/include'
    ccversion='', gccversion='4.4.4', gccosandvers=''
    intsize=4, longsize=8, ptrsize=8, doublesize=8, byteorder=12345678
    d_longlong=define, longlongsize=8, d_longdbl=define, longdblsize=16
    ivtype='long', ivsize=8, nvtype='double', nvsize=8, Off_t='off_t', lseeksize=8
    alignbytes=8, prototype=define
  Linker and Libraries:
    ld='cc', ldflags =' -fstack-protector -L/usr/local/lib'
    libpth=/usr/local/lib /lib /usr/lib /lib64 /usr/lib64
    libs=-lnsl -lgdbm -ldb -ldl -lm -lcrypt -lutil -lc -lgdbm_compat
    perllibs=-lnsl -ldl -lm -lcrypt -lutil -lc
    libc=/lib/libc-2.11.2.so, so=so, useshrplib=false, libperl=libperl.a
    gnulibc_version='2.11.2'
  Dynamic Linking:
    dlsrc=dl_dlopen.xs, dlext=so, d_dlsymun=undef, ccdlflags='-Wl,-E'
    cccdlflags='-fPIC', lddlflags='-shared -O2 -L/usr/local/lib -fstack-protector'


Characteristics of this binary (from libperl): 
  Compile-time options: PERL_DONT_CREATE_GVSV PERL_MALLOC_WRAP PERL_USE_DEVEL
                        USE_64_BIT_ALL USE_64_BIT_INT USE_LARGE_FILES
                        USE_PERLIO USE_PERL_ATOF
  Built under linux
  Compiled at Oct 20 2010 05:33:10
  %ENV:
    PERL5LIB=""
    PERL5OPT=""
    PERL5_CPANPLUS_IS_RUNNING="7766"
    PERL5_CPAN_IS_RUNNING="7766"
    PERL_MM_USE_DEFAULT="1"
  @INC:
    /home/src/perl/repoperls/installed-perls/perl/v5.13.5-533-gc3b19b5/lib/site_perl/5.13.5/x86_64-linux
    /home/src/perl/repoperls/installed-perls/perl/v5.13.5-533-gc3b19b5/lib/site_perl/5.13.5
    /home/src/perl/repoperls/installed-perls/perl/v5.13.5-533-gc3b19b5/lib/5.13.5/x86_64-linux
    /home/src/perl/repoperls/installed-perls/perl/v5.13.5-533-gc3b19b5/lib/5.13.5
    .