Report for Archive-Tar-Wrapper-0.31

Back
From: metabase:user:31d414ea-2aae-11df-837a-5e0a49663a4f
Subject: FAIL Archive-Tar-Wrapper-0.31 5.14.4 GNU/Linux
Date: 2018-07-04T13:43:10Z

This distribution has been tested as part of the CPAN Testers
project, supporting the Perl programming language.  See
http://wiki.cpantesters.org/ for more information or email
questions to cpan-testers-discuss@perl.org


--
Dear Alceu Rodrigues de Freitas Junior,

This is a computer-generated report for Archive-Tar-Wrapper-0.31
on perl 5.14.4, created by CPAN-Reporter-1.2018.

Thank you for uploading your work to CPAN.  However, there was a problem
testing your distribution.

If you think this report is invalid, please consult the CPAN Testers Wiki
for suggestions on how to avoid getting FAIL reports for missing library
or binary dependencies, unsupported operating systems, and so on:

http://wiki.cpantesters.org/wiki/CPANAuthorNotes

Sections of this report:

    * Tester comments
    * Program output
    * Prerequisites
    * Environment and other context

------------------------------
TESTER COMMENTS
------------------------------

Additional comments from tester:

this report is from an automated smoke testing program
and was not reviewed by a human for accuracy

------------------------------
PROGRAM OUTPUT
------------------------------

Output from '/usr/bin/make test':

PERL_DL_NONLAZY=1 /home/david/cpantesting/perl-5.14.4/bin/perl "-MExtUtils::Command::MM" "-e" "test_harness(0, 'blib/lib', 'blib/arch')" t/*.t
Can't locate Log/Log4perl.pm in @INC (@INC contains: /home/david/cpantesting/perl-5.14.4/.cpan/build/Archive-Tar-Wrapper-0.31-V5ZGsr/blib/lib /home/david/cpantesting/perl-5.14.4/.cpan/build/Archive-Tar-Wrapper-0.31-V5ZGsr/blib/arch /home/david/cpantesting/perl-5.14.4/lib/site_perl/5.14.4/x86_64-linux-thread-multi /home/david/cpantesting/perl-5.14.4/lib/site_perl/5.14.4 /home/david/cpantesting/perl-5.14.4/lib/5.14.4/x86_64-linux-thread-multi /home/david/cpantesting/perl-5.14.4/lib/5.14.4 .) at t/001Basic.t line 3.
BEGIN failed--compilation aborted at t/001Basic.t line 3.
t/001Basic.t ..... 
Dubious, test returned 2 (wstat 512, 0x200)
No subtests run 
Can't locate Log/Log4perl.pm in @INC (@INC contains: /home/david/cpantesting/perl-5.14.4/.cpan/build/Archive-Tar-Wrapper-0.31-V5ZGsr/blib/lib /home/david/cpantesting/perl-5.14.4/.cpan/build/Archive-Tar-Wrapper-0.31-V5ZGsr/blib/arch /home/david/cpantesting/perl-5.14.4/lib/site_perl/5.14.4/x86_64-linux-thread-multi /home/david/cpantesting/perl-5.14.4/lib/site_perl/5.14.4 /home/david/cpantesting/perl-5.14.4/lib/5.14.4/x86_64-linux-thread-multi /home/david/cpantesting/perl-5.14.4/lib/5.14.4 .) at t/002Mult.t line 3.
BEGIN failed--compilation aborted at t/002Mult.t line 3.
t/002Mult.t ...... 
Dubious, test returned 2 (wstat 512, 0x200)
No subtests run 
Can't locate Log/Log4perl.pm in @INC (@INC contains: /home/david/cpantesting/perl-5.14.4/.cpan/build/Archive-Tar-Wrapper-0.31-V5ZGsr/blib/lib /home/david/cpantesting/perl-5.14.4/.cpan/build/Archive-Tar-Wrapper-0.31-V5ZGsr/blib/arch /home/david/cpantesting/perl-5.14.4/lib/site_perl/5.14.4/x86_64-linux-thread-multi /home/david/cpantesting/perl-5.14.4/lib/site_perl/5.14.4 /home/david/cpantesting/perl-5.14.4/lib/5.14.4/x86_64-linux-thread-multi /home/david/cpantesting/perl-5.14.4/lib/5.14.4 .) at t/003Dirs.t line 3.
BEGIN failed--compilation aborted at t/003Dirs.t line 3.
t/003Dirs.t ...... 
Dubious, test returned 2 (wstat 512, 0x200)
No subtests run 
Can't locate Log/Log4perl.pm in @INC (@INC contains: /home/david/cpantesting/perl-5.14.4/.cpan/build/Archive-Tar-Wrapper-0.31-V5ZGsr/blib/lib /home/david/cpantesting/perl-5.14.4/.cpan/build/Archive-Tar-Wrapper-0.31-V5ZGsr/blib/arch /home/david/cpantesting/perl-5.14.4/lib/site_perl/5.14.4/x86_64-linux-thread-multi /home/david/cpantesting/perl-5.14.4/lib/site_perl/5.14.4 /home/david/cpantesting/perl-5.14.4/lib/5.14.4/x86_64-linux-thread-multi /home/david/cpantesting/perl-5.14.4/lib/5.14.4 .) at t/004Utf8.t line 3.
BEGIN failed--compilation aborted at t/004Utf8.t line 3.
t/004Utf8.t ...... 
Dubious, test returned 2 (wstat 512, 0x200)
No subtests run 

#   Failed test 'use Archive::Tar::Wrapper;'
#   at t/005Cwd.t line 7.
#     Tried to use 'Archive::Tar::Wrapper'.
#     Error:  Can't locate Log/Log4perl.pm in @INC (@INC contains: /home/david/cpantesting/perl-5.14.4/.cpan/build/Archive-Tar-Wrapper-0.31-V5ZGsr/blib/lib /home/david/cpantesting/perl-5.14.4/.cpan/build/Archive-Tar-Wrapper-0.31-V5ZGsr/blib/arch /home/david/cpantesting/perl-5.14.4/lib/site_perl/5.14.4/x86_64-linux-thread-multi /home/david/cpantesting/perl-5.14.4/lib/site_perl/5.14.4 /home/david/cpantesting/perl-5.14.4/lib/5.14.4/x86_64-linux-thread-multi /home/david/cpantesting/perl-5.14.4/lib/5.14.4 .) at /home/david/cpantesting/perl-5.14.4/.cpan/build/Archive-Tar-Wrapper-0.31-V5ZGsr/blib/lib/Archive/Tar/Wrapper.pm line 6.
# BEGIN failed--compilation aborted at /home/david/cpantesting/perl-5.14.4/.cpan/build/Archive-Tar-Wrapper-0.31-V5ZGsr/blib/lib/Archive/Tar/Wrapper.pm line 6.
# Compilation failed in require at t/005Cwd.t line 7.
# BEGIN failed--compilation aborted at t/005Cwd.t line 7.

#   Failed test 'no error'
#   at t/005Cwd.t line 18.
#          got: 'Can't locate object method "new" via package "Archive::Tar::Wrapper" at t/005Cwd.t line 11.
# '
#     expected: ''

#   Failed test 'survived eval'
#   at t/005Cwd.t line 19.
#          got: undef
#     expected: '1'
# Looks like you failed 3 tests of 4.
t/005Cwd.t ....... 
Dubious, test returned 3 (wstat 768, 0x300)
Failed 3/4 subtests 
Can't locate Log/Log4perl.pm in @INC (@INC contains: /home/david/cpantesting/perl-5.14.4/.cpan/build/Archive-Tar-Wrapper-0.31-V5ZGsr/blib/lib /home/david/cpantesting/perl-5.14.4/.cpan/build/Archive-Tar-Wrapper-0.31-V5ZGsr/blib/arch /home/david/cpantesting/perl-5.14.4/lib/site_perl/5.14.4/x86_64-linux-thread-multi /home/david/cpantesting/perl-5.14.4/lib/site_perl/5.14.4 /home/david/cpantesting/perl-5.14.4/lib/5.14.4/x86_64-linux-thread-multi /home/david/cpantesting/perl-5.14.4/lib/5.14.4 .) at t/006DirPerms.t line 3.
BEGIN failed--compilation aborted at t/006DirPerms.t line 3.
t/006DirPerms.t .. 
Dubious, test returned 2 (wstat 512, 0x200)
No subtests run 
Can't locate Log/Log4perl.pm in @INC (@INC contains: /home/david/cpantesting/perl-5.14.4/.cpan/build/Archive-Tar-Wrapper-0.31-V5ZGsr/blib/lib /home/david/cpantesting/perl-5.14.4/.cpan/build/Archive-Tar-Wrapper-0.31-V5ZGsr/blib/arch /home/david/cpantesting/perl-5.14.4/lib/site_perl/5.14.4/x86_64-linux-thread-multi /home/david/cpantesting/perl-5.14.4/lib/site_perl/5.14.4 /home/david/cpantesting/perl-5.14.4/lib/5.14.4/x86_64-linux-thread-multi /home/david/cpantesting/perl-5.14.4/lib/5.14.4 .) at t/007bzip.t line 3.
BEGIN failed--compilation aborted at t/007bzip.t line 3.
t/007bzip.t ...... 
Dubious, test returned 2 (wstat 512, 0x200)
No subtests run 

Test Summary Report
-------------------
t/001Basic.t   (Wstat: 512 Tests: 0 Failed: 0)
  Non-zero exit status: 2
  Parse errors: No plan found in TAP output
t/002Mult.t    (Wstat: 512 Tests: 0 Failed: 0)
  Non-zero exit status: 2
  Parse errors: No plan found in TAP output
t/003Dirs.t    (Wstat: 512 Tests: 0 Failed: 0)
  Non-zero exit status: 2
  Parse errors: No plan found in TAP output
t/004Utf8.t    (Wstat: 512 Tests: 0 Failed: 0)
  Non-zero exit status: 2
  Parse errors: No plan found in TAP output
t/005Cwd.t     (Wstat: 768 Tests: 4 Failed: 3)
  Failed tests:  1-3
  Non-zero exit status: 3
t/006DirPerms.t (Wstat: 512 Tests: 0 Failed: 0)
  Non-zero exit status: 2
  Parse errors: No plan found in TAP output
t/007bzip.t    (Wstat: 512 Tests: 0 Failed: 0)
  Non-zero exit status: 2
  Parse errors: No plan found in TAP output
Files=7, Tests=4,  0 wallclock secs ( 0.02 usr  0.02 sys +  0.02 cusr  0.03 csys =  0.09 CPU)
Result: FAIL
Failed 7/7 test programs. 3/4 subtests failed.
Makefile:792: recipe for target 'test_dynamic' failed
make: *** [test_dynamic] Error 2

------------------------------
PREREQUISITES
------------------------------

Prerequisite modules loaded:

configure_requires:

    Module              Need Have   
    ------------------- ---- -------
    ExtUtils::MakeMaker 0    6.57_05
    File::Which         0    1.21   


------------------------------
ENVIRONMENT AND OTHER CONTEXT
------------------------------

Environment variables:

    AUTOMATED_TESTING = 1
    NONINTERACTIVE_TESTING = 1
    PATH = /usr/local/bin:/usr/bin:/bin:/usr/local/games:/usr/games
    PERL = 5.14.4
    PERL5LIB = 
    PERL5OPT = 
    PERL5_CPANPLUS_IS_RUNNING = 25467
    PERL5_CPAN_IS_RUNNING = 25467
    PERLVER = 5.14.4
    PERL_INLINE_DIRECTORY = /home/david/.Inline-5.14.4
    PERL_MM_USE_DEFAULT = 1
    PERL_USE_UNSAFE_INC = 0
    SHELL = /bin/bash
    TERM = screen

Perl special variables (and OS-specific diagnostics, for MSWin32):

    $^X = /home/david/cpantesting/perl-5.14.4/bin/perl
    $UID/$EUID = 1000 / 1000
    $GID = 1000 1000
    $EGID = 1000 1000

Perl module toolchain versions installed:

    Module              Have     
    ------------------- ---------
    CPAN                1.9600_01
    CPAN::Meta          2.110440 
    Cwd                 3.36     
    ExtUtils::CBuilder  0.280203 
    ExtUtils::Command   1.17     
    ExtUtils::Install   1.56     
    ExtUtils::MakeMaker 6.57_05  
    ExtUtils::Manifest  1.58     
    ExtUtils::ParseXS   2.2210   
    File::Spec          3.33     
    JSON                2.90     
    JSON::PP            2.27400  
    Module::Build       0.3800   
    Module::Signature   n/a      
    Parse::CPAN::Meta   1.4401   
    Test::Harness       3.23     
    Test::More          1.302059 
    YAML                1.18     
    YAML::Syck          n/a      
    version             0.88     


--

Summary of my perl5 (revision 5 version 14 subversion 4) configuration:
   
  Platform:
    osname=linux, osvers=3.16.0-4-amd64, archname=x86_64-linux-thread-multi
    uname='linux pigsty.barnyard.co.uk 3.16.0-4-amd64 #1 smp debian 3.16.36-1+deb8u1 (2016-09-03) x86_64 gnulinux '
    config_args='-de -Duse64bitall -Dusethreads -Dprefix=/home/david/cpantesting/perl-5.14.4'
    hint=recommended, useposix=true, d_sigaction=define
    useithreads=define, usemultiplicity=define
    useperlio=define, d_sfio=undef, uselargefiles=define, usesocks=undef
    use64bitint=define, use64bitall=define, uselongdouble=undef
    usemymalloc=n, bincompat5005=undef
  Compiler:
    cc='cc', ccflags ='-D_REENTRANT -D_GNU_SOURCE -fno-strict-aliasing -pipe -fstack-protector -I/usr/local/include -D_LARGEFILE_SOURCE -D_FILE_OFFSET_BITS=64',
    optimize='-O2',
    cppflags='-D_REENTRANT -D_GNU_SOURCE -fno-strict-aliasing -pipe -fstack-protector -I/usr/local/include'
    ccversion='', gccversion='4.9.2', gccosandvers=''
    intsize=4, longsize=8, ptrsize=8, doublesize=8, byteorder=12345678
    d_longlong=define, longlongsize=8, d_longdbl=define, longdblsize=16
    ivtype='long', ivsize=8, nvtype='double', nvsize=8, Off_t='off_t', lseeksize=8
    alignbytes=8, prototype=define
  Linker and Libraries:
    ld='cc', ldflags =' -fstack-protector -L/usr/local/lib'
    libpth=/usr/local/lib /lib/x86_64-linux-gnu /lib/../lib /usr/lib/x86_64-linux-gnu /usr/lib/../lib /lib /usr/lib
    libs=-lnsl -ldb -ldl -lm -lcrypt -lutil -lpthread -lc
    perllibs=-lnsl -ldl -lm -lcrypt -lutil -lpthread -lc
    libc=libc-2.19.so, so=so, useshrplib=false, libperl=libperl.a
    gnulibc_version='2.19'
  Dynamic Linking:
    dlsrc=dl_dlopen.xs, dlext=so, d_dlsymun=undef, ccdlflags='-Wl,-E'
    cccdlflags='-fPIC', lddlflags='-shared -O2 -L/usr/local/lib -fstack-protector'


Characteristics of this binary (from libperl): 
  Compile-time options: MULTIPLICITY PERL_DONT_CREATE_GVSV
                        PERL_IMPLICIT_CONTEXT PERL_MALLOC_WRAP
                        PERL_PRESERVE_IVUV USE_64_BIT_ALL USE_64_BIT_INT
                        USE_ITHREADS USE_LARGE_FILES USE_PERLIO USE_PERL_ATOF
                        USE_REENTRANT_API
  Locally applied patches:
	Devel::PatchPerl 1.44
  Built under linux
  Compiled at Oct 12 2016 15:07:52
  %ENV:
    PERL="5.14.4"
    PERL5LIB=""
    PERL5OPT=""
    PERL5_CPANPLUS_IS_RUNNING="25467"
    PERL5_CPAN_IS_RUNNING="25467"
    PERLVER="5.14.4"
    PERL_INLINE_DIRECTORY="/home/david/.Inline-5.14.4"
    PERL_MM_USE_DEFAULT="1"
    PERL_USE_UNSAFE_INC="0"
  @INC:
    /home/david/cpantesting/perl-5.14.4/lib/site_perl/5.14.4/x86_64-linux-thread-multi
    /home/david/cpantesting/perl-5.14.4/lib/site_perl/5.14.4
    /home/david/cpantesting/perl-5.14.4/lib/5.14.4/x86_64-linux-thread-multi
    /home/david/cpantesting/perl-5.14.4/lib/5.14.4
    .