Report for LittleORM-0.07

Back
From: metabase:user:320bfe00-2aae-11df-837a-5e0a49663a4f
Subject: FAIL LittleORM-0.07 v5.17.10 GNU/Linux
Date: 2013-04-27T08:18:23Z

This distribution has been tested as part of the CPAN Testers
project, supporting the Perl programming language.  See
http://wiki.cpantesters.org/ for more information or email
questions to cpan-testers-discuss@perl.org


--
Dear Eugene Kuzin,

This is a computer-generated report for LittleORM-0.07
on perl 5.17.10, created by CPAN-Reporter-1.2009.

Thank you for uploading your work to CPAN.  However, there was a problem
testing your distribution.

If you think this report is invalid, please consult the CPAN Testers Wiki
for suggestions on how to avoid getting FAIL reports for missing library
or binary dependencies, unsupported operating systems, and so on:

http://wiki.cpantesters.org/wiki/CPANAuthorNotes

Sections of this report:

    * Tester comments
    * Program output
    * Prerequisites
    * Environment and other context

------------------------------
TESTER COMMENTS
------------------------------

Additional comments from tester:

this report is from an automated smoke testing program
and was not reviewed by a human for accuracy

------------------------------
PROGRAM OUTPUT
------------------------------

Output from '/usr/bin/make test':

PERL_DL_NONLAZY=1 /home/sand/src/perl/repoperls/installed-perls/perl/v5.17.10/a2da/bin/perl "-MExtUtils::Command::MM" "-e" "test_harness(0, 'blib/lib', 'blib/arch')" t/*.t
# Testing LittleORM 0.07, Perl 5.017010, /home/sand/src/perl/repoperls/installed-perls/perl/v5.17.10/a2da/bin/perl
t/00-load.t ....... ok
t/manifest.t ...... skipped: Author tests not required for installation

#   Failed test 'Pod coverage on LittleORM::GenericID'
#   at /home/src/perl/repoperls/installed-perls/perl/v5.17.10/a2da/lib/site_perl/5.17.10/Test/Pod/Coverage.pm line 126.
# LittleORM::GenericID: couldn't find pod

#   Failed test 'Pod coverage on LittleORM::Clause'
#   at /home/src/perl/repoperls/installed-perls/perl/v5.17.10/a2da/lib/site_perl/5.17.10/Test/Pod/Coverage.pm line 126.
# LittleORM::Clause: couldn't find pod

#   Failed test 'Pod coverage on LittleORM::Model'
#   at /home/src/perl/repoperls/installed-perls/perl/v5.17.10/a2da/lib/site_perl/5.17.10/Test/Pod/Coverage.pm line 126.
# LittleORM::Model: couldn't find pod

#   Failed test 'Pod coverage on LittleORM::Role'
#   at /home/src/perl/repoperls/installed-perls/perl/v5.17.10/a2da/lib/site_perl/5.17.10/Test/Pod/Coverage.pm line 126.
# LittleORM::Role: couldn't find pod

#   Failed test 'Pod coverage on LittleORM::Db'
#   at /home/src/perl/repoperls/installed-perls/perl/v5.17.10/a2da/lib/site_perl/5.17.10/Test/Pod/Coverage.pm line 126.
# LittleORM::Db: couldn't find pod

#   Failed test 'Pod coverage on LittleORM::Filter'
#   at /home/src/perl/repoperls/installed-perls/perl/v5.17.10/a2da/lib/site_perl/5.17.10/Test/Pod/Coverage.pm line 126.
# LittleORM::Filter: couldn't find pod

#   Failed test 'Pod coverage on LittleORM::Meta::Attribute'
#   at /home/src/perl/repoperls/installed-perls/perl/v5.17.10/a2da/lib/site_perl/5.17.10/Test/Pod/Coverage.pm line 126.
# LittleORM::Meta::Attribute: couldn't find pod

#   Failed test 'Pod coverage on LittleORM::Meta::Trait'
#   at /home/src/perl/repoperls/installed-perls/perl/v5.17.10/a2da/lib/site_perl/5.17.10/Test/Pod/Coverage.pm line 126.
# LittleORM::Meta::Trait: couldn't find pod

#   Failed test 'Pod coverage on LittleORM::Db::Field'
#   at /home/src/perl/repoperls/installed-perls/perl/v5.17.10/a2da/lib/site_perl/5.17.10/Test/Pod/Coverage.pm line 126.
# LittleORM::Db::Field: couldn't find pod

#   Failed test 'Pod coverage on LittleORM::Db::Field::Default'
#   at /home/src/perl/repoperls/installed-perls/perl/v5.17.10/a2da/lib/site_perl/5.17.10/Test/Pod/Coverage.pm line 126.
# LittleORM::Db::Field::Default: couldn't find pod

#   Failed test 'Pod coverage on LittleORM::Db::Field::XML'
#   at /home/src/perl/repoperls/installed-perls/perl/v5.17.10/a2da/lib/site_perl/5.17.10/Test/Pod/Coverage.pm line 126.
# LittleORM::Db::Field::XML: couldn't find pod
# Looks like you failed 11 tests of 13.
t/pod-coverage.t .. 
Dubious, test returned 11 (wstat 2816, 0xb00)
Failed 11/13 subtests 
t/pod.t ........... ok

Test Summary Report
-------------------
t/pod-coverage.t (Wstat: 2816 Tests: 13 Failed: 11)
  Failed tests:  2-3, 5-13
  Non-zero exit status: 11
Files=4, Tests=29,  1 wallclock secs ( 0.03 usr  0.01 sys +  0.44 cusr  0.10 csys =  0.58 CPU)
Result: FAIL
Failed 1/4 test programs. 11/29 subtests failed.
make: *** [test_dynamic] Error 255

------------------------------
PREREQUISITES
------------------------------

Prerequisite modules loaded:

requires:

    Module                       Need  Have    
    ---------------------------- ----- --------
    Carp::Assert                 0     0.20    
    List::MoreUtils              0     0.33    
    Moose                        0     2.0801  
    Moose::Util::TypeConstraints 0     2.0801  
    perl                         5.006 5.017010
    Scalar::Util                 0     1.27    

build_requires:

    Module                       Need  Have    
    ---------------------------- ----- --------
    Test::More                   0     0.98_05 

configure_requires:

    Module                       Need  Have    
    ---------------------------- ----- --------
    ExtUtils::MakeMaker          0     6.67_01 


------------------------------
ENVIRONMENT AND OTHER CONTEXT
------------------------------

Environment variables:

    AUTOMATED_TESTING = 1
    LANG = en_US.UTF-8
    LANGUAGE = en_US:en
    PATH = /usr/lib/ccache:/home/sand/bin:/usr/local/bin:/usr/bin:/bin:/usr/bin/X11:/usr/games:/usr/local/perl/bin:/usr/X11/bin:/sbin:/usr/sbin
    PERL5LIB = 
    PERL5OPT = 
    PERL5_CPANPLUS_IS_RUNNING = 7765
    PERL5_CPAN_IS_RUNNING = 7765
    PERL_MM_USE_DEFAULT = 1
    SHELL = /usr/bin/zsh
    TERM = screen

Perl special variables (and OS-specific diagnostics, for MSWin32):

    $^X = /home/sand/src/perl/repoperls/installed-perls/perl/v5.17.10/a2da/bin/perl
    $UID/$EUID = 1005 / 1005
    $GID = 1005 1005
    $EGID = 1005 1005

Perl module toolchain versions installed:

    Module              Have    
    ------------------- --------
    CPAN                2.00    
    CPAN::Meta          2.120921
    Cwd                 3.40    
    ExtUtils::CBuilder  0.280209
    ExtUtils::Command   1.17    
    ExtUtils::Install   1.59    
    ExtUtils::MakeMaker 6.67_01 
    ExtUtils::Manifest  1.63    
    ExtUtils::ParseXS   3.18_03 
    File::Spec          3.40    
    JSON                2.57    
    JSON::PP            2.27202 
    Module::Build       0.4005  
    Module::Signature   0.70    
    Parse::CPAN::Meta   1.4404  
    Test::Harness       3.26    
    Test::More          0.98_05 
    YAML                0.84    
    YAML::Syck          1.25    
    version             0.9902  


--

Summary of my perl5 (revision 5 version 17 subversion 10) configuration:
  Commit id: 7517f59849785bff313ec053e695f990495f3ab1
  Platform:
    osname=linux, osvers=3.2.0-4-amd64, archname=x86_64-linux-thread-multi-ld
    uname='linux k83 3.2.0-4-amd64 #1 smp debian 3.2.39-2 x86_64 gnulinux '
    config_args='-Dprefix=/home/src/perl/repoperls/installed-perls/perl/v5.17.10/a2da -Dmyhostname=k83 -Dinstallusrbinperl=n -Uversiononly -Dusedevel -des -Ui_db -Duseithreads -Duselongdouble -DDEBUGGING=-g'
    hint=recommended, useposix=true, d_sigaction=define
    useithreads=define, usemultiplicity=define
    useperlio=define, d_sfio=undef, uselargefiles=define, usesocks=undef
    use64bitint=define, use64bitall=define, uselongdouble=define
    usemymalloc=n, bincompat5005=undef
  Compiler:
    cc='cc', ccflags ='-D_REENTRANT -D_GNU_SOURCE -fno-strict-aliasing -pipe -fstack-protector -I/usr/local/include -D_LARGEFILE_SOURCE -D_FILE_OFFSET_BITS=64',
    optimize='-O2 -g',
    cppflags='-D_REENTRANT -D_GNU_SOURCE -fno-strict-aliasing -pipe -fstack-protector -I/usr/local/include'
    ccversion='', gccversion='4.7.2', gccosandvers=''
    intsize=4, longsize=8, ptrsize=8, doublesize=8, byteorder=12345678
    d_longlong=define, longlongsize=8, d_longdbl=define, longdblsize=16
    ivtype='long', ivsize=8, nvtype='long double', nvsize=16, Off_t='off_t', lseeksize=8
    alignbytes=16, prototype=define
  Linker and Libraries:
    ld='cc', ldflags =' -fstack-protector -L/usr/local/lib'
    libpth=/usr/local/lib /lib/x86_64-linux-gnu /lib/../lib /usr/lib/x86_64-linux-gnu /usr/lib/../lib /lib /usr/lib
    libs=-lnsl -lgdbm -ldb -ldl -lm -lcrypt -lutil -lpthread -lc -lgdbm_compat
    perllibs=-lnsl -ldl -lm -lcrypt -lutil -lpthread -lc
    libc=, so=so, useshrplib=false, libperl=libperl.a
    gnulibc_version='2.13'
  Dynamic Linking:
    dlsrc=dl_dlopen.xs, dlext=so, d_dlsymun=undef, ccdlflags='-Wl,-E'
    cccdlflags='-fPIC', lddlflags='-shared -O2 -g -L/usr/local/lib -fstack-protector'


Characteristics of this binary (from libperl): 
  Compile-time options: HAS_TIMES MULTIPLICITY PERLIO_LAYERS
                        PERL_DONT_CREATE_GVSV PERL_IMPLICIT_CONTEXT
                        PERL_MALLOC_WRAP PERL_PRESERVE_IVUV PERL_SAWAMPERSAND
                        PERL_USE_DEVEL USE_64_BIT_ALL USE_64_BIT_INT
                        USE_ITHREADS USE_LARGE_FILES USE_LOCALE
                        USE_LOCALE_COLLATE USE_LOCALE_CTYPE
                        USE_LOCALE_NUMERIC USE_LONG_DOUBLE USE_PERLIO
                        USE_PERL_ATOF USE_REENTRANT_API
  Built under linux
  Compiled at Mar 23 2013 05:34:11
  %ENV:
    PERL5LIB=""
    PERL5OPT=""
    PERL5_CPANPLUS_IS_RUNNING="7765"
    PERL5_CPAN_IS_RUNNING="7765"
    PERL_MM_USE_DEFAULT="1"
  @INC:
    /home/src/perl/repoperls/installed-perls/perl/v5.17.10/a2da/lib/site_perl/5.17.10/x86_64-linux-thread-multi-ld
    /home/src/perl/repoperls/installed-perls/perl/v5.17.10/a2da/lib/site_perl/5.17.10
    /home/src/perl/repoperls/installed-perls/perl/v5.17.10/a2da/lib/5.17.10/x86_64-linux-thread-multi-ld
    /home/src/perl/repoperls/installed-perls/perl/v5.17.10/a2da/lib/5.17.10
    .