Report for Data-Record-Serialize-0.27-TRIAL

Back
From: metabase:user:30ae4450-2aae-11df-837a-5e0a49663a4f
Subject: FAIL Data-Record-Serialize-0.27-TRIAL 5.24.0 
Date: 2021-08-08T15:31:27Z

This distribution has been tested as part of the CPAN Testers
project, supporting the Perl programming language.  See
http://wiki.cpantesters.org/ for more information or email
questions to cpan-testers-discuss@perl.org


--
Dear Diab Jerius,

This is a computer-generated report for Data-Record-Serialize-0.27-TRIAL
on perl 5.24.0, created by CPAN-Reporter-1.2018.

Thank you for uploading your work to CPAN.  However, there was a problem
testing your distribution.

If you think this report is invalid, please consult the CPAN Testers Wiki
for suggestions on how to avoid getting FAIL reports for missing library
or binary dependencies, unsupported operating systems, and so on:

http://wiki.cpantesters.org/wiki/CPANAuthorNotes

Sections of this report:

    * Tester comments
    * Program output
    * Prerequisites
    * Environment and other context

------------------------------
TESTER COMMENTS
------------------------------

Additional comments from tester:

this report is from an automated smoke testing program
and was not reviewed by a human for accuracy

------------------------------
PROGRAM OUTPUT
------------------------------

Output from 'C:\Strawberry240\perl\bin\perl.exe ./Build test':

t/00-compile.t ................. ok
# 
# Versions for all modules listed in MYMETA.json (including optional ones):
# 
# === Configure Requires ===
# 
#     Module               Want  Have
#     ------------------- ----- -----
#     Module::Build::Tiny 0.034 0.039
# 
# === Test Requires ===
# 
#     Module                      Want     Have
#     -------------------------- ----- --------
#     Exporter::Tiny             1.002 1.002002
#     ExtUtils::MakeMaker          any     7.24
#     File::Slurper                any    0.009
#     File::Spec                   any     3.63
#     IO::Handle                   any     1.36
#     IPC::Open3                   any     1.20
#     JSON::MaybeXS                any 1.003008
#     JSON::PP                     any  2.27400
#     String::RewritePrefix        any    0.007
#     Test2::Bundle::More          any 0.000141
#     Test2::Plugin::NoWarnings    any     0.05
#     Test2::Tools::AfterSubtest   any    undef
#     Test2::V0                    any 0.000141
#     Test::Lib                    any    0.002
#     Test::More                   any 1.302186
#     YAML::PP                     any    0.027
# 
# === Test Recommends ===
# 
#     Module              Want     Have
#     --------------- -------- --------
#     CPAN::Meta      2.120900 2.150010
#     Convert::Scalar      any  missing
#     DBD::SQLite         1.31     1.54
# 
# === Runtime Requires ===
# 
#     Module               Want     Have
#     ---------------- -------- --------
#     JSON::MaybeXS         any 1.003008
#     List::Util           1.33     1.47
#     Moo::Role        2.003004 2.005004
#     Package::Variant      any 1.003002
#     Ref::Util             any    0.111
#     SQL::Translator       any  0.11021
#     Types::Standard  1.010003 1.012004
#     YAML::PP              any    0.027
#     custom::failures      any    0.004
#     enum                  any     1.11
#     namespace::clean      any     0.27
# 
# === Runtime Recommends ===
# 
#     Module             Want    Have
#     ---------------- ------ -------
#     Cpanel::JSON::XS 3.0236  3.0225
#     JSON::PP            any 2.27400
#     YAML::XS           0.67    0.63
# 
# === Other Modules ===
# 
#     Module              Have
#     ---------------- -------
#     Cpanel::JSON::XS  3.0225
#     JSON::PP         2.27400
#     JSON::XS            3.03
#     YAML::PP           0.027
#     YAML::XS            0.63
# 
t/00-report-prereqs.t .......... ok
t/boolean.t .................... ok
t/bugs/duplicate-fields.t ...... ok
t/bugs/rename-field-to-self.t .. ok
t/constructor.t ................ ok
t/encoders/dbi.t ............... ok
t/encoders/ddump.t ............. ok
    # Failed test 'round-trip values'
    # at t/encoders/json.t line 106.
    # +-----------------+-----------------+----+-----------------+---------+
    # | PATH            | GOT             | OP | CHECK           | LNs     |
    # +-----------------+-----------------+----+-----------------+---------+
    # |                 | HASH(0x10809e4) |    | <HASH>          | 92, 105 |
    # |                 |                 |    |                 |         |
    # | {bool}          | JSON::PP::Boole |    | <META CHECKS>   | 103     |
    # |                 | an=SCALAR(0x141 |    |                 |         |
    # |                 | 3a24)           |    |                 |         |
    # |                 |                 |    |                 |         |
    # | {bool} <this>   | true            | eq | 1               | 102     |
    # +-----------------+-----------------+----+-----------------+---------+

# Failed test 'record requires transformation'
# at t/encoders/json.t line 118.
# Seeded srand with seed '20210808' from local date.
t/encoders/json.t .............. 
Dubious, test returned 1 (wstat 256, 0x100)
Failed 1/3 subtests 
t/encoders/null.t .............. ok
t/encoders/rdb.t ............... ok
    # Failed test 'round-trip values'
    # at t/encoders/yaml.t line 104.
    # +--------+-----------------+----------+---------+
    # | PATH   | GOT             | CHECK    | LNs     |
    # +--------+-----------------+----------+---------+
    # |        | HASH(0x21e147c) | <HASH>   | 93, 103 |
    # | {bool} | 1               | <OBJECT> | 101     |
    # +--------+-----------------+----------+---------+

# Failed test 'record requires transformation'
# at t/encoders/yaml.t line 116.
# Seeded srand with seed '20210808' from local date.
t/encoders/yaml.t .............. 
Dubious, test returned 1 (wstat 256, 0x100)
Failed 1/3 subtests 
t/field_format.t ............... ok
t/field_names.t ................ ok
t/field_type_selection.t ....... ok
t/field_types.t ................ ok
t/nullify.t .................... ok
t/numify.t ..................... ok
t/stringify.t .................. ok

Test Summary Report
-------------------
t/encoders/json.t            (Wstat: 256 Tests: 3 Failed: 1)
  Failed test:  3
  Non-zero exit status: 1
t/encoders/yaml.t            (Wstat: 256 Tests: 3 Failed: 1)
  Failed test:  3
  Non-zero exit status: 1
Files=19, Tests=82, 30 wallclock secs ( 0.14 usr +  0.07 sys =  0.21 CPU)
Result: FAIL

------------------------------
PREREQUISITES
------------------------------

Prerequisite modules loaded:

requires:

    Module                     Need     Have    
    -------------------------- -------- --------
    custom::failures           0        0.004   
    enum                       0        1.11    
    JSON::MaybeXS              0        1.003008
    List::Util                 1.33     1.47    
    Moo::Role                  2.003004 2.005004
    namespace::clean           0        0.27    
    Package::Variant           0        1.003002
    perl                       5.01000  5.024000
    Ref::Util                  0        0.111   
    SQL::Translator            0        0.11021 
    Types::Standard            1.010003 1.012004
    YAML::PP                   0        0.027   

build_requires:

    Module                     Need     Have    
    -------------------------- -------- --------
    Exporter::Tiny             1.002    1.002002
    ExtUtils::MakeMaker        0        7.24    
    File::Slurper              0        0.009   
    File::Spec                 0        3.63    
    IO::Handle                 0        1.36    
    IPC::Open3                 0        1.20    
    JSON::MaybeXS              0        1.003008
    JSON::PP                   0        2.27400 
    String::RewritePrefix      0        0.007   
    Test2::Bundle::More        0        0.000141
    Test2::Plugin::NoWarnings  0        0.05    
    Test2::Tools::AfterSubtest 0        0       
    Test2::V0                  0        0.000141
    Test::Lib                  0        0.002   
    Test::More                 0        1.302186
    YAML::PP                   0        0.027   

configure_requires:

    Module                     Need     Have    
    -------------------------- -------- --------
    Module::Build::Tiny        0.034    0.039   


------------------------------
ENVIRONMENT AND OTHER CONTEXT
------------------------------

Environment variables:

    AUTOMATED_TESTING = 1
    COMSPEC = C:\WINDOWS\system32\cmd.exe
    NUMBER_OF_PROCESSORS = 1
    PATH = C:\WINDOWS\system32;C:\WINDOWS;C:\WINDOWS\System32\Wbem;C:\Git\cmd;C:\Strawberry240\c\bin;C:\Strawberry240\perl\site\bin;C:\Strawberry240\perl\bin
    PERL5LIB = C:\STRAWB~1\cpan\build\failures-0.004-0/blib/arch;C:\STRAWB~1\cpan\build\failures-0.004-0/blib/lib;C:\STRAWB~1\cpan\build\YAML-PP-0.027-0/blib/arch;C:\STRAWB~1\cpan\build\YAML-PP-0.027-0/blib/lib;C:\STRAWB~1\cpan\build\Type-Tiny-1.012004-0/blib/arch;C:\STRAWB~1\cpan\build\Type-Tiny-1.012004-0/blib/lib;C:\STRAWB~1\cpan\build\Test2-Suite-0.000141-1/blib/arch;C:\STRAWB~1\cpan\build\Test2-Suite-0.000141-1/blib/lib;C:\STRAWB~1\cpan\build\Term-Table-0.015-1/blib/arch;C:\STRAWB~1\cpan\build\Term-Table-0.015-1/blib/lib;C:\STRAWB~1\cpan\build\Test-Simple-1.302186-1/blib/arch;C:\STRAWB~1\cpan\build\Test-Simple-1.302186-1/blib/lib;C:\STRAWB~1\cpan\build\Sub-Info-0.002-1/blib/arch;C:\STRAWB~1\cpan\build\Sub-Info-0.002-1/blib/lib;C:\STRAWB~1\cpan\build\Test2-Tools-AfterSubtest-0.001-0/blib/arch;C:\STRAWB~1\cpan\build\Test2-Tools-AfterSubtest-0.001-0/blib/lib;C:\STRAWB~1\cpan\build\Moo-2.005004-0/blib/arch;C:\STRAWB~1\cpan\build\Moo-2.005004-0/blib/lib;C:\STRAWB~1\cpan\build\Sub-Quote-2.006006-0/blib/arch;C:\STRAWB~1\cpan\build\Sub-Quote-2.006006-0/blib/lib;C:\STRAWB~1\cpan\build\Role-Tiny-2.002004-0/blib/arch;C:\STRAWB~1\cpan\build\Role-Tiny-2.002004-0/blib/lib;C:\STRAWB~1\cpan\build\Exporter-Tiny-1.002002-0/blib/arch;C:\STRAWB~1\cpan\build\Exporter-Tiny-1.002002-0/blib/lib
    PERL5OPT = 
    PERL5_CPANPLUS_IS_RUNNING = 1040
    PERL5_CPAN_IS_RUNNING = 1040
    PERL5_CPAN_IS_RUNNING_IN_RECURSION = 1016,1040
    PERL_CR_SMOKER_CURRENT = Data-Record-Serialize-0.27-TRIAL
    PERL_CR_SMOKER_RUNONCE = 1
    PERL_EXTUTILS_AUTOINSTALL = --defaultdeps
    PERL_HASH_SEED = 0x11111111
    PERL_MM_USE_DEFAULT = 1
    PROCESSOR_IDENTIFIER = x86 Family 16 Model 5 Stepping 3, AuthenticAMD
    TEMP = C:\DOCUME~1\a\LOCALS~1\Temp

Perl special variables (and OS-specific diagnostics, for MSWin32):

    $^X = C:\Strawberry240\perl\bin\perl.exe
    $UID/$EUID = 0 / 0
    $GID = 0
    $EGID = 0
    Win32::GetOSName = WinXP/.Net
    Win32::GetOSVersion = Service Pack 3, 5, 1, 2600, 2, 3, 0, 256, 1
    Win32::FsType = NTFS
    Win32::IsAdminUser = 1

Perl module toolchain versions installed:

    Module              Have    
    ------------------- --------
    CPAN                2.14    
    CPAN::Meta          2.150010
    Cwd                 3.63    
    ExtUtils::CBuilder  0.280225
    ExtUtils::Command   7.24    
    ExtUtils::Install   2.04    
    ExtUtils::MakeMaker 7.24    
    ExtUtils::Manifest  1.70    
    ExtUtils::ParseXS   3.31    
    File::Spec          3.63    
    JSON                2.90    
    JSON::PP            2.27400 
    Module::Build       0.4220  
    Module::Signature   0.81    
    Parse::CPAN::Meta   2.150010
    Test::Harness       3.36    
    Test::More          1.302186
    YAML                1.21    
    YAML::Syck          1.29    
    version             0.9917  


--

Summary of my perl5 (revision 5 version 24 subversion 0) configuration:
   
  Platform:
    osname=MSWin32, osvers=4.0, archname=MSWin32-x86-multi-thread
    uname='Win32 strawberry-perl 5.24.0.1-beta1 #1 Thu Dec 29 16:46:05 2016 i386'
    config_args='undef'
    hint=recommended, useposix=true, d_sigaction=undef
    useithreads=define, usemultiplicity=define
    use64bitint=undef, use64bitall=undef, uselongdouble=undef
    usemymalloc=n, bincompat5005=undef
  Compiler:
    cc='gcc', ccflags =' -s -O2 -DWIN32  -DPERL_TEXTMODE_SCRIPTS -DPERL_IMPLICIT_CONTEXT -DPERL_IMPLICIT_SYS -fwrapv -fno-strict-aliasing -mms-bitfields',
    optimize='-s -O2',
    cppflags='-DWIN32'
    ccversion='', gccversion='4.9.2', gccosandvers=''
    intsize=4, longsize=4, ptrsize=4, doublesize=8, byteorder=1234, doublekind=3
    d_longlong=define, longlongsize=8, d_longdbl=define, longdblsize=12, longdblkind=3
    ivtype='long', ivsize=4, nvtype='double', nvsize=8, Off_t='long long', lseeksize=8
    alignbytes=8, prototype=define
  Linker and Libraries:
    ld='g++', ldflags ='-s -L"C:\STRAWB~1\perl\lib\CORE" -L"C:\STRAWB~1\c\lib"'
    libpth=C:\STRAWB~1\c\lib C:\STRAWB~1\c\i686-w64-mingw32\lib C:\STRAWB~1\c\lib\gcc\i686-w64-mingw32\4.9.2
    libs=-lmoldname -lkernel32 -luser32 -lgdi32 -lwinspool -lcomdlg32 -ladvapi32 -lshell32 -lole32 -loleaut32 -lnetapi32 -luuid -lws2_32 -lmpr -lwinmm -lversion -lodbc32 -lodbccp32 -lcomctl32
    perllibs=-lmoldname -lkernel32 -luser32 -lgdi32 -lwinspool -lcomdlg32 -ladvapi32 -lshell32 -lole32 -loleaut32 -lnetapi32 -luuid -lws2_32 -lmpr -lwinmm -lversion -lodbc32 -lodbccp32 -lcomctl32
    libc=, so=dll, useshrplib=true, libperl=libperl524.a
    gnulibc_version=''
  Dynamic Linking:
    dlsrc=dl_win32.xs, dlext=xs.dll, d_dlsymun=undef, ccdlflags=' '
    cccdlflags=' ', lddlflags='-mdll -s -L"C:\STRAWB~1\perl\lib\CORE" -L"C:\STRAWB~1\c\lib"'


Characteristics of this binary (from libperl): 
  Compile-time options: HAS_TIMES HAVE_INTERP_INTERN MULTIPLICITY
                        PERLIO_LAYERS PERL_COPY_ON_WRITE
                        PERL_DONT_CREATE_GVSV
                        PERL_HASH_FUNC_ONE_AT_A_TIME_HARD
                        PERL_IMPLICIT_CONTEXT PERL_IMPLICIT_SYS
                        PERL_MALLOC_WRAP PERL_PRESERVE_IVUV USE_ITHREADS
                        USE_LARGE_FILES USE_LOCALE USE_LOCALE_COLLATE
                        USE_LOCALE_CTYPE USE_LOCALE_NUMERIC USE_LOCALE_TIME
                        USE_PERLIO USE_PERL_ATOF
  Built under MSWin32
  Compiled at Dec 29 2016 16:55:33
  %ENV:
    PERL5LIB="C:\STRAWB~1\cpan\build\failures-0.004-0/blib/arch;C:\STRAWB~1\cpan\build\failures-0.004-0/blib/lib;C:\STRAWB~1\cpan\build\YAML-PP-0.027-0/blib/arch;C:\STRAWB~1\cpan\build\YAML-PP-0.027-0/blib/lib;C:\STRAWB~1\cpan\build\Type-Tiny-1.012004-0/blib/arch;C:\STRAWB~1\cpan\build\Type-Tiny-1.012004-0/blib/lib;C:\STRAWB~1\cpan\build\Test2-Suite-0.000141-1/blib/arch;C:\STRAWB~1\cpan\build\Test2-Suite-0.000141-1/blib/lib;C:\STRAWB~1\cpan\build\Term-Table-0.015-1/blib/arch;C:\STRAWB~1\cpan\build\Term-Table-0.015-1/blib/lib;C:\STRAWB~1\cpan\build\Test-Simple-1.302186-1/blib/arch;C:\STRAWB~1\cpan\build\Test-Simple-1.302186-1/blib/lib;C:\STRAWB~1\cpan\build\Sub-Info-0.002-1/blib/arch;C:\STRAWB~1\cpan\build\Sub-Info-0.002-1/blib/lib;C:\STRAWB~1\cpan\build\Test2-Tools-AfterSubtest-0.001-0/blib/arch;C:\STRAWB~1\cpan\build\Test2-Tools-AfterSubtest-0.001-0/blib/lib;C:\STRAWB~1\cpan\build\Moo-2.005004-0/blib/arch;C:\STRAWB~1\cpan\build\Moo-2.005004-0/blib/lib;C:\STRAWB~1\cpan\build\Sub-Quote-2.006006-0/blib/arch;C:\STRAWB~1\cpan\build\Sub-Quote-2.006006-0/blib/lib;C:\STRAWB~1\cpan\build\Role-Tiny-2.002004-0/blib/arch;C:\STRAWB~1\cpan\build\Role-Tiny-2.002004-0/blib/lib;C:\STRAWB~1\cpan\build\Exporter-Tiny-1.002002-0/blib/arch;C:\STRAWB~1\cpan\build\Exporter-Tiny-1.002002-0/blib/lib"
    PERL5_CPANPLUS_IS_RUNNING="1040"
    PERL5_CPAN_IS_RUNNING="1040"
    PERL5_CPAN_IS_RUNNING_IN_RECURSION="1016,1040"
    PERL_CR_SMOKER_CURRENT="Data-Record-Serialize-0.27-TRIAL"
    PERL_CR_SMOKER_RUNONCE="1"
    PERL_EXTUTILS_AUTOINSTALL="--defaultdeps"
    PERL_HASH_SEED="0x11111111"
    PERL_MM_USE_DEFAULT="1"
  @INC:
    C:\STRAWB~1\cpan\build\failures-0.004-0/blib/arch
    C:\STRAWB~1\cpan\build\failures-0.004-0/blib/lib
    C:\STRAWB~1\cpan\build\YAML-PP-0.027-0/blib/arch
    C:\STRAWB~1\cpan\build\YAML-PP-0.027-0/blib/lib
    C:\STRAWB~1\cpan\build\Type-Tiny-1.012004-0/blib/arch
    C:\STRAWB~1\cpan\build\Type-Tiny-1.012004-0/blib/lib
    C:\STRAWB~1\cpan\build\Test2-Suite-0.000141-1/blib/arch
    C:\STRAWB~1\cpan\build\Test2-Suite-0.000141-1/blib/lib
    C:\STRAWB~1\cpan\build\Term-Table-0.015-1/blib/arch
    C:\STRAWB~1\cpan\build\Term-Table-0.015-1/blib/lib
    C:\STRAWB~1\cpan\build\Test-Simple-1.302186-1/blib/arch
    C:\STRAWB~1\cpan\build\Test-Simple-1.302186-1/blib/lib
    C:\STRAWB~1\cpan\build\Sub-Info-0.002-1/blib/arch
    C:\STRAWB~1\cpan\build\Sub-Info-0.002-1/blib/lib
    C:\STRAWB~1\cpan\build\Test2-Tools-AfterSubtest-0.001-0/blib/arch
    C:\STRAWB~1\cpan\build\Test2-Tools-AfterSubtest-0.001-0/blib/lib
    C:\STRAWB~1\cpan\build\Moo-2.005004-0/blib/arch
    C:\STRAWB~1\cpan\build\Moo-2.005004-0/blib/lib
    C:\STRAWB~1\cpan\build\Sub-Quote-2.006006-0/blib/arch
    C:\STRAWB~1\cpan\build\Sub-Quote-2.006006-0/blib/lib
    C:\STRAWB~1\cpan\build\Role-Tiny-2.002004-0/blib/arch
    C:\STRAWB~1\cpan\build\Role-Tiny-2.002004-0/blib/lib
    C:\STRAWB~1\cpan\build\Exporter-Tiny-1.002002-0/blib/arch
    C:\STRAWB~1\cpan\build\Exporter-Tiny-1.002002-0/blib/lib
    C:/Strawberry240/perl/site/lib
    C:/Strawberry240/perl/vendor/lib
    C:/Strawberry240/perl/lib
    .