Back
From: metabase:user:320bfe00-2aae-11df-837a-5e0a49663a4f
Subject: FAIL Type-Tiny-1.002002 5.26.2 GNU/Linux
Date: 2018-06-03T19:34:49Z
This distribution has been tested as part of the CPAN Testers
project, supporting the Perl programming language. See
http://wiki.cpantesters.org/ for more information or email
questions to cpan-testers-discuss@perl.org
--
Dear Toby Inkster,
This is a computer-generated report for Type-Tiny-1.002002
on perl 5.26.2, created by CPAN-Reporter-1.2018.
Thank you for uploading your work to CPAN. However, there was a problem
testing your distribution.
If you think this report is invalid, please consult the CPAN Testers Wiki
for suggestions on how to avoid getting FAIL reports for missing library
or binary dependencies, unsupported operating systems, and so on:
http://wiki.cpantesters.org/wiki/CPANAuthorNotes
Sections of this report:
* Tester comments
* Program output
* Prerequisites
* Environment and other context
------------------------------
TESTER COMMENTS
------------------------------
Additional comments from tester:
none provided
------------------------------
PROGRAM OUTPUT
------------------------------
Output from '/usr/bin/make test':
PERL_DL_NONLAZY=1 "/home/sand/src/perl/repoperls/installed-perls/host/k93msid/v5.26.2/fc43/bin/perl" "-MExtUtils::Command::MM" "-MTest::Harness" "-e" "undef *Test::Harness::Switches; test_harness(0, 'inc', 'blib/lib', 'blib/arch')" t/*.t t/20-unit/Devel-TypeTiny-Perl56Compat/*.t t/20-unit/Devel-TypeTiny-Perl58Compat/*.t t/20-unit/Error-TypeTiny-Assertion/*.t t/20-unit/Error-TypeTiny-Compilation/*.t t/20-unit/Error-TypeTiny-WrongNumberOfParameters/*.t t/20-unit/Error-TypeTiny/*.t t/20-unit/Eval-TypeTiny/*.t t/20-unit/Test-TypeTiny/*.t t/20-unit/Type-Coercion-FromMoose/*.t t/20-unit/Type-Coercion-Union/*.t t/20-unit/Type-Coercion/*.t t/20-unit/Type-Library/*.t t/20-unit/Type-Params/*.t t/20-unit/Type-Parser/*.t t/20-unit/Type-Registry/*.t t/20-unit/Type-Tiny-Class/*.t t/20-unit/Type-Tiny-Duck/*.t t/20-unit/Type-Tiny-Enum/*.t t/20-unit/Type-Tiny-Intersection/*.t t/20-unit/Type-Tiny-Role/*.t t/20-unit/Type-Tiny-Union/*.t t/20-unit/Type-Tiny-_HalfOp/*.t t/20-unit/Type-Tiny/*.t t/20-unit/Type-Utils/*.t t/20-unit/Types-Common-Numeric/*.t t/20-unit/Types-Common-String/*.t t/20-unit/Types-Standard/*.t t/20-unit/Types-TypeTiny/*.t t/30-integration/Class-InsideOut/*.t t/30-integration/Exporter-Tiny/*.t t/30-integration/Function-Parameters/*.t t/30-integration/Kavorka/*.t t/30-integration/Moo/*.t t/30-integration/Moops/*.t t/30-integration/Moose/*.t t/30-integration/MooseX-Getopt/*.t t/30-integration/MooseX-Types/*.t t/30-integration/Mouse/*.t t/30-integration/MouseX-Types/*.t t/30-integration/Object-Accessor/*.t t/30-integration/Return-Type/*.t t/30-integration/Sub-Quote/*.t t/30-integration/Switcheroo/*.t t/30-integration/Type-Tie/*.t t/30-integration/Validation-Class-Simple/*.t t/30-integration/match-simple/*.t t/40-regression/*.t
#
# Perl 5.026002
# Exporter::Tiny 1.000000
# Type::Tie undef
perl: inline.h:147: S_POPMARK: Assertion `(PL_markstack_ptr > PL_markstack) || !"MARK underflow"' failed.
t/00-begin.t ..............................................
No subtests run
t/01-compile.t ............................................ ok
t/02-api.t ................................................ ok
t/03-leak.t ............................................... ok
t/20-unit/Devel-TypeTiny-Perl56Compat/basic.t ............. ok
t/20-unit/Devel-TypeTiny-Perl58Compat/basic.t ............. ok
t/20-unit/Error-TypeTiny-Assertion/basic.t ................ ok
t/20-unit/Error-TypeTiny-Compilation/basic.t .............. ok
t/20-unit/Error-TypeTiny-WrongNumberOfParameters/basic.t .. ok
t/20-unit/Error-TypeTiny/basic.t .......................... ok
t/20-unit/Error-TypeTiny/stacktrace.t ..................... ok
t/20-unit/Eval-TypeTiny/basic.t ........................... ok
t/20-unit/Eval-TypeTiny/fallback-aliases.t ................ skipped: test currently not working (TODO)
t/20-unit/Eval-TypeTiny/lexical-subs.t .................... ok
t/20-unit/Test-TypeTiny/basic.t ........................... ok
t/20-unit/Test-TypeTiny/extended.t ........................ ok
t/20-unit/Test-TypeTiny/matchfor.t ........................ ok
t/20-unit/Type-Coercion-FromMoose/basic.t ................. ok
t/20-unit/Type-Coercion-FromMoose/errors.t ................ ok
t/20-unit/Type-Coercion-Union/basic.t ..................... ok
t/20-unit/Type-Coercion/basic.t ........................... ok
t/20-unit/Type-Coercion/esoteric.t ........................ ok
t/20-unit/Type-Coercion/frozen.t .......................... ok
t/20-unit/Type-Coercion/inlining.t ........................ ok
t/20-unit/Type-Coercion/parameterized.t ................... ok
t/20-unit/Type-Coercion/smartmatch.t ...................... skipped: Perl too new
t/20-unit/Type-Coercion/typetiny-constructor.t ............ ok
t/20-unit/Type-Library/assert.t ........................... ok
t/20-unit/Type-Library/errors.t ........................... ok
t/20-unit/Type-Library/inheritance.t ...................... ok
t/20-unit/Type-Library/is.t ............................... ok
t/20-unit/Type-Library/to.t ............................... ok
t/20-unit/Type-Library/types.t ............................ ok
t/20-unit/Type-Params/badsigs.t ........................... ok
t/20-unit/Type-Params/carping.t ........................... ok
t/20-unit/Type-Params/coerce.t ............................ ok
t/20-unit/Type-Params/compile-named.t ..................... ok
t/20-unit/Type-Params/hashorder.t ......................... ok
t/20-unit/Type-Params/methods.t ........................... ok
t/20-unit/Type-Params/mixednamed.t ........................ ok
t/20-unit/Type-Params/multisig.t .......................... ok
t/20-unit/Type-Params/named.t ............................. ok
t/20-unit/Type-Params/noninline.t ......................... ok
t/20-unit/Type-Params/optional.t .......................... ok
t/20-unit/Type-Params/positional.t ........................ ok
t/20-unit/Type-Params/slurpy.t ............................ ok
t/20-unit/Type-Parser/basic.t ............................. ok
t/20-unit/Type-Parser/moosextypes.t ....................... ok
t/20-unit/Type-Registry/automagic.t ....................... ok
t/20-unit/Type-Registry/basic.t ........................... ok
t/20-unit/Type-Registry/methods.t ......................... ok
t/20-unit/Type-Registry/moosextypes.t ..................... ok
t/20-unit/Type-Registry/mousextypes.t ..................... skipped: Test requires module 'MouseX::Types::Common' but it's not found
t/20-unit/Type-Tiny-_HalfOp/double-union.t ................ ok
t/20-unit/Type-Tiny-_HalfOp/overload-precedence.t ......... ok
t/20-unit/Type-Tiny-Class/basic.t ......................... ok
t/20-unit/Type-Tiny-Class/errors.t ........................ ok
t/20-unit/Type-Tiny-Class/plus-constructors.t ............. ok
t/20-unit/Type-Tiny-Duck/basic.t .......................... ok
t/20-unit/Type-Tiny-Duck/errors.t ......................... ok
t/20-unit/Type-Tiny-Enum/basic.t .......................... ok
t/20-unit/Type-Tiny-Enum/errors.t ......................... ok
t/20-unit/Type-Tiny-Intersection/basic.t .................. ok
t/20-unit/Type-Tiny-Intersection/errors.t ................. ok
t/20-unit/Type-Tiny-Role/basic.t .......................... ok
t/20-unit/Type-Tiny-Role/errors.t ......................... ok
t/20-unit/Type-Tiny-Union/basic.t ......................... ok
t/20-unit/Type-Tiny-Union/errors.t ........................ ok
t/20-unit/Type-Tiny/arithmetic.t .......................... ok
t/20-unit/Type-Tiny/basic.t ............................... ok
t/20-unit/Type-Tiny/coercion-modifiers.t .................. ok
t/20-unit/Type-Tiny/constraint-strings.t .................. ok
t/20-unit/Type-Tiny/esoteric.t ............................ ok
t/20-unit/Type-Tiny/my-methods.t .......................... ok
t/20-unit/Type-Tiny/parameterization.t .................... ok
t/20-unit/Type-Tiny/shortcuts.t ........................... ok
t/20-unit/Type-Tiny/smartmatch.t .......................... ok
t/20-unit/Type-Tiny/syntax.t .............................. ok
t/20-unit/Type-Tiny/to-moose.t ............................ ok
t/20-unit/Type-Tiny/to-mouse.t ............................ ok
t/20-unit/Type-Utils/classifier.t ......................... ok
t/20-unit/Type-Utils/dwim-both.t .......................... ok
t/20-unit/Type-Utils/dwim-moose.t ......................... ok
t/20-unit/Type-Utils/dwim-mouse.t ......................... skipped: Test requires module 'MouseX::Types' but it's not found
t/20-unit/Type-Utils/match-on-type.t ...................... ok
t/20-unit/Type-Utils/warnings.t ........................... ok
t/20-unit/Types-Common-Numeric/basic.t .................... ok
t/20-unit/Types-Common-String/basic.t ..................... ok
t/20-unit/Types-Common-String/coerce.t .................... ok
t/20-unit/Types-Common-String/unicode.t ................... ok
t/20-unit/Types-Standard/basic.t .......................... ok
t/20-unit/Types-Standard/cycletuple.t ..................... ok
t/20-unit/Types-Standard/deep-coercions.t ................. ok
t/20-unit/Types-Standard/lockdown.t ....................... ok
t/20-unit/Types-Standard/mxtmlb-alike.t ................... ok
t/20-unit/Types-Standard/optlist.t ........................ ok
t/20-unit/Types-Standard/overload.t ....................... ok
t/20-unit/Types-Standard/strmatch.t ....................... ok
t/20-unit/Types-Standard/structured.t ..................... ok
t/20-unit/Types-Standard/tied.t ........................... ok
t/20-unit/Types-TypeTiny/basic.t .......................... ok
t/20-unit/Types-TypeTiny/coercion.t ....................... ok
t/20-unit/Types-TypeTiny/meta.t ........................... ok
t/30-integration/Class-InsideOut/basic.t .................. skipped: Test requires module 'Class::InsideOut' but it's not found
t/30-integration/Exporter-Tiny/basic.t .................... ok
t/30-integration/Exporter-Tiny/installer.t ................ skipped: Test requires module 'Sub::Exporter::Lexical' but it's not found
t/30-integration/Exporter-Tiny/role-conflict.t ............ ok
t/30-integration/Function-Parameters/basic.t .............. skipped: Test requires module 'Function::Parameters' but it's not found
t/30-integration/Kavorka/basic.t .......................... skipped: Test requires module 'Kavorka' but it's not found
t/30-integration/match-simple/basic.t ..................... ok
t/30-integration/Moo/basic.t .............................. ok
t/30-integration/Moo/coercion-inlining-avoidance.t ........ ok
t/30-integration/Moo/coercion.t ........................... ok
t/30-integration/Moo/exceptions.t ......................... skipped: Method::Generate::Accessor exception support seems missing!!!
t/30-integration/Moo/inflation.t .......................... ok
t/30-integration/Moo/inflation2.t ......................... ok
t/30-integration/Moops/basic.t ............................ skipped: Test requires module 'Moops' but it's not found
t/30-integration/Moops/library-keyword.t .................. skipped: Test requires module 'Moops' but it's not found
t/30-integration/Moose/accept-moose-types.t ............... ok
t/30-integration/Moose/basic.t ............................ ok
t/30-integration/Moose/coercion-more.t .................... ok
t/30-integration/Moose/coercion.t ......................... ok
t/30-integration/Moose/inflate-then-inline.t .............. ok
t/30-integration/Moose/native-attribute-traits.t .......... ok
t/30-integration/MooseX-Getopt/coercion.t ................. ok
t/30-integration/MooseX-Types/basic.t ..................... ok
t/30-integration/MooseX-Types/extending.t ................. ok
t/30-integration/MooseX-Types/more.t ...................... ok
t/30-integration/Mouse/basic.t ............................ ok
t/30-integration/Mouse/coercion.t ......................... ok
t/30-integration/MouseX-Types/basic.t ..................... skipped: Test requires module 'MouseX::Types' but it's not found
t/30-integration/MouseX-Types/extending.t ................. skipped: Test requires module 'MouseX::Types' but it's not found
t/30-integration/Object-Accessor/basic.t .................. skipped: Test requires module 'Object::Accessor' but it's not found
t/30-integration/Return-Type/basic.t ...................... skipped: Test requires module 'Return::Type' but it's not found
t/30-integration/Sub-Quote/basic.t ........................ ok
t/30-integration/Sub-Quote/unquote-coercions.t ............ ok
t/30-integration/Sub-Quote/unquote-constraints.t .......... ok
t/30-integration/Switcheroo/basic.t ....................... skipped: Test requires module 'Switcheroo' but it's not found
t/30-integration/Type-Tie/basic.t ......................... skipped: Test requires module 'Type::Tie' but it's not found
t/30-integration/Validation-Class-Simple/archaic.t ........ skipped: Test requires module 'Validation::Class' but it's not found
t/30-integration/Validation-Class-Simple/basic.t .......... skipped: Test requires module 'Validation::Class' but it's not found
t/40-regression/73f51e2d.t ................................ skipped: your perl does not support ithreads
t/40-regression/gh1.t ..................................... ok
t/40-regression/gh14.t .................................... ok
t/40-regression/rt85911.t ................................. ok
t/40-regression/rt86004.t ................................. ok
t/40-regression/rt86233.t ................................. ok
t/40-regression/rt86239.t ................................. ok
t/40-regression/rt90096-2.t ............................... ok
t/40-regression/rt90096.t ................................. ok
t/40-regression/rt92571-2.t ............................... ok
t/40-regression/rt92571.t ................................. ok
t/40-regression/rt92591.t ................................. ok
t/40-regression/rt94196.t ................................. ok
Devel::Hide hides Type/Tiny/XS.pm
t/40-regression/rt97684.t ................................. ok
t/40-regression/rt98113.t ................................. ok
t/40-regression/ttxs-gh1.t ................................ ok
t/99-moose-std-types-test.t ............................... skipped: set EXTENDED_TESTING to true if you want to run this test
Test Summary Report
-------------------
t/00-begin.t (Wstat: 134 Tests: 0 Failed: 0)
Non-zero wait status: 134
Parse errors: No plan found in TAP output
Files=158, Tests=1882, 33 wallclock secs ( 0.46 usr 0.75 sys + 17.85 cusr 3.70 csys = 22.76 CPU)
Result: FAIL
Failed 1/158 test programs. 0/1882 subtests failed.
Makefile:1031: recipe for target 'test_dynamic' failed
make: *** [test_dynamic] Error 255
------------------------------
PREREQUISITES
------------------------------
Prerequisite modules loaded:
requires:
Module Need Have
------------------- -------- --------
Exporter::Tiny 0.026 1.000000
perl 5.006001 5.026002
build_requires:
Module Need Have
------------------- -------- --------
Test::More 0.96 1.302136
configure_requires:
Module Need Have
------------------- -------- --------
ExtUtils::MakeMaker 6.17 7.34
------------------------------
ENVIRONMENT AND OTHER CONTEXT
------------------------------
Environment variables:
AUTOMATED_TESTING = 0
LANG = en_US.UTF-8
PATH = /home/sand/bin:/usr/local/bin:/usr/bin:/bin:/usr/games:/usr/local/perl/bin:/usr/X11/bin:/sbin:/usr/sbin
PERL5LIB =
PERL5OPT =
PERL5_CPANPLUS_IS_RUNNING = 3272
PERL5_CPAN_IS_RUNNING = 3272
PERL_CANARY_STABILITY_NOPROMPT = 1
PERL_MM_USE_DEFAULT = 1
PERL_USE_UNSAFE_INC = 1
SHELL = /usr/bin/zsh
TERM = screen
Perl special variables (and OS-specific diagnostics, for MSWin32):
$^X = /home/sand/src/perl/repoperls/installed-perls/host/k93msid/v5.26.2/fc43/bin/perl
$UID/$EUID = 1005 / 1005
$GID = 1005 1005
$EGID = 1005 1005
Perl module toolchain versions installed:
Module Have
------------------- ----------
CPAN 2.20
CPAN::Meta 2.150010
Cwd 3.74
ExtUtils::CBuilder 0.280230
ExtUtils::Command 7.34
ExtUtils::Install 2.06
ExtUtils::MakeMaker 7.34
ExtUtils::Manifest 1.70
ExtUtils::ParseXS 3.34
File::Spec 3.74
JSON 2.97001
JSON::PP 2.27400_02
Module::Build 0.4224
Module::Signature 0.81
Parse::CPAN::Meta 2.150010
Test::Harness 3.42
Test::More 1.302136
YAML 1.26
YAML::Syck 1.30
version 0.9917
--
Summary of my perl5 (revision 5 version 26 subversion 2) configuration:
Commit id: c5b1997939178730653db9e80f90cd53d722fe8d
Platform:
osname=linux
osvers=4.14.0-3-amd64
archname=x86_64-linux-ld
uname='linux k93msid 4.14.0-3-amd64 #1 smp debian 4.14.12-2 (2018-01-06) x86_64 gnulinux '
config_args='-Dprefix=/home/sand/src/perl/repoperls/installed-perls/host/k93msid/v5.26.2/fc43 -Dmyhostname=k93msid -Dinstallusrbinperl=n -Uversiononly -Dusedevel -des -Ui_db -Dlibswanted=cl pthread socket inet nsl gdbm dbm malloc dl ld sun m crypt sec util c cposix posix ucb BSD gdbm_compat -Uuseithreads -Duselongdouble -DEBUGGING=both'
hint=recommended
useposix=true
d_sigaction=define
useithreads=undef
usemultiplicity=undef
use64bitint=define
use64bitall=define
uselongdouble=define
usemymalloc=n
default_inc_excludes_dot=define
bincompat5005=undef
Compiler:
cc='cc'
ccflags ='-fwrapv -DDEBUGGING -fno-strict-aliasing -pipe -fstack-protector-strong -I/usr/local/include -D_LARGEFILE_SOURCE -D_FILE_OFFSET_BITS=64 -D_FORTIFY_SOURCE=2'
optimize='-O2 -g'
cppflags='-fwrapv -DDEBUGGING -fno-strict-aliasing -pipe -fstack-protector-strong -I/usr/local/include'
ccversion=''
gccversion='7.2.0'
gccosandvers=''
intsize=4
longsize=8
ptrsize=8
doublesize=8
byteorder=12345678
doublekind=3
d_longlong=define
longlongsize=8
d_longdbl=define
longdblsize=16
longdblkind=3
ivtype='long'
ivsize=8
nvtype='long double'
nvsize=16
Off_t='off_t'
lseeksize=8
alignbytes=16
prototype=define
Linker and Libraries:
ld='cc'
ldflags =' -fstack-protector-strong -L/usr/local/lib'
libpth=/usr/local/lib /usr/lib/gcc/x86_64-linux-gnu/7/include-fixed /usr/include/x86_64-linux-gnu /usr/lib /lib/x86_64-linux-gnu /lib/../lib /usr/lib/x86_64-linux-gnu /usr/lib/../lib /lib
libs=-lpthread -lnsl -ldl -lm -lcrypt -lutil -lc
perllibs=-lpthread -lnsl -ldl -lm -lcrypt -lutil -lc
libc=libc-2.26.so
so=so
useshrplib=false
libperl=libperl.a
gnulibc_version='2.26'
Dynamic Linking:
dlsrc=dl_dlopen.xs
dlext=so
d_dlsymun=undef
ccdlflags='-Wl,-E'
cccdlflags='-fPIC'
lddlflags='-shared -O2 -g -L/usr/local/lib -fstack-protector-strong'
Characteristics of this binary (from libperl):
Compile-time options:
DEBUGGING
HAS_TIMES
PERLIO_LAYERS
PERL_COPY_ON_WRITE
PERL_DONT_CREATE_GVSV
PERL_MALLOC_WRAP
PERL_OP_PARENT
PERL_PRESERVE_IVUV
PERL_USE_DEVEL
USE_64_BIT_ALL
USE_64_BIT_INT
USE_LARGE_FILES
USE_LOCALE
USE_LOCALE_COLLATE
USE_LOCALE_CTYPE
USE_LOCALE_NUMERIC
USE_LOCALE_TIME
USE_LONG_DOUBLE
USE_PERLIO
USE_PERL_ATOF
Built under linux
Compiled at May 23 2018 23:40:03
%ENV:
PERL5LIB=""
PERL5OPT=""
PERL5_CPANPLUS_IS_RUNNING="3272"
PERL5_CPAN_IS_RUNNING="3272"
PERL_CANARY_STABILITY_NOPROMPT="1"
PERL_MM_USE_DEFAULT="1"
PERL_USE_UNSAFE_INC="1"
@INC:
/home/sand/src/perl/repoperls/installed-perls/host/k93msid/v5.26.2/fc43/lib/site_perl/5.26.2/x86_64-linux-ld
/home/sand/src/perl/repoperls/installed-perls/host/k93msid/v5.26.2/fc43/lib/site_perl/5.26.2
/home/sand/src/perl/repoperls/installed-perls/host/k93msid/v5.26.2/fc43/lib/5.26.2/x86_64-linux-ld
/home/sand/src/perl/repoperls/installed-perls/host/k93msid/v5.26.2/fc43/lib/5.26.2
.