Back
From: metabase:user:320bfe00-2aae-11df-837a-5e0a49663a4f
Subject: FAIL ensure-1.10 v5.19.4 GNU/Linux
Date: 2013-09-16T14:20:46Z
This distribution has been tested as part of the CPAN Testers
project, supporting the Perl programming language. See
http://wiki.cpantesters.org/ for more information or email
questions to cpan-testers-discuss@perl.org
--
Dear Chris Hall,
This is a computer-generated report for ensure-1.10
on perl 5.19.4, created by CPAN-Reporter-1.2010.
Thank you for uploading your work to CPAN. However, there was a problem
testing your distribution.
If you think this report is invalid, please consult the CPAN Testers Wiki
for suggestions on how to avoid getting FAIL reports for missing library
or binary dependencies, unsupported operating systems, and so on:
http://wiki.cpantesters.org/wiki/CPANAuthorNotes
Sections of this report:
* Tester comments
* Program output
* Prerequisites
* Environment and other context
------------------------------
TESTER COMMENTS
------------------------------
Additional comments from tester:
this report is from an automated smoke testing program
and was not reviewed by a human for accuracy
------------------------------
PROGRAM OUTPUT
------------------------------
Output from '/usr/bin/make test':
PERL_DL_NONLAZY=1 /tmp/basesmoker-reloperl-rTQn/bin/perl "-MExtUtils::Command::MM" "-e" "test_harness(0, 'blib/lib', 'blib/arch')" t/*.t
Possible precedence issue with control flow operator at /tmp/loop_over_bdir-15606-Svk47p/ensure-1.10-Yn21Et/blib/lib/ensure.pm line 414.
# Testing ensure 1.10, Perl 5.019004, /tmp/basesmoker-reloperl-rTQn/bin/perl
t/00-load.t .. ok
t/pod.t ...... ok
# Failed t/test_01.pl
# 0: expected '+++ ensure: main::main_glob is undefined' got 'Possible precedence issue with control flow operator at /tmp/loop_over_bdir-15606-Svk47p/ensure-1.10-Yn21Et/blib/lib/ensure.pm line 414.'
# 1: expected '+++ ensure: main::main_scalar is undefined' got '+++ ensure: main::main_glob is undefined'
# 2: expected '+++ ensure: main::main_sub is undefined' got '+++ ensure: main::main_scalar is undefined'
# 3: expected '+++ ensure: main::main_sub_ref is undefined' got '+++ ensure: main::main_sub is undefined'
# 4: expected '*** ensure: 4 errors found' got '+++ ensure: main::main_sub_ref is undefined'
# 5: expected 'CHECK failed--call queue aborted.' got '*** ensure: 4 errors found'
# Beyond expected got:
# 6: 'CHECK failed--call queue aborted.'
# Failed test 't/test_01.pl'
# at t/tests.t line 128.
# Failed t/test_02.pl
# 0: expected '+++ ensure: main::main_scalar is undefined' got 'Possible precedence issue with control flow operator at /tmp/loop_over_bdir-15606-Svk47p/ensure-1.10-Yn21Et/blib/lib/ensure.pm line 414.'
# 1: expected '+++ ensure: main::main_sub is undefined' got '+++ ensure: main::main_scalar is undefined'
# 2: expected '*** ensure: 2 errors found' got '+++ ensure: main::main_sub is undefined'
# 3: expected 'CHECK failed--call queue aborted.' got '*** ensure: 2 errors found'
# Beyond expected got:
# 4: 'CHECK failed--call queue aborted.'
# Failed test 't/test_02.pl'
# at t/tests.t line 128.
# Failed t/test_03.pl
# Beyond expected got:
# 0: 'Possible precedence issue with control flow operator at /tmp/loop_over_bdir-15606-Svk47p/ensure-1.10-Yn21Et/blib/lib/ensure.pm line 414.'
# Failed test 't/test_03.pl'
# at t/tests.t line 128.
# Failed t/test_04.pl
# 0: expected '+++ ensure: main::main_scalar is undefined' got 'Possible precedence issue with control flow operator at /tmp/loop_over_bdir-15606-Svk47p/ensure-1.10-Yn21Et/blib/lib/ensure.pm line 414.'
# 1: expected '*** ensure: 1 errors found' got '+++ ensure: main::main_scalar is undefined'
# 2: expected 'CHECK failed--call queue aborted.' got '*** ensure: 1 errors found'
# Beyond expected got:
# 3: 'CHECK failed--call queue aborted.'
# Failed test 't/test_04.pl'
# at t/tests.t line 128.
# Failed t/test_05.pm
# 0: expected '+++ ensure: t::test_05::test_glob is undefined' got 'Possible precedence issue with control flow operator at /tmp/loop_over_bdir-15606-Svk47p/ensure-1.10-Yn21Et/blib/lib/ensure.pm line 414.'
# 1: expected '+++ ensure: t::test_05::test_scalar is undefined' got '+++ ensure: t::test_05::test_glob is undefined'
# 2: expected '+++ ensure: t::test_05::test_sub is undefined' got '+++ ensure: t::test_05::test_scalar is undefined'
# 3: expected '+++ ensure: t::test_05::test_sub_ref is undefined' got '+++ ensure: t::test_05::test_sub is undefined'
# 4: expected '*** ensure: 4 errors found' got '+++ ensure: t::test_05::test_sub_ref is undefined'
# 5: expected 'CHECK failed--call queue aborted.' got '*** ensure: 4 errors found'
# Beyond expected got:
# 6: 'CHECK failed--call queue aborted.'
# Failed test 't/test_05.pm'
# at t/tests.t line 128.
# Failed t/test_06.pm
# 0: expected '+++ ensure: t::test_06::test_scalar is undefined' got 'Possible precedence issue with control flow operator at /tmp/loop_over_bdir-15606-Svk47p/ensure-1.10-Yn21Et/blib/lib/ensure.pm line 414.'
# 1: expected '+++ ensure: t::test_06::test_sub is undefined' got '+++ ensure: t::test_06::test_scalar is undefined'
# 2: expected '*** ensure: 2 errors found' got '+++ ensure: t::test_06::test_sub is undefined'
# 3: expected 'CHECK failed--call queue aborted.' got '*** ensure: 2 errors found'
# Beyond expected got:
# 4: 'CHECK failed--call queue aborted.'
# Failed test 't/test_06.pm'
# at t/tests.t line 128.
# Failed t/test_07.pm
# Beyond expected got:
# 0: 'Possible precedence issue with control flow operator at /tmp/loop_over_bdir-15606-Svk47p/ensure-1.10-Yn21Et/blib/lib/ensure.pm line 414.'
# Failed test 't/test_07.pm'
# at t/tests.t line 128.
# Failed t/test_08.pm
# Beyond expected got:
# 0: 'Possible precedence issue with control flow operator at /tmp/loop_over_bdir-15606-Svk47p/ensure-1.10-Yn21Et/blib/lib/ensure.pm line 414.'
# Failed test 't/test_08.pm'
# at t/tests.t line 128.
# Failed t/test_09.pm
# 0: expected '+++ ensure: t::test_09::test_sub is undefined' got 'Possible precedence issue with control flow operator at /tmp/loop_over_bdir-15606-Svk47p/ensure-1.10-Yn21Et/blib/lib/ensure.pm line 414.'
# 1: expected '*** ensure: 1 errors found' got '+++ ensure: t::test_09::test_sub is undefined'
# 2: expected 'CHECK failed--call queue aborted.' got '*** ensure: 1 errors found'
# Beyond expected got:
# 3: 'CHECK failed--call queue aborted.'
# Failed test 't/test_09.pm'
# at t/tests.t line 128.
# Failed t/test_10.pm
# Beyond expected got:
# 0: 'Possible precedence issue with control flow operator at /tmp/loop_over_bdir-15606-Svk47p/ensure-1.10-Yn21Et/blib/lib/ensure.pm line 414.'
# Failed test 't/test_10.pm'
# at t/tests.t line 128.
# Failed t/test_11.pm
# 0: expected '+++ ensure: '$test_scalar' is exported by 't::test_11', but is not defined' got 'Possible precedence issue with control flow operator at /tmp/loop_over_bdir-15606-Svk47p/ensure-1.10-Yn21Et/blib/lib/ensure.pm line 414.'
# 1: expected '+++ ensure: '%test_hash' is exported by 't::test_11', but is not defined' got '+++ ensure: '$test_scalar' is exported by 't::test_11', but is not defined'
# 2: expected '+++ ensure: '&test_const' is exported by 't::test_11', but is not defined' got '+++ ensure: '%test_hash' is exported by 't::test_11', but is not defined'
# 3: expected '+++ ensure: '&test_sub' is exported by 't::test_11', but is not defined' got '+++ ensure: '&test_const' is exported by 't::test_11', but is not defined'
# 4: expected '+++ ensure: '*test_glob' is exported by 't::test_11', but is not defined' got '+++ ensure: '&test_sub' is exported by 't::test_11', but is not defined'
# 5: expected '+++ ensure: '@test_array' is exported by 't::test_11', but is not defined' got '+++ ensure: '*test_glob' is exported by 't::test_11', but is not defined'
# 6: expected '+++ ensure: 'test_const' is exported by 't::test_11', but is not defined' got '+++ ensure: '@test_array' is exported by 't::test_11', but is not defined'
# 7: expected '+++ ensure: 'test_sub' is exported by 't::test_11', but is not defined' got '+++ ensure: 'test_const' is exported by 't::test_11', but is not defined'
# 8: expected '+++ ensure: main::test_scalar is undefined' got '+++ ensure: 'test_sub' is exported by 't::test_11', but is not defined'
# 9: expected '+++ ensure: t::test_11::test_scalar is undefined' got '+++ ensure: main::test_scalar is undefined'
# 10: expected '*** ensure: 10 errors found' got '+++ ensure: t::test_11::test_scalar is undefined'
# 11: expected 'CHECK failed--call queue aborted.' got '*** ensure: 10 errors found'
# Beyond expected got:
# 12: 'CHECK failed--call queue aborted.'
# Failed test 't/test_11.pm'
# at t/tests.t line 128.
# Failed t/test_12.pm
# 0: expected '+++ ensure: '$test_scalar' is exported by 't::test_12', but is not defined' got 'Possible precedence issue with control flow operator at /tmp/loop_over_bdir-15606-Svk47p/ensure-1.10-Yn21Et/blib/lib/ensure.pm line 414.'
# 1: expected '+++ ensure: '&test_sub' is exported by 't::test_12', but is not defined' got '+++ ensure: '$test_scalar' is exported by 't::test_12', but is not defined'
# 2: expected '+++ ensure: 'test_sub' is exported by 't::test_12', but is not defined' got '+++ ensure: '&test_sub' is exported by 't::test_12', but is not defined'
# 3: expected '+++ ensure: main::test_scalar is undefined' got '+++ ensure: 'test_sub' is exported by 't::test_12', but is not defined'
# 4: expected '+++ ensure: t::test_12::test_scalar is undefined' got '+++ ensure: main::test_scalar is undefined'
# 5: expected '*** ensure: 5 errors found' got '+++ ensure: t::test_12::test_scalar is undefined'
# 6: expected 'CHECK failed--call queue aborted.' got '*** ensure: 5 errors found'
# Beyond expected got:
# 7: 'CHECK failed--call queue aborted.'
# Failed test 't/test_12.pm'
# at t/tests.t line 128.
# Failed t/test_13.pm
# Beyond expected got:
# 0: 'Possible precedence issue with control flow operator at /tmp/loop_over_bdir-15606-Svk47p/ensure-1.10-Yn21Et/blib/lib/ensure.pm line 414.'
# Failed test 't/test_13.pm'
# at t/tests.t line 128.
# Failed t/test_14.pm
# 0: expected '+++ ensure: '$test_scalar' is exported by 't::test_14', but is not defined' got 'Possible precedence issue with control flow operator at /tmp/loop_over_bdir-15606-Svk47p/ensure-1.10-Yn21Et/blib/lib/ensure.pm line 414.'
# 1: expected '+++ ensure: main::test_scalar is undefined' got '+++ ensure: '$test_scalar' is exported by 't::test_14', but is not defined'
# 2: expected '+++ ensure: t::test_14::test_scalar is undefined' got '+++ ensure: main::test_scalar is undefined'
# 3: expected '*** ensure: 3 errors found' got '+++ ensure: t::test_14::test_scalar is undefined'
# 4: expected 'CHECK failed--call queue aborted.' got '*** ensure: 3 errors found'
# Beyond expected got:
# 5: 'CHECK failed--call queue aborted.'
# Failed test 't/test_14.pm'
# at t/tests.t line 128.
# Failed t/test_15.pm
# Beyond expected got:
# 0: 'Possible precedence issue with control flow operator at /tmp/loop_over_bdir-15606-Svk47p/ensure-1.10-Yn21Et/blib/lib/ensure.pm line 414.'
# Failed test 't/test_15.pm'
# at t/tests.t line 128.
# Failed t/test_16.pm
# 0: expected '+++ ensure: '$test_c' is in 't::test_16's 'IMPLICIT' tag list, but not in @EXPORT' got 'Possible precedence issue with control flow operator at /tmp/loop_over_bdir-15606-Svk47p/ensure-1.10-Yn21Et/blib/lib/ensure.pm line 414.'
# 1: expected '+++ ensure: '&test_d' is in 't::test_16's 'IMPLICIT' tag list, but not in @EXPORT' got '+++ ensure: '$test_c' is in 't::test_16's 'IMPLICIT' tag list, but not in @EXPORT'
# 2: expected '+++ ensure: 'test_a' is in 't::test_16's 'IMPLICIT' tag list, but not in @EXPORT' got '+++ ensure: '&test_d' is in 't::test_16's 'IMPLICIT' tag list, but not in @EXPORT'
# 3: expected '+++ ensure: 'test_q' is in 't::test_16's 'IMPLICIT' tag list, but not in @EXPORT' got '+++ ensure: 'test_a' is in 't::test_16's 'IMPLICIT' tag list, but not in @EXPORT'
# 4: expected '+++ ensure: '$test_b' is in 't::test_16's 'other' tag list, but not in @EXPORT or @EXPORT_OK' got '+++ ensure: 'test_q' is in 't::test_16's 'IMPLICIT' tag list, but not in @EXPORT'
# 5: expected '+++ ensure: 'test_q' is in 't::test_16's 'other' tag list, but not in @EXPORT or @EXPORT_OK' got '+++ ensure: '$test_b' is in 't::test_16's 'other' tag list, but not in @EXPORT or @EXPORT_OK'
# 6: expected '+++ ensure: 'test_a' is in 't::test_16's @EXPORT_FAIL, but not in @EXPORT or @EXPORT_OK' got '+++ ensure: 'test_q' is in 't::test_16's 'other' tag list, but not in @EXPORT or @EXPORT_OK'
# 7: expected '+++ ensure: 'test_q' is in 't::test_16's @EXPORT_FAIL, but not in @EXPORT or @EXPORT_OK' got '+++ ensure: 'test_a' is in 't::test_16's @EXPORT_FAIL, but not in @EXPORT or @EXPORT_OK'
# 8: expected '*** ensure: 8 errors found' got '+++ ensure: 'test_q' is in 't::test_16's @EXPORT_FAIL, but not in @EXPORT or @EXPORT_OK'
# 9: expected 'CHECK failed--call queue aborted.' got '*** ensure: 8 errors found'
# Beyond expected got:
# 10: 'CHECK failed--call queue aborted.'
# Failed test 't/test_16.pm'
# at t/tests.t line 128.
# Failed t/test_17.pm
# Beyond expected got:
# 0: 'Possible precedence issue with control flow operator at /tmp/loop_over_bdir-15606-Svk47p/ensure-1.10-Yn21Et/blib/lib/ensure.pm line 414.'
# Failed test 't/test_17.pm'
# at t/tests.t line 128.
# Failed t/test_18.pm
# Beyond expected got:
# 0: 'Possible precedence issue with control flow operator at /tmp/loop_over_bdir-15606-Svk47p/ensure-1.10-Yn21Et/blib/lib/ensure.pm line 414.'
# Failed test 't/test_18.pm'
# at t/tests.t line 128.
# Failed t/test_19.pm
# Beyond expected got:
# 0: 'Possible precedence issue with control flow operator at /tmp/loop_over_bdir-15606-Svk47p/ensure-1.10-Yn21Et/blib/lib/ensure.pm line 414.'
# Failed test 't/test_19.pm'
# at t/tests.t line 128.
# Failed t/test_20.pm
# Beyond expected got:
# 0: 'Possible precedence issue with control flow operator at /tmp/loop_over_bdir-15606-Svk47p/ensure-1.10-Yn21Et/blib/lib/ensure.pm line 414.'
# Failed test 't/test_20.pm'
# at t/tests.t line 128.
# Failed t/test_21.pl
# 0: expected 'Importing: default_a default_b default_c implicit_a implicit_b' got 'Possible precedence issue with control flow operator at /tmp/loop_over_bdir-15606-Svk47p/ensure-1.10-Yn21Et/blib/lib/ensure.pm line 414.'
# 1: expected 'Importing qw(other_a): implicit_a implicit_b other_a' got 'Importing: default_a default_b default_c implicit_a implicit_b'
# 2: expected 'Importing ():' got 'Importing qw(other_a): implicit_a implicit_b other_a'
# 3: expected 'Importing qw(:NONE):' got 'Importing ():'
# 4: expected 'Importing qw(:DEFAULT): default_a default_b default_c implicit_a implicit_b' got 'Importing qw(:NONE):'
# 5: expected 'Importing qw(:IMPLICIT): implicit_a implicit_b' got 'Importing qw(:DEFAULT): default_a default_b default_c implicit_a implicit_b'
# 6: expected 'Importing qw(:ALL): default_a default_b default_c implicit_a implicit_b other_a' got 'Importing qw(:IMPLICIT): implicit_a implicit_b'
# 7: expected ' + other_b other_c rest_a rest_b rest_c' got 'Importing qw(:ALL): default_a default_b default_c implicit_a implicit_b other_a'
# 8: expected 'Importing qw(!:DEFAULT):' got ' + other_b other_c rest_a rest_b rest_c'
# 9: expected 'Importing qw(!:IMPLICIT): default_a default_b default_c' got 'Importing qw(!:DEFAULT):'
# 10: expected 'Importing qw(:NONE !rest_a other_b): other_b' got 'Importing qw(!:IMPLICIT): default_a default_b default_c'
# 11: expected 'Importing qw(:DEFAULT rest_c !default_a !other_b): default_b default_c implicit_a' got 'Importing qw(:NONE !rest_a other_b): other_b'
# 12: expected ' + implicit_b rest_c' got 'Importing qw(:DEFAULT rest_c !default_a !other_b): default_b default_c implicit_a'
# 13: expected 'Importing qw(:IMPLICIT !default_a !implicit_c other_b): implicit_a implicit_b' got ' + implicit_b rest_c'
# 14: expected ' + other_b' got 'Importing qw(:IMPLICIT !default_a !implicit_c other_b): implicit_a implicit_b'
# 15: expected 'Importing qw(:ALL !default_a !implicit_b !other_b !rest_c): default_b default_c' got ' + other_b'
# 16: expected ' + implicit_a other_a other_c rest_a rest_b' got 'Importing qw(:ALL !default_a !implicit_b !other_b !rest_c): default_b default_c'
# Beyond expected got:
# 17: ' + implicit_a other_a other_c rest_a rest_b'
# Failed test 't/test_21.pl'
# at t/tests.t line 128.
# Failed t/test_22.pl
# 0: expected 'Importing: default_a default_b default_c' got 'Possible precedence issue with control flow operator at /tmp/loop_over_bdir-15606-Svk47p/ensure-1.10-Yn21Et/blib/lib/ensure.pm line 414.'
# 1: expected 'Importing qw(other_a): other_a' got 'Importing: default_a default_b default_c'
# 2: expected 'Importing ():' got 'Importing qw(other_a): other_a'
# 3: expected 'Importing qw(:NONE):' got 'Importing ():'
# 4: expected 'Importing qw(:DEFAULT): default_a default_b default_c' got 'Importing qw(:NONE):'
# 5: expected 'Importing qw(:IMPLICIT):' got 'Importing qw(:DEFAULT): default_a default_b default_c'
# 6: expected 'Importing qw(:ALL): default_a default_b default_c other_a other_b other_c rest_a' got 'Importing qw(:IMPLICIT):'
# 7: expected ' + rest_b rest_c' got 'Importing qw(:ALL): default_a default_b default_c other_a other_b other_c rest_a'
# 8: expected 'Importing qw(!:DEFAULT):' got ' + rest_b rest_c'
# 9: expected 'Importing qw(!:IMPLICIT): default_a default_b default_c' got 'Importing qw(!:DEFAULT):'
# 10: expected 'Importing qw(:NONE !rest_a other_b): other_b' got 'Importing qw(!:IMPLICIT): default_a default_b default_c'
# 11: expected 'Importing qw(:DEFAULT rest_c !default_a !other_b): default_b default_c rest_c' got 'Importing qw(:NONE !rest_a other_b): other_b'
# 12: expected 'Importing qw(:IMPLICIT !default_a other_b): other_b' got 'Importing qw(:DEFAULT rest_c !default_a !other_b): default_b default_c rest_c'
# 13: expected 'Importing qw(:ALL !default_a !other_b !rest_c): default_b default_c other_a' got 'Importing qw(:IMPLICIT !default_a other_b): other_b'
# 14: expected ' + other_c rest_a rest_b' got 'Importing qw(:ALL !default_a !other_b !rest_c): default_b default_c other_a'
# Beyond expected got:
# 15: ' + other_c rest_a rest_b'
# Failed test 't/test_22.pl'
# at t/tests.t line 128.
# Failed t/test_23.pl
# 0: expected 'Importing: default_a default_b default_c' got 'Possible precedence issue with control flow operator at /tmp/loop_over_bdir-15606-Svk47p/ensure-1.10-Yn21Et/blib/lib/ensure.pm line 414.'
# 1: expected 'Importing qw(other_a): other_a' got 'Importing: default_a default_b default_c'
# 2: expected 'Importing ():' got 'Importing qw(other_a): other_a'
# 3: expected 'Importing qw(:NONE):' got 'Importing ():'
# 4: expected 'Importing qw(:DEFAULT): default_a default_b default_c' got 'Importing qw(:NONE):'
# 5: expected 'Importing qw(:IMPLICIT):' got 'Importing qw(:DEFAULT): default_a default_b default_c'
# 6: expected 'Importing qw(:ALL): default_a default_b default_c other_a other_b other_c rest_a' got 'Importing qw(:IMPLICIT):'
# 7: expected ' + rest_b rest_c' got 'Importing qw(:ALL): default_a default_b default_c other_a other_b other_c rest_a'
# 8: expected 'Importing qw(!:DEFAULT):' got ' + rest_b rest_c'
# 9: expected 'Importing qw(:NONE !rest_a other_b): other_b' got 'Importing qw(!:DEFAULT):'
# 10: expected 'Importing qw(:DEFAULT rest_c !default_a !other_b): default_b default_c rest_c' got 'Importing qw(:NONE !rest_a other_b): other_b'
# 11: expected 'Importing qw(:IMPLICIT !default_a other_b): other_b' got 'Importing qw(:DEFAULT rest_c !default_a !other_b): default_b default_c rest_c'
# 12: expected 'Importing qw(:ALL !default_a !other_b !rest_c): default_b default_c other_a' got 'Importing qw(:IMPLICIT !default_a other_b): other_b'
# 13: expected ' + other_c rest_a rest_b' got 'Importing qw(:ALL !default_a !other_b !rest_c): default_b default_c other_a'
# Beyond expected got:
# 14: ' + other_c rest_a rest_b'
# Failed test 't/test_23.pl'
# at t/tests.t line 128.
# Looks like you failed 23 tests of 24.
t/tests.t ....
Dubious, test returned 23 (wstat 5888, 0x1700)
Failed 23/24 subtests
Test Summary Report
-------------------
t/tests.t (Wstat: 5888 Tests: 24 Failed: 23)
Failed tests: 2-24
Non-zero exit status: 23
Files=3, Tests=26, 1 wallclock secs ( 0.03 usr 0.00 sys + 0.26 cusr 0.01 csys = 0.30 CPU)
Result: FAIL
Failed 1/3 test programs. 23/26 subtests failed.
make: *** [test_dynamic] Error 23
------------------------------
PREREQUISITES
------------------------------
Prerequisite modules loaded:
requires:
Module Need Have
------------------- ---- -------
Test::More 0 0.98_06
build_requires:
Module Need Have
------------------- ---- -------
ExtUtils::MakeMaker 0 6.76
------------------------------
ENVIRONMENT AND OTHER CONTEXT
------------------------------
Environment variables:
AUTOMATED_TESTING = 1
LANG = en_US.UTF-8
LANGUAGE = en_US:en
PATH = /usr/lib/ccache:/home/sand/bin:/usr/local/bin:/usr/bin:/bin:/usr/bin/X11:/usr/games:/usr/local/perl/bin:/usr/X11/bin:/sbin:/usr/sbin
PERL = /tmp/basesmoker-reloperl-rTQn/bin/perl
PERL5LIB =
PERL5OPT =
PERL5_CPANPLUS_IS_RUNNING = 28207
PERL5_CPAN_IS_RUNNING = 28207
PERL_MM_USE_DEFAULT = 1
SHELL = /usr/bin/zsh
TERM = screen
Perl special variables (and OS-specific diagnostics, for MSWin32):
$^X = /tmp/basesmoker-reloperl-rTQn/bin/perl
$UID/$EUID = 1005 / 1005
$GID = 1005 1005
$EGID = 1005 1005
Perl module toolchain versions installed:
Module Have
------------------- ----------
CPAN 2.00
CPAN::Meta 2.132510
Cwd 3.44
ExtUtils::CBuilder 0.280212
ExtUtils::Command 1.18
ExtUtils::Install 1.60
ExtUtils::MakeMaker 6.76
ExtUtils::Manifest 1.63
ExtUtils::ParseXS 3.23
File::Spec 3.44
JSON 2.59
JSON::PP 2.27202_01
Module::Build 0.4007
Module::Signature n/a
Parse::CPAN::Meta 1.4407
Test::Harness 3.28
Test::More 0.98_06
YAML 0.84
YAML::Syck 1.27
version 0.9904
--
Summary of my perl5 (revision 5 version 19 subversion 4) configuration:
Commit id: a48e1170fc952fdcdcc202b3ac4bf357d1a7af50
Platform:
osname=linux, osvers=3.10-2-amd64, archname=x86_64-linux-thread-multi
uname='linux k83 3.10-2-amd64 #1 smp debian 3.10.7-1 (2013-08-17) x86_64 gnulinux '
config_args='-Dprefix=/home/sand/src/perl/repoperls/installed-perls/perl/v5.19.3-566-ga48e117/9980 -Dmyhostname=k83 -Dinstallusrbinperl=n -Uversiononly -Dusedevel -des -Ui_db -Duseithreads -Uuselongdouble -DDEBUGGING=-g'
hint=recommended, useposix=true, d_sigaction=define
useithreads=define, usemultiplicity=define
useperlio=define, d_sfio=undef, uselargefiles=define, usesocks=undef
use64bitint=define, use64bitall=define, uselongdouble=undef
usemymalloc=n, bincompat5005=undef
Compiler:
cc='cc', ccflags ='-D_REENTRANT -D_GNU_SOURCE -fno-strict-aliasing -pipe -fstack-protector -I/usr/local/include -D_LARGEFILE_SOURCE -D_FILE_OFFSET_BITS=64',
optimize='-O2 -g',
cppflags='-D_REENTRANT -D_GNU_SOURCE -fno-strict-aliasing -pipe -fstack-protector -I/usr/local/include'
ccversion='', gccversion='4.8.1', gccosandvers=''
intsize=4, longsize=8, ptrsize=8, doublesize=8, byteorder=12345678
d_longlong=define, longlongsize=8, d_longdbl=define, longdblsize=16
ivtype='long', ivsize=8, nvtype='double', nvsize=8, Off_t='off_t', lseeksize=8
alignbytes=8, prototype=define
Linker and Libraries:
ld='cc', ldflags =' -fstack-protector -L/usr/local/lib'
libpth=/usr/local/lib /lib/x86_64-linux-gnu /lib/../lib /usr/lib/x86_64-linux-gnu /usr/lib/../lib /lib /usr/lib
libs=-lnsl -lgdbm -ldb -ldl -lm -lcrypt -lutil -lpthread -lc -lgdbm_compat
perllibs=-lnsl -ldl -lm -lcrypt -lutil -lpthread -lc
libc=, so=so, useshrplib=false, libperl=libperl.a
gnulibc_version='2.17'
Dynamic Linking:
dlsrc=dl_dlopen.xs, dlext=so, d_dlsymun=undef, ccdlflags='-Wl,-E'
cccdlflags='-fPIC', lddlflags='-shared -O2 -g -L/usr/local/lib -fstack-protector'
Characteristics of this binary (from libperl):
Compile-time options: HAS_TIMES MULTIPLICITY PERLIO_LAYERS
PERL_DONT_CREATE_GVSV
PERL_HASH_FUNC_ONE_AT_A_TIME_HARD
PERL_IMPLICIT_CONTEXT PERL_MALLOC_WRAP
PERL_NEW_COPY_ON_WRITE PERL_PRESERVE_IVUV
PERL_USE_DEVEL USE_64_BIT_ALL USE_64_BIT_INT
USE_ITHREADS USE_LARGE_FILES USE_LOCALE
USE_LOCALE_COLLATE USE_LOCALE_CTYPE
USE_LOCALE_NUMERIC USE_PERLIO USE_PERL_ATOF
USE_REENTRANT_API
Built under linux
Compiled at Sep 16 2013 05:47:06
%ENV:
PERL="/tmp/basesmoker-reloperl-rTQn/bin/perl"
PERL5LIB=""
PERL5OPT=""
PERL5_CPANPLUS_IS_RUNNING="28207"
PERL5_CPAN_IS_RUNNING="28207"
PERL_MM_USE_DEFAULT="1"
@INC:
/home/sand/src/perl/repoperls/installed-perls/perl/v5.19.3-566-ga48e117/9980/lib/site_perl/5.19.4/x86_64-linux-thread-multi
/home/sand/src/perl/repoperls/installed-perls/perl/v5.19.3-566-ga48e117/9980/lib/site_perl/5.19.4
/home/sand/src/perl/repoperls/installed-perls/perl/v5.19.3-566-ga48e117/9980/lib/5.19.4/x86_64-linux-thread-multi
/home/sand/src/perl/repoperls/installed-perls/perl/v5.19.3-566-ga48e117/9980/lib/5.19.4
.