Report for Test-Kit-2.01

Back
From: metabase:user:320bfe00-2aae-11df-837a-5e0a49663a4f
Subject: FAIL Test-Kit-2.01 v5.20.0 GNU/Linux
Date: 2014-07-15T08:58:22Z

This distribution has been tested as part of the CPAN Testers
project, supporting the Perl programming language.  See
http://wiki.cpantesters.org/ for more information or email
questions to cpan-testers-discuss@perl.org


--
Dear Alex Balhatchet,

This is a computer-generated report for Test-Kit-2.01
on perl 5.20.0, created by CPAN-Reporter-1.2011.

Thank you for uploading your work to CPAN.  However, there was a problem
testing your distribution.

If you think this report is invalid, please consult the CPAN Testers Wiki
for suggestions on how to avoid getting FAIL reports for missing library
or binary dependencies, unsupported operating systems, and so on:

http://wiki.cpantesters.org/wiki/CPANAuthorNotes

Sections of this report:

    * Tester comments
    * Program output
    * Prerequisites
    * Environment and other context

------------------------------
TESTER COMMENTS
------------------------------

Additional comments from tester:

this report is from an automated smoke testing program
and was not reviewed by a human for accuracy

------------------------------
PROGRAM OUTPUT
------------------------------

Output from '/usr/bin/make test':

PERL_DL_NONLAZY=1 /home/sand/src/perl/repoperls/installed-perls/perl/v5.20.0/165a/bin/perl "-MExtUtils::Command::MM" "-MTest::Harness" "-e" "undef *Test::Harness::Switches; test_harness(0, 'blib/lib', 'blib/arch')" t/*.t t/09-test-aggregate/*.t
t/00-compile.t .................................. ok
Can't locate Test/Kit/Fake/MyTest/Basic/Test/More.pm in @INC (you may need to install the Test::Kit::Fake::MyTest::Basic::Test::More module) (@INC contains: t/lib /tmp/loop_over_bdir-5808-MWADh_/Test-Kit-2.01-NNlfpU/blib/lib /tmp/loop_over_bdir-5808-MWADh_/Test-Kit-2.01-NNlfpU/blib/arch /home/sand/src/perl/repoperls/installed-perls/perl/v5.20.0/165a/lib/site_perl/5.20.0/x86_64-linux /home/sand/src/perl/repoperls/installed-perls/perl/v5.20.0/165a/lib/site_perl/5.20.0 /home/sand/src/perl/repoperls/installed-perls/perl/v5.20.0/165a/lib/5.20.0/x86_64-linux /home/sand/src/perl/repoperls/installed-perls/perl/v5.20.0/165a/lib/5.20.0 .) at /home/sand/src/perl/repoperls/installed-perls/perl/v5.20.0/165a/lib/site_perl/5.20.0/Module/Runtime.pm line 317.
Compilation failed in require at t/01-basic.t line 7.
BEGIN failed--compilation aborted at t/01-basic.t line 7.
t/01-basic.t .................................... 
Dubious, test returned 2 (wstat 512, 0x200)
No subtests run 
Can't locate Test/Kit/Fake/MyTest/Simple/Test/More.pm in @INC (you may need to install the Test::Kit::Fake::MyTest::Simple::Test::More module) (@INC contains: t/lib /tmp/loop_over_bdir-5808-MWADh_/Test-Kit-2.01-NNlfpU/blib/lib /tmp/loop_over_bdir-5808-MWADh_/Test-Kit-2.01-NNlfpU/blib/arch /home/sand/src/perl/repoperls/installed-perls/perl/v5.20.0/165a/lib/site_perl/5.20.0/x86_64-linux /home/sand/src/perl/repoperls/installed-perls/perl/v5.20.0/165a/lib/site_perl/5.20.0 /home/sand/src/perl/repoperls/installed-perls/perl/v5.20.0/165a/lib/5.20.0/x86_64-linux /home/sand/src/perl/repoperls/installed-perls/perl/v5.20.0/165a/lib/5.20.0 .) at /home/sand/src/perl/repoperls/installed-perls/perl/v5.20.0/165a/lib/site_perl/5.20.0/Module/Runtime.pm line 317.
Compilation failed in require at t/02-simple.t line 7.
BEGIN failed--compilation aborted at t/02-simple.t line 7.
t/02-simple.t ................................... 
Dubious, test returned 2 (wstat 512, 0x200)
No subtests run 
Can't locate Test/Kit/Fake/MyTest/Exclude/Test/More.pm in @INC (you may need to install the Test::Kit::Fake::MyTest::Exclude::Test::More module) (@INC contains: t/lib /tmp/loop_over_bdir-5808-MWADh_/Test-Kit-2.01-NNlfpU/blib/lib /tmp/loop_over_bdir-5808-MWADh_/Test-Kit-2.01-NNlfpU/blib/arch /home/sand/src/perl/repoperls/installed-perls/perl/v5.20.0/165a/lib/site_perl/5.20.0/x86_64-linux /home/sand/src/perl/repoperls/installed-perls/perl/v5.20.0/165a/lib/site_perl/5.20.0 /home/sand/src/perl/repoperls/installed-perls/perl/v5.20.0/165a/lib/5.20.0/x86_64-linux /home/sand/src/perl/repoperls/installed-perls/perl/v5.20.0/165a/lib/5.20.0 .) at /home/sand/src/perl/repoperls/installed-perls/perl/v5.20.0/165a/lib/site_perl/5.20.0/Module/Runtime.pm line 317.
Compilation failed in require at t/03-exclude.t line 7.
BEGIN failed--compilation aborted at t/03-exclude.t line 7.
t/03-exclude.t .................................. 
Dubious, test returned 2 (wstat 512, 0x200)
No subtests run 
Can't locate Test/Kit/Fake/MyTest/Rename/Test/More.pm in @INC (you may need to install the Test::Kit::Fake::MyTest::Rename::Test::More module) (@INC contains: t/lib /tmp/loop_over_bdir-5808-MWADh_/Test-Kit-2.01-NNlfpU/blib/lib /tmp/loop_over_bdir-5808-MWADh_/Test-Kit-2.01-NNlfpU/blib/arch /home/sand/src/perl/repoperls/installed-perls/perl/v5.20.0/165a/lib/site_perl/5.20.0/x86_64-linux /home/sand/src/perl/repoperls/installed-perls/perl/v5.20.0/165a/lib/site_perl/5.20.0 /home/sand/src/perl/repoperls/installed-perls/perl/v5.20.0/165a/lib/5.20.0/x86_64-linux /home/sand/src/perl/repoperls/installed-perls/perl/v5.20.0/165a/lib/5.20.0 .) at /home/sand/src/perl/repoperls/installed-perls/perl/v5.20.0/165a/lib/site_perl/5.20.0/Module/Runtime.pm line 317.
Compilation failed in require at t/04-rename.t line 7.
BEGIN failed--compilation aborted at t/04-rename.t line 7.
t/04-rename.t ................................... 
Dubious, test returned 2 (wstat 512, 0x200)
No subtests run 
Can't locate Test/Kit/Fake/MyTest/PutItAllTogether/Test/More.pm in @INC (you may need to install the Test::Kit::Fake::MyTest::PutItAllTogether::Test::More module) (@INC contains: t/lib /tmp/loop_over_bdir-5808-MWADh_/Test-Kit-2.01-NNlfpU/blib/lib /tmp/loop_over_bdir-5808-MWADh_/Test-Kit-2.01-NNlfpU/blib/arch /home/sand/src/perl/repoperls/installed-perls/perl/v5.20.0/165a/lib/site_perl/5.20.0/x86_64-linux /home/sand/src/perl/repoperls/installed-perls/perl/v5.20.0/165a/lib/site_perl/5.20.0 /home/sand/src/perl/repoperls/installed-perls/perl/v5.20.0/165a/lib/5.20.0/x86_64-linux /home/sand/src/perl/repoperls/installed-perls/perl/v5.20.0/165a/lib/5.20.0 .) at /home/sand/src/perl/repoperls/installed-perls/perl/v5.20.0/165a/lib/site_perl/5.20.0/Module/Runtime.pm line 317.
Compilation failed in require at t/05-put-it-all-together.t line 7.
BEGIN failed--compilation aborted at t/05-put-it-all-together.t line 7.
t/05-put-it-all-together.t ...................... 
Dubious, test returned 2 (wstat 512, 0x200)
No subtests run 

#   Failed test 'sub name collision throws an exception'
#   at t/06-sub-name-collide.t line 10.
#                   'Can't locate Test/Kit/Fake/MyTest/SubNameCollide/Test/More.pm in @INC (you may need to install the Test::Kit::Fake::MyTest::SubNameCollide::Test::More module) (@INC contains: t/lib /tmp/loop_over_bdir-5808-MWADh_/Test-Kit-2.01-NNlfpU/blib/lib /tmp/loop_over_bdir-5808-MWADh_/Test-Kit-2.01-NNlfpU/blib/arch /home/sand/src/perl/repoperls/installed-perls/perl/v5.20.0/165a/lib/site_perl/5.20.0/x86_64-linux /home/sand/src/perl/repoperls/installed-perls/perl/v5.20.0/165a/lib/site_perl/5.20.0 /home/sand/src/perl/repoperls/installed-perls/perl/v5.20.0/165a/lib/5.20.0/x86_64-linux /home/sand/src/perl/repoperls/installed-perls/perl/v5.20.0/165a/lib/5.20.0 .) at /home/sand/src/perl/repoperls/installed-perls/perl/v5.20.0/165a/lib/site_perl/5.20.0/Module/Runtime.pm line 317.
# Compilation failed in require at (eval 4) line 1.
# BEGIN failed--compilation aborted at (eval 4) line 1.
# '
#     doesn't match '(?^:Subroutine\ ok\(\)\ already\ supplied\ to\ MyTest\:\:SubNameCollide\ by\ Test\:\:More)'
# Looks like you failed 1 test of 2.
t/06-sub-name-collide.t ......................... 
Dubious, test returned 1 (wstat 256, 0x100)
Failed 1/2 subtests 
Can't locate Test/Kit/Fake/MyTest/Basic/Test/More.pm in @INC (you may need to install the Test::Kit::Fake::MyTest::Basic::Test::More module) (@INC contains: t/lib /tmp/loop_over_bdir-5808-MWADh_/Test-Kit-2.01-NNlfpU/blib/lib /tmp/loop_over_bdir-5808-MWADh_/Test-Kit-2.01-NNlfpU/blib/arch /home/sand/src/perl/repoperls/installed-perls/perl/v5.20.0/165a/lib/site_perl/5.20.0/x86_64-linux /home/sand/src/perl/repoperls/installed-perls/perl/v5.20.0/165a/lib/site_perl/5.20.0 /home/sand/src/perl/repoperls/installed-perls/perl/v5.20.0/165a/lib/5.20.0/x86_64-linux /home/sand/src/perl/repoperls/installed-perls/perl/v5.20.0/165a/lib/5.20.0 .) at /home/sand/src/perl/repoperls/installed-perls/perl/v5.20.0/165a/lib/site_perl/5.20.0/Module/Runtime.pm line 317.
Compilation failed in require at t/lib/MyTest/FromModule.pm line 6.
BEGIN failed--compilation aborted at t/lib/MyTest/FromModule.pm line 6.
Compilation failed in require at t/07-from-module.t line 7.
BEGIN failed--compilation aborted at t/07-from-module.t line 7.
t/07-from-module.t .............................. 
Dubious, test returned 2 (wstat 512, 0x200)
No subtests run 
Can't locate Test/Kit/Fake/MyTest/Basic/Test/More.pm in @INC (you may need to install the Test::Kit::Fake::MyTest::Basic::Test::More module) (@INC contains: t/lib /tmp/loop_over_bdir-5808-MWADh_/Test-Kit-2.01-NNlfpU/blib/lib /tmp/loop_over_bdir-5808-MWADh_/Test-Kit-2.01-NNlfpU/blib/arch /home/sand/src/perl/repoperls/installed-perls/perl/v5.20.0/165a/lib/site_perl/5.20.0/x86_64-linux /home/sand/src/perl/repoperls/installed-perls/perl/v5.20.0/165a/lib/site_perl/5.20.0 /home/sand/src/perl/repoperls/installed-perls/perl/v5.20.0/165a/lib/5.20.0/x86_64-linux /home/sand/src/perl/repoperls/installed-perls/perl/v5.20.0/165a/lib/5.20.0 .) at /home/sand/src/perl/repoperls/installed-perls/perl/v5.20.0/165a/lib/site_perl/5.20.0/Module/Runtime.pm line 317.
Compilation failed in require at t/08-double-use-same-process.t line 9.
BEGIN failed--compilation aborted at t/08-double-use-same-process.t line 9.
t/08-double-use-same-process.t .................. 
Dubious, test returned 2 (wstat 512, 0x200)
No subtests run 
    
    #   Failed test 'Error running (t/09-test-aggregate/tests/test1.ta):  Couldn't parse 't/09-test-aggregate/tests/test1.ta': Can't locate Test/Kit/Fake/MyTest/PutItAllTogether/Test/More.pm in @INC (you may need to install the Test::Kit::Fake::MyTest::PutItAllTogether::Test::More module) (@INC contains: t/lib /tmp/loop_over_bdir-5808-MWADh_/Test-Kit-2.01-NNlfpU/blib/lib /tmp/loop_over_bdir-5808-MWADh_/Test-Kit-2.01-NNlfpU/blib/arch /home/sand/src/perl/repoperls/installed-perls/perl/v5.20.0/165a/lib/site_perl/5.20.0/x86_64-linux /home/sand/src/perl/repoperls/installed-perls/perl/v5.20.0/165a/lib/site_perl/5.20.0 /home/sand/src/perl/repoperls/installed-perls/perl/v5.20.0/165a/lib/5.20.0/x86_64-linux /home/sand/src/perl/repoperls/installed-perls/perl/v5.20.0/165a/lib/5.20.0 .) at /home/sand/src/perl/repoperls/installed-perls/perl/v5.20.0/165a/lib/site_perl/5.20.0/Module/Runtime.pm line 317.
    # Compilation failed in require at t/09-test-aggregate/tests/test1.ta line 7.
    # BEGIN failed--compilation aborted at t/09-test-aggregate/tests/test1.ta line 7.
    # '
    #   at /home/sand/src/perl/repoperls/installed-perls/perl/v5.20.0/165a/lib/site_perl/5.20.0/Test/Aggregate/Nested.pm line 218.
    # Looks like you failed 1 test of 1.

#   Failed test 'Tests for t/09-test-aggregate/tests/test1.ta'
#   at /home/sand/src/perl/repoperls/installed-perls/perl/v5.20.0/165a/lib/site_perl/5.20.0/Test/Aggregate/Nested.pm line 219.
    
    #   Failed test 'Error running (t/09-test-aggregate/tests/test2.ta):  Couldn't parse 't/09-test-aggregate/tests/test2.ta': Attempt to reload MyTest/PutItAllTogether.pm aborted.
    # Compilation failed in require at t/09-test-aggregate/tests/test2.ta line 7.
    # BEGIN failed--compilation aborted at t/09-test-aggregate/tests/test2.ta line 7.
    # '
    #   at /home/sand/src/perl/repoperls/installed-perls/perl/v5.20.0/165a/lib/site_perl/5.20.0/Test/Aggregate/Nested.pm line 218.
    # Looks like you failed 1 test of 1.

#   Failed test 'Tests for t/09-test-aggregate/tests/test2.ta'
#   at /home/sand/src/perl/repoperls/installed-perls/perl/v5.20.0/165a/lib/site_perl/5.20.0/Test/Aggregate/Nested.pm line 219.
    
    #   Failed test 'Error running (t/09-test-aggregate/tests/test3.ta):  Couldn't parse 't/09-test-aggregate/tests/test3.ta': Attempt to reload MyTest/PutItAllTogether.pm aborted.
    # Compilation failed in require at t/09-test-aggregate/tests/test3.ta line 7.
    # BEGIN failed--compilation aborted at t/09-test-aggregate/tests/test3.ta line 7.
    # '
    #   at /home/sand/src/perl/repoperls/installed-perls/perl/v5.20.0/165a/lib/site_perl/5.20.0/Test/Aggregate/Nested.pm line 218.
    # Looks like you failed 1 test of 1.

#   Failed test 'Tests for t/09-test-aggregate/tests/test3.ta'
#   at /home/sand/src/perl/repoperls/installed-perls/perl/v5.20.0/165a/lib/site_perl/5.20.0/Test/Aggregate/Nested.pm line 219.
    
    #   Failed test 'Error running (t/09-test-aggregate/tests/test4.ta):  Couldn't parse 't/09-test-aggregate/tests/test4.ta': Attempt to reload MyTest/PutItAllTogether.pm aborted.
    # Compilation failed in require at t/09-test-aggregate/tests/test4.ta line 7.
    # BEGIN failed--compilation aborted at t/09-test-aggregate/tests/test4.ta line 7.
    # '
    #   at /home/sand/src/perl/repoperls/installed-perls/perl/v5.20.0/165a/lib/site_perl/5.20.0/Test/Aggregate/Nested.pm line 218.
    # Looks like you failed 1 test of 1.

#   Failed test 'Tests for t/09-test-aggregate/tests/test4.ta'
#   at /home/sand/src/perl/repoperls/installed-perls/perl/v5.20.0/165a/lib/site_perl/5.20.0/Test/Aggregate/Nested.pm line 219.
    
    #   Failed test 'Error running (t/09-test-aggregate/tests/test5.ta):  Couldn't parse 't/09-test-aggregate/tests/test5.ta': Attempt to reload MyTest/PutItAllTogether.pm aborted.
    # Compilation failed in require at t/09-test-aggregate/tests/test5.ta line 7.
    # BEGIN failed--compilation aborted at t/09-test-aggregate/tests/test5.ta line 7.
    # '
    #   at /home/sand/src/perl/repoperls/installed-perls/perl/v5.20.0/165a/lib/site_perl/5.20.0/Test/Aggregate/Nested.pm line 218.
    # Looks like you failed 1 test of 1.

#   Failed test 'Tests for t/09-test-aggregate/tests/test5.ta'
#   at /home/sand/src/perl/repoperls/installed-perls/perl/v5.20.0/165a/lib/site_perl/5.20.0/Test/Aggregate/Nested.pm line 219.
# Looks like you failed 5 tests of 5.
t/09-test-aggregate/09-test-aggregate-nested.t .. 
Dubious, test returned 5 (wstat 1280, 0x500)
Failed 5/5 subtests 
Could not run tests: Can't locate Test/Kit/Fake/MyTest/PutItAllTogether/Test/More.pm in @INC (you may need to install the Test::Kit::Fake::MyTest::PutItAllTogether::Test::More module) (@INC contains: t/lib /tmp/loop_over_bdir-5808-MWADh_/Test-Kit-2.01-NNlfpU/blib/lib /tmp/loop_over_bdir-5808-MWADh_/Test-Kit-2.01-NNlfpU/blib/arch /home/sand/src/perl/repoperls/installed-perls/perl/v5.20.0/165a/lib/site_perl/5.20.0/x86_64-linux /home/sand/src/perl/repoperls/installed-perls/perl/v5.20.0/165a/lib/site_perl/5.20.0 /home/sand/src/perl/repoperls/installed-perls/perl/v5.20.0/165a/lib/5.20.0/x86_64-linux /home/sand/src/perl/repoperls/installed-perls/perl/v5.20.0/165a/lib/5.20.0 .) at /home/sand/src/perl/repoperls/installed-perls/perl/v5.20.0/165a/lib/site_perl/5.20.0/Module/Runtime.pm line 317.
Compilation failed in require at t/09-test-aggregate/tests/test1.ta line 7.
BEGIN failed--compilation aborted at t/09-test-aggregate/tests/test1.ta line 7.
 at t/09-test-aggregate/09-test-aggregate.t line 10.
# Looks like your test exited with 2 before it could output anything.
t/09-test-aggregate/09-test-aggregate.t ......... skipped: (no reason given)
t/10-import-check.t ............................. ok
Can't locate Test/Kit/Fake/MyTest/NoWarnings/Test/More.pm in @INC (you may need to install the Test::Kit::Fake::MyTest::NoWarnings::Test::More module) (@INC contains: t/lib /tmp/loop_over_bdir-5808-MWADh_/Test-Kit-2.01-NNlfpU/blib/lib /tmp/loop_over_bdir-5808-MWADh_/Test-Kit-2.01-NNlfpU/blib/arch /home/sand/src/perl/repoperls/installed-perls/perl/v5.20.0/165a/lib/site_perl/5.20.0/x86_64-linux /home/sand/src/perl/repoperls/installed-perls/perl/v5.20.0/165a/lib/site_perl/5.20.0 /home/sand/src/perl/repoperls/installed-perls/perl/v5.20.0/165a/lib/5.20.0/x86_64-linux /home/sand/src/perl/repoperls/installed-perls/perl/v5.20.0/165a/lib/5.20.0 .) at /home/sand/src/perl/repoperls/installed-perls/perl/v5.20.0/165a/lib/site_perl/5.20.0/Module/Runtime.pm line 317.
Compilation failed in require at t/11-test-nowarnings.t line 7.
BEGIN failed--compilation aborted at t/11-test-nowarnings.t line 7.
t/11-test-nowarnings.t .......................... 
Dubious, test returned 2 (wstat 512, 0x200)
No subtests run 
Can't locate Test/Kit/Fake/MyTest/DataDumper/Test/More.pm in @INC (you may need to install the Test::Kit::Fake::MyTest::DataDumper::Test::More module) (@INC contains: t/lib /tmp/loop_over_bdir-5808-MWADh_/Test-Kit-2.01-NNlfpU/blib/lib /tmp/loop_over_bdir-5808-MWADh_/Test-Kit-2.01-NNlfpU/blib/arch /home/sand/src/perl/repoperls/installed-perls/perl/v5.20.0/165a/lib/site_perl/5.20.0/x86_64-linux /home/sand/src/perl/repoperls/installed-perls/perl/v5.20.0/165a/lib/site_perl/5.20.0 /home/sand/src/perl/repoperls/installed-perls/perl/v5.20.0/165a/lib/5.20.0/x86_64-linux /home/sand/src/perl/repoperls/installed-perls/perl/v5.20.0/165a/lib/5.20.0 .) at /home/sand/src/perl/repoperls/installed-perls/perl/v5.20.0/165a/lib/site_perl/5.20.0/Module/Runtime.pm line 317.
Compilation failed in require at t/12-data-dumper.t line 7.
BEGIN failed--compilation aborted at t/12-data-dumper.t line 7.
t/12-data-dumper.t .............................. 
Dubious, test returned 2 (wstat 512, 0x200)
No subtests run 
Can't locate Test/Kit/Fake/MyTest/ListUtil/Test/More.pm in @INC (you may need to install the Test::Kit::Fake::MyTest::ListUtil::Test::More module) (@INC contains: t/lib /tmp/loop_over_bdir-5808-MWADh_/Test-Kit-2.01-NNlfpU/blib/lib /tmp/loop_over_bdir-5808-MWADh_/Test-Kit-2.01-NNlfpU/blib/arch /home/sand/src/perl/repoperls/installed-perls/perl/v5.20.0/165a/lib/site_perl/5.20.0/x86_64-linux /home/sand/src/perl/repoperls/installed-perls/perl/v5.20.0/165a/lib/site_perl/5.20.0 /home/sand/src/perl/repoperls/installed-perls/perl/v5.20.0/165a/lib/5.20.0/x86_64-linux /home/sand/src/perl/repoperls/installed-perls/perl/v5.20.0/165a/lib/5.20.0 .) at /home/sand/src/perl/repoperls/installed-perls/perl/v5.20.0/165a/lib/site_perl/5.20.0/Module/Runtime.pm line 317.
Compilation failed in require at t/13-list-util.t line 7.
BEGIN failed--compilation aborted at t/13-list-util.t line 7.
t/13-list-util.t ................................ 
Dubious, test returned 2 (wstat 512, 0x200)
No subtests run 
Can't locate Test/Kit/Fake/MyTest/Basic/Test/More.pm in @INC (you may need to install the Test::Kit::Fake::MyTest::Basic::Test::More module) (@INC contains: t/lib /tmp/loop_over_bdir-5808-MWADh_/Test-Kit-2.01-NNlfpU/blib/lib /tmp/loop_over_bdir-5808-MWADh_/Test-Kit-2.01-NNlfpU/blib/arch /home/sand/src/perl/repoperls/installed-perls/perl/v5.20.0/165a/lib/site_perl/5.20.0/x86_64-linux /home/sand/src/perl/repoperls/installed-perls/perl/v5.20.0/165a/lib/site_perl/5.20.0 /home/sand/src/perl/repoperls/installed-perls/perl/v5.20.0/165a/lib/5.20.0/x86_64-linux /home/sand/src/perl/repoperls/installed-perls/perl/v5.20.0/165a/lib/5.20.0 .) at /home/sand/src/perl/repoperls/installed-perls/perl/v5.20.0/165a/lib/site_perl/5.20.0/Module/Runtime.pm line 317.
Compilation failed in require at t/14-todo-var.t line 7.
BEGIN failed--compilation aborted at t/14-todo-var.t line 7.
t/14-todo-var.t ................................. 
Dubious, test returned 2 (wstat 512, 0x200)
No subtests run 
Can't locate Test/Kit/Fake/MyTest/TestBuilderIOLayerUTF8/Test/More.pm in @INC (you may need to install the Test::Kit::Fake::MyTest::TestBuilderIOLayerUTF8::Test::More module) (@INC contains: t/lib /tmp/loop_over_bdir-5808-MWADh_/Test-Kit-2.01-NNlfpU/blib/lib /tmp/loop_over_bdir-5808-MWADh_/Test-Kit-2.01-NNlfpU/blib/arch /home/sand/src/perl/repoperls/installed-perls/perl/v5.20.0/165a/lib/site_perl/5.20.0/x86_64-linux /home/sand/src/perl/repoperls/installed-perls/perl/v5.20.0/165a/lib/site_perl/5.20.0 /home/sand/src/perl/repoperls/installed-perls/perl/v5.20.0/165a/lib/5.20.0/x86_64-linux /home/sand/src/perl/repoperls/installed-perls/perl/v5.20.0/165a/lib/5.20.0 .) at /home/sand/src/perl/repoperls/installed-perls/perl/v5.20.0/165a/lib/site_perl/5.20.0/Module/Runtime.pm line 317.
Compilation failed in require at t/15-test-builder-io-layer-utf8.t line 8.
BEGIN failed--compilation aborted at t/15-test-builder-io-layer-utf8.t line 8.
t/15-test-builder-io-layer-utf8.t ............... 
Dubious, test returned 2 (wstat 512, 0x200)
No subtests run 
Can't locate Test/Kit/Fake/MyTest/Basic/Test/More.pm in @INC (you may need to install the Test::Kit::Fake::MyTest::Basic::Test::More module) (@INC contains: t/lib /tmp/loop_over_bdir-5808-MWADh_/Test-Kit-2.01-NNlfpU/blib/lib /tmp/loop_over_bdir-5808-MWADh_/Test-Kit-2.01-NNlfpU/blib/arch /home/sand/src/perl/repoperls/installed-perls/perl/v5.20.0/165a/lib/site_perl/5.20.0/x86_64-linux /home/sand/src/perl/repoperls/installed-perls/perl/v5.20.0/165a/lib/site_perl/5.20.0 /home/sand/src/perl/repoperls/installed-perls/perl/v5.20.0/165a/lib/5.20.0/x86_64-linux /home/sand/src/perl/repoperls/installed-perls/perl/v5.20.0/165a/lib/5.20.0 .) at /home/sand/src/perl/repoperls/installed-perls/perl/v5.20.0/165a/lib/site_perl/5.20.0/Module/Runtime.pm line 317.
Compilation failed in require at t/16-test-more-import.t line 7.
BEGIN failed--compilation aborted at t/16-test-more-import.t line 7.
t/16-test-more-import.t ......................... 
Dubious, test returned 2 (wstat 512, 0x200)
No subtests run 
Can't locate Test/Kit/Fake/MyTest/IncludeList/Test/Exception.pm in @INC (you may need to install the Test::Kit::Fake::MyTest::IncludeList::Test::Exception module) (@INC contains: t/lib /tmp/loop_over_bdir-5808-MWADh_/Test-Kit-2.01-NNlfpU/blib/lib /tmp/loop_over_bdir-5808-MWADh_/Test-Kit-2.01-NNlfpU/blib/arch /home/sand/src/perl/repoperls/installed-perls/perl/v5.20.0/165a/lib/site_perl/5.20.0/x86_64-linux /home/sand/src/perl/repoperls/installed-perls/perl/v5.20.0/165a/lib/site_perl/5.20.0 /home/sand/src/perl/repoperls/installed-perls/perl/v5.20.0/165a/lib/5.20.0/x86_64-linux /home/sand/src/perl/repoperls/installed-perls/perl/v5.20.0/165a/lib/5.20.0 .) at /home/sand/src/perl/repoperls/installed-perls/perl/v5.20.0/165a/lib/site_perl/5.20.0/Module/Runtime.pm line 317.
Compilation failed in require at t/17-include-list.t line 7.
BEGIN failed--compilation aborted at t/17-include-list.t line 7.
t/17-include-list.t ............................. 
Dubious, test returned 2 (wstat 512, 0x200)
No subtests run 
Can't locate Test/Kit/Fake/MyTest/ExtraExports/Test/More.pm in @INC (you may need to install the Test::Kit::Fake::MyTest::ExtraExports::Test::More module) (@INC contains: t/lib /tmp/loop_over_bdir-5808-MWADh_/Test-Kit-2.01-NNlfpU/blib/lib /tmp/loop_over_bdir-5808-MWADh_/Test-Kit-2.01-NNlfpU/blib/arch /home/sand/src/perl/repoperls/installed-perls/perl/v5.20.0/165a/lib/site_perl/5.20.0/x86_64-linux /home/sand/src/perl/repoperls/installed-perls/perl/v5.20.0/165a/lib/site_perl/5.20.0 /home/sand/src/perl/repoperls/installed-perls/perl/v5.20.0/165a/lib/5.20.0/x86_64-linux /home/sand/src/perl/repoperls/installed-perls/perl/v5.20.0/165a/lib/5.20.0 .) at /home/sand/src/perl/repoperls/installed-perls/perl/v5.20.0/165a/lib/site_perl/5.20.0/Module/Runtime.pm line 317.
Compilation failed in require at t/18-extra-exports.t line 7.
BEGIN failed--compilation aborted at t/18-extra-exports.t line 7.
t/18-extra-exports.t ............................ 
Dubious, test returned 2 (wstat 512, 0x200)
No subtests run 
Can't locate Test/Kit/Fake/MyTest/SubClassUser/Test/More.pm in @INC (you may need to install the Test::Kit::Fake::MyTest::SubClassUser::Test::More module) (@INC contains: t/lib /tmp/loop_over_bdir-5808-MWADh_/Test-Kit-2.01-NNlfpU/blib/lib /tmp/loop_over_bdir-5808-MWADh_/Test-Kit-2.01-NNlfpU/blib/arch /home/sand/src/perl/repoperls/installed-perls/perl/v5.20.0/165a/lib/site_perl/5.20.0/x86_64-linux /home/sand/src/perl/repoperls/installed-perls/perl/v5.20.0/165a/lib/site_perl/5.20.0 /home/sand/src/perl/repoperls/installed-perls/perl/v5.20.0/165a/lib/5.20.0/x86_64-linux /home/sand/src/perl/repoperls/installed-perls/perl/v5.20.0/165a/lib/5.20.0 .) at /home/sand/src/perl/repoperls/installed-perls/perl/v5.20.0/165a/lib/site_perl/5.20.0/Module/Runtime.pm line 317.
Compilation failed in require at t/19-sub-class.t line 7.
BEGIN failed--compilation aborted at t/19-sub-class.t line 7.
t/19-sub-class.t ................................ 
Dubious, test returned 2 (wstat 512, 0x200)
No subtests run 
t/release-cpan-changes.t ........................ skipped: these tests are for release candidate testing
t/release-pod-syntax.t .......................... skipped: these tests are for release candidate testing

Test Summary Report
-------------------
t/01-basic.t                                  (Wstat: 512 Tests: 0 Failed: 0)
  Non-zero exit status: 2
  Parse errors: No plan found in TAP output
t/02-simple.t                                 (Wstat: 512 Tests: 0 Failed: 0)
  Non-zero exit status: 2
  Parse errors: No plan found in TAP output
t/03-exclude.t                                (Wstat: 512 Tests: 0 Failed: 0)
  Non-zero exit status: 2
  Parse errors: No plan found in TAP output
t/04-rename.t                                 (Wstat: 512 Tests: 0 Failed: 0)
  Non-zero exit status: 2
  Parse errors: No plan found in TAP output
t/05-put-it-all-together.t                    (Wstat: 512 Tests: 0 Failed: 0)
  Non-zero exit status: 2
  Parse errors: No plan found in TAP output
t/06-sub-name-collide.t                       (Wstat: 256 Tests: 2 Failed: 1)
  Failed test:  1
  Non-zero exit status: 1
t/07-from-module.t                            (Wstat: 512 Tests: 0 Failed: 0)
  Non-zero exit status: 2
  Parse errors: No plan found in TAP output
t/08-double-use-same-process.t                (Wstat: 512 Tests: 0 Failed: 0)
  Non-zero exit status: 2
  Parse errors: No plan found in TAP output
t/09-test-aggregate/09-test-aggregate-nested.t (Wstat: 1280 Tests: 5 Failed: 5)
  Failed tests:  1-5
  Non-zero exit status: 5
t/09-test-aggregate/09-test-aggregate.t       (Wstat: 512 Tests: 0 Failed: 0)
  Non-zero exit status: 2
t/11-test-nowarnings.t                        (Wstat: 512 Tests: 0 Failed: 0)
  Non-zero exit status: 2
  Parse errors: No plan found in TAP output
t/12-data-dumper.t                            (Wstat: 512 Tests: 0 Failed: 0)
  Non-zero exit status: 2
  Parse errors: No plan found in TAP output
t/13-list-util.t                              (Wstat: 512 Tests: 0 Failed: 0)
  Non-zero exit status: 2
  Parse errors: No plan found in TAP output
t/14-todo-var.t                               (Wstat: 512 Tests: 0 Failed: 0)
  Non-zero exit status: 2
  Parse errors: No plan found in TAP output
t/15-test-builder-io-layer-utf8.t             (Wstat: 512 Tests: 0 Failed: 0)
  Non-zero exit status: 2
  Parse errors: No plan found in TAP output
t/16-test-more-import.t                       (Wstat: 512 Tests: 0 Failed: 0)
  Non-zero exit status: 2
  Parse errors: No plan found in TAP output
t/17-include-list.t                           (Wstat: 512 Tests: 0 Failed: 0)
  Non-zero exit status: 2
  Parse errors: No plan found in TAP output
t/18-extra-exports.t                          (Wstat: 512 Tests: 0 Failed: 0)
  Non-zero exit status: 2
  Parse errors: No plan found in TAP output
t/19-sub-class.t                              (Wstat: 512 Tests: 0 Failed: 0)
  Non-zero exit status: 2
  Parse errors: No plan found in TAP output
Files=23, Tests=9,  2 wallclock secs ( 0.08 usr  0.02 sys +  1.05 cusr  0.12 csys =  1.27 CPU)
Result: FAIL
Failed 19/23 test programs. 6/9 subtests failed.
Makefile:858: recipe for target 'test_dynamic' failed
make: *** [test_dynamic] Error 255

------------------------------
PREREQUISITES
------------------------------

Prerequisite modules loaded:

requires:

    Module                  Need Have    
    ----------------------- ---- --------
    Exporter                0    5.70    
    Import::Into            0    1.002004
    Module::Runtime         0    0.014   
    namespace::clean        0    0.25    
    Storable                0    2.51    
    Sub::Delete             0    1.00002 

build_requires:

    Module                  Need Have    
    ----------------------- ---- --------
    Test::Aggregate         0    0.371   
    Test::Aggregate::Nested 0    0.371   
    Test::Exception         0    0.32    
    Test::More              0.92 1.001003
    Test::NoWarnings        0    1.04    
    Test::Output            0    1.03    
    Test::Pod               0    1.48    
    Test::Warn              0    0.30    

configure_requires:

    Module                  Need Have    
    ----------------------- ---- --------
    ExtUtils::MakeMaker     6.30 6.98    


------------------------------
ENVIRONMENT AND OTHER CONTEXT
------------------------------

Environment variables:

    AUTOMATED_TESTING = 1
    LANG = en_US.UTF-8
    LANGUAGE = en_US:en
    PATH = /usr/lib/ccache:/home/sand/bin:/usr/local/bin:/usr/lib/ccache:/usr/bin:/bin:/usr/games:/usr/local/perl/bin:/usr/X11/bin:/sbin:/usr/sbin
    PERL5LIB = 
    PERL5OPT = 
    PERL5_CPANPLUS_IS_RUNNING = 5810
    PERL5_CPAN_IS_RUNNING = 5810
    PERL_MM_USE_DEFAULT = 1
    SHELL = /usr/bin/zsh
    TERM = screen

Perl special variables (and OS-specific diagnostics, for MSWin32):

    $^X = /home/sand/src/perl/repoperls/installed-perls/perl/v5.20.0/165a/bin/perl
    $UID/$EUID = 1005 / 1005
    $GID = 1005 1005
    $EGID = 1005 1005

Perl module toolchain versions installed:

    Module              Have    
    ------------------- --------
    CPAN                2.05    
    CPAN::Meta          2.141520
    Cwd                 3.47    
    ExtUtils::CBuilder  0.280216
    ExtUtils::Command   1.18    
    ExtUtils::Install   1.67    
    ExtUtils::MakeMaker 6.98    
    ExtUtils::Manifest  1.63    
    ExtUtils::ParseXS   3.24    
    File::Spec          3.47    
    JSON                2.90    
    JSON::PP            2.27203 
    Module::Build       0.4205  
    Module::Signature   0.73    
    Parse::CPAN::Meta   1.4414  
    Test::Harness       3.32    
    Test::More          1.001003
    YAML                0.94    
    YAML::Syck          1.28_01 
    version             0.9908  


--

Summary of my perl5 (revision 5 version 20 subversion 0) configuration:
  Commit id: d7d4eceb184d8fc54797d661a6d5ff9a4a7048c3
  Platform:
    osname=linux, osvers=3.14-1-amd64, archname=x86_64-linux
    uname='linux k83 3.14-1-amd64 #1 smp debian 3.14.5-1 (2014-06-05) x86_64 gnulinux '
    config_args='-Dprefix=/home/sand/src/perl/repoperls/installed-perls/perl/v5.20.0/165a -Dmyhostname=k83 -Dinstallusrbinperl=n -Uversiononly -Dusedevel -des -Ui_db -Uuseithreads -Uuselongdouble -DDEBUGGING=-g'
    hint=recommended, useposix=true, d_sigaction=define
    useithreads=undef, usemultiplicity=undef
    use64bitint=define, use64bitall=define, uselongdouble=undef
    usemymalloc=n, bincompat5005=undef
  Compiler:
    cc='cc', ccflags ='-fwrapv -fno-strict-aliasing -pipe -fstack-protector -I/usr/local/include -D_LARGEFILE_SOURCE -D_FILE_OFFSET_BITS=64',
    optimize='-O2 -g',
    cppflags='-fwrapv -fno-strict-aliasing -pipe -fstack-protector -I/usr/local/include'
    ccversion='', gccversion='4.8.3', gccosandvers=''
    intsize=4, longsize=8, ptrsize=8, doublesize=8, byteorder=12345678
    d_longlong=define, longlongsize=8, d_longdbl=define, longdblsize=16
    ivtype='long', ivsize=8, nvtype='double', nvsize=8, Off_t='off_t', lseeksize=8
    alignbytes=8, prototype=define
  Linker and Libraries:
    ld='cc', ldflags =' -fstack-protector -L/usr/local/lib'
    libpth=/usr/local/lib /usr/lib/gcc/x86_64-linux-gnu/4.8/include-fixed /usr/include/x86_64-linux-gnu /usr/lib /lib/x86_64-linux-gnu /lib/../lib /usr/lib/x86_64-linux-gnu /usr/lib/../lib /lib
    libs=-lnsl -lgdbm -ldb -ldl -lm -lcrypt -lutil -lc -lgdbm_compat
    perllibs=-lnsl -ldl -lm -lcrypt -lutil -lc
    libc=libc-2.19.so, so=so, useshrplib=false, libperl=libperl.a
    gnulibc_version='2.19'
  Dynamic Linking:
    dlsrc=dl_dlopen.xs, dlext=so, d_dlsymun=undef, ccdlflags='-Wl,-E'
    cccdlflags='-fPIC', lddlflags='-shared -O2 -g -L/usr/local/lib -fstack-protector'


Characteristics of this binary (from libperl): 
  Compile-time options: HAS_TIMES PERLIO_LAYERS PERL_DONT_CREATE_GVSV
                        PERL_HASH_FUNC_ONE_AT_A_TIME_HARD PERL_MALLOC_WRAP
                        PERL_NEW_COPY_ON_WRITE PERL_PRESERVE_IVUV
                        PERL_USE_DEVEL USE_64_BIT_ALL USE_64_BIT_INT
                        USE_LARGE_FILES USE_LOCALE USE_LOCALE_COLLATE
                        USE_LOCALE_CTYPE USE_LOCALE_NUMERIC USE_PERLIO
                        USE_PERL_ATOF
  Built under linux
  Compiled at Jun 10 2014 10:55:47
  %ENV:
    PERL5LIB=""
    PERL5OPT=""
    PERL5_CPANPLUS_IS_RUNNING="5810"
    PERL5_CPAN_IS_RUNNING="5810"
    PERL_MM_USE_DEFAULT="1"
  @INC:
    /home/sand/src/perl/repoperls/installed-perls/perl/v5.20.0/165a/lib/site_perl/5.20.0/x86_64-linux
    /home/sand/src/perl/repoperls/installed-perls/perl/v5.20.0/165a/lib/site_perl/5.20.0
    /home/sand/src/perl/repoperls/installed-perls/perl/v5.20.0/165a/lib/5.20.0/x86_64-linux
    /home/sand/src/perl/repoperls/installed-perls/perl/v5.20.0/165a/lib/5.20.0
    .