Report for Dist-Zilla-Plugin-Test-Compile-2.053

Back
From: metabase:user:320bfe00-2aae-11df-837a-5e0a49663a4f
Subject: FAIL Dist-Zilla-Plugin-Test-Compile-2.053 v5.23.0 GNU/Linux
Date: 2015-06-27T21:19:19Z

This distribution has been tested as part of the CPAN Testers
project, supporting the Perl programming language.  See
http://wiki.cpantesters.org/ for more information or email
questions to cpan-testers-discuss@perl.org


--
Dear Karen Etheridge,

This is a computer-generated report for Dist-Zilla-Plugin-Test-Compile-2.053
on perl 5.23.0, created by CPAN-Reporter-1.2014.

Thank you for uploading your work to CPAN.  However, there was a problem
testing your distribution.

If you think this report is invalid, please consult the CPAN Testers Wiki
for suggestions on how to avoid getting FAIL reports for missing library
or binary dependencies, unsupported operating systems, and so on:

http://wiki.cpantesters.org/wiki/CPANAuthorNotes

Sections of this report:

    * Tester comments
    * Program output
    * Prerequisites
    * Environment and other context

------------------------------
TESTER COMMENTS
------------------------------

Additional comments from tester:

this report is from an automated smoke testing program
and was not reviewed by a human for accuracy

------------------------------
PROGRAM OUTPUT
------------------------------

Output from './Build test':

t/00-compile.t ................... ok
# 
# Versions for all modules listed in MYMETA.json (including optional ones):
# 
# === Configure Requires ===
# 
#     Module               Want  Have
#     ------------------- ----- -----
#     Module::Build::Tiny 0.039 0.039
# 
# === Test Requires ===
# 
#     Module                    Want       Have
#     ------------------------ ----- ----------
#     CPAN::Meta::Check        0.007      0.012
#     CPAN::Meta::Requirements   any      2.133
#     ExtUtils::MakeMaker        any    7.05_23
#     File::Spec                 any       3.56
#     File::pushd                any      1.009
#     IO::Handle                 any       1.35
#     IPC::Open3                 any       1.18
#     Module::CoreList          2.77 5.20150620
#     Perl::PrereqScanner      1.016      1.023
#     Test::DZil                 any      5.037
#     Test::Deep                 any      0.117
#     Test::MinimumVersion       any   0.101081
#     Test::More                0.94   1.001014
#     Test::Warnings           0.009      0.021
#     if                         any     0.0604
#     utf8                       any       1.17
#     version                    any     0.9909
# 
# === Test Recommends ===
# 
#     Module         Want     Have
#     ---------- -------- --------
#     CPAN::Meta 2.120900 2.150005
# 
# === Runtime Requires ===
# 
#     Module                                Want     Have
#     --------------------------------- -------- --------
#     Data::Section                        0.004 0.200006
#     Dist::Zilla                       4.300039    5.037
#     Dist::Zilla::File::InMemory            any    5.037
#     Dist::Zilla::Role::FileFinderUser      any    5.037
#     Dist::Zilla::Role::FileGatherer        any    5.037
#     Dist::Zilla::Role::FileMunger          any    5.037
#     Dist::Zilla::Role::PrereqSource        any    5.037
#     Dist::Zilla::Role::TextTemplate        any    5.037
#     Moose                                  any   2.1405
#     Moose::Util::TypeConstraints           any   2.1405
#     Path::Tiny                             any    0.068
#     Sub::Exporter::ForMethods              any 0.100051
#     namespace::autoclean                   any     0.26
#     strict                                 any     1.09
#     warnings                               any     1.32
# 
# === Other Modules ===
# 
#     Module                    Have
#     --------------------- --------
#     CPAN::Meta::Validator 2.150005
#     Dist::CheckConflicts      0.11
#     Pod::Coverage             0.23
# 
t/00-report-prereqs.t ............ ok
Use of uninitialized value $p_root in concatenation (.) or string at /home/sand/src/perl/repoperls/installed-perls/perl/v5.23.0/9ab7/lib/site_perl/5.23.0/P/Core/Bootstrap.pm line 118.
t/01-basic.t ..................... ok
Use of uninitialized value $p_root in concatenation (.) or string at /home/sand/src/perl/repoperls/installed-perls/perl/v5.23.0/9ab7/lib/site_perl/5.23.0/P/Core/Bootstrap.pm line 118.
t/02-warnings.t .................. ok
Use of uninitialized value $p_root in concatenation (.) or string at /home/sand/src/perl/repoperls/installed-perls/perl/v5.23.0/9ab7/lib/site_perl/5.23.0/P/Core/Bootstrap.pm line 118.
t/03-taint.t ..................... ok
Use of uninitialized value $p_root in concatenation (.) or string at /home/sand/src/perl/repoperls/installed-perls/perl/v5.23.0/9ab7/lib/site_perl/5.23.0/P/Core/Bootstrap.pm line 118.
t/04-bash.t ...................... ok
Use of uninitialized value $p_root in concatenation (.) or string at /home/sand/src/perl/repoperls/installed-perls/perl/v5.23.0/9ab7/lib/site_perl/5.23.0/P/Core/Bootstrap.pm line 118.
t/05-prereqs.t ................... ok
Use of uninitialized value $p_root in concatenation (.) or string at /home/sand/src/perl/repoperls/installed-perls/perl/v5.23.0/9ab7/lib/site_perl/5.23.0/P/Core/Bootstrap.pm line 118.
t/06-filename.t .................. ok
Use of uninitialized value $p_root in concatenation (.) or string at /home/sand/src/perl/repoperls/installed-perls/perl/v5.23.0/9ab7/lib/site_perl/5.23.0/P/Core/Bootstrap.pm line 118.
t/07-prereqs-phase.t ............. ok
Use of uninitialized value $p_root in concatenation (.) or string at /home/sand/src/perl/repoperls/installed-perls/perl/v5.23.0/9ab7/lib/site_perl/5.23.0/P/Core/Bootstrap.pm line 118.
t/08-xt_mode.t ................... ok
Use of uninitialized value $p_root in concatenation (.) or string at /home/sand/src/perl/repoperls/installed-perls/perl/v5.23.0/9ab7/lib/site_perl/5.23.0/P/Core/Bootstrap.pm line 118.
t/09-extra-files.t ............... ok
Use of uninitialized value $p_root in concatenation (.) or string at /home/sand/src/perl/repoperls/installed-perls/perl/v5.23.0/9ab7/lib/site_perl/5.23.0/P/Core/Bootstrap.pm line 118.

#   Failed test 'got warnings from compiling an executable using -w, not from the one without it'
#   at t/10-shebang-w.t line 56.
# Using Regexp on $data->[0]
#    got : P::Core::Exception::Object=HASH(0x5da61a0)
# expect : (?^:^^Found\ \=\ in\ conditional\,\ should\ be\ \=\=\ at\ bin\/foo\ line\ 3\.\ at\ \/tmp\/loop_over_bdir\-30537\-5SNuGN\/Dist\-Zilla\-Plugin\-Test\-Compile\-2\.053\-mrpBzt\/tmp\/JIYi4Ir33z\/build\/t\/00\-compile\.t\ line\ )
# got warning(s): [
#   bless( {
#     '_caller_frame' => bless( {
#       'args' => [],
#       'bitmask' => 'UUUUUUUUUUUUUUUUUUU',
#       'evaltext' => undef,
#       'filename' => '/tmp/loop_over_bdir-30537-5SNuGN/Dist-Zilla-Plugin-Test-Compile-2.053-mrpBzt/tmp/JIYi4Ir33z/build/t/00-compile.t',
#       'hasargs' => 1,
#       'hints' => 1762,
#       'indent' => 0,
#       'is_require' => undef,
#       'line' => 75,
#       'max_arg_length' => 32,
#       'message' => undef,
#       'package' => 'main',
#       'respect_overload' => undef,
#       'subroutine' => 'P::Core::Exception::GLOBAL_WARN',
#       'wantarray' => undef
#     }, 'Devel::StackTrace::Frame' ),
#     '_logged' => '0',
#     '_stop_propagate' => '0',
#     '_to_string' => {
#       'caller' => ', caught at /tmp/loop_over_bdir-30537-5SNuGN/Dist-Zilla-Plugin-Test-Compile-2.053-mrpBzt/tmp/JIYi4Ir33z/build/t/00-compile.t line 75.',
#       'msg' => 'Found = in conditional, should be == at bin/foo line 3.',
#       'trace' => '    require /tmp/loop_over_bdir-30537-5SNuGN/Dist-Zilla-Plugin-Test-Compile-2.053-mrpBzt/tmp/JIYi4Ir33z/build/t/00-compile.t at t/10-shebang-w.t line 49
#     main::__ANON__ at /home/sand/src/perl/repoperls/installed-perls/perl/v5.23.0/9ab7/lib/5.23.0/Test/Builder.pm line 261
#     Test::Builder::__ANON__ at /home/sand/src/perl/repoperls/installed-perls/perl/v5.23.0/9ab7/lib/5.23.0/Test/Builder.pm line 266
#     eval {...} at /home/sand/src/perl/repoperls/installed-perls/perl/v5.23.0/9ab7/lib/5.23.0/Test/Builder.pm line 266
#     Test::Builder::subtest at /home/sand/src/perl/repoperls/installed-perls/perl/v5.23.0/9ab7/lib/5.23.0/Test/More.pm line 771
#     Test::More::subtest at t/10-shebang-w.t line 52
#     main::__ANON__ at /home/sand/src/perl/repoperls/installed-perls/perl/v5.23.0/9ab7/lib/site_perl/5.23.0/Test/Warnings.pm line 72
#     Test::Warnings::warnings at t/10-shebang-w.t line 53'
#     },
#     '_trace' => [
#       bless( {
#         'args' => [],
#         'bitmask' => 'UUUUUUUUUUUUUUUUUUU',
#         'evaltext' => '/tmp/loop_over_bdir-30537-5SNuGN/Dist-Zilla-Plugin-Test-Compile-2.053-mrpBzt/tmp/JIYi4Ir33z/build/t/00-compile.t',
#         'filename' => 't/10-shebang-w.t',
#         'hasargs' => 0,
#         'hints' => 2018,
#         'indent' => 0,
#         'is_require' => 1,
#         'line' => 49,
#         'max_arg_length' => 32,
#         'message' => undef,
#         'package' => 'main',
#         'respect_overload' => undef,
#         'subroutine' => '(eval)',
#         'wantarray' => undef
#       }, 'Devel::StackTrace::Frame' ),
#       bless( {
#         'args' => [],
#         'bitmask' => 'UUUUUUUUUUUUUUUUUUU',
#         'evaltext' => undef,
#         'filename' => '/home/sand/src/perl/repoperls/installed-perls/perl/v5.23.0/9ab7/lib/5.23.0/Test/Builder.pm',
#         'hasargs' => 1,
#         'hints' => 1762,
#         'indent' => 0,
#         'is_require' => undef,
#         'line' => 261,
#         'max_arg_length' => 32,
#         'message' => undef,
#         'package' => 'Test::Builder',
#         'respect_overload' => undef,
#         'subroutine' => 'main::__ANON__',
#         'wantarray' => undef
#       }, 'Devel::StackTrace::Frame' ),
#       bless( {
#         'args' => [],
#         'bitmask' => 'UUUUUUUUUUUUUUUUUUU',
#         'evaltext' => undef,
#         'filename' => '/home/sand/src/perl/repoperls/installed-perls/perl/v5.23.0/9ab7/lib/5.23.0/Test/Builder.pm',
#         'hasargs' => 1,
#         'hints' => 1762,
#         'indent' => 0,
#         'is_require' => undef,
#         'line' => 266,
#         'max_arg_length' => 32,
#         'message' => undef,
#         'package' => 'Test::Builder',
#         'respect_overload' => undef,
#         'subroutine' => 'Test::Builder::__ANON__',
#         'wantarray' => ''
#       }, 'Devel::StackTrace::Frame' ),
#       bless( {
#         'args' => [],
#         'bitmask' => 'UUUUUUUUUUUUUUUUUUU',
#         'evaltext' => undef,
#         'filename' => '/home/sand/src/perl/repoperls/installed-perls/perl/v5.23.0/9ab7/lib/5.23.0/Test/Builder.pm',
#         'hasargs' => 0,
#         'hints' => 2018,
#         'indent' => 0,
#         'is_require' => undef,
#         'line' => 266,
#         'max_arg_length' => 32,
#         'message' => undef,
#         'package' => 'Test::Builder',
#         'respect_overload' => undef,
#         'subroutine' => '(eval)',
#         'wantarray' => ''
#       }, 'Devel::StackTrace::Frame' ),
#       bless( {
#         'args' => [],
#         'bitmask' => 'UUUUUUUUUUUUUUUUUUU',
#         'evaltext' => undef,
#         'filename' => '/home/sand/src/perl/repoperls/installed-perls/perl/v5.23.0/9ab7/lib/5.23.0/Test/More.pm',
#         'hasargs' => 1,
#         'hints' => 2018,
#         'indent' => 0,
#         'is_require' => undef,
#         'line' => 771,
#         'max_arg_length' => 32,
#         'message' => undef,
#         'package' => 'Test::More',
#         'respect_overload' => undef,
#         'subroutine' => 'Test::Builder::subtest',
#         'wantarray' => undef
#       }, 'Devel::StackTrace::Frame' ),
#       bless( {
#         'args' => [],
#         'bitmask' => 'UUUUUUUUUUUUUUUUUUU',
#         'evaltext' => undef,
#         'filename' => 't/10-shebang-w.t',
#         'hasargs' => 1,
#         'hints' => 2018,
#         'indent' => 0,
#         'is_require' => undef,
#         'line' => 52,
#         'max_arg_length' => 32,
#         'message' => undef,
#         'package' => 'main',
#         'respect_overload' => undef,
#         'subroutine' => 'Test::More::subtest',
#         'wantarray' => undef
#       }, 'Devel::StackTrace::Frame' ),
#       bless( {
#         'args' => [],
#         'bitmask' => 'UUUUUUUUUUUUUUUUUUU',
#         'evaltext' => undef,
#         'filename' => '/home/sand/src/perl/repoperls/installed-perls/perl/v5.23.0/9ab7/lib/site_perl/5.23.0/Test/Warnings.pm',
#         'hasargs' => 1,
#         'hints' => 2018,
#         'indent' => 0,
#         'is_require' => undef,
#         'line' => 72,
#         'max_arg_length' => 32,
#         'message' => undef,
#         'package' => 'Test::Warnings',
#         'respect_overload' => undef,
#         'subroutine' => 'main::__ANON__',
#         'wantarray' => undef
#       }, 'Devel::StackTrace::Frame' ),
#       bless( {
#         'args' => [],
#         'bitmask' => 'UUUUUUUUUUUUUUUUUUU',
#         'evaltext' => undef,
#         'filename' => 't/10-shebang-w.t',
#         'hasargs' => 1,
#         'hints' => 2018,
#         'indent' => 0,
#         'is_require' => undef,
#         'line' => 53,
#         'max_arg_length' => 32,
#         'message' => undef,
#         'package' => 'main',
#         'respect_overload' => undef,
#         'subroutine' => 'Test::Warnings::warnings',
#         'wantarray' => 1
#       }, 'Devel::StackTrace::Frame' )
#     ],
#     'exit_code' => 255,
#     'from_hook' => 1,
#     'level' => 'WARN',
#     'msg' => 'Found = in conditional, should be == at bin/foo line 3.',
#     'propagated' => '0',
#     'skip_frames' => 3,
#     'trace' => 0
#   }, 'P::Core::Exception::Object' )
# ]
# got log messages: [
#   '[DZ] beginning to build DZT-Sample',
#   '[GatherDir] considering .',
#   '[GatherDir] considering dist.ini',
#   '[GatherDir] considering lib',
#   '[GatherDir] considering lib/Foo.pm',
#   '[GatherDir] considering bin',
#   '[GatherDir] considering bin/bar',
#   '[GatherDir] considering bin/foo',
#   '[GatherDir] adding file dist.ini',
#   '[GatherDir] adding file lib/Foo.pm',
#   '[GatherDir] adding file bin/bar',
#   '[GatherDir] adding file bin/foo',
#   '[MakeMaker] adding file Makefile.PL',
#   '[Test::Compile] adding file t/00-compile.t',
#   '[Test::Compile] adding module Foo.pm',
#   '[Test::Compile] adding script bin/bar',
#   '[Test::Compile] adding script bin/foo',
#   '[MakeMaker] updating contents of Makefile.PL in memory',
#   '[DZ] writing DZT-Sample in /tmp/loop_over_bdir-30537-5SNuGN/Dist-Zilla-Plugin-Test-Compile-2.053-mrpBzt/tmp/JIYi4Ir33z/build',
#   '[MakeMaker::Runner] running /home/sand/src/perl/repoperls/installed-perls/perl/v5.23.0/9ab7/bin/perl Makefile.PL',
#   '[MakeMaker::Runner] running make'
# ]
# Looks like you failed 1 test of 3.
t/10-shebang-w.t ................. 
Dubious, test returned 1 (wstat 256, 0x100)
Failed 1/3 subtests 
Use of uninitialized value $p_root in concatenation (.) or string at /home/sand/src/perl/repoperls/installed-perls/perl/v5.23.0/9ab7/lib/site_perl/5.23.0/P/Core/Bootstrap.pm line 118.
t/11-shebang-C.t ................. ok
Use of uninitialized value $p_root in concatenation (.) or string at /home/sand/src/perl/repoperls/installed-perls/perl/v5.23.0/9ab7/lib/site_perl/5.23.0/P/Core/Bootstrap.pm line 118.

#   Failed test 'got warnings from compiling an executable using -w, not from the one without it'
#   at t/12-shebang-comment.t line 51.
# Using Regexp on $data->[0]
#    got : P::Core::Exception::Object=HASH(0x4d18450)
# expect : (?^:^^Found\ \=\ in\ conditional\,\ should\ be\ \=\=\ at\ bin\/foo\ line\ 3\.\ at\ \/tmp\/loop_over_bdir\-30537\-5SNuGN\/Dist\-Zilla\-Plugin\-Test\-Compile\-2\.053\-mrpBzt\/tmp\/v3WT4O0AzC\/build\/t\/00\-compile\.t\ line\ )
# got warning(s): [
#   bless( {
#     '_caller_frame' => bless( {
#       'args' => [],
#       'bitmask' => 'UUUUUUUUUUUUUUUUUUU',
#       'evaltext' => undef,
#       'filename' => '/tmp/loop_over_bdir-30537-5SNuGN/Dist-Zilla-Plugin-Test-Compile-2.053-mrpBzt/tmp/v3WT4O0AzC/build/t/00-compile.t',
#       'hasargs' => 1,
#       'hints' => 1762,
#       'indent' => 0,
#       'is_require' => undef,
#       'line' => 74,
#       'max_arg_length' => 32,
#       'message' => undef,
#       'package' => 'main',
#       'respect_overload' => undef,
#       'subroutine' => 'P::Core::Exception::GLOBAL_WARN',
#       'wantarray' => undef
#     }, 'Devel::StackTrace::Frame' ),
#     '_logged' => '0',
#     '_stop_propagate' => '0',
#     '_to_string' => {
#       'caller' => ', caught at /tmp/loop_over_bdir-30537-5SNuGN/Dist-Zilla-Plugin-Test-Compile-2.053-mrpBzt/tmp/v3WT4O0AzC/build/t/00-compile.t line 74.',
#       'msg' => 'Found = in conditional, should be == at bin/foo line 3.',
#       'trace' => '    require /tmp/loop_over_bdir-30537-5SNuGN/Dist-Zilla-Plugin-Test-Compile-2.053-mrpBzt/tmp/v3WT4O0AzC/build/t/00-compile.t at t/12-shebang-comment.t line 44
#     main::__ANON__ at /home/sand/src/perl/repoperls/installed-perls/perl/v5.23.0/9ab7/lib/5.23.0/Test/Builder.pm line 261
#     Test::Builder::__ANON__ at /home/sand/src/perl/repoperls/installed-perls/perl/v5.23.0/9ab7/lib/5.23.0/Test/Builder.pm line 266
#     eval {...} at /home/sand/src/perl/repoperls/installed-perls/perl/v5.23.0/9ab7/lib/5.23.0/Test/Builder.pm line 266
#     Test::Builder::subtest at /home/sand/src/perl/repoperls/installed-perls/perl/v5.23.0/9ab7/lib/5.23.0/Test/More.pm line 771
#     Test::More::subtest at t/12-shebang-comment.t line 47
#     main::__ANON__ at /home/sand/src/perl/repoperls/installed-perls/perl/v5.23.0/9ab7/lib/site_perl/5.23.0/Test/Warnings.pm line 72
#     Test::Warnings::warnings at t/12-shebang-comment.t line 48'
#     },
#     '_trace' => [
#       bless( {
#         'args' => [],
#         'bitmask' => 'UUUUUUUUUUUUUUUUUUU',
#         'evaltext' => '/tmp/loop_over_bdir-30537-5SNuGN/Dist-Zilla-Plugin-Test-Compile-2.053-mrpBzt/tmp/v3WT4O0AzC/build/t/00-compile.t',
#         'filename' => 't/12-shebang-comment.t',
#         'hasargs' => 0,
#         'hints' => 2018,
#         'indent' => 0,
#         'is_require' => 1,
#         'line' => 44,
#         'max_arg_length' => 32,
#         'message' => undef,
#         'package' => 'main',
#         'respect_overload' => undef,
#         'subroutine' => '(eval)',
#         'wantarray' => undef
#       }, 'Devel::StackTrace::Frame' ),
#       bless( {
#         'args' => [],
#         'bitmask' => 'UUUUUUUUUUUUUUUUUUU',
#         'evaltext' => undef,
#         'filename' => '/home/sand/src/perl/repoperls/installed-perls/perl/v5.23.0/9ab7/lib/5.23.0/Test/Builder.pm',
#         'hasargs' => 1,
#         'hints' => 1762,
#         'indent' => 0,
#         'is_require' => undef,
#         'line' => 261,
#         'max_arg_length' => 32,
#         'message' => undef,
#         'package' => 'Test::Builder',
#         'respect_overload' => undef,
#         'subroutine' => 'main::__ANON__',
#         'wantarray' => undef
#       }, 'Devel::StackTrace::Frame' ),
#       bless( {
#         'args' => [],
#         'bitmask' => 'UUUUUUUUUUUUUUUUUUU',
#         'evaltext' => undef,
#         'filename' => '/home/sand/src/perl/repoperls/installed-perls/perl/v5.23.0/9ab7/lib/5.23.0/Test/Builder.pm',
#         'hasargs' => 1,
#         'hints' => 1762,
#         'indent' => 0,
#         'is_require' => undef,
#         'line' => 266,
#         'max_arg_length' => 32,
#         'message' => undef,
#         'package' => 'Test::Builder',
#         'respect_overload' => undef,
#         'subroutine' => 'Test::Builder::__ANON__',
#         'wantarray' => ''
#       }, 'Devel::StackTrace::Frame' ),
#       bless( {
#         'args' => [],
#         'bitmask' => 'UUUUUUUUUUUUUUUUUUU',
#         'evaltext' => undef,
#         'filename' => '/home/sand/src/perl/repoperls/installed-perls/perl/v5.23.0/9ab7/lib/5.23.0/Test/Builder.pm',
#         'hasargs' => 0,
#         'hints' => 2018,
#         'indent' => 0,
#         'is_require' => undef,
#         'line' => 266,
#         'max_arg_length' => 32,
#         'message' => undef,
#         'package' => 'Test::Builder',
#         'respect_overload' => undef,
#         'subroutine' => '(eval)',
#         'wantarray' => ''
#       }, 'Devel::StackTrace::Frame' ),
#       bless( {
#         'args' => [],
#         'bitmask' => 'UUUUUUUUUUUUUUUUUUU',
#         'evaltext' => undef,
#         'filename' => '/home/sand/src/perl/repoperls/installed-perls/perl/v5.23.0/9ab7/lib/5.23.0/Test/More.pm',
#         'hasargs' => 1,
#         'hints' => 2018,
#         'indent' => 0,
#         'is_require' => undef,
#         'line' => 771,
#         'max_arg_length' => 32,
#         'message' => undef,
#         'package' => 'Test::More',
#         'respect_overload' => undef,
#         'subroutine' => 'Test::Builder::subtest',
#         'wantarray' => undef
#       }, 'Devel::StackTrace::Frame' ),
#       bless( {
#         'args' => [],
#         'bitmask' => 'UUUUUUUUUUUUUUUUUUU',
#         'evaltext' => undef,
#         'filename' => 't/12-shebang-comment.t',
#         'hasargs' => 1,
#         'hints' => 2018,
#         'indent' => 0,
#         'is_require' => undef,
#         'line' => 47,
#         'max_arg_length' => 32,
#         'message' => undef,
#         'package' => 'main',
#         'respect_overload' => undef,
#         'subroutine' => 'Test::More::subtest',
#         'wantarray' => undef
#       }, 'Devel::StackTrace::Frame' ),
#       bless( {
#         'args' => [],
#         'bitmask' => 'UUUUUUUUUUUUUUUUUUU',
#         'evaltext' => undef,
#         'filename' => '/home/sand/src/perl/repoperls/installed-perls/perl/v5.23.0/9ab7/lib/site_perl/5.23.0/Test/Warnings.pm',
#         'hasargs' => 1,
#         'hints' => 2018,
#         'indent' => 0,
#         'is_require' => undef,
#         'line' => 72,
#         'max_arg_length' => 32,
#         'message' => undef,
#         'package' => 'Test::Warnings',
#         'respect_overload' => undef,
#         'subroutine' => 'main::__ANON__',
#         'wantarray' => undef
#       }, 'Devel::StackTrace::Frame' ),
#       bless( {
#         'args' => [],
#         'bitmask' => 'UUUUUUUUUUUUUUUUUUU',
#         'evaltext' => undef,
#         'filename' => 't/12-shebang-comment.t',
#         'hasargs' => 1,
#         'hints' => 2018,
#         'indent' => 0,
#         'is_require' => undef,
#         'line' => 48,
#         'max_arg_length' => 32,
#         'message' => undef,
#         'package' => 'main',
#         'respect_overload' => undef,
#         'subroutine' => 'Test::Warnings::warnings',
#         'wantarray' => 1
#       }, 'Devel::StackTrace::Frame' )
#     ],
#     'exit_code' => 255,
#     'from_hook' => 1,
#     'level' => 'WARN',
#     'msg' => 'Found = in conditional, should be == at bin/foo line 3.',
#     'propagated' => '0',
#     'skip_frames' => 3,
#     'trace' => 0
#   }, 'P::Core::Exception::Object' )
# ]
# got log messages: [
#   '[DZ] beginning to build DZT-Sample',
#   '[GatherDir] considering .',
#   '[GatherDir] considering dist.ini',
#   '[GatherDir] considering lib',
#   '[GatherDir] considering lib/Foo.pm',
#   '[GatherDir] considering bin',
#   '[GatherDir] considering bin/foo',
#   '[GatherDir] adding file dist.ini',
#   '[GatherDir] adding file lib/Foo.pm',
#   '[GatherDir] adding file bin/foo',
#   '[MakeMaker] adding file Makefile.PL',
#   '[Test::Compile] adding file t/00-compile.t',
#   '[Test::Compile] adding module Foo.pm',
#   '[Test::Compile] adding script bin/foo',
#   '[MakeMaker] updating contents of Makefile.PL in memory',
#   '[DZ] writing DZT-Sample in /tmp/loop_over_bdir-30537-5SNuGN/Dist-Zilla-Plugin-Test-Compile-2.053-mrpBzt/tmp/v3WT4O0AzC/build',
#   '[MakeMaker::Runner] running /home/sand/src/perl/repoperls/installed-perls/perl/v5.23.0/9ab7/bin/perl Makefile.PL',
#   '[MakeMaker::Runner] running make'
# ]
# Looks like you failed 1 test of 3.
t/12-shebang-comment.t ........... 
Dubious, test returned 1 (wstat 256, 0x100)
Failed 1/3 subtests 
Use of uninitialized value $p_root in concatenation (.) or string at /home/sand/src/perl/repoperls/installed-perls/perl/v5.23.0/9ab7/lib/site_perl/5.23.0/P/Core/Bootstrap.pm line 118.

#   Failed test 'got the right warnings, showing we parsed the shebang properly'
#   at t/13-shebang-dashes.t line 59.
# Using Regexp on $data->[0]
#    got : P::Core::Exception::Object=HASH(0x5507258)
# expect : (?^:^^Found\ \=\ in\ conditional\,\ should\ be\ \=\=\ at\ bin\/foo\ line\ 5\.\ at\ \/tmp\/loop_over_bdir\-30537\-5SNuGN\/Dist\-Zilla\-Plugin\-Test\-Compile\-2\.053\-mrpBzt\/tmp\/N5b7nynSVM\/build\/t\/00\-compile\.t\ line\ )
# got warning(s): [
#   bless( {
#     '_caller_frame' => bless( {
#       'args' => [],
#       'bitmask' => 'UUUUUUUUUUUUUUUUUUU',
#       'evaltext' => undef,
#       'filename' => '/tmp/loop_over_bdir-30537-5SNuGN/Dist-Zilla-Plugin-Test-Compile-2.053-mrpBzt/tmp/N5b7nynSVM/build/t/00-compile.t',
#       'hasargs' => 1,
#       'hints' => 1762,
#       'indent' => 0,
#       'is_require' => undef,
#       'line' => 74,
#       'max_arg_length' => 32,
#       'message' => undef,
#       'package' => 'main',
#       'respect_overload' => undef,
#       'subroutine' => 'P::Core::Exception::GLOBAL_WARN',
#       'wantarray' => undef
#     }, 'Devel::StackTrace::Frame' ),
#     '_logged' => '0',
#     '_stop_propagate' => '0',
#     '_to_string' => {
#       'caller' => ', caught at /tmp/loop_over_bdir-30537-5SNuGN/Dist-Zilla-Plugin-Test-Compile-2.053-mrpBzt/tmp/N5b7nynSVM/build/t/00-compile.t line 74.',
#       'msg' => 'Found = in conditional, should be == at bin/foo line 5.',
#       'trace' => '    require /tmp/loop_over_bdir-30537-5SNuGN/Dist-Zilla-Plugin-Test-Compile-2.053-mrpBzt/tmp/N5b7nynSVM/build/t/00-compile.t at t/13-shebang-dashes.t line 50
#     main::__ANON__ at /home/sand/src/perl/repoperls/installed-perls/perl/v5.23.0/9ab7/lib/5.23.0/Test/Builder.pm line 261
#     Test::Builder::__ANON__ at /home/sand/src/perl/repoperls/installed-perls/perl/v5.23.0/9ab7/lib/5.23.0/Test/Builder.pm line 266
#     eval {...} at /home/sand/src/perl/repoperls/installed-perls/perl/v5.23.0/9ab7/lib/5.23.0/Test/Builder.pm line 266
#     Test::Builder::subtest at /home/sand/src/perl/repoperls/installed-perls/perl/v5.23.0/9ab7/lib/5.23.0/Test/More.pm line 771
#     Test::More::subtest at t/13-shebang-dashes.t line 53
#     main::__ANON__ at /home/sand/src/perl/repoperls/installed-perls/perl/v5.23.0/9ab7/lib/site_perl/5.23.0/Test/Warnings.pm line 72
#     Test::Warnings::warnings at t/13-shebang-dashes.t line 54'
#     },
#     '_trace' => [
#       bless( {
#         'args' => [],
#         'bitmask' => 'UUUUUUUUUUUUUUUUUUU',
#         'evaltext' => '/tmp/loop_over_bdir-30537-5SNuGN/Dist-Zilla-Plugin-Test-Compile-2.053-mrpBzt/tmp/N5b7nynSVM/build/t/00-compile.t',
#         'filename' => 't/13-shebang-dashes.t',
#         'hasargs' => 0,
#         'hints' => 8390626,
#         'indent' => 0,
#         'is_require' => 1,
#         'line' => 50,
#         'max_arg_length' => 32,
#         'message' => undef,
#         'package' => 'main',
#         'respect_overload' => undef,
#         'subroutine' => '(eval)',
#         'wantarray' => undef
#       }, 'Devel::StackTrace::Frame' ),
#       bless( {
#         'args' => [],
#         'bitmask' => 'UUUUUUUUUUUUUUUUUUU',
#         'evaltext' => undef,
#         'filename' => '/home/sand/src/perl/repoperls/installed-perls/perl/v5.23.0/9ab7/lib/5.23.0/Test/Builder.pm',
#         'hasargs' => 1,
#         'hints' => 1762,
#         'indent' => 0,
#         'is_require' => undef,
#         'line' => 261,
#         'max_arg_length' => 32,
#         'message' => undef,
#         'package' => 'Test::Builder',
#         'respect_overload' => undef,
#         'subroutine' => 'main::__ANON__',
#         'wantarray' => undef
#       }, 'Devel::StackTrace::Frame' ),
#       bless( {
#         'args' => [],
#         'bitmask' => 'UUUUUUUUUUUUUUUUUUU',
#         'evaltext' => undef,
#         'filename' => '/home/sand/src/perl/repoperls/installed-perls/perl/v5.23.0/9ab7/lib/5.23.0/Test/Builder.pm',
#         'hasargs' => 1,
#         'hints' => 1762,
#         'indent' => 0,
#         'is_require' => undef,
#         'line' => 266,
#         'max_arg_length' => 32,
#         'message' => undef,
#         'package' => 'Test::Builder',
#         'respect_overload' => undef,
#         'subroutine' => 'Test::Builder::__ANON__',
#         'wantarray' => ''
#       }, 'Devel::StackTrace::Frame' ),
#       bless( {
#         'args' => [],
#         'bitmask' => 'UUUUUUUUUUUUUUUUUUU',
#         'evaltext' => undef,
#         'filename' => '/home/sand/src/perl/repoperls/installed-perls/perl/v5.23.0/9ab7/lib/5.23.0/Test/Builder.pm',
#         'hasargs' => 0,
#         'hints' => 2018,
#         'indent' => 0,
#         'is_require' => undef,
#         'line' => 266,
#         'max_arg_length' => 32,
#         'message' => undef,
#         'package' => 'Test::Builder',
#         'respect_overload' => undef,
#         'subroutine' => '(eval)',
#         'wantarray' => ''
#       }, 'Devel::StackTrace::Frame' ),
#       bless( {
#         'args' => [],
#         'bitmask' => 'UUUUUUUUUUUUUUUUUUU',
#         'evaltext' => undef,
#         'filename' => '/home/sand/src/perl/repoperls/installed-perls/perl/v5.23.0/9ab7/lib/5.23.0/Test/More.pm',
#         'hasargs' => 1,
#         'hints' => 2018,
#         'indent' => 0,
#         'is_require' => undef,
#         'line' => 771,
#         'max_arg_length' => 32,
#         'message' => undef,
#         'package' => 'Test::More',
#         'respect_overload' => undef,
#         'subroutine' => 'Test::Builder::subtest',
#         'wantarray' => undef
#       }, 'Devel::StackTrace::Frame' ),
#       bless( {
#         'args' => [],
#         'bitmask' => 'UUUUUUUUUUUUUUUUUUU',
#         'evaltext' => undef,
#         'filename' => 't/13-shebang-dashes.t',
#         'hasargs' => 1,
#         'hints' => 8390626,
#         'indent' => 0,
#         'is_require' => undef,
#         'line' => 53,
#         'max_arg_length' => 32,
#         'message' => undef,
#         'package' => 'main',
#         'respect_overload' => undef,
#         'subroutine' => 'Test::More::subtest',
#         'wantarray' => undef
#       }, 'Devel::StackTrace::Frame' ),
#       bless( {
#         'args' => [],
#         'bitmask' => 'UUUUUUUUUUUUUUUUUUU',
#         'evaltext' => undef,
#         'filename' => '/home/sand/src/perl/repoperls/installed-perls/perl/v5.23.0/9ab7/lib/site_perl/5.23.0/Test/Warnings.pm',
#         'hasargs' => 1,
#         'hints' => 2018,
#         'indent' => 0,
#         'is_require' => undef,
#         'line' => 72,
#         'max_arg_length' => 32,
#         'message' => undef,
#         'package' => 'Test::Warnings',
#         'respect_overload' => undef,
#         'subroutine' => 'main::__ANON__',
#         'wantarray' => undef
#       }, 'Devel::StackTrace::Frame' ),
#       bless( {
#         'args' => [],
#         'bitmask' => 'UUUUUUUUUUUUUUUUUUU',
#         'evaltext' => undef,
#         'filename' => 't/13-shebang-dashes.t',
#         'hasargs' => 1,
#         'hints' => 8390626,
#         'indent' => 0,
#         'is_require' => undef,
#         'line' => 54,
#         'max_arg_length' => 32,
#         'message' => undef,
#         'package' => 'main',
#         'respect_overload' => undef,
#         'subroutine' => 'Test::Warnings::warnings',
#         'wantarray' => 1
#       }, 'Devel::StackTrace::Frame' )
#     ],
#     'exit_code' => 255,
#     'from_hook' => 1,
#     'level' => 'WARN',
#     'msg' => 'Found = in conditional, should be == at bin/foo line 5.',
#     'propagated' => '0',
#     'skip_frames' => 3,
#     'trace' => 0
#   }, 'P::Core::Exception::Object' )
# ]
# got log messages: [
#   '[DZ] beginning to build DZT-Sample',
#   '[GatherDir] considering .',
#   '[GatherDir] considering dist.ini',
#   '[GatherDir] considering bin',
#   '[GatherDir] considering bin/foo',
#   '[GatherDir] considering lib',
#   '[GatherDir] considering lib/Foo.pm',
#   '[GatherDir] adding file dist.ini',
#   '[GatherDir] adding file bin/foo',
#   '[GatherDir] adding file lib/Foo.pm',
#   '[MakeMaker] adding file Makefile.PL',
#   '[Test::Compile] adding file t/00-compile.t',
#   '[Test::Compile] adding module Foo.pm',
#   '[Test::Compile] adding script bin/foo',
#   '[MakeMaker] updating contents of Makefile.PL in memory',
#   '[DZ] writing DZT-Sample in /tmp/loop_over_bdir-30537-5SNuGN/Dist-Zilla-Plugin-Test-Compile-2.053-mrpBzt/tmp/N5b7nynSVM/build',
#   '[MakeMaker::Runner] running /home/sand/src/perl/repoperls/installed-perls/perl/v5.23.0/9ab7/bin/perl Makefile.PL',
#   '[MakeMaker::Runner] running make'
# ]
# Looks like you failed 1 test of 3.
t/13-shebang-dashes.t ............ 
Dubious, test returned 1 (wstat 256, 0x100)
Failed 1/3 subtests 
Use of uninitialized value $p_root in concatenation (.) or string at /home/sand/src/perl/repoperls/installed-perls/perl/v5.23.0/9ab7/lib/site_perl/5.23.0/P/Core/Bootstrap.pm line 118.
t/14-extratests.t ................ ok
Use of uninitialized value $p_root in concatenation (.) or string at /home/sand/src/perl/repoperls/installed-perls/perl/v5.23.0/9ab7/lib/site_perl/5.23.0/P/Core/Bootstrap.pm line 118.
t/15-needs-display.t ............. ok
Use of uninitialized value $p_root in concatenation (.) or string at /home/sand/src/perl/repoperls/installed-perls/perl/v5.23.0/9ab7/lib/site_perl/5.23.0/P/Core/Bootstrap.pm line 118.
t/16-filename-fail-on-warning.t .. ok
t/zzz-check-breaks.t ............. ok

Test Summary Report
-------------------
t/10-shebang-w.t               (Wstat: 256 Tests: 3 Failed: 1)
  Failed test:  3
  Non-zero exit status: 1
t/12-shebang-comment.t         (Wstat: 256 Tests: 3 Failed: 1)
  Failed test:  3
  Non-zero exit status: 1
t/13-shebang-dashes.t          (Wstat: 256 Tests: 3 Failed: 1)
  Failed test:  3
  Non-zero exit status: 1
Files=19, Tests=94, 93 wallclock secs ( 0.09 usr  0.15 sys + 34.55 cusr  6.08 csys = 40.87 CPU)
Result: FAIL

------------------------------
PREREQUISITES
------------------------------

Prerequisite modules loaded:

requires:

    Module                            Need     Have      
    --------------------------------- -------- ----------
    Data::Section                     0.004    0.200006  
    Dist::Zilla                       4.300039 5.037     
    Dist::Zilla::File::InMemory       0        5.037     
    Dist::Zilla::Role::FileFinderUser 0        5.037     
    Dist::Zilla::Role::FileGatherer   0        5.037     
    Dist::Zilla::Role::FileMunger     0        5.037     
    Dist::Zilla::Role::PrereqSource   0        5.037     
    Dist::Zilla::Role::TextTemplate   0        5.037     
    Moose                             0        2.1405    
    Moose::Util::TypeConstraints      0        2.1405    
    namespace::autoclean              0        0.26      
    Path::Tiny                        0        0.068     
    perl                              5.008    5.023000  
    strict                            0        1.09      
    Sub::Exporter::ForMethods         0        0.100051  
    warnings                          0        1.32      

build_requires:

    Module                            Need     Have      
    --------------------------------- -------- ----------
    CPAN::Meta::Check                 0.007    0.012     
    CPAN::Meta::Requirements          0        2.133     
    ExtUtils::MakeMaker               0        7.05_23   
    File::pushd                       0        1.009     
    File::Spec                        0        3.56      
    if                                0        0.0604    
    IO::Handle                        0        1.35      
    IPC::Open3                        0        1.18      
    Module::CoreList                  2.77     5.20150620
    perl                              5.008    5.023000  
    Perl::PrereqScanner               1.016    1.023     
    Test::Deep                        0        0.117     
    Test::DZil                        0        5.037     
    Test::MinimumVersion              0        0.101081  
    Test::More                        0.94     1.001014  
    Test::Warnings                    0.009    0.021     
    utf8                              0        1.17      
    version                           0        0.9909    

configure_requires:

    Module                            Need     Have      
    --------------------------------- -------- ----------
    Module::Build::Tiny               0.039    0.039     
    perl                              5.008    5.023000  


------------------------------
ENVIRONMENT AND OTHER CONTEXT
------------------------------

Environment variables:

    AUTOMATED_TESTING = 1
    LANG = en_US.UTF-8
    LANGUAGE = en_US:en
    PATH = /home/sand/bin:/usr/local/bin:/usr/bin:/bin:/usr/games:/usr/local/perl/bin:/usr/X11/bin:/sbin:/usr/sbin
    PERL5LIB = 
    PERL5OPT = 
    PERL5_CPANPLUS_IS_RUNNING = 30538
    PERL5_CPAN_IS_RUNNING = 30538
    PERL_MM_USE_DEFAULT = 1
    SHELL = /usr/bin/zsh
    TERM = screen

Perl special variables (and OS-specific diagnostics, for MSWin32):

    $^X = /home/sand/src/perl/repoperls/installed-perls/perl/v5.23.0/9ab7/bin/perl
    $UID/$EUID = 1005 / 1005
    $GID = 1005 1005
    $EGID = 1005 1005

Perl module toolchain versions installed:

    Module              Have    
    ------------------- --------
    CPAN                2.11    
    CPAN::Meta          2.150005
    Cwd                 3.56    
    ExtUtils::CBuilder  0.280223
    ExtUtils::Command   7.05_23 
    ExtUtils::Install   2.04    
    ExtUtils::MakeMaker 7.05_23 
    ExtUtils::Manifest  1.70    
    ExtUtils::ParseXS   3.28    
    File::Spec          3.56    
    JSON                2.90    
    JSON::PP            2.27300 
    Module::Build       0.4214  
    Module::Signature   0.79    
    Parse::CPAN::Meta   1.4417  
    Test::Harness       3.35    
    Test::More          1.001014
    YAML                1.15    
    YAML::Syck          1.29    
    version             0.9909  


--

Summary of my perl5 (revision 5 version 23 subversion 0) configuration:
  Commit id: 7c499b7fd47e7232467f4cb7ffd590dc0edf2168
  Platform:
    osname=linux, osvers=4.0.0-2-amd64, archname=x86_64-linux
    uname='linux k83 4.0.0-2-amd64 #1 smp debian 4.0.5-1 (2015-06-16) x86_64 gnulinux '
    config_args='-Dprefix=/home/sand/src/perl/repoperls/installed-perls/perl/v5.23.0/9ab7 -Dmyhostname=k83 -Dinstallusrbinperl=n -Uversiononly -Dusedevel -des -Ui_db -Uuseithreads -Uuselongdouble'
    hint=recommended, useposix=true, d_sigaction=define
    useithreads=undef, usemultiplicity=undef
    use64bitint=define, use64bitall=define, uselongdouble=undef
    usemymalloc=n, bincompat5005=undef
  Compiler:
    cc='cc', ccflags ='-fwrapv -fno-strict-aliasing -pipe -fstack-protector-strong -I/usr/local/include -D_LARGEFILE_SOURCE -D_FILE_OFFSET_BITS=64 -D_FORTIFY_SOURCE=2',
    optimize='-O2',
    cppflags='-fwrapv -fno-strict-aliasing -pipe -fstack-protector-strong -I/usr/local/include'
    ccversion='', gccversion='4.9.2', gccosandvers=''
    intsize=4, longsize=8, ptrsize=8, doublesize=8, byteorder=12345678, doublekind=3
    d_longlong=define, longlongsize=8, d_longdbl=define, longdblsize=16, longdblkind=3
    ivtype='long', ivsize=8, nvtype='double', nvsize=8, Off_t='off_t', lseeksize=8
    alignbytes=8, prototype=define
  Linker and Libraries:
    ld='cc', ldflags =' -fstack-protector-strong -L/usr/local/lib'
    libpth=/usr/local/lib /usr/lib/gcc/x86_64-linux-gnu/4.9/include-fixed /usr/include/x86_64-linux-gnu /usr/lib /lib/x86_64-linux-gnu /lib/../lib /usr/lib/x86_64-linux-gnu /usr/lib/../lib /lib
    libs=-lpthread -lnsl -lgdbm -ldb -ldl -lm -lcrypt -lutil -lc -lgdbm_compat
    perllibs=-lpthread -lnsl -ldl -lm -lcrypt -lutil -lc
    libc=libc-2.19.so, so=so, useshrplib=false, libperl=libperl.a
    gnulibc_version='2.19'
  Dynamic Linking:
    dlsrc=dl_dlopen.xs, dlext=so, d_dlsymun=undef, ccdlflags='-Wl,-E'
    cccdlflags='-fPIC', lddlflags='-shared -O2 -L/usr/local/lib -fstack-protector-strong'


Characteristics of this binary (from libperl): 
  Compile-time options: HAS_TIMES PERLIO_LAYERS PERL_DONT_CREATE_GVSV
                        PERL_HASH_FUNC_ONE_AT_A_TIME_HARD PERL_MALLOC_WRAP
                        PERL_NEW_COPY_ON_WRITE PERL_PRESERVE_IVUV
                        PERL_USE_DEVEL USE_64_BIT_ALL USE_64_BIT_INT
                        USE_LARGE_FILES USE_LOCALE USE_LOCALE_COLLATE
                        USE_LOCALE_CTYPE USE_LOCALE_NUMERIC USE_LOCALE_TIME
                        USE_PERLIO USE_PERL_ATOF
  Built under linux
  Compiled at Jun 21 2015 06:11:52
  %ENV:
    PERL5LIB=""
    PERL5OPT=""
    PERL5_CPANPLUS_IS_RUNNING="30538"
    PERL5_CPAN_IS_RUNNING="30538"
    PERL_MM_USE_DEFAULT="1"
  @INC:
    /home/sand/src/perl/repoperls/installed-perls/perl/v5.23.0/9ab7/lib/site_perl/5.23.0/x86_64-linux
    /home/sand/src/perl/repoperls/installed-perls/perl/v5.23.0/9ab7/lib/site_perl/5.23.0
    /home/sand/src/perl/repoperls/installed-perls/perl/v5.23.0/9ab7/lib/5.23.0/x86_64-linux
    /home/sand/src/perl/repoperls/installed-perls/perl/v5.23.0/9ab7/lib/5.23.0
    .