Back
From: metabase:user:0d96120c-29e2-11e5-b049-ede3035d37de
Subject: FAIL re-engine-GNU-0.019 v5.23.1 GNU/Linux
Date: 2015-08-27T11:02:53Z
This distribution has been tested as part of the CPAN Testers
project, supporting the Perl programming language. See
http://wiki.cpantesters.org/ for more information or email
questions to cpan-testers-discuss@perl.org
--
Dear Jean-Damien Durand,
This is a computer-generated report for re-engine-GNU-0.019
on perl 5.23.1, created by CPAN-Reporter-1.2015.
Thank you for uploading your work to CPAN. However, there was a problem
testing your distribution.
If you think this report is invalid, please consult the CPAN Testers Wiki
for suggestions on how to avoid getting FAIL reports for missing library
or binary dependencies, unsupported operating systems, and so on:
http://wiki.cpantesters.org/wiki/CPANAuthorNotes
Sections of this report:
* Tester comments
* Program output
* Prerequisites
* Environment and other context
------------------------------
TESTER COMMENTS
------------------------------
Additional comments from tester:
this report is from an automated smoke testing program
and was not reviewed by a human for accuracy
CPU : Intel(R) Xeon(R) CPU E5-2680 v2 @ 2.80GHz
MEMORY : 1.94 GB
ARCH : x86_64
OS : CentOS 7.1.1503
KERNEL : Linux 4.1.0-x86_64-linode59
VIRTUALIZATION : xen0
------------------------------
PROGRAM OUTPUT
------------------------------
Output from '/usr/bin/make test':
Running Mkbootstrap for re::engine::GNU ()
chmod 644 "GNU.bs"
PERL_DL_NONLAZY=1 "/home/jmaslak/perl5/perlbrew/perls/perl-5.23.1-thread-multi-ld/bin/perl5.23.1" "-MExtUtils::Command::MM" "-MTest::Harness" "-e" "undef *Test::Harness::Switches; test_harness(0, 'blib/lib', 'blib/arch')" t/*.t
t/00-compile.t ......... ok
#
# Versions for all modules listed in MYMETA.json (including optional ones):
#
# === Configure Requires ===
#
# Module Want Have
# ------------------- ---- -------
# ExtUtils::MakeMaker any 7.04_01
#
# === Build Requires ===
#
# Module Want Have
# ---------------- ----- ------
# Capture::Tiny any 0.30
# Config::AutoConf 0.311 0.311
# File::Spec any 3.56
# File::Temp any 0.2304
#
# === Test Requires ===
#
# Module Want Have
# ------------------- ---- --------
# ExtUtils::MakeMaker any 7.04_01
# File::Spec any 3.56
# File::Temp any 0.2304
# IO::Handle any 1.35
# IPC::Open3 any 1.19
# Test::More any 1.001014
# Thread any 3.04
#
# === Test Recommends ===
#
# Module Want Have
# ---------- -------- --------
# CPAN::Meta 2.120900 2.150005
#
# === Runtime Requires ===
#
# Module Want Have
# -------- ---- ----
# XSLoader any 0.20
# strict any 1.09
# warnings any 1.33
#
t/00-report-prereqs.t .. ok
t/re-engine-GNU.t ......
All 60 subtests passed
t/thread.t .............
Failed 35/76 subtests
Test Summary Report
-------------------
t/re-engine-GNU.t (Wstat: 11 Tests: 60 Failed: 0)
Non-zero wait status: 11
t/thread.t (Wstat: 11 Tests: 41 Failed: 0)
Non-zero wait status: 11
Parse errors: Bad plan. You planned 76 tests but ran 41.
Files=4, Tests=103, 1 wallclock secs ( 0.04 usr 0.01 sys + 0.31 cusr 0.07 csys = 0.43 CPU)
Result: FAIL
Failed 2/4 test programs. 0/103 subtests failed.
make: *** [test_dynamic] Error 255
------------------------------
PREREQUISITES
------------------------------
Prerequisite modules loaded:
requires:
Module Need Have
------------------- -------- --------
perl 5.010000 5.023001
strict 0 1.09
warnings 0 1.33
XSLoader 0 0.20
build_requires:
Module Need Have
------------------- -------- --------
Capture::Tiny 0 0.30
Config::AutoConf 0.311 0.311
ExtUtils::MakeMaker 0 7.04_01
File::Spec 0 3.56
File::Temp 0 0.2304
IO::Handle 0 1.35
IPC::Open3 0 1.19
Test::More 0 1.001014
Thread 0 3.04
configure_requires:
Module Need Have
------------------- -------- --------
ExtUtils::MakeMaker 0 7.04_01
perl 5.010000 5.023001
opt_build_requires:
Module Need Have
------------------- -------- --------
CPAN::Meta 2.120900 2.150005
------------------------------
ENVIRONMENT AND OTHER CONTEXT
------------------------------
Environment variables:
AUTOMATED_TESTING = 1
LANG = en_US.UTF-8
NONINTERACTIVE_TESTING = 1
PATH = /home/jmaslak/perl5/perlbrew/bin:/home/jmaslak/perl5/perlbrew/perls/perl-5.23.1-thread-multi-ld/bin:/home/jmaslak/perltest/bin:/home/jmaslak/perltest/bin:/home/jmaslak/perltest/bin:/home/jmaslak/perl5/perlbrew/bin:/home/jmaslak/perl5/perlbrew/perls/perl-5.23.1/bin::/usr/sbin:~/perltest/bin:/bin:/usr/bin
PERL5LIB = /home/jmaslak/.cpan/build/Config-AutoConf-0.311-Yg3mtP/blib/arch:/home/jmaslak/.cpan/build/Config-AutoConf-0.311-Yg3mtP/blib/lib
PERL5OPT =
PERL5_CPANPLUS_IS_RUNNING = 5368
PERL5_CPAN_IS_RUNNING = 5368
PERL5_CPAN_IS_RUNNING_IN_RECURSION = 19813,5368
PERLBREW_BASHRC_VERSION = 0.73
PERLBREW_HOME = /home/jmaslak/.perlbrew
PERLBREW_LIB =
PERLBREW_MANPATH = /home/jmaslak/perl5/perlbrew/perls/perl-5.23.1-thread-multi-ld/man
PERLBREW_PATH = /home/jmaslak/perl5/perlbrew/bin:/home/jmaslak/perl5/perlbrew/perls/perl-5.23.1-thread-multi-ld/bin
PERLBREW_PERL = perl-5.23.1-thread-multi-ld
PERLBREW_ROOT = /home/jmaslak/perl5/perlbrew
PERLBREW_VERSION = 0.73
PERL_CR_SMOKER_CURRENT = re-engine-GNU-0.019
PERL_EXTUTILS_AUTOINSTALL = --defaultdeps
PERL_LOCAL_LIB_ROOT =
PERL_MM_USE_DEFAULT = 1
SHELL = /bin/bash
TERM = screen
Perl special variables (and OS-specific diagnostics, for MSWin32):
$^X = /home/jmaslak/perl5/perlbrew/perls/perl-5.23.1-thread-multi-ld/bin/perl5.23.1
$UID/$EUID = 1000 / 1000
$GID = 1000 10 1000
$EGID = 1000 10 1000
Perl module toolchain versions installed:
Module Have
------------------- --------
CPAN 2.11
CPAN::Meta 2.150005
Cwd 3.56
ExtUtils::CBuilder 0.280223
ExtUtils::Command 1.20
ExtUtils::Install 2.04
ExtUtils::MakeMaker 7.04_01
ExtUtils::Manifest 1.70
ExtUtils::ParseXS 3.28
File::Spec 3.56
JSON 2.90
JSON::PP 2.27300
Module::Build 0.4214
Module::Signature n/a
Parse::CPAN::Meta 1.4417
Test::Harness 3.35
Test::More 1.001014
YAML 1.15
YAML::Syck n/a
version 0.9909
--
Summary of my perl5 (revision 5 version 23 subversion 1) configuration:
Platform:
osname=linux, osvers=4.1.0-x86_64-linode59, archname=x86_64-linux-thread-multi-ld
uname='linux cpantest.antelope.net 4.1.0-x86_64-linode59 #1 smp mon jun 22 10:39:23 edt 2015 x86_64 x86_64 x86_64 gnulinux '
config_args='-de -Dprefix=/home/jmaslak/perl5/perlbrew/perls/perl-5.23.1-thread-multi-ld -Dusethreads -Duselongdouble -Dusemultiplicity -Dusedevel -Aeval:scriptdir=/home/jmaslak/perl5/perlbrew/perls/perl-5.23.1-thread-multi-ld/bin'
hint=recommended, useposix=true, d_sigaction=define
useithreads=define, usemultiplicity=define
use64bitint=define, use64bitall=define, uselongdouble=define
usemymalloc=n, bincompat5005=undef
Compiler:
cc='cc', ccflags ='-D_REENTRANT -D_GNU_SOURCE -fwrapv -fno-strict-aliasing -pipe -fstack-protector-strong -I/usr/local/include -D_LARGEFILE_SOURCE -D_FILE_OFFSET_BITS=64 -D_FORTIFY_SOURCE=2',
optimize='-O2',
cppflags='-D_REENTRANT -D_GNU_SOURCE -fwrapv -fno-strict-aliasing -pipe -fstack-protector-strong -I/usr/local/include'
ccversion='', gccversion='4.8.3 20140911 (Red Hat 4.8.3-9)', gccosandvers=''
intsize=4, longsize=8, ptrsize=8, doublesize=8, byteorder=12345678, doublekind=3
d_longlong=define, longlongsize=8, d_longdbl=define, longdblsize=16, longdblkind=3
ivtype='long', ivsize=8, nvtype='long double', nvsize=16, Off_t='off_t', lseeksize=8
alignbytes=16, prototype=define
Linker and Libraries:
ld='cc', ldflags =' -fstack-protector-strong -L/usr/local/lib'
libpth=/usr/local/lib /usr/lib /lib/../lib64 /usr/lib/../lib64 /lib /lib64 /usr/lib64 /usr/local/lib64
libs=-lpthread -lnsl -ldl -lm -lcrypt -lutil -lc
perllibs=-lpthread -lnsl -ldl -lm -lcrypt -lutil -lc
libc=libc-2.17.so, so=so, useshrplib=false, libperl=libperl.a
gnulibc_version='2.17'
Dynamic Linking:
dlsrc=dl_dlopen.xs, dlext=so, d_dlsymun=undef, ccdlflags='-Wl,-E'
cccdlflags='-fPIC', lddlflags='-shared -O2 -L/usr/local/lib -fstack-protector-strong'
Characteristics of this binary (from libperl):
Compile-time options: HAS_TIMES MULTIPLICITY PERLIO_LAYERS
PERL_COPY_ON_WRITE PERL_DONT_CREATE_GVSV
PERL_HASH_FUNC_ONE_AT_A_TIME_HARD
PERL_IMPLICIT_CONTEXT PERL_MALLOC_WRAP
PERL_PRESERVE_IVUV PERL_USE_DEVEL USE_64_BIT_ALL
USE_64_BIT_INT USE_ITHREADS USE_LARGE_FILES
USE_LOCALE USE_LOCALE_COLLATE USE_LOCALE_CTYPE
USE_LOCALE_NUMERIC USE_LOCALE_TIME USE_LONG_DOUBLE
USE_PERLIO USE_PERL_ATOF USE_REENTRANT_API
Locally applied patches:
Devel::PatchPerl 1.38
Built under linux
Compiled at Jul 26 2015 05:30:26
%ENV:
PERL5LIB="/home/jmaslak/.cpan/build/Config-AutoConf-0.311-Yg3mtP/blib/arch:/home/jmaslak/.cpan/build/Config-AutoConf-0.311-Yg3mtP/blib/lib"
PERL5OPT=""
PERL5_CPANPLUS_IS_RUNNING="5368"
PERL5_CPAN_IS_RUNNING="5368"
PERL5_CPAN_IS_RUNNING_IN_RECURSION="19813,5368"
PERLBREW_BASHRC_VERSION="0.73"
PERLBREW_HOME="/home/jmaslak/.perlbrew"
PERLBREW_LIB=""
PERLBREW_MANPATH="/home/jmaslak/perl5/perlbrew/perls/perl-5.23.1-thread-multi-ld/man"
PERLBREW_PATH="/home/jmaslak/perl5/perlbrew/bin:/home/jmaslak/perl5/perlbrew/perls/perl-5.23.1-thread-multi-ld/bin"
PERLBREW_PERL="perl-5.23.1-thread-multi-ld"
PERLBREW_ROOT="/home/jmaslak/perl5/perlbrew"
PERLBREW_VERSION="0.73"
PERL_CR_SMOKER_CURRENT="re-engine-GNU-0.019"
PERL_EXTUTILS_AUTOINSTALL="--defaultdeps"
PERL_LOCAL_LIB_ROOT=""
PERL_MM_USE_DEFAULT="1"
@INC:
/home/jmaslak/.cpan/build/Config-AutoConf-0.311-Yg3mtP/blib/arch
/home/jmaslak/.cpan/build/Config-AutoConf-0.311-Yg3mtP/blib/lib
/home/jmaslak/perl5/perlbrew/perls/perl-5.23.1-thread-multi-ld/lib/site_perl/5.23.1/x86_64-linux-thread-multi-ld
/home/jmaslak/perl5/perlbrew/perls/perl-5.23.1-thread-multi-ld/lib/site_perl/5.23.1
/home/jmaslak/perl5/perlbrew/perls/perl-5.23.1-thread-multi-ld/lib/5.23.1/x86_64-linux-thread-multi-ld
/home/jmaslak/perl5/perlbrew/perls/perl-5.23.1-thread-multi-ld/lib/5.23.1
.