Report for Test-DatabaseRow-1.04

Back
From: metabase:user:320bfe00-2aae-11df-837a-5e0a49663a4f
Subject: FAIL Test-DatabaseRow-1.04 v5.13.10 GNU/Linux
Date: 2011-03-19T21:52:20Z

This distribution has been tested as part of the CPAN Testers
project, supporting the Perl programming language.  See
http://wiki.cpantesters.org/ for more information or email
questions to cpan-testers-discuss@perl.org


--
Dear Mark Fowler,

This is a computer-generated report for Test-DatabaseRow-1.04
on perl 5.13.10, created by CPAN-Reporter-1.1902.

Thank you for uploading your work to CPAN.  However, there was a problem
testing your distribution.

If you think this report is invalid, please consult the CPAN Testers Wiki
for suggestions on how to avoid getting FAIL reports for missing library
or binary dependencies, unsupported operating systems, and so on:

http://wiki.cpantesters.org/wiki/CPANAuthorNotes

Sections of this report:

    * Tester comments
    * Program output
    * Prerequisites
    * Environment and other context

------------------------------
TESTER COMMENTS
------------------------------

Additional comments from tester:

none provided

------------------------------
PROGRAM OUTPUT
------------------------------

Output from './Build test':

t/01basic.t ..... ok
t/02throws.t .... ok

#   Failed test 'failing =~'
#   at t/03tests.t line 134.
# STDERR is:
# #   Failed test 'matches'
# #   at t/03tests.t line 128.
# # While checking column 'name'
# #     'fred'
# #         =~
# #     '(?^:rd)'
# 
# not:
# /#\s+Failed\ test.*?\n?.*?at\ t\/03tests\.t line 128.*\n?/
# 
# # While checking column 'name'
# 
# #     'fred'
# 
# #         =~
# 
# #     '(?-xism:rd)'
# 
# as expected

#   Failed test 'failing =~ verbose'
#   at t/03tests.t line 152.
# STDERR is:
# #   Failed test 'matches'
# #   at t/03tests.t line 145.
# # While checking column 'name'
# #     'fred'
# #         =~
# #     '(?^:rd)'
# # The SQL executed was:
# #   SELECT * FROM dummy WHERE dummy = qtd<dummy>
# # on database 'bob'
# 
# not:
# /#\s+Failed\ test.*?\n?.*?at\ t\/03tests\.t line 145.*\n?/
# 
# # While checking column 'name'
# 
# #     'fred'
# 
# #         =~
# 
# #     '(?-xism:rd)'
# 
# # The SQL executed was:
# 
# #   SELECT * FROM dummy WHERE dummy = qtd<dummy>
# 
# # on database 'bob'
# 
# as expected
t/03tests.t ..... 
Failed 2/16 subtests 
t/04local.t ..... skipped: these tests run on authors pc only
t/05warn.t ...... ok
t/06multiple.t .. ok
t/07results.t ... ok
t/08utf8.t ...... ok

Test Summary Report
-------------------
t/03tests.t   (Wstat: 0 Tests: 16 Failed: 2)
  Failed tests:  10-11
Files=8, Tests=61,  1 wallclock secs ( 0.05 usr  0.01 sys +  0.45 cusr  0.11 csys =  0.62 CPU)
Result: FAIL
Failed 1/8 test programs. 2/61 subtests failed.

------------------------------
PREREQUISITES
------------------------------

Prerequisite modules loaded:

requires:

    Module                Need Have 
    --------------------- ---- -----
    DBI                   0    1.616
    Test::Builder         0.15 0.98 

build_requires:

    Module                Need Have 
    --------------------- ---- -----
    Test::Builder::Tester 0.09 1.22 


------------------------------
ENVIRONMENT AND OTHER CONTEXT
------------------------------

Environment variables:

    LANG = en_US.UTF-8
    LC_TIME = de_DE.utf8
    PATH = /home/sand/bin:/usr/local/bin:/usr/bin:/bin:/usr/bin/X11:/usr/games:/usr/local/perl/bin:/usr/X11/bin:/sbin:/usr/sbin
    PERL5LIB = 
    PERL5OPT = 
    PERL5_CPANPLUS_IS_RUNNING = 19322
    PERL5_CPAN_IS_RUNNING = 19322
    SHELL = /usr/bin/zsh
    TERM = screen

Perl special variables (and OS-specific diagnostics, for MSWin32):

    $^X = /home/src/perl/repoperls/installed-perls/perl/v5.13.10-483-g41ef34d/bin/perl
    $UID/$EUID = 1001 / 1001
    $GID = 1001 1001
    $EGID = 1001 1001

Perl module toolchain versions installed:

    Module              Have    
    ------------------- --------
    CPAN                1.9600  
    Cwd                 3.36    
    ExtUtils::CBuilder  0.280202
    ExtUtils::Command   1.17    
    ExtUtils::Install   1.56    
    ExtUtils::MakeMaker 6.57_05 
    ExtUtils::Manifest  1.58    
    ExtUtils::ParseXS   2.2209  
    File::Spec          3.33    
    Module::Build       0.3800  
    Module::Signature   0.66    
    Test::Harness       3.23    
    Test::More          0.98    
    YAML                0.72    
    YAML::Syck          1.17    
    version             0.88    


--

Summary of my perl5 (revision 5 version 13 subversion 10) configuration:
  Commit id: 41ef34de832ea2283fbc3b35c6da583d89497204
  Platform:
    osname=linux, osvers=2.6.32-5-xen-amd64, archname=x86_64-linux-thread-multi
    uname='linux k81 2.6.32-5-xen-amd64 #1 smp wed jan 12 05:46:49 utc 2011 x86_64 gnulinux '
    config_args='-Dprefix=/home/src/perl/repoperls/installed-perls/perl/v5.13.10-483-g41ef34d -Dinstallusrbinperl=n -Uversiononly -Dusedevel -des -Ui_db -Duseithreads -Uuselongdouble -DDEBUGGING=-g'
    hint=recommended, useposix=true, d_sigaction=define
    useithreads=define, usemultiplicity=define
    useperlio=define, d_sfio=undef, uselargefiles=define, usesocks=undef
    use64bitint=define, use64bitall=define, uselongdouble=undef
    usemymalloc=n, bincompat5005=undef
  Compiler:
    cc='cc', ccflags ='-D_REENTRANT -D_GNU_SOURCE -fno-strict-aliasing -pipe -fstack-protector -I/usr/local/include -D_LARGEFILE_SOURCE -D_FILE_OFFSET_BITS=64',
    optimize='-O2 -g',
    cppflags='-D_REENTRANT -D_GNU_SOURCE -fno-strict-aliasing -pipe -fstack-protector -I/usr/local/include'
    ccversion='', gccversion='4.5.2', gccosandvers=''
    intsize=4, longsize=8, ptrsize=8, doublesize=8, byteorder=12345678
    d_longlong=define, longlongsize=8, d_longdbl=define, longdblsize=16
    ivtype='long', ivsize=8, nvtype='double', nvsize=8, Off_t='off_t', lseeksize=8
    alignbytes=8, prototype=define
  Linker and Libraries:
    ld='cc', ldflags =' -fstack-protector -L/usr/local/lib'
    libpth=/usr/local/lib /lib /usr/lib /lib64 /usr/lib64
    libs=-lnsl -lgdbm -ldb -ldl -lm -lcrypt -lutil -lpthread -lc -lgdbm_compat
    perllibs=-lnsl -ldl -lm -lcrypt -lutil -lpthread -lc
    libc=/lib/libc-2.11.2.so, so=so, useshrplib=false, libperl=libperl.a
    gnulibc_version='2.11.2'
  Dynamic Linking:
    dlsrc=dl_dlopen.xs, dlext=so, d_dlsymun=undef, ccdlflags='-Wl,-E'
    cccdlflags='-fPIC', lddlflags='-shared -O2 -g -L/usr/local/lib -fstack-protector'


Characteristics of this binary (from libperl): 
  Compile-time options: MULTIPLICITY PERL_DONT_CREATE_GVSV
                        PERL_IMPLICIT_CONTEXT PERL_MALLOC_WRAP
                        PERL_PRESERVE_IVUV PERL_USE_DEVEL USE_64_BIT_ALL
                        USE_64_BIT_INT USE_ITHREADS USE_LARGE_FILES
                        USE_PERLIO USE_PERL_ATOF USE_REENTRANT_API
  Built under linux
  Compiled at Mar 19 2011 17:12:27
  %ENV:
    PERL5LIB=""
    PERL5OPT=""
    PERL5_CPANPLUS_IS_RUNNING="19322"
    PERL5_CPAN_IS_RUNNING="19322"
  @INC:
    /home/src/perl/repoperls/installed-perls/perl/v5.13.10-483-g41ef34d/lib/site_perl/5.13.10/x86_64-linux-thread-multi
    /home/src/perl/repoperls/installed-perls/perl/v5.13.10-483-g41ef34d/lib/site_perl/5.13.10
    /home/src/perl/repoperls/installed-perls/perl/v5.13.10-483-g41ef34d/lib/5.13.10/x86_64-linux-thread-multi
    /home/src/perl/repoperls/installed-perls/perl/v5.13.10-483-g41ef34d/lib/5.13.10
    .