Back
From: metabase:user:320bfe00-2aae-11df-837a-5e0a49663a4f
Subject: FAIL CatalystX-Restarter-GTK-0.08 v5.17.9 GNU/Linux
Date: 2013-03-10T14:35:08Z
This distribution has been tested as part of the CPAN Testers
project, supporting the Perl programming language. See
http://wiki.cpantesters.org/ for more information or email
questions to cpan-testers-discuss@perl.org
--
Dear Dhaval Dhanani,
This is a computer-generated report for CatalystX-Restarter-GTK-0.08
on perl 5.17.9, created by CPAN-Reporter-1.2009.
Thank you for uploading your work to CPAN. However, there was a problem
testing your distribution.
If you think this report is invalid, please consult the CPAN Testers Wiki
for suggestions on how to avoid getting FAIL reports for missing library
or binary dependencies, unsupported operating systems, and so on:
http://wiki.cpantesters.org/wiki/CPANAuthorNotes
Sections of this report:
* Tester comments
* Program output
* Prerequisites
* Environment and other context
------------------------------
TESTER COMMENTS
------------------------------
Additional comments from tester:
this report is from an automated smoke testing program
and was not reviewed by a human for accuracy
------------------------------
PROGRAM OUTPUT
------------------------------
Output from '/usr/bin/make test':
PERL_DL_NONLAZY=1 /home/sand/src/perl/repoperls/installed-perls/perl/v5.17.9/127e/bin/perl "-MExtUtils::Command::MM" "-e" "test_harness(0, 'inc', 'blib/lib', 'blib/arch')" t/*.t
(in cleanup) Can't locate object method "_kill_child" via package "Catalyst::Restarter" at /home/src/perl/repoperls/installed-perls/perl/v5.17.9/127e/lib/site_perl/5.17.9/Catalyst/Restarter.pm line 150.
t/00-basic.t ... ok
t/00-load.t .... ok
Can't locate Test/WWW/Mechanize/Catalyst.pm in @INC (you may need to install the Test::WWW::Mechanize::Catalyst module) (@INC contains: /tmp/loop_over_bdir-6040-RWGfbT/CatalystX-Restarter-GTK-0.08-Y7ikr4/t/lib /tmp/loop_over_bdir-6040-RWGfbT/CatalystX-Restarter-GTK-0.08-Y7ikr4/inc /tmp/loop_over_bdir-6040-RWGfbT/CatalystX-Restarter-GTK-0.08-Y7ikr4/blib/lib /tmp/loop_over_bdir-6040-RWGfbT/CatalystX-Restarter-GTK-0.08-Y7ikr4/blib/arch /home/src/perl/repoperls/installed-perls/perl/v5.17.9/127e/lib/site_perl/5.17.9/x86_64-linux-ld /home/src/perl/repoperls/installed-perls/perl/v5.17.9/127e/lib/site_perl/5.17.9 /home/src/perl/repoperls/installed-perls/perl/v5.17.9/127e/lib/5.17.9/x86_64-linux-ld /home/src/perl/repoperls/installed-perls/perl/v5.17.9/127e/lib/5.17.9 .) at t/live-test.t line 15.
BEGIN failed--compilation aborted at t/live-test.t line 15.
# Tests were run but no plan was declared and done_testing() was not seen.
t/live-test.t ..
Dubious, test returned 2 (wstat 512, 0x200)
All 1 subtests passed
Test Summary Report
-------------------
t/live-test.t (Wstat: 512 Tests: 1 Failed: 0)
Non-zero exit status: 2
Parse errors: No plan found in TAP output
Files=3, Tests=22, 5 wallclock secs ( 0.01 usr 0.02 sys + 1.86 cusr 0.16 csys = 2.05 CPU)
Result: FAIL
Failed 1/3 test programs. 0/22 subtests failed.
make: *** [test_dynamic] Error 2
------------------------------
PREREQUISITES
------------------------------
Prerequisite modules loaded:
requires:
Module Need Have
-------------------- ------- --------
AnyEvent 0 7.04
Catalyst::Devel 0 1.37
Catalyst::Runtime 5.80032 5.90020
Gtk2 0 1.247
IO::Handle 0 1.33
IPC::SysV 0 2.03
Moose 0 2.0604
MooseX::Types 0 0.35
namespace::autoclean 0 0.13
Object::Destroyer 0 2.01
perl 5.008 5.017009
Try::Tiny 0 0.12
build_requires:
Module Need Have
-------------------- ------- --------
ExtUtils::MakeMaker 6.59 6.64
Test::More 0.88 0.98
configure_requires:
Module Need Have
-------------------- ------- --------
ExtUtils::MakeMaker 6.59 6.64
------------------------------
ENVIRONMENT AND OTHER CONTEXT
------------------------------
Environment variables:
AUTOMATED_TESTING = 1
LANG = en_US.UTF-8
LANGUAGE = en_US:en
PATH = /usr/lib/ccache:/home/sand/bin:/usr/local/bin:/usr/bin:/bin:/usr/bin/X11:/usr/games:/usr/local/perl/bin:/usr/X11/bin:/sbin:/usr/sbin
PERL5LIB =
PERL5OPT =
PERL5_CPANPLUS_IS_RUNNING = 6041
PERL5_CPAN_IS_RUNNING = 6041
PERL_MM_USE_DEFAULT = 1
SHELL = /usr/bin/zsh
TERM = screen
Perl special variables (and OS-specific diagnostics, for MSWin32):
$^X = /home/sand/src/perl/repoperls/installed-perls/perl/v5.17.9/127e/bin/perl
$UID/$EUID = 1005 / 1005
$GID = 1005 1005
$EGID = 1005 1005
Perl module toolchain versions installed:
Module Have
------------------- --------
CPAN 2.00
CPAN::Meta 2.120921
Cwd 3.40
ExtUtils::CBuilder 0.280209
ExtUtils::Command 1.17
ExtUtils::Install 1.59
ExtUtils::MakeMaker 6.64
ExtUtils::Manifest 1.63
ExtUtils::ParseXS 3.18
File::Spec 3.40
JSON 2.53
JSON::PP 2.27200
Module::Build 0.4003
Module::Signature 0.70
Parse::CPAN::Meta 1.4404
Test::Harness 3.26
Test::More 0.98
YAML 0.84
YAML::Syck 1.24
version 0.9902
--
Summary of my perl5 (revision 5 version 17 subversion 9) configuration:
Commit id: 2426c3948e1fc088396e28ef9155a2e95fccd2a9
Platform:
osname=linux, osvers=3.2.0-4-amd64, archname=x86_64-linux-ld
uname='linux k83 3.2.0-4-amd64 #1 smp debian 3.2.35-2 x86_64 gnulinux '
config_args='-Dprefix=/home/src/perl/repoperls/installed-perls/perl/v5.17.9/127e -Dmyhostname=k83 -Dinstallusrbinperl=n -Uversiononly -Dusedevel -des -Ui_db -Uuseithreads -Duselongdouble -DDEBUGGING=-g'
hint=recommended, useposix=true, d_sigaction=define
useithreads=undef, usemultiplicity=undef
useperlio=define, d_sfio=undef, uselargefiles=define, usesocks=undef
use64bitint=define, use64bitall=define, uselongdouble=define
usemymalloc=n, bincompat5005=undef
Compiler:
cc='cc', ccflags ='-fno-strict-aliasing -pipe -fstack-protector -I/usr/local/include -D_LARGEFILE_SOURCE -D_FILE_OFFSET_BITS=64',
optimize='-O2 -g',
cppflags='-fno-strict-aliasing -pipe -fstack-protector -I/usr/local/include'
ccversion='', gccversion='4.7.2', gccosandvers=''
intsize=4, longsize=8, ptrsize=8, doublesize=8, byteorder=12345678
d_longlong=define, longlongsize=8, d_longdbl=define, longdblsize=16
ivtype='long', ivsize=8, nvtype='long double', nvsize=16, Off_t='off_t', lseeksize=8
alignbytes=16, prototype=define
Linker and Libraries:
ld='cc', ldflags =' -fstack-protector -L/usr/local/lib'
libpth=/usr/local/lib /lib/x86_64-linux-gnu /lib/../lib /usr/lib/x86_64-linux-gnu /usr/lib/../lib /lib /usr/lib
libs=-lnsl -lgdbm -ldb -ldl -lm -lcrypt -lutil -lc -lgdbm_compat
perllibs=-lnsl -ldl -lm -lcrypt -lutil -lc
libc=, so=so, useshrplib=false, libperl=libperl.a
gnulibc_version='2.13'
Dynamic Linking:
dlsrc=dl_dlopen.xs, dlext=so, d_dlsymun=undef, ccdlflags='-Wl,-E'
cccdlflags='-fPIC', lddlflags='-shared -O2 -g -L/usr/local/lib -fstack-protector'
Characteristics of this binary (from libperl):
Compile-time options: HAS_TIMES PERLIO_LAYERS PERL_DONT_CREATE_GVSV
PERL_MALLOC_WRAP PERL_NEW_COPY_ON_WRITE
PERL_PRESERVE_IVUV PERL_USE_DEVEL USE_64_BIT_ALL
USE_64_BIT_INT USE_LARGE_FILES USE_LOCALE
USE_LOCALE_COLLATE USE_LOCALE_CTYPE
USE_LOCALE_NUMERIC USE_LONG_DOUBLE USE_PERLIO
USE_PERL_ATOF
Built under linux
Compiled at Feb 20 2013 23:53:45
%ENV:
PERL5LIB=""
PERL5OPT=""
PERL5_CPANPLUS_IS_RUNNING="6041"
PERL5_CPAN_IS_RUNNING="6041"
PERL_MM_USE_DEFAULT="1"
@INC:
/home/src/perl/repoperls/installed-perls/perl/v5.17.9/127e/lib/site_perl/5.17.9/x86_64-linux-ld
/home/src/perl/repoperls/installed-perls/perl/v5.17.9/127e/lib/site_perl/5.17.9
/home/src/perl/repoperls/installed-perls/perl/v5.17.9/127e/lib/5.17.9/x86_64-linux-ld
/home/src/perl/repoperls/installed-perls/perl/v5.17.9/127e/lib/5.17.9
.