Report for Math-LongDouble-0.14

Back
From: metabase:user:322078bc-2aae-11df-837a-5e0a49663a4f
Subject: FAIL Math-LongDouble-0.14 v5.16.2 NetBSD
Date: 2015-06-01T03:13:22Z

This distribution has been tested as part of the CPAN Testers
project, supporting the Perl programming language.  See
http://wiki.cpantesters.org/ for more information or email
questions to cpan-testers-discuss@perl.org


--

Dear SISYPHUS,

This is a computer-generated error report created automatically by
CPANPLUS, version 0.9152. Testers personal comments may appear
at the end of this report.


Thank you for uploading your work to CPAN.  However, it appears that
there were some problems testing your distribution.

TEST RESULTS:

Below is the error stack from stage 'make test':

Running Mkbootstrap for Math::LongDouble ()
chmod 644 "LongDouble.bs"
PERL_DL_NONLAZY=1 "/home/cpan/pit/bare/perl-5.16.2/bin/perl" "-MExtUtils::Command::MM" "-MTest::Harness" "-e" "undef *Test::Harness::Switches; test_harness(0, 'blib/lib', 'blib/arch')" t/*.t


  No tests with this file. Instead, mainly for the benefit
  of the author, we (hopefully) see some diagnostics from some
  test executables that were run during the Makefile.PL stage.


CC = cc
OPTMIZE = -O
erfl & isnanl check (build): try.in: In function 'main':
try.in:12:8: warning: incompatible implicit declaration of built-in function 'erfl'

erfl & isnanl check (run): rop is set to a sane value
op is set to the correct value

build output (nanl check): 
build output (nan**0 check):
try2.in: In function 'main':
try2.in:28:12: warning: incompatible implicit declaration of built-in function 'powl'

nan**0 check diagnostic: 1.0L

build output (signbitl check): 

t/01config_xtra.t .... ok
Can't load '/home/cpan/pit/bare/conf/perl-5.16.2/.cpanplus/5.16.2/build/Math-LongDouble-0.14/blib/arch/auto/Math/LongDouble/LongDouble.so' for module Math::LongDouble: /home/cpan/pit/bare/conf/perl-5.16.2/.cpanplus/5.16.2/build/Math-LongDouble-0.14/blib/arch/auto/Math/LongDouble/LongDouble.so: Undefined PLT symbol "erfl" (symnum = 9) at /home/cpan/pit/bare/perl-5.16.2/lib/5.16.2/amd64-netbsd/DynaLoader.pm line 190.
 at /home/cpan/pit/bare/conf/perl-5.16.2/.cpanplus/5.16.2/build/Math-LongDouble-0.14/blib/lib/Math/LongDouble.pm line 61.
Compilation failed in require at t/aab_basic.t line 3.
BEGIN failed--compilation aborted at t/aab_basic.t line 3.
t/aab_basic.t ........ 
Dubious, test returned 2 (wstat 512, 0x200)
No subtests run 
Can't load '/home/cpan/pit/bare/conf/perl-5.16.2/.cpanplus/5.16.2/build/Math-LongDouble-0.14/blib/arch/auto/Math/LongDouble/LongDouble.so' for module Math::LongDouble: /home/cpan/pit/bare/conf/perl-5.16.2/.cpanplus/5.16.2/build/Math-LongDouble-0.14/blib/arch/auto/Math/LongDouble/LongDouble.so: Undefined PLT symbol "erfl" (symnum = 9) at /home/cpan/pit/bare/perl-5.16.2/lib/5.16.2/amd64-netbsd/DynaLoader.pm line 190.
 at /home/cpan/pit/bare/conf/perl-5.16.2/.cpanplus/5.16.2/build/Math-LongDouble-0.14/blib/lib/Math/LongDouble.pm line 61.
Compilation failed in require at t/abs.t line 3.
BEGIN failed--compilation aborted at t/abs.t line 3.
t/abs.t .............. 
Dubious, test returned 2 (wstat 512, 0x200)
No subtests run 
Can't load '/home/cpan/pit/bare/conf/perl-5.16.2/.cpanplus/5.16.2/build/Math-LongDouble-0.14/blib/arch/auto/Math/LongDouble/LongDouble.so' for module Math::LongDouble: /home/cpan/pit/bare/conf/perl-5.16.2/.cpanplus/5.16.2/build/Math-LongDouble-0.14/blib/arch/auto/Math/LongDouble/LongDouble.so: Undefined PLT symbol "erfl" (symnum = 9) at /home/cpan/pit/bare/perl-5.16.2/lib/5.16.2/amd64-netbsd/DynaLoader.pm line 190.
 at /home/cpan/pit/bare/conf/perl-5.16.2/.cpanplus/5.16.2/build/Math-LongDouble-0.14/blib/lib/Math/LongDouble.pm line 61.
Compilation failed in require at t/arith.t line 3.
BEGIN failed--compilation aborted at t/arith.t line 3.
t/arith.t ............ 
Dubious, test returned 2 (wstat 512, 0x200)
No subtests run 
Can't load '/home/cpan/pit/bare/conf/perl-5.16.2/.cpanplus/5.16.2/build/Math-LongDouble-0.14/blib/arch/auto/Math/LongDouble/LongDouble.so' for module Math::LongDouble: /home/cpan/pit/bare/conf/perl-5.16.2/.cpanplus/5.16.2/build/Math-LongDouble-0.14/blib/arch/auto/Math/LongDouble/LongDouble.so: Undefined PLT symbol "erfl" (symnum = 9) at /home/cpan/pit/bare/perl-5.16.2/lib/5.16.2/amd64-netbsd/DynaLoader.pm line 190.
 at /home/cpan/pit/bare/conf/perl-5.16.2/.cpanplus/5.16.2/build/Math-LongDouble-0.14/blib/lib/Math/LongDouble.pm line 61.
Compilation failed in require at t/base_conversion.t line 3.
BEGIN failed--compilation aborted at t/base_conversion.t line 3.
t/base_conversion.t .. 
Dubious, test returned 2 (wstat 512, 0x200)
No subtests run 
Can't load '/home/cpan/pit/bare/conf/perl-5.16.2/.cpanplus/5.16.2/build/Math-LongDouble-0.14/blib/arch/auto/Math/LongDouble/LongDouble.so' for module Math::LongDouble: /home/cpan/pit/bare/conf/perl-5.16.2/.cpanplus/5.16.2/build/Math-LongDouble-0.14/blib/arch/auto/Math/LongDouble/LongDouble.so: Undefined PLT symbol "erfl" (symnum = 9) at /home/cpan/pit/bare/perl-5.16.2/lib/5.16.2/amd64-netbsd/DynaLoader.pm line 190.
 at /home/cpan/pit/bare/conf/perl-5.16.2/.cpanplus/5.16.2/build/Math-LongDouble-0.14/blib/lib/Math/LongDouble.pm line 61.
Compilation failed in require at t/bool.t line 3.
BEGIN failed--compilation aborted at t/bool.t line 3.
t/bool.t ............. 
Dubious, test returned 2 (wstat 512, 0x200)
No subtests run 
Can't load '/home/cpan/pit/bare/conf/perl-5.16.2/.cpanplus/5.16.2/build/Math-LongDouble-0.14/blib/arch/auto/Math/LongDouble/LongDouble.so' for module Math::LongDouble: /home/cpan/pit/bare/conf/perl-5.16.2/.cpanplus/5.16.2/build/Math-LongDouble-0.14/blib/arch/auto/Math/LongDouble/LongDouble.so: Undefined PLT symbol "erfl" (symnum = 9) at /home/cpan/pit/bare/perl-5.16.2/lib/5.16.2/amd64-netbsd/DynaLoader.pm line 190.
 at /home/cpan/pit/bare/conf/perl-5.16.2/.cpanplus/5.16.2/build/Math-LongDouble-0.14/blib/lib/Math/LongDouble.pm line 61.
Compilation failed in require at t/cmp.t line 3.
BEGIN failed--compilation aborted at t/cmp.t line 3.
t/cmp.t .............. 
Dubious, test returned 2 (wstat 512, 0x200)
No subtests run 
Can't load '/home/cpan/pit/bare/conf/perl-5.16.2/.cpanplus/5.16.2/build/Math-LongDouble-0.14/blib/arch/auto/Math/LongDouble/LongDouble.so' for module Math::LongDouble: /home/cpan/pit/bare/conf/perl-5.16.2/.cpanplus/5.16.2/build/Math-LongDouble-0.14/blib/arch/auto/Math/LongDouble/LongDouble.so: Undefined PLT symbol "erfl" (symnum = 9) at /home/cpan/pit/bare/perl-5.16.2/lib/5.16.2/amd64-netbsd/DynaLoader.pm line 190.
 at /home/cpan/pit/bare/conf/perl-5.16.2/.cpanplus/5.16.2/build/Math-LongDouble-0.14/blib/lib/Math/LongDouble.pm line 61.
Compilation failed in require at t/constants.t line 3.
BEGIN failed--compilation aborted at t/constants.t line 3.
t/constants.t ........ 
Dubious, test returned 2 (wstat 512, 0x200)
No subtests run 
Can't load '/home/cpan/pit/bare/conf/perl-5.16.2/.cpanplus/5.16.2/build/Math-LongDouble-0.14/blib/arch/auto/Math/LongDouble/LongDouble.so' for module Math::LongDouble: /home/cpan/pit/bare/conf/perl-5.16.2/.cpanplus/5.16.2/build/Math-LongDouble-0.14/blib/arch/auto/Math/LongDouble/LongDouble.so: Undefined PLT symbol "erfl" (symnum = 9) at /home/cpan/pit/bare/perl-5.16.2/lib/5.16.2/amd64-netbsd/DynaLoader.pm line 190.
 at /home/cpan/pit/bare/conf/perl-5.16.2/.cpanplus/5.16.2/build/Math-LongDouble-0.14/blib/lib/Math/LongDouble.pm line 61.
Compilation failed in require at t/inc_dec.t line 3.
BEGIN failed--compilation aborted at t/inc_dec.t line 3.
t/inc_dec.t .......... 
Dubious, test returned 2 (wstat 512, 0x200)
No subtests run 
Can't load '/home/cpan/pit/bare/conf/perl-5.16.2/.cpanplus/5.16.2/build/Math-LongDouble-0.14/blib/arch/auto/Math/LongDouble/LongDouble.so' for module Math::LongDouble: /home/cpan/pit/bare/conf/perl-5.16.2/.cpanplus/5.16.2/build/Math-LongDouble-0.14/blib/arch/auto/Math/LongDouble/LongDouble.so: Undefined PLT symbol "erfl" (symnum = 9) at /home/cpan/pit/bare/perl-5.16.2/lib/5.16.2/amd64-netbsd/DynaLoader.pm line 190.
 at /home/cpan/pit/bare/conf/perl-5.16.2/.cpanplus/5.16.2/build/Math-LongDouble-0.14/blib/lib/Math/LongDouble.pm line 61.
Compilation failed in require at t/int.t line 3.
BEGIN failed--compilation aborted at t/int.t line 3.
t/int.t .............. 
Dubious, test returned 2 (wstat 512, 0x200)
No subtests run 
Can't load '/home/cpan/pit/bare/conf/perl-5.16.2/.cpanplus/5.16.2/build/Math-LongDouble-0.14/blib/arch/auto/Math/LongDouble/LongDouble.so' for module Math::LongDouble: /home/cpan/pit/bare/conf/perl-5.16.2/.cpanplus/5.16.2/build/Math-LongDouble-0.14/blib/arch/auto/Math/LongDouble/LongDouble.so: Undefined PLT symbol "erfl" (symnum = 9) at /home/cpan/pit/bare/perl-5.16.2/lib/5.16.2/amd64-netbsd/DynaLoader.pm line 190.
 at /home/cpan/pit/bare/conf/perl-5.16.2/.cpanplus/5.16.2/build/Math-LongDouble-0.14/blib/lib/Math/LongDouble.pm line 61.
Compilation failed in require at t/log_exp.t line 3.
BEGIN failed--compilation aborted at t/log_exp.t line 3.
t/log_exp.t .......... 
Dubious, test returned 2 (wstat 512, 0x200)
No subtests run 
Can't load '/home/cpan/pit/bare/conf/perl-5.16.2/.cpanplus/5.16.2/build/Math-LongDouble-0.14/blib/arch/auto/Math/LongDouble/LongDouble.so' for module Math::LongDouble: /home/cpan/pit/bare/conf/perl-5.16.2/.cpanplus/5.16.2/build/Math-LongDouble-0.14/blib/arch/auto/Math/LongDouble/LongDouble.so: Undefined PLT symbol "erfl" (symnum = 9) at /home/cpan/pit/bare/perl-5.16.2/lib/5.16.2/amd64-netbsd/DynaLoader.pm line 190.
 at /home/cpan/pit/bare/conf/perl-5.16.2/.cpanplus/5.16.2/build/Math-LongDouble-0.14/blib/lib/Math/LongDouble.pm line 61.
Compilation failed in require at t/nan_pow.t line 3.
BEGIN failed--compilation aborted at t/nan_pow.t line 3.
t/nan_pow.t .......... 
Dubious, test returned 2 (wstat 512, 0x200)
No subtests run 
Can't load '/home/cpan/pit/bare/conf/perl-5.16.2/.cpanplus/5.16.2/build/Math-LongDouble-0.14/blib/arch/auto/Math/LongDouble/LongDouble.so' for module Math::LongDouble: /home/cpan/pit/bare/conf/perl-5.16.2/.cpanplus/5.16.2/build/Math-LongDouble-0.14/blib/arch/auto/Math/LongDouble/LongDouble.so: Undefined PLT symbol "erfl" (symnum = 9) at /home/cpan/pit/bare/perl-5.16.2/lib/5.16.2/amd64-netbsd/DynaLoader.pm line 190.
 at /home/cpan/pit/bare/conf/perl-5.16.2/.cpanplus/5.16.2/build/Math-LongDouble-0.14/blib/lib/Math/LongDouble.pm line 61.
Compilation failed in require at t/new.t line 3.
BEGIN failed--compilation aborted at t/new.t line 3.
t/new.t .............. 
Dubious, test returned 2 (wstat 512, 0x200)
No subtests run 
Can't load '/home/cpan/pit/bare/conf/perl-5.16.2/.cpanplus/5.16.2/build/Math-LongDouble-0.14/blib/arch/auto/Math/LongDouble/LongDouble.so' for module Math::LongDouble: /home/cpan/pit/bare/conf/perl-5.16.2/.cpanplus/5.16.2/build/Math-LongDouble-0.14/blib/arch/auto/Math/LongDouble/LongDouble.so: Undefined PLT symbol "erfl" (symnum = 9) at /home/cpan/pit/bare/perl-5.16.2/lib/5.16.2/amd64-netbsd/DynaLoader.pm line 190.
 at /home/cpan/pit/bare/conf/perl-5.16.2/.cpanplus/5.16.2/build/Math-LongDouble-0.14/blib/lib/Math/LongDouble.pm line 61.
Compilation failed in require at t/nnum.t line 3.
BEGIN failed--compilation aborted at t/nnum.t line 3.
t/nnum.t ............. 
Dubious, test returned 2 (wstat 512, 0x200)
No subtests run 
Can't load '/home/cpan/pit/bare/conf/perl-5.16.2/.cpanplus/5.16.2/build/Math-LongDouble-0.14/blib/arch/auto/Math/LongDouble/LongDouble.so' for module Math::LongDouble: /home/cpan/pit/bare/conf/perl-5.16.2/.cpanplus/5.16.2/build/Math-LongDouble-0.14/blib/arch/auto/Math/LongDouble/LongDouble.so: Undefined PLT symbol "erfl" (symnum = 9) at /home/cpan/pit/bare/perl-5.16.2/lib/5.16.2/amd64-netbsd/DynaLoader.pm line 190.
 at /home/cpan/pit/bare/conf/perl-5.16.2/.cpanplus/5.16.2/build/Math-LongDouble-0.14/blib/lib/Math/LongDouble.pm line 61.
Compilation failed in require at t/overload.t line 3.
BEGIN failed--compilation aborted at t/overload.t line 3.
t/overload.t ......... 
Dubious, test returned 2 (wstat 512, 0x200)
No subtests run 
Skipping test 1 - no recent version of Test::Pod installed
t/pod.t .............. ok
Can't load '/home/cpan/pit/bare/conf/perl-5.16.2/.cpanplus/5.16.2/build/Math-LongDouble-0.14/blib/arch/auto/Math/LongDouble/LongDouble.so' for module Math::LongDouble: /home/cpan/pit/bare/conf/perl-5.16.2/.cpanplus/5.16.2/build/Math-LongDouble-0.14/blib/arch/auto/Math/LongDouble/LongDouble.so: Undefined PLT symbol "erfl" (symnum = 9) at /home/cpan/pit/bare/perl-5.16.2/lib/5.16.2/amd64-netbsd/DynaLoader.pm line 190.
 at /home/cpan/pit/bare/conf/perl-5.16.2/.cpanplus/5.16.2/build/Math-LongDouble-0.14/blib/lib/Math/LongDouble.pm line 61.
Compilation failed in require at t/pow.t line 3.
BEGIN failed--compilation aborted at t/pow.t line 3.
t/pow.t .............. 
Dubious, test returned 2 (wstat 512, 0x200)
No subtests run 
Can't load '/home/cpan/pit/bare/conf/perl-5.16.2/.cpanplus/5.16.2/build/Math-LongDouble-0.14/blib/arch/auto/Math/LongDouble/LongDouble.so' for module Math::LongDouble: /home/cpan/pit/bare/conf/perl-5.16.2/.cpanplus/5.16.2/build/Math-LongDouble-0.14/blib/arch/auto/Math/LongDouble/LongDouble.so: Undefined PLT symbol "erfl" (symnum = 9) at /home/cpan/pit/bare/perl-5.16.2/lib/5.16.2/amd64-netbsd/DynaLoader.pm line 190.
 at /home/cpan/pit/bare/conf/perl-5.16.2/.cpanplus/5.16.2/build/Math-LongDouble-0.14/blib/lib/Math/LongDouble.pm line 61.
Compilation failed in require at t/prec.t line 5.
BEGIN failed--compilation aborted at t/prec.t line 5.
t/prec.t ............. 
Dubious, test returned 2 (wstat 512, 0x200)
No subtests run 
Can't load '/home/cpan/pit/bare/conf/perl-5.16.2/.cpanplus/5.16.2/build/Math-LongDouble-0.14/blib/arch/auto/Math/LongDouble/LongDouble.so' for module Math::LongDouble: /home/cpan/pit/bare/conf/perl-5.16.2/.cpanplus/5.16.2/build/Math-LongDouble-0.14/blib/arch/auto/Math/LongDouble/LongDouble.so: Undefined PLT symbol "erfl" (symnum = 9) at /home/cpan/pit/bare/perl-5.16.2/lib/5.16.2/amd64-netbsd/DynaLoader.pm line 190.
 at /home/cpan/pit/bare/conf/perl-5.16.2/.cpanplus/5.16.2/build/Math-LongDouble-0.14/blib/lib/Math/LongDouble.pm line 61.
Compilation failed in require at t/signbit.t line 3.
BEGIN failed--compilation aborted at t/signbit.t line 3.
t/signbit.t .......... 
Dubious, test returned 2 (wstat 512, 0x200)
No subtests run 
Can't load '/home/cpan/pit/bare/conf/perl-5.16.2/.cpanplus/5.16.2/build/Math-LongDouble-0.14/blib/arch/auto/Math/LongDouble/LongDouble.so' for module Math::LongDouble: /home/cpan/pit/bare/conf/perl-5.16.2/.cpanplus/5.16.2/build/Math-LongDouble-0.14/blib/arch/auto/Math/LongDouble/LongDouble.so: Undefined PLT symbol "erfl" (symnum = 9) at /home/cpan/pit/bare/perl-5.16.2/lib/5.16.2/amd64-netbsd/DynaLoader.pm line 190.
 at /home/cpan/pit/bare/conf/perl-5.16.2/.cpanplus/5.16.2/build/Math-LongDouble-0.14/blib/lib/Math/LongDouble.pm line 61.
Compilation failed in require at t/special.t line 3.
BEGIN failed--compilation aborted at t/special.t line 3.
t/special.t .......... 
Dubious, test returned 2 (wstat 512, 0x200)
No subtests run 
Can't load '/home/cpan/pit/bare/conf/perl-5.16.2/.cpanplus/5.16.2/build/Math-LongDouble-0.14/blib/arch/auto/Math/LongDouble/LongDouble.so' for module Math::LongDouble: /home/cpan/pit/bare/conf/perl-5.16.2/.cpanplus/5.16.2/build/Math-LongDouble-0.14/blib/arch/auto/Math/LongDouble/LongDouble.so: Undefined PLT symbol "erfl" (symnum = 9) at /home/cpan/pit/bare/perl-5.16.2/lib/5.16.2/amd64-netbsd/DynaLoader.pm line 190.
 at /home/cpan/pit/bare/conf/perl-5.16.2/.cpanplus/5.16.2/build/Math-LongDouble-0.14/blib/lib/Math/LongDouble.pm line 61.
Compilation failed in require at t/stringification.t line 5.
BEGIN failed--compilation aborted at t/stringification.t line 5.
t/stringification.t .. 
Dubious, test returned 2 (wstat 512, 0x200)
No subtests run 
Can't load '/home/cpan/pit/bare/conf/perl-5.16.2/.cpanplus/5.16.2/build/Math-LongDouble-0.14/blib/arch/auto/Math/LongDouble/LongDouble.so' for module Math::LongDouble: /home/cpan/pit/bare/conf/perl-5.16.2/.cpanplus/5.16.2/build/Math-LongDouble-0.14/blib/arch/auto/Math/LongDouble/LongDouble.so: Undefined PLT symbol "erfl" (symnum = 9) at /home/cpan/pit/bare/perl-5.16.2/lib/5.16.2/amd64-netbsd/DynaLoader.pm line 190.
 at /home/cpan/pit/bare/conf/perl-5.16.2/.cpanplus/5.16.2/build/Math-LongDouble-0.14/blib/lib/Math/LongDouble.pm line 61.
Compilation failed in require at t/trig.t line 3.
BEGIN failed--compilation aborted at t/trig.t line 3.
t/trig.t ............. 
Dubious, test returned 2 (wstat 512, 0x200)
No subtests run 

Test Summary Report
-------------------
t/aab_basic.t      (Wstat: 512 Tests: 0 Failed: 0)
  Non-zero exit status: 2
  Parse errors: No plan found in TAP output
t/abs.t            (Wstat: 512 Tests: 0 Failed: 0)
  Non-zero exit status: 2
  Parse errors: No plan found in TAP output
t/arith.t          (Wstat: 512 Tests: 0 Failed: 0)
  Non-zero exit status: 2
  Parse errors: No plan found in TAP output
t/base_conversion.t (Wstat: 512 Tests: 0 Failed: 0)
  Non-zero exit status: 2
  Parse errors: No plan found in TAP output
t/bool.t           (Wstat: 512 Tests: 0 Failed: 0)
  Non-zero exit status: 2
  Parse errors: No plan found in TAP output
t/cmp.t            (Wstat: 512 Tests: 0 Failed: 0)
  Non-zero exit status: 2
  Parse errors: No plan found in TAP output
t/constants.t      (Wstat: 512 Tests: 0 Failed: 0)
  Non-zero exit status: 2
  Parse errors: No plan found in TAP output
t/inc_dec.t        (Wstat: 512 Tests: 0 Failed: 0)
  Non-zero exit status: 2
  Parse errors: No plan found in TAP output
t/int.t            (Wstat: 512 Tests: 0 Failed: 0)
  Non-zero exit status: 2
  Parse errors: No plan found in TAP output
t/log_exp.t        (Wstat: 512 Tests: 0 Failed: 0)
  Non-zero exit status: 2
  Parse errors: No plan found in TAP output
t/nan_pow.t        (Wstat: 512 Tests: 0 Failed: 0)
  Non-zero exit status: 2
  Parse errors: No plan found in TAP output
t/new.t            (Wstat: 512 Tests: 0 Failed: 0)
  Non-zero exit status: 2
  Parse errors: No plan found in TAP output
t/nnum.t           (Wstat: 512 Tests: 0 Failed: 0)
  Non-zero exit status: 2
  Parse errors: No plan found in TAP output
t/overload.t       (Wstat: 512 Tests: 0 Failed: 0)
  Non-zero exit status: 2
  Parse errors: No plan found in TAP output
t/pow.t            (Wstat: 512 Tests: 0 Failed: 0)
  Non-zero exit status: 2
  Parse errors: No plan found in TAP output
t/prec.t           (Wstat: 512 Tests: 0 Failed: 0)
  Non-zero exit status: 2
  Parse errors: No plan found in TAP output
t/signbit.t        (Wstat: 512 Tests: 0 Failed: 0)
  Non-zero exit status: 2
  Parse errors: No plan found in TAP output
t/special.t        (Wstat: 512 Tests: 0 Failed: 0)
  Non-zero exit status: 2
  Parse errors: No plan found in TAP output
t/stringification.t (Wstat: 512 Tests: 0 Failed: 0)
  Non-zero exit status: 2
  Parse errors: No plan found in TAP output
t/trig.t           (Wstat: 512 Tests: 0 Failed: 0)
  Non-zero exit status: 2
  Parse errors: No plan found in TAP output
Files=22, Tests=2,  1 wallclock secs ( 0.05 usr  0.02 sys +  0.40 cusr  0.06 csys =  0.53 CPU)
Result: FAIL
Failed 20/22 test programs. 0/2 subtests failed.
*** Error code 2

Stop.
make: stopped in /home/cpan/pit/bare/conf/perl-5.16.2/.cpanplus/5.16.2/build/Math-LongDouble-0.14


PREREQUISITES:

Here is a list of prerequisites you specified and versions we
managed to load:

	  Module Name                        Have     Want
	  ExtUtils::MakeMaker                7.04        0

Perl module toolchain versions installed:
	Module Name                        Have
	CPANPLUS                         0.9152
	CPANPLUS::Dist::Build              0.78
	Cwd                                3.47
	ExtUtils::CBuilder             0.280220
	ExtUtils::Command                  1.17
	ExtUtils::Install                  2.04
	ExtUtils::MakeMaker                7.04
	ExtUtils::Manifest                 1.70
	ExtUtils::ParseXS                  3.24
	File::Spec                         3.47
	Module::Build                    0.4211
	Pod::Parser                        1.51
	Pod::Simple                        3.20
	Test::Harness                      3.35
	Test::More                     1.001014
	version                          0.9912

******************************** NOTE ********************************
The comments above are created mechanically, possibly without manual
checking by the sender.  As there are many people performing automatic
tests on each upload to CPAN, it is likely that you will receive
identical messages about the same problem.

If you believe that the message is mistaken, please reply to the first
one with correction and/or additional informations, and do not take
it personally.  We appreciate your patience. :)
**********************************************************************

Additional comments:


This report was machine-generated by CPANPLUS::Dist::YACSmoke 0.92.
Powered by minismokebox version 0.58

------------------------------
ENVIRONMENT AND OTHER CONTEXT
------------------------------

Environment variables:

    AUTOMATED_TESTING = 1
    NONINTERACTIVE_TESTING = 1
    PATH = /home/cpan/bin:/bin:/sbin:/usr/bin:/usr/sbin:/usr/X11R7/bin:/usr/X11R6/bin:/usr/pkg/bin:/usr/pkg/sbin:/usr/games:/usr/local/bin:/usr/local/sbin
    PERL5LIB = :/home/cpan/pit/bare/conf/perl-5.16.2/.cpanplus/5.16.2/build/Math-LongDouble-0.14/blib/lib:/home/cpan/pit/bare/conf/perl-5.16.2/.cpanplus/5.16.2/build/Math-LongDouble-0.14/blib/arch
    PERL5_CPANPLUS_IS_RUNNING = 4859
    PERL5_CPANPLUS_IS_VERSION = 0.9152
    PERL5_MINISMOKEBOX = 0.58
    PERL5_YACSMOKE_BASE = /home/cpan/pit/bare/conf/perl-5.16.2
    PERL_EXTUTILS_AUTOINSTALL = --defaultdeps
    PERL_MM_USE_DEFAULT = 1
    SHELL = /usr/pkg/bin/bash
    TERM = screen

Perl special variables (and OS-specific diagnostics, for MSWin32):

    Perl: $^X = /home/cpan/pit/bare/perl-5.16.2/bin/perl
    UID:  $<  = 1002
    EUID: $>  = 1002
    GID:  $(  = 100 100
    EGID: $)  = 100 100


-------------------------------


--

Summary of my perl5 (revision 5 version 16 subversion 2) configuration:
   
  Platform:
    osname=netbsd, osvers=6.1.4, archname=amd64-netbsd
    uname='netbsd naboo.bingosnet.co.uk 6.1.4 netbsd 6.1.4 (generic) amd64 '
    config_args='-des -Dprefix=/home/cpan/pit/bare/perl-5.16.2'
    hint=recommended, useposix=true, d_sigaction=define
    useithreads=undef, usemultiplicity=undef
    useperlio=define, d_sfio=undef, uselargefiles=define, usesocks=undef
    use64bitint=define, use64bitall=define, uselongdouble=undef
    usemymalloc=n, bincompat5005=undef
  Compiler:
    cc='cc', ccflags ='-fno-strict-aliasing -pipe -fstack-protector -I/usr/pkg/include',
    optimize='-O',
    cppflags='-fno-strict-aliasing -pipe -fstack-protector -I/usr/pkg/include'
    ccversion='', gccversion='4.5.3', gccosandvers=''
    intsize=4, longsize=8, ptrsize=8, doublesize=8, byteorder=12345678
    d_longlong=define, longlongsize=8, d_longdbl=define, longdblsize=16
    ivtype='long', ivsize=8, nvtype='double', nvsize=8, Off_t='off_t', lseeksize=8
    alignbytes=8, prototype=define
  Linker and Libraries:
    ld='cc', ldflags =' -Wl,-rpath,/usr/pkg/lib -Wl,-rpath,/usr/local/lib -fstack-protector -L/usr/pkg/lib'
    libpth=/usr/pkg/lib /lib /usr/lib
    libs=-lgdbm -lm -lcrypt -lutil -lc -lposix
    perllibs=-lm -lcrypt -lutil -lc -lposix
    libc=/lib/libc.so, so=so, useshrplib=false, libperl=libperl.a
    gnulibc_version=''
  Dynamic Linking:
    dlsrc=dl_dlopen.xs, dlext=so, d_dlsymun=undef, ccdlflags='-Wl,-E '
    cccdlflags='-DPIC -fPIC ', lddlflags='--whole-archive -shared  -L/usr/pkg/lib -fstack-protector'


Characteristics of this binary (from libperl): 
  Compile-time options: HAS_TIMES PERLIO_LAYERS PERL_DONT_CREATE_GVSV
                        PERL_MALLOC_WRAP PERL_PRESERVE_IVUV USE_64_BIT_ALL
                        USE_64_BIT_INT USE_LARGE_FILES USE_LOCALE
                        USE_LOCALE_COLLATE USE_LOCALE_CTYPE
                        USE_LOCALE_NUMERIC USE_PERLIO USE_PERL_ATOF
  Built under netbsd
  Compiled at May  9 2014 16:15:13
  %ENV:
    PERL5LIB=":/home/cpan/pit/bare/conf/perl-5.16.2/.cpanplus/5.16.2/build/Math-LongDouble-0.14/blib/lib:/home/cpan/pit/bare/conf/perl-5.16.2/.cpanplus/5.16.2/build/Math-LongDouble-0.14/blib/arch"
    PERL5_CPANPLUS_IS_RUNNING="4859"
    PERL5_CPANPLUS_IS_VERSION="0.9152"
    PERL5_MINISMOKEBOX="0.58"
    PERL5_YACSMOKE_BASE="/home/cpan/pit/bare/conf/perl-5.16.2"
    PERL_EXTUTILS_AUTOINSTALL="--defaultdeps"
    PERL_MM_USE_DEFAULT="1"
  @INC:
    /home/cpan/pit/bare/conf/perl-5.16.2/.cpanplus/5.16.2/build/Math-LongDouble-0.14/blib/lib
    /home/cpan/pit/bare/conf/perl-5.16.2/.cpanplus/5.16.2/build/Math-LongDouble-0.14/blib/arch
    /home/cpan/pit/bare/perl-5.16.2/lib/site_perl/5.16.2/amd64-netbsd
    /home/cpan/pit/bare/perl-5.16.2/lib/site_perl/5.16.2
    /home/cpan/pit/bare/perl-5.16.2/lib/5.16.2/amd64-netbsd
    /home/cpan/pit/bare/perl-5.16.2/lib/5.16.2
    .