Report for Lorem-0.22

Back
From: metabase:user:3215efbe-2aae-11df-837a-5e0a49663a4f
Subject: FAIL Lorem-0.22 v5.16.1 GNU/Linux
Date: 2013-02-23T19:56:52Z

This distribution has been tested as part of the CPAN Testers
project, supporting the Perl programming language.  See
http://wiki.cpantesters.org/ for more information or email
questions to cpan-testers-discuss@perl.org


--
Dear Jeffrey Ray Hallock,

This is a computer-generated report for Lorem-0.22
on perl 5.16.1, created by CPAN-Reporter-1.2009.

Thank you for uploading your work to CPAN.  However, there was a problem
testing your distribution.

If you think this report is invalid, please consult the CPAN Testers Wiki
for suggestions on how to avoid getting FAIL reports for missing library
or binary dependencies, unsupported operating systems, and so on:

http://wiki.cpantesters.org/wiki/CPANAuthorNotes

Sections of this report:

    * Tester comments
    * Program output
    * Prerequisites
    * Environment and other context

------------------------------
TESTER COMMENTS
------------------------------

Additional comments from tester:

this report is from an automated smoke testing program
and was not reviewed by a human for accuracy

------------------------------
PROGRAM OUTPUT
------------------------------

Output from '/usr/bin/make test':

PERL_DL_NONLAZY=1 /opt/perl/nothreads/5.16.1/bin/perl "-MExtUtils::Command::MM" "-e" "test_harness(0, 'blib/lib', 'blib/arch')" t/*.t
defined(@array) is deprecated at /opt/perl/nothreads/5.16.1/lib/site_perl/5.16.1/x86_64-linux/PPI/XS.pm line 45.
	(Maybe you should just omit the defined()?)
t/001_document.t ............ ok
defined(@array) is deprecated at /opt/perl/nothreads/5.16.1/lib/site_perl/5.16.1/x86_64-linux/PPI/XS.pm line 45.
	(Maybe you should just omit the defined()?)
t/002_pdf_surface.t ......... ok
Can't locate Gtk2.pm in @INC (@INC contains: /home/tf/.cpan/build/Lorem-0.22-Dx1Mgh/blib/lib /home/tf/.cpan/build/Lorem-0.22-Dx1Mgh/blib/arch /opt/perl/nothreads/5.16.1/lib/site_perl/5.16.1/x86_64-linux /opt/perl/nothreads/5.16.1/lib/site_perl/5.16.1 /opt/perl/nothreads/5.16.1/lib/5.16.1/x86_64-linux /opt/perl/nothreads/5.16.1/lib/5.16.1 .) at t/003_print_operation.t line 14.
BEGIN failed--compilation aborted at t/003_print_operation.t line 14.
t/003_print_operation.t ..... 
Dubious, test returned 2 (wstat 512, 0x200)
No subtests run 
defined(@array) is deprecated at /opt/perl/nothreads/5.16.1/lib/site_perl/5.16.1/x86_64-linux/PPI/XS.pm line 45.
	(Maybe you should just omit the defined()?)
t/011_box_element.t ......... ok
defined(@array) is deprecated at /opt/perl/nothreads/5.16.1/lib/site_perl/5.16.1/x86_64-linux/PPI/XS.pm line 45.
	(Maybe you should just omit the defined()?)
t/012_div.t ................. ok
defined(@array) is deprecated at /opt/perl/nothreads/5.16.1/lib/site_perl/5.16.1/x86_64-linux/PPI/XS.pm line 45.
	(Maybe you should just omit the defined()?)
t/013_div_relative_width.t .. ok
defined(@array) is deprecated at /opt/perl/nothreads/5.16.1/lib/site_perl/5.16.1/x86_64-linux/PPI/XS.pm line 45.
	(Maybe you should just omit the defined()?)
t/014_table.t ............... ok
t/100_style.t ............... ok
t/101_style_dimensions.t .... ok
t/102_style_borders.t ....... ok
t/103_style_padding.t ....... ok
t/104_style_margin.t ........ ok
t/150_style_parsing.t ....... ok
t/151_style_parsing.t ....... ok
defined(@array) is deprecated at /opt/perl/nothreads/5.16.1/lib/site_perl/5.16.1/x86_64-linux/PPI/XS.pm line 45.
	(Maybe you should just omit the defined()?)
Can't locate Gtk2.pm in @INC (@INC contains: /home/tf/.cpan/build/Lorem-0.22-Dx1Mgh/blib/lib /home/tf/.cpan/build/Lorem-0.22-Dx1Mgh/blib/arch /opt/perl/nothreads/5.16.1/lib/site_perl/5.16.1/x86_64-linux /opt/perl/nothreads/5.16.1/lib/site_perl/5.16.1 /opt/perl/nothreads/5.16.1/lib/5.16.1/x86_64-linux /opt/perl/nothreads/5.16.1/lib/5.16.1 .) at /home/tf/.cpan/build/Lorem-0.22-Dx1Mgh/blib/lib/Lorem/Surface/PrintOperation.pm line 10.
BEGIN failed--compilation aborted at /home/tf/.cpan/build/Lorem-0.22-Dx1Mgh/blib/lib/Lorem/Surface/PrintOperation.pm line 10.
Compilation failed in require at /home/tf/.cpan/build/Lorem-0.22-Dx1Mgh/blib/lib/Lorem.pm line 10.
BEGIN failed--compilation aborted at /home/tf/.cpan/build/Lorem-0.22-Dx1Mgh/blib/lib/Lorem.pm line 10.
Compilation failed in require at t/152_style_coercion.t line 8.
BEGIN failed--compilation aborted at t/152_style_coercion.t line 8.
# Looks like your test exited with 2 before it could output anything.
t/152_style_coercion.t ...... 
Dubious, test returned 2 (wstat 512, 0x200)
Failed 10/10 subtests 
defined(@array) is deprecated at /opt/perl/nothreads/5.16.1/lib/site_perl/5.16.1/x86_64-linux/PPI/XS.pm line 45.
	(Maybe you should just omit the defined()?)

#   Failed test 'use Lorem;'
#   at t/200_lorum.t line 7.
#     Tried to use 'Lorem'.
#     Error:  Can't locate Gtk2.pm in @INC (@INC contains: /home/tf/.cpan/build/Lorem-0.22-Dx1Mgh/blib/lib /home/tf/.cpan/build/Lorem-0.22-Dx1Mgh/blib/arch /opt/perl/nothreads/5.16.1/lib/site_perl/5.16.1/x86_64-linux /opt/perl/nothreads/5.16.1/lib/site_perl/5.16.1 /opt/perl/nothreads/5.16.1/lib/5.16.1/x86_64-linux /opt/perl/nothreads/5.16.1/lib/5.16.1 .) at /home/tf/.cpan/build/Lorem-0.22-Dx1Mgh/blib/lib/Lorem/Surface/PrintOperation.pm line 10.
# BEGIN failed--compilation aborted at /home/tf/.cpan/build/Lorem-0.22-Dx1Mgh/blib/lib/Lorem/Surface/PrintOperation.pm line 10.
# Compilation failed in require at /home/tf/.cpan/build/Lorem-0.22-Dx1Mgh/blib/lib/Lorem.pm line 10.
# BEGIN failed--compilation aborted at /home/tf/.cpan/build/Lorem-0.22-Dx1Mgh/blib/lib/Lorem.pm line 10.
# Compilation failed in require at (eval 10) line 2.
# BEGIN failed--compilation aborted at (eval 10) line 2.
Can't locate object method "new_document" via package "Lorem" at t/200_lorum.t line 13.
# Looks like you failed 1 test of 1.
# Looks like your test exited with 255 just after 1.
t/200_lorum.t ............... 
Dubious, test returned 255 (wstat 65280, 0xff00)
Failed 1/1 subtests 

Test Summary Report
-------------------
t/003_print_operation.t   (Wstat: 512 Tests: 0 Failed: 0)
  Non-zero exit status: 2
  Parse errors: No plan found in TAP output
t/152_style_coercion.t    (Wstat: 512 Tests: 0 Failed: 0)
  Non-zero exit status: 2
  Parse errors: Bad plan.  You planned 10 tests but ran 0.
t/200_lorum.t             (Wstat: 65280 Tests: 1 Failed: 1)
  Failed test:  1
  Non-zero exit status: 255
Files=16, Tests=115, 11 wallclock secs ( 0.04 usr  0.04 sys +  9.98 cusr  0.52 csys = 10.58 CPU)
Result: FAIL
Failed 3/16 test programs. 1/115 subtests failed.
make: *** [test_dynamic] Error 255

------------------------------
PREREQUISITES
------------------------------

Prerequisite modules loaded:

requires:

    Module                         Need Have    
    ------------------------------ ---- --------
    Cairo                          0    1.103   
    Moose                          0    2.0604  
    MooseX::Clone                  0    0.05    
    MooseX::Role::Parameterized    0    1.00    
    MooseX::SemiAffordanceAccessor 0    0.09    
    MooseX::StrictConstructor      0    0.19    
    MooseX::Types                  0    0.35    
    Pango                          0    1.224   
    Readonly                       0    1.03    
    TryCatch                       0    1.003000

configure_requires:

    Module                         Need Have    
    ------------------------------ ---- --------
    ExtUtils::MakeMaker            6.30 6.64    


------------------------------
ENVIRONMENT AND OTHER CONTEXT
------------------------------

Environment variables:

    AUTOMATED_TESTING = 1
    LANG = C
    PATH = /opt/perl/nothreads/5.16.1/bin:/usr/local/sbin:/usr/local/bin:/usr/sbin:/usr/bin:/sbin:/bin:/usr/games
    PERL5LIB = 
    PERL5OPT = 
    PERL5_CPANPLUS_IS_RUNNING = 18604
    PERL5_CPAN_IS_RUNNING = 18604
    PERL5_CPAN_IS_RUNNING_IN_RECURSION = 1986,18604
    PERL_CR_SMOKER_CURRENT = Lorem-0.22
    PERL_EXTUTILS_AUTOINSTALL = --defaultdeps
    PERL_MM_USE_DEFAULT = 1
    SHELL = /bin/bash
    TERM = screen

Perl special variables (and OS-specific diagnostics, for MSWin32):

    $^X = /opt/perl/nothreads/5.16.1/bin/perl
    $UID/$EUID = 1000 / 1000
    $GID = 1000 4 24 27 30 46 112 113 1000
    $EGID = 1000 4 24 27 30 46 112 113 1000

Perl module toolchain versions installed:

    Module              Have    
    ------------------- --------
    CPAN                2.00    
    CPAN::Meta          2.120921
    Cwd                 3.40    
    ExtUtils::CBuilder  0.280205
    ExtUtils::Command   1.17    
    ExtUtils::Install   1.54    
    ExtUtils::MakeMaker 6.64    
    ExtUtils::Manifest  1.61    
    ExtUtils::ParseXS   3.18    
    File::Spec          3.40    
    JSON                2.53    
    JSON::PP            2.27200 
    Module::Build       0.4003  
    Module::Signature   0.70    
    Parse::CPAN::Meta   1.4404  
    Test::Harness       3.26    
    Test::More          0.98    
    YAML                0.84    
    YAML::Syck          1.23_01 
    version             0.9901  


--

Summary of my perl5 (revision 5 version 16 subversion 1) configuration:
   
  Platform:
    osname=linux, osvers=3.2.0-31-virtual, archname=x86_64-linux
    uname='linux cpansmoker 3.2.0-31-virtual #50-ubuntu smp fri sep 7 16:36:36 utc 2012 x86_64 x86_64 x86_64 gnulinux '
    config_args='-des -Dprefix=/opt/perl/nothreads/5.16.1'
    hint=recommended, useposix=true, d_sigaction=define
    useithreads=undef, usemultiplicity=undef
    useperlio=define, d_sfio=undef, uselargefiles=define, usesocks=undef
    use64bitint=define, use64bitall=define, uselongdouble=undef
    usemymalloc=n, bincompat5005=undef
  Compiler:
    cc='cc', ccflags ='-fno-strict-aliasing -pipe -fstack-protector -I/usr/local/include -D_LARGEFILE_SOURCE -D_FILE_OFFSET_BITS=64',
    optimize='-O2',
    cppflags='-fno-strict-aliasing -pipe -fstack-protector -I/usr/local/include'
    ccversion='', gccversion='4.6.3', gccosandvers=''
    intsize=4, longsize=8, ptrsize=8, doublesize=8, byteorder=12345678
    d_longlong=define, longlongsize=8, d_longdbl=define, longdblsize=16
    ivtype='long', ivsize=8, nvtype='double', nvsize=8, Off_t='off_t', lseeksize=8
    alignbytes=8, prototype=define
  Linker and Libraries:
    ld='cc', ldflags =' -fstack-protector -L/usr/local/lib'
    libpth=/usr/local/lib /lib/x86_64-linux-gnu /lib/../lib /usr/lib/x86_64-linux-gnu /usr/lib/../lib /lib /usr/lib
    libs=-lnsl -lgdbm -ldb -ldl -lm -lcrypt -lutil -lc -lgdbm_compat
    perllibs=-lnsl -ldl -lm -lcrypt -lutil -lc
    libc=, so=so, useshrplib=false, libperl=libperl.a
    gnulibc_version='2.15'
  Dynamic Linking:
    dlsrc=dl_dlopen.xs, dlext=so, d_dlsymun=undef, ccdlflags='-Wl,-E'
    cccdlflags='-fPIC', lddlflags='-shared -O2 -L/usr/local/lib -fstack-protector'


Characteristics of this binary (from libperl): 
  Compile-time options: HAS_TIMES PERLIO_LAYERS PERL_DONT_CREATE_GVSV
                        PERL_MALLOC_WRAP PERL_PRESERVE_IVUV USE_64_BIT_ALL
                        USE_64_BIT_INT USE_LARGE_FILES USE_LOCALE
                        USE_LOCALE_COLLATE USE_LOCALE_CTYPE
                        USE_LOCALE_NUMERIC USE_PERLIO USE_PERL_ATOF
  Built under linux
  Compiled at Oct  7 2012 11:40:56
  %ENV:
    PERL5LIB=""
    PERL5OPT=""
    PERL5_CPANPLUS_IS_RUNNING="18604"
    PERL5_CPAN_IS_RUNNING="18604"
    PERL5_CPAN_IS_RUNNING_IN_RECURSION="1986,18604"
    PERL_CR_SMOKER_CURRENT="Lorem-0.22"
    PERL_EXTUTILS_AUTOINSTALL="--defaultdeps"
    PERL_MM_USE_DEFAULT="1"
  @INC:
    /opt/perl/nothreads/5.16.1/lib/site_perl/5.16.1/x86_64-linux
    /opt/perl/nothreads/5.16.1/lib/site_perl/5.16.1
    /opt/perl/nothreads/5.16.1/lib/5.16.1/x86_64-linux
    /opt/perl/nothreads/5.16.1/lib/5.16.1
    .