Report for DBIx-Class-Schema-Loader-0.07025

Back
From: metabase:user:320bfe00-2aae-11df-837a-5e0a49663a4f
Subject: FAIL DBIx-Class-Schema-Loader-0.07025 v5.17.2 GNU/Linux
Date: 2012-06-25T09:43:02Z

This distribution has been tested as part of the CPAN Testers
project, supporting the Perl programming language.  See
http://wiki.cpantesters.org/ for more information or email
questions to cpan-testers-discuss@perl.org


--
Dear Rafael Kitover,

This is a computer-generated report for DBIx-Class-Schema-Loader-0.07025
on perl 5.17.2, created by CPAN-Reporter-1.2006.

Thank you for uploading your work to CPAN.  However, there was a problem
testing your distribution.

If you think this report is invalid, please consult the CPAN Testers Wiki
for suggestions on how to avoid getting FAIL reports for missing library
or binary dependencies, unsupported operating systems, and so on:

http://wiki.cpantesters.org/wiki/CPANAuthorNotes

Sections of this report:

    * Tester comments
    * Program output
    * Prerequisites
    * Environment and other context

------------------------------
TESTER COMMENTS
------------------------------

Additional comments from tester:

this report is from an automated smoke testing program
and was not reviewed by a human for accuracy

------------------------------
PROGRAM OUTPUT
------------------------------

Output from '/usr/bin/make test':

PERL_DL_NONLAZY=1 /mnt/k75/homesand/src/perl/repoperls/installed-perls/perl/v5.17.1-102-g7a251f7/9980/bin/perl "-MExtUtils::Command::MM" "-e" "test_harness(0, 'inc', 'blib/lib', 'blib/arch')" t/*.t t/backcompat/0.04006/*.t
Unescaped left brace in regex is deprecated, passed through in regex; marked by <-- HERE in m/^"?([^{"]+)"?: { <-- HERE  (.*) }/ at /home/src/perl/repoperls/installed-perls/perl/v5.17.1-102-g7a251f7/9980/lib/site_perl/5.17.2/Lingua/EN/Tagger.pm line 926.
Unescaped left brace in regex is deprecated, passed through in regex; marked by <-- HERE in m/^"?([^{"]+)"?: { <-- HERE  (.*) }/ at /home/src/perl/repoperls/installed-perls/perl/v5.17.1-102-g7a251f7/9980/lib/site_perl/5.17.2/Lingua/EN/Tagger.pm line 955.
t/01use.t ............................... ok
t/02pod.t ............................... ok

#   Failed test 'Correct number of warnings'
#   at t/lib/dbixcsl_common_tests.pm line 323.
#          got: '11'
#     expected: '9'
# Unescaped left brace in regex is deprecated, passed through in regex; marked by <-- HERE in m/^"?([^{"]+)"?: { <-- HERE  (.*) }/ at /home/src/perl/repoperls/installed-perls/perl/v5.17.1-102-g7a251f7/9980/lib/site_perl/5.17.2/Lingua/EN/Tagger.pm line 926.
# Unescaped left brace in regex is deprecated, passed through in regex; marked by <-- HERE in m/^"?([^{"]+)"?: { <-- HERE  (.*) }/ at /home/src/perl/repoperls/installed-perls/perl/v5.17.1-102-g7a251f7/9980/lib/site_perl/5.17.2/Lingua/EN/Tagger.pm line 955.
# Column 'dbix_class_testcomponent' in table 'loader_test2' collides with an inherited method.
# See "COLUMN ACCESSOR COLLISIONS" in perldoc DBIx::Class::Schema::Loader::Base .
# Column 'dbix_class_testcomponentmap' in table 'loader_test2' collides with an inherited method.
# See "COLUMN ACCESSOR COLLISIONS" in perldoc DBIx::Class::Schema::Loader::Base .
# Column 'testcomponent_fqn' in table 'loader_test2' collides with an inherited method.
# See "COLUMN ACCESSOR COLLISIONS" in perldoc DBIx::Class::Schema::Loader::Base .
# Column 'set_primary_key' in table 'loader_test2' collides with an inherited method.
# See "COLUMN ACCESSOR COLLISIONS" in perldoc DBIx::Class::Schema::Loader::Base .
# Column 'set_primary_key' in table 'loader_test4' collides with an inherited method.
# See "COLUMN ACCESSOR COLLISIONS" in perldoc DBIx::Class::Schema::Loader::Base .
# Column 'belongs_to' in table 'loader_test4' collides with an inherited method.
# See "COLUMN ACCESSOR COLLISIONS" in perldoc DBIx::Class::Schema::Loader::Base .
# Relationship 'belongs_to' in source 'LoaderTest4' for columns 'belongs_to' collides with an inherited method. Renaming to 'belongs_to_rel'.
# See "RELATIONSHIP NAME COLLISIONS" in perldoc DBIx::Class::Schema::Loader::Base .
# Dumping manual schema for DBIXCSL_Test::Schema to directory t/var/common_dump ...
# Schema dump completed.
# Looks like you failed 1 test of 286.
t/10_01sqlite_common.t .................. 
Dubious, test returned 1 (wstat 256, 0x100)
Failed 1/286 subtests 
	(less 2 skipped subtests: 283 okay)
t/10_02mysql_common.t ................... skipped: You need to set the DBICTEST_MYSQL_DSN, DBICTEST_MYSQL_USER, and DBICTEST_MYSQL_PASS environment variables
t/10_03pg_common.t ...................... skipped: You need to set the DBICTEST_PG_DSN, _USER, and _PASS environment variables
t/10_04db2_common.t ..................... skipped: You need to set the DBICTEST_DB2_DSN, _USER, and _PASS environment variables
Unescaped left brace in regex is deprecated, passed through in regex; marked by <-- HERE in m/^"?([^{"]+)"?: { <-- HERE  (.*) }/ at /home/src/perl/repoperls/installed-perls/perl/v5.17.1-102-g7a251f7/9980/lib/site_perl/5.17.2/Lingua/EN/Tagger.pm line 926.
Unescaped left brace in regex is deprecated, passed through in regex; marked by <-- HERE in m/^"?([^{"]+)"?: { <-- HERE  (.*) }/ at /home/src/perl/repoperls/installed-perls/perl/v5.17.1-102-g7a251f7/9980/lib/site_perl/5.17.2/Lingua/EN/Tagger.pm line 955.
t/10_05ora_common.t ..................... skipped: You need to set the DBICTEST_ORA_DSN, _USER, and _PASS environment variables
t/10_06sybase_common.t .................. skipped: You need to set the DBICTEST_SYBASE_DSN, _USER, and _PASS environment variables
t/10_07mssql_common.t ................... skipped: You need to set the DBICTEST_MSSQL_DSN, _USER and _PASS and/or the DBICTEST_MSSQL_ODBC_DSN, _USER and _PASS environment variables
t/10_08sqlanywhere_common.t ............. skipped: You need to set the DBICTEST_SQLANYWHERE_DSN, _USER and _PASS and/or the DBICTEST_SQLANYWHERE_ODBC_DSN, _USER and _PASS environment variables
t/10_09firebird_common.t ................ skipped: You need to set the DBICTEST_FIREBIRD_DSN, _USER and _PASS and/or the DBICTEST_FIREBIRD_INTERBASE_DSN and/or the DBICTEST_FIREBIRD_ODBC_DSN environment variables
Unescaped left brace in regex is deprecated, passed through in regex; marked by <-- HERE in m/^"?([^{"]+)"?: { <-- HERE  (.*) }/ at /home/src/perl/repoperls/installed-perls/perl/v5.17.1-102-g7a251f7/9980/lib/site_perl/5.17.2/Lingua/EN/Tagger.pm line 926.
Unescaped left brace in regex is deprecated, passed through in regex; marked by <-- HERE in m/^"?([^{"]+)"?: { <-- HERE  (.*) }/ at /home/src/perl/repoperls/installed-perls/perl/v5.17.1-102-g7a251f7/9980/lib/site_perl/5.17.2/Lingua/EN/Tagger.pm line 955.
t/10_10informix_common.t ................ skipped: You need to set the DBICTEST_INFORMIX_DSN, _USER, and _PASS environment variables
Unescaped left brace in regex is deprecated, passed through in regex; marked by <-- HERE in m/^"?([^{"]+)"?: { <-- HERE  (.*) }/ at /home/src/perl/repoperls/installed-perls/perl/v5.17.1-102-g7a251f7/9980/lib/site_perl/5.17.2/Lingua/EN/Tagger.pm line 926.
Unescaped left brace in regex is deprecated, passed through in regex; marked by <-- HERE in m/^"?([^{"]+)"?: { <-- HERE  (.*) }/ at /home/src/perl/repoperls/installed-perls/perl/v5.17.1-102-g7a251f7/9980/lib/site_perl/5.17.2/Lingua/EN/Tagger.pm line 955.
t/10_11msaccess_common.t ................ skipped: You need to set the DBICTEST_MSACCESS_ODBC_DSN, and optionally _USER and _PASS and/or the DBICTEST_MSACCESS_ADO_DSN, and optionally _USER and _PASS environment variables
Unescaped left brace in regex is deprecated, passed through in regex; marked by <-- HERE in m/^"?([^{"]+)"?: { <-- HERE  (.*) }/ at /home/src/perl/repoperls/installed-perls/perl/v5.17.1-102-g7a251f7/9980/lib/site_perl/5.17.2/Lingua/EN/Tagger.pm line 926.
Unescaped left brace in regex is deprecated, passed through in regex; marked by <-- HERE in m/^"?([^{"]+)"?: { <-- HERE  (.*) }/ at /home/src/perl/repoperls/installed-perls/perl/v5.17.1-102-g7a251f7/9980/lib/site_perl/5.17.2/Lingua/EN/Tagger.pm line 955.
t/20invocations.t ....................... ok
Unescaped left brace in regex is deprecated, passed through in regex; marked by <-- HERE in m/^"?([^{"]+)"?: { <-- HERE  (.*) }/ at /home/src/perl/repoperls/installed-perls/perl/v5.17.1-102-g7a251f7/9980/lib/site_perl/5.17.2/Lingua/EN/Tagger.pm line 926.
Unescaped left brace in regex is deprecated, passed through in regex; marked by <-- HERE in m/^"?([^{"]+)"?: { <-- HERE  (.*) }/ at /home/src/perl/repoperls/installed-perls/perl/v5.17.1-102-g7a251f7/9980/lib/site_perl/5.17.2/Lingua/EN/Tagger.pm line 955.
t/21misc_fatal.t ........................ ok
Unescaped left brace in regex is deprecated, passed through in regex; marked by <-- HERE in m/^"?([^{"]+)"?: { <-- HERE  (.*) }/ at /home/src/perl/repoperls/installed-perls/perl/v5.17.1-102-g7a251f7/9980/lib/site_perl/5.17.2/Lingua/EN/Tagger.pm line 926.
Unescaped left brace in regex is deprecated, passed through in regex; marked by <-- HERE in m/^"?([^{"]+)"?: { <-- HERE  (.*) }/ at /home/src/perl/repoperls/installed-perls/perl/v5.17.1-102-g7a251f7/9980/lib/site_perl/5.17.2/Lingua/EN/Tagger.pm line 955.
t/22dump.t .............................. ok
Unescaped left brace in regex is deprecated, passed through in regex; marked by <-- HERE in m/\n=head2 footext\n\n  data_type: 'text'\n  default_value: 'footext'\n  extra: { <-- HERE is_footext => 1}\n  is_nullable: 1\n\n/ at t/23dumpmore.t line 192.
Unescaped left brace in regex is deprecated, passed through in regex; marked by <-- HERE in m/sub custom_method { <-- HERE  'custom_method works' }\n0;\n\n# You can replace.*\n1;\n\z/ at t/23dumpmore.t line 461.

#   Failed test 'DBICTest::Schema::_no_skip_load_external warning count'
#   at t/lib/dbixcsl_dumper_tests.pm line 176.
#          got: '2'
#     expected: '0'
# Unescaped left brace in regex is deprecated, passed through in regex; marked by <-- HERE in m/^"?([^{"]+)"?: { <-- HERE  (.*) }/ at /home/src/perl/repoperls/installed-perls/perl/v5.17.1-102-g7a251f7/9980/lib/site_perl/5.17.2/Lingua/EN/Tagger.pm line 926.
# Unescaped left brace in regex is deprecated, passed through in regex; marked by <-- HERE in m/^"?([^{"]+)"?: { <-- HERE  (.*) }/ at /home/src/perl/repoperls/installed-perls/perl/v5.17.1-102-g7a251f7/9980/lib/site_perl/5.17.2/Lingua/EN/Tagger.pm line 955.

#   Failed test 'DBICTest::Schema::_no_skip_load_external warning count'
#   at t/lib/dbixcsl_dumper_tests.pm line 176.
#          got: '2'
#     expected: '0'
# Unescaped left brace in regex is deprecated, passed through in regex; marked by <-- HERE in m/^"?([^{"]+)"?: { <-- HERE  (.*) }/ at /home/src/perl/repoperls/installed-perls/perl/v5.17.1-102-g7a251f7/9980/lib/site_perl/5.17.2/Lingua/EN/Tagger.pm line 926.
# Unescaped left brace in regex is deprecated, passed through in regex; marked by <-- HERE in m/^"?([^{"]+)"?: { <-- HERE  (.*) }/ at /home/src/perl/repoperls/installed-perls/perl/v5.17.1-102-g7a251f7/9980/lib/site_perl/5.17.2/Lingua/EN/Tagger.pm line 955.

#   Failed test 'DBICTest::Schema::_skip_load_external warning count'
#   at t/lib/dbixcsl_dumper_tests.pm line 176.
#          got: '2'
#     expected: '0'
# Unescaped left brace in regex is deprecated, passed through in regex; marked by <-- HERE in m/^"?([^{"]+)"?: { <-- HERE  (.*) }/ at /home/src/perl/repoperls/installed-perls/perl/v5.17.1-102-g7a251f7/9980/lib/site_perl/5.17.2/Lingua/EN/Tagger.pm line 926.
# Unescaped left brace in regex is deprecated, passed through in regex; marked by <-- HERE in m/^"?([^{"]+)"?: { <-- HERE  (.*) }/ at /home/src/perl/repoperls/installed-perls/perl/v5.17.1-102-g7a251f7/9980/lib/site_perl/5.17.2/Lingua/EN/Tagger.pm line 955.

#   Failed test 'DBICTest::Schema::_config_file warning count'
#   at t/lib/dbixcsl_dumper_tests.pm line 176.
#          got: '2'
#     expected: '0'
# Unescaped left brace in regex is deprecated, passed through in regex; marked by <-- HERE in m/^"?([^{"]+)"?: { <-- HERE  (.*) }/ at /home/src/perl/repoperls/installed-perls/perl/v5.17.1-102-g7a251f7/9980/lib/site_perl/5.17.2/Lingua/EN/Tagger.pm line 926.
# Unescaped left brace in regex is deprecated, passed through in regex; marked by <-- HERE in m/^"?([^{"]+)"?: { <-- HERE  (.*) }/ at /home/src/perl/repoperls/installed-perls/perl/v5.17.1-102-g7a251f7/9980/lib/site_perl/5.17.2/Lingua/EN/Tagger.pm line 955.

#   Failed test 'DBICTest::Schema::_clashing_monikers warning count'
#   at t/lib/dbixcsl_dumper_tests.pm line 176.
#          got: '2'
#     expected: '0'
# Unescaped left brace in regex is deprecated, passed through in regex; marked by <-- HERE in m/^"?([^{"]+)"?: { <-- HERE  (.*) }/ at /home/src/perl/repoperls/installed-perls/perl/v5.17.1-102-g7a251f7/9980/lib/site_perl/5.17.2/Lingua/EN/Tagger.pm line 926.
# Unescaped left brace in regex is deprecated, passed through in regex; marked by <-- HERE in m/^"?([^{"]+)"?: { <-- HERE  (.*) }/ at /home/src/perl/repoperls/installed-perls/perl/v5.17.1-102-g7a251f7/9980/lib/site_perl/5.17.2/Lingua/EN/Tagger.pm line 955.

#   Failed test 'DBICTest::Schema::_preserve_column_accessors warning count'
#   at t/lib/dbixcsl_dumper_tests.pm line 176.
#          got: '2'
#     expected: '0'
# Unescaped left brace in regex is deprecated, passed through in regex; marked by <-- HERE in m/^"?([^{"]+)"?: { <-- HERE  (.*) }/ at /home/src/perl/repoperls/installed-perls/perl/v5.17.1-102-g7a251f7/9980/lib/site_perl/5.17.2/Lingua/EN/Tagger.pm line 926.
# Unescaped left brace in regex is deprecated, passed through in regex; marked by <-- HERE in m/^"?([^{"]+)"?: { <-- HERE  (.*) }/ at /home/src/perl/repoperls/installed-perls/perl/v5.17.1-102-g7a251f7/9980/lib/site_perl/5.17.2/Lingua/EN/Tagger.pm line 955.

#   Failed test 'DBICTest::Schema::_sorted_rels warning count'
#   at t/lib/dbixcsl_dumper_tests.pm line 176.
#          got: '2'
#     expected: '0'
# Unescaped left brace in regex is deprecated, passed through in regex; marked by <-- HERE in m/^"?([^{"]+)"?: { <-- HERE  (.*) }/ at /home/src/perl/repoperls/installed-perls/perl/v5.17.1-102-g7a251f7/9980/lib/site_perl/5.17.2/Lingua/EN/Tagger.pm line 926.
# Unescaped left brace in regex is deprecated, passed through in regex; marked by <-- HERE in m/^"?([^{"]+)"?: { <-- HERE  (.*) }/ at /home/src/perl/repoperls/installed-perls/perl/v5.17.1-102-g7a251f7/9980/lib/site_perl/5.17.2/Lingua/EN/Tagger.pm line 955.

#   Failed test 'DBICTest::Schema::_sorted_uniqs warning count'
#   at t/lib/dbixcsl_dumper_tests.pm line 176.
#          got: '2'
#     expected: '0'
# Unescaped left brace in regex is deprecated, passed through in regex; marked by <-- HERE in m/^"?([^{"]+)"?: { <-- HERE  (.*) }/ at /home/src/perl/repoperls/installed-perls/perl/v5.17.1-102-g7a251f7/9980/lib/site_perl/5.17.2/Lingua/EN/Tagger.pm line 926.
# Unescaped left brace in regex is deprecated, passed through in regex; marked by <-- HERE in m/^"?([^{"]+)"?: { <-- HERE  (.*) }/ at /home/src/perl/repoperls/installed-perls/perl/v5.17.1-102-g7a251f7/9980/lib/site_perl/5.17.2/Lingua/EN/Tagger.pm line 955.

#   Failed test 'DBICTest::Schema::_plural_monikers warning count'
#   at t/lib/dbixcsl_dumper_tests.pm line 176.
#          got: '2'
#     expected: '0'
# Unescaped left brace in regex is deprecated, passed through in regex; marked by <-- HERE in m/^"?([^{"]+)"?: { <-- HERE  (.*) }/ at /home/src/perl/repoperls/installed-perls/perl/v5.17.1-102-g7a251f7/9980/lib/site_perl/5.17.2/Lingua/EN/Tagger.pm line 926.
# Unescaped left brace in regex is deprecated, passed through in regex; marked by <-- HERE in m/^"?([^{"]+)"?: { <-- HERE  (.*) }/ at /home/src/perl/repoperls/installed-perls/perl/v5.17.1-102-g7a251f7/9980/lib/site_perl/5.17.2/Lingua/EN/Tagger.pm line 955.

#   Failed test 'DBICTest::Schema::_singular_monikers warning count'
#   at t/lib/dbixcsl_dumper_tests.pm line 176.
#          got: '2'
#     expected: '0'
# Unescaped left brace in regex is deprecated, passed through in regex; marked by <-- HERE in m/^"?([^{"]+)"?: { <-- HERE  (.*) }/ at /home/src/perl/repoperls/installed-perls/perl/v5.17.1-102-g7a251f7/9980/lib/site_perl/5.17.2/Lingua/EN/Tagger.pm line 926.
# Unescaped left brace in regex is deprecated, passed through in regex; marked by <-- HERE in m/^"?([^{"]+)"?: { <-- HERE  (.*) }/ at /home/src/perl/repoperls/installed-perls/perl/v5.17.1-102-g7a251f7/9980/lib/site_perl/5.17.2/Lingua/EN/Tagger.pm line 955.

#   Failed test 'DBICTest::Schema::_preserve_monikers warning count'
#   at t/lib/dbixcsl_dumper_tests.pm line 176.
#          got: '2'
#     expected: '0'
# Unescaped left brace in regex is deprecated, passed through in regex; marked by <-- HERE in m/^"?([^{"]+)"?: { <-- HERE  (.*) }/ at /home/src/perl/repoperls/installed-perls/perl/v5.17.1-102-g7a251f7/9980/lib/site_perl/5.17.2/Lingua/EN/Tagger.pm line 926.
# Unescaped left brace in regex is deprecated, passed through in regex; marked by <-- HERE in m/^"?([^{"]+)"?: { <-- HERE  (.*) }/ at /home/src/perl/repoperls/installed-perls/perl/v5.17.1-102-g7a251f7/9980/lib/site_perl/5.17.2/Lingua/EN/Tagger.pm line 955.

#   Failed test 'DBICTest::DumpMore::1 warning count'
#   at t/lib/dbixcsl_dumper_tests.pm line 176.
#          got: '2'
#     expected: '0'
# Unescaped left brace in regex is deprecated, passed through in regex; marked by <-- HERE in m/^"?([^{"]+)"?: { <-- HERE  (.*) }/ at /home/src/perl/repoperls/installed-perls/perl/v5.17.1-102-g7a251f7/9980/lib/site_perl/5.17.2/Lingua/EN/Tagger.pm line 926.
# Unescaped left brace in regex is deprecated, passed through in regex; marked by <-- HERE in m/^"?([^{"]+)"?: { <-- HERE  (.*) }/ at /home/src/perl/repoperls/installed-perls/perl/v5.17.1-102-g7a251f7/9980/lib/site_perl/5.17.2/Lingua/EN/Tagger.pm line 955.

#   Failed test 'DBICTest::DumpMore::1 warning count'
#   at t/lib/dbixcsl_dumper_tests.pm line 176.
#          got: '2'
#     expected: '0'
# Unescaped left brace in regex is deprecated, passed through in regex; marked by <-- HERE in m/^"?([^{"]+)"?: { <-- HERE  (.*) }/ at /home/src/perl/repoperls/installed-perls/perl/v5.17.1-102-g7a251f7/9980/lib/site_perl/5.17.2/Lingua/EN/Tagger.pm line 926.
# Unescaped left brace in regex is deprecated, passed through in regex; marked by <-- HERE in m/^"?([^{"]+)"?: { <-- HERE  (.*) }/ at /home/src/perl/repoperls/installed-perls/perl/v5.17.1-102-g7a251f7/9980/lib/site_perl/5.17.2/Lingua/EN/Tagger.pm line 955.

#   Failed test 'DBICTest::DumpMore::1 warning count'
#   at t/lib/dbixcsl_dumper_tests.pm line 176.
#          got: '2'
#     expected: '0'
# Unescaped left brace in regex is deprecated, passed through in regex; marked by <-- HERE in m/^"?([^{"]+)"?: { <-- HERE  (.*) }/ at /home/src/perl/repoperls/installed-perls/perl/v5.17.1-102-g7a251f7/9980/lib/site_perl/5.17.2/Lingua/EN/Tagger.pm line 926.
# Unescaped left brace in regex is deprecated, passed through in regex; marked by <-- HERE in m/^"?([^{"]+)"?: { <-- HERE  (.*) }/ at /home/src/perl/repoperls/installed-perls/perl/v5.17.1-102-g7a251f7/9980/lib/site_perl/5.17.2/Lingua/EN/Tagger.pm line 955.

#   Failed test 'DBICTest::DumpMore::1 warning count'
#   at t/lib/dbixcsl_dumper_tests.pm line 176.
#          got: '2'
#     expected: '0'
# Unescaped left brace in regex is deprecated, passed through in regex; marked by <-- HERE in m/^"?([^{"]+)"?: { <-- HERE  (.*) }/ at /home/src/perl/repoperls/installed-perls/perl/v5.17.1-102-g7a251f7/9980/lib/site_perl/5.17.2/Lingua/EN/Tagger.pm line 926.
# Unescaped left brace in regex is deprecated, passed through in regex; marked by <-- HERE in m/^"?([^{"]+)"?: { <-- HERE  (.*) }/ at /home/src/perl/repoperls/installed-perls/perl/v5.17.1-102-g7a251f7/9980/lib/site_perl/5.17.2/Lingua/EN/Tagger.pm line 955.

#   Failed test 'DBICTest::DumpMore::1 warning count'
#   at t/lib/dbixcsl_dumper_tests.pm line 176.
#          got: '3'
#     expected: '1'
# Unescaped left brace in regex is deprecated, passed through in regex; marked by <-- HERE in m/^"?([^{"]+)"?: { <-- HERE  (.*) }/ at /home/src/perl/repoperls/installed-perls/perl/v5.17.1-102-g7a251f7/9980/lib/site_perl/5.17.2/Lingua/EN/Tagger.pm line 926.
# Unescaped left brace in regex is deprecated, passed through in regex; marked by <-- HERE in m/^"?([^{"]+)"?: { <-- HERE  (.*) }/ at /home/src/perl/repoperls/installed-perls/perl/v5.17.1-102-g7a251f7/9980/lib/site_perl/5.17.2/Lingua/EN/Tagger.pm line 955.
# db_schema is not supported on SQLite, the option is implemented only for qualify_objects testing.

#   Failed test 'DBICTest::DumpMore::1 warning 0'
#   at t/lib/dbixcsl_dumper_tests.pm line 179.
#                   'Unescaped left brace in regex is deprecated, passed through in regex; marked by <-- HERE in m/^"?([^{"]+)"?: { <-- HERE  (.*) }/ at /home/src/perl/repoperls/installed-perls/perl/v5.17.1-102-g7a251f7/9980/lib/site_perl/5.17.2/Lingua/EN/Tagger.pm line 926.
# '
#     doesn't match '(?^:^db_schema is not supported on SQLite)'

#   Failed test 'DBICTest::DumpMore::1 warning count'
#   at t/lib/dbixcsl_dumper_tests.pm line 176.
#          got: '3'
#     expected: '1'
# Unescaped left brace in regex is deprecated, passed through in regex; marked by <-- HERE in m/^"?([^{"]+)"?: { <-- HERE  (.*) }/ at /home/src/perl/repoperls/installed-perls/perl/v5.17.1-102-g7a251f7/9980/lib/site_perl/5.17.2/Lingua/EN/Tagger.pm line 926.
# Unescaped left brace in regex is deprecated, passed through in regex; marked by <-- HERE in m/^"?([^{"]+)"?: { <-- HERE  (.*) }/ at /home/src/perl/repoperls/installed-perls/perl/v5.17.1-102-g7a251f7/9980/lib/site_perl/5.17.2/Lingua/EN/Tagger.pm line 955.
# db_schema is not supported on SQLite, the option is implemented only for qualify_objects testing.

#   Failed test 'DBICTest::DumpMore::1 warning 0'
#   at t/lib/dbixcsl_dumper_tests.pm line 179.
#                   'Unescaped left brace in regex is deprecated, passed through in regex; marked by <-- HERE in m/^"?([^{"]+)"?: { <-- HERE  (.*) }/ at /home/src/perl/repoperls/installed-perls/perl/v5.17.1-102-g7a251f7/9980/lib/site_perl/5.17.2/Lingua/EN/Tagger.pm line 926.
# '
#     doesn't match '(?^:^db_schema is not supported on SQLite)'

#   Failed test 'DBICTest::DumpMore::1 warning count'
#   at t/lib/dbixcsl_dumper_tests.pm line 176.
#          got: '2'
#     expected: '0'
# Unescaped left brace in regex is deprecated, passed through in regex; marked by <-- HERE in m/^"?([^{"]+)"?: { <-- HERE  (.*) }/ at /home/src/perl/repoperls/installed-perls/perl/v5.17.1-102-g7a251f7/9980/lib/site_perl/5.17.2/Lingua/EN/Tagger.pm line 926.
# Unescaped left brace in regex is deprecated, passed through in regex; marked by <-- HERE in m/^"?([^{"]+)"?: { <-- HERE  (.*) }/ at /home/src/perl/repoperls/installed-perls/perl/v5.17.1-102-g7a251f7/9980/lib/site_perl/5.17.2/Lingua/EN/Tagger.pm line 955.

#   Failed test 'DBICTest::DumpMore::1 warning count'
#   at t/lib/dbixcsl_dumper_tests.pm line 176.
#          got: '2'
#     expected: '0'
# Unescaped left brace in regex is deprecated, passed through in regex; marked by <-- HERE in m/^"?([^{"]+)"?: { <-- HERE  (.*) }/ at /home/src/perl/repoperls/installed-perls/perl/v5.17.1-102-g7a251f7/9980/lib/site_perl/5.17.2/Lingua/EN/Tagger.pm line 926.
# Unescaped left brace in regex is deprecated, passed through in regex; marked by <-- HERE in m/^"?([^{"]+)"?: { <-- HERE  (.*) }/ at /home/src/perl/repoperls/installed-perls/perl/v5.17.1-102-g7a251f7/9980/lib/site_perl/5.17.2/Lingua/EN/Tagger.pm line 955.

#   Failed test 'DBICTest::DumpMore::1 warning count'
#   at t/lib/dbixcsl_dumper_tests.pm line 176.
#          got: '2'
#     expected: '0'
# Unescaped left brace in regex is deprecated, passed through in regex; marked by <-- HERE in m/^"?([^{"]+)"?: { <-- HERE  (.*) }/ at /home/src/perl/repoperls/installed-perls/perl/v5.17.1-102-g7a251f7/9980/lib/site_perl/5.17.2/Lingua/EN/Tagger.pm line 926.
# Unescaped left brace in regex is deprecated, passed through in regex; marked by <-- HERE in m/^"?([^{"]+)"?: { <-- HERE  (.*) }/ at /home/src/perl/repoperls/installed-perls/perl/v5.17.1-102-g7a251f7/9980/lib/site_perl/5.17.2/Lingua/EN/Tagger.pm line 955.

#   Failed test 'DBICTest::DumpMore::1 warning count'
#   at t/lib/dbixcsl_dumper_tests.pm line 176.
#          got: '2'
#     expected: '0'
# Unescaped left brace in regex is deprecated, passed through in regex; marked by <-- HERE in m/^"?([^{"]+)"?: { <-- HERE  (.*) }/ at /home/src/perl/repoperls/installed-perls/perl/v5.17.1-102-g7a251f7/9980/lib/site_perl/5.17.2/Lingua/EN/Tagger.pm line 926.
# Unescaped left brace in regex is deprecated, passed through in regex; marked by <-- HERE in m/^"?([^{"]+)"?: { <-- HERE  (.*) }/ at /home/src/perl/repoperls/installed-perls/perl/v5.17.1-102-g7a251f7/9980/lib/site_perl/5.17.2/Lingua/EN/Tagger.pm line 955.

#   Failed test 'DBICTest::DumpMore::1 warning count'
#   at t/lib/dbixcsl_dumper_tests.pm line 176.
#          got: '2'
#     expected: '0'
# Unescaped left brace in regex is deprecated, passed through in regex; marked by <-- HERE in m/^"?([^{"]+)"?: { <-- HERE  (.*) }/ at /home/src/perl/repoperls/installed-perls/perl/v5.17.1-102-g7a251f7/9980/lib/site_perl/5.17.2/Lingua/EN/Tagger.pm line 926.
# Unescaped left brace in regex is deprecated, passed through in regex; marked by <-- HERE in m/^"?([^{"]+)"?: { <-- HERE  (.*) }/ at /home/src/perl/repoperls/installed-perls/perl/v5.17.1-102-g7a251f7/9980/lib/site_perl/5.17.2/Lingua/EN/Tagger.pm line 955.

#   Failed test 'DBICTest::DumpMore::Upgrade warning count'
#   at t/lib/dbixcsl_dumper_tests.pm line 176.
#          got: '2'
#     expected: '0'
# Unescaped left brace in regex is deprecated, passed through in regex; marked by <-- HERE in m/^"?([^{"]+)"?: { <-- HERE  (.*) }/ at /home/src/perl/repoperls/installed-perls/perl/v5.17.1-102-g7a251f7/9980/lib/site_perl/5.17.2/Lingua/EN/Tagger.pm line 926.
# Unescaped left brace in regex is deprecated, passed through in regex; marked by <-- HERE in m/^"?([^{"]+)"?: { <-- HERE  (.*) }/ at /home/src/perl/repoperls/installed-perls/perl/v5.17.1-102-g7a251f7/9980/lib/site_perl/5.17.2/Lingua/EN/Tagger.pm line 955.

#   Failed test 'DBICTest::DumpMore::Upgrade warning count'
#   at t/lib/dbixcsl_dumper_tests.pm line 176.
#          got: '2'
#     expected: '0'
# Unescaped left brace in regex is deprecated, passed through in regex; marked by <-- HERE in m/^"?([^{"]+)"?: { <-- HERE  (.*) }/ at /home/src/perl/repoperls/installed-perls/perl/v5.17.1-102-g7a251f7/9980/lib/site_perl/5.17.2/Lingua/EN/Tagger.pm line 926.
# Unescaped left brace in regex is deprecated, passed through in regex; marked by <-- HERE in m/^"?([^{"]+)"?: { <-- HERE  (.*) }/ at /home/src/perl/repoperls/installed-perls/perl/v5.17.1-102-g7a251f7/9980/lib/site_perl/5.17.2/Lingua/EN/Tagger.pm line 955.
# Looks like you failed 26 tests of 265.
t/23dumpmore.t .......................... 
Dubious, test returned 26 (wstat 6656, 0x1a00)
Failed 26/265 subtests 
Unescaped left brace in regex is deprecated, passed through in regex; marked by <-- HERE in m/^"?([^{"]+)"?: { <-- HERE  (.*) }/ at /home/src/perl/repoperls/installed-perls/perl/v5.17.1-102-g7a251f7/9980/lib/site_perl/5.17.2/Lingua/EN/Tagger.pm line 926.
Unescaped left brace in regex is deprecated, passed through in regex; marked by <-- HERE in m/^"?([^{"]+)"?: { <-- HERE  (.*) }/ at /home/src/perl/repoperls/installed-perls/perl/v5.17.1-102-g7a251f7/9980/lib/site_perl/5.17.2/Lingua/EN/Tagger.pm line 955.
t/24loader_subclass.t ................... ok
Unescaped left brace in regex is deprecated, passed through in regex; marked by <-- HERE in m/sub a_method { <-- HERE  'hlagh' }/ at t/25backcompat.t line 157.
Unescaped left brace in regex is deprecated, passed through in regex; marked by <-- HERE in m/sub b_method { <-- HERE  'dongs' }/ at t/25backcompat.t line 220.
Unescaped left brace in regex is deprecated, passed through in regex; marked by <-- HERE in m/sub b_method { <-- HERE  'dongs' }/ at t/25backcompat.t line 284.
Unescaped left brace in regex is deprecated, passed through in regex; marked by <-- HERE in m/sub a_method { <-- HERE  'hlagh' }/ at t/25backcompat.t line 376.
Unescaped left brace in regex is deprecated, passed through in regex; marked by <-- HERE in m/sub b_method { <-- HERE  'dongs' }/ at t/25backcompat.t line 379.
Unescaped left brace in regex is deprecated, passed through in regex; marked by <-- HERE in m/sub b_method { <-- HERE  'dongs' }/ at t/25backcompat.t line 468.
Unescaped left brace in regex is deprecated, passed through in regex; marked by <-- HERE in m/sub b_method { <-- HERE  'dongs' }/ at t/25backcompat.t line 550.
Unescaped left brace in regex is deprecated, passed through in regex; marked by <-- HERE in m/sub b_method { <-- HERE  'dongs' }/ at t/25backcompat.t line 639.
Unescaped left brace in regex is deprecated, passed through in regex; marked by <-- HERE in m/sub b_method { <-- HERE  'dongs' }/ at t/25backcompat.t line 679.
Unescaped left brace in regex is deprecated, passed through in regex; marked by <-- HERE in m/sub b_method { <-- HERE  'dongs' }/ at t/25backcompat.t line 721.
Unescaped left brace in regex is deprecated, passed through in regex; marked by <-- HERE in m/sub a_method { <-- HERE  'hlagh' }/ at t/25backcompat.t line 725.
Unescaped left brace in regex is deprecated, passed through in regex; marked by <-- HERE in m/sub b_method { <-- HERE  'dongs' }/ at t/25backcompat.t line 773.

#   Failed test 'dynamic schema in backcompat mode detected'
#   at t/25backcompat.t line 29.
#                   'Unescaped left brace in regex is deprecated, passed through in regex; marked by <-- HERE in m/^"?([^{"]+)"?: { <-- HERE  (.*) }/ at /home/src/perl/repoperls/installed-perls/perl/v5.17.1-102-g7a251f7/9980/lib/site_perl/5.17.2/Lingua/EN/Tagger.pm line 926.
# '
#     doesn't match '(?^i:dynamic schema)'

#   Failed test 'dynamic schema in 0.04006 mode warning'
#   at t/25backcompat.t line 31.
#                   'Unescaped left brace in regex is deprecated, passed through in regex; marked by <-- HERE in m/^"?([^{"]+)"?: { <-- HERE  (.*) }/ at /home/src/perl/repoperls/installed-perls/perl/v5.17.1-102-g7a251f7/9980/lib/site_perl/5.17.2/Lingua/EN/Tagger.pm line 926.
# '
#     doesn't match '(?^i:run in 0\.04006 mode)'

#   Failed test 'warning refers to upgrading doc'
#   at t/25backcompat.t line 33.
#                   'Unescaped left brace in regex is deprecated, passed through in regex; marked by <-- HERE in m/^"?([^{"]+)"?: { <-- HERE  (.*) }/ at /home/src/perl/repoperls/installed-perls/perl/v5.17.1-102-g7a251f7/9980/lib/site_perl/5.17.2/Lingua/EN/Tagger.pm line 926.
# '
#     doesn't match '(?^:DBIx::Class::Schema::Loader::Manual::UpgradingFromV4)'
# Looks like you failed 3 tests of 466.
t/25backcompat.t ........................ 
Dubious, test returned 3 (wstat 768, 0x300)
Failed 3/466 subtests 
t/26dump_use_moose.t .................... skipped: Tests needs Moose >= 1.12, MooseX::MarkAsMethods >= 0.13, MooseX::NonMoose >= 0.16, namespace::autoclean >= 0.09 (see DBIx::Class::Schema::Loader::Optional::Dependencies for details)
Unescaped left brace in regex is deprecated, passed through in regex; marked by <-- HERE in m/^"?([^{"]+)"?: { <-- HERE  (.*) }/ at /home/src/perl/repoperls/installed-perls/perl/v5.17.1-102-g7a251f7/9980/lib/site_perl/5.17.2/Lingua/EN/Tagger.pm line 926.
Unescaped left brace in regex is deprecated, passed through in regex; marked by <-- HERE in m/^"?([^{"]+)"?: { <-- HERE  (.*) }/ at /home/src/perl/repoperls/installed-perls/perl/v5.17.1-102-g7a251f7/9980/lib/site_perl/5.17.2/Lingua/EN/Tagger.pm line 955.
t/27filter_generated.t .................. ok
Unescaped left brace in regex is deprecated, passed through in regex; marked by <-- HERE in m/^"?([^{"]+)"?: { <-- HERE  (.*) }/ at /home/src/perl/repoperls/installed-perls/perl/v5.17.1-102-g7a251f7/9980/lib/site_perl/5.17.2/Lingua/EN/Tagger.pm line 926.
Unescaped left brace in regex is deprecated, passed through in regex; marked by <-- HERE in m/^"?([^{"]+)"?: { <-- HERE  (.*) }/ at /home/src/perl/repoperls/installed-perls/perl/v5.17.1-102-g7a251f7/9980/lib/site_perl/5.17.2/Lingua/EN/Tagger.pm line 955.
t/30_01comments.t ....................... ok
Unescaped left brace in regex is deprecated, passed through in regex; marked by <-- HERE in m/^"?([^{"]+)"?: { <-- HERE  (.*) }/ at /home/src/perl/repoperls/installed-perls/perl/v5.17.1-102-g7a251f7/9980/lib/site_perl/5.17.2/Lingua/EN/Tagger.pm line 926.
Unescaped left brace in regex is deprecated, passed through in regex; marked by <-- HERE in m/^"?([^{"]+)"?: { <-- HERE  (.*) }/ at /home/src/perl/repoperls/installed-perls/perl/v5.17.1-102-g7a251f7/9980/lib/site_perl/5.17.2/Lingua/EN/Tagger.pm line 955.
t/30_02bad_comment_table.t .............. ok
Unescaped left brace in regex is deprecated, passed through in regex; marked by <-- HERE in m/^"?([^{"]+)"?: { <-- HERE  (.*) }/ at /home/src/perl/repoperls/installed-perls/perl/v5.17.1-102-g7a251f7/9980/lib/site_perl/5.17.2/Lingua/EN/Tagger.pm line 926.
Unescaped left brace in regex is deprecated, passed through in regex; marked by <-- HERE in m/^"?([^{"]+)"?: { <-- HERE  (.*) }/ at /home/src/perl/repoperls/installed-perls/perl/v5.17.1-102-g7a251f7/9980/lib/site_perl/5.17.2/Lingua/EN/Tagger.pm line 955.
t/30_03no_comment_table.t ............... ok
Unescaped left brace in regex is deprecated, passed through in regex; marked by <-- HERE in m/^"?([^{"]+)"?: { <-- HERE  (.*) }/ at /home/src/perl/repoperls/installed-perls/perl/v5.17.1-102-g7a251f7/9980/lib/site_perl/5.17.2/Lingua/EN/Tagger.pm line 926.
Unescaped left brace in regex is deprecated, passed through in regex; marked by <-- HERE in m/^"?([^{"]+)"?: { <-- HERE  (.*) }/ at /home/src/perl/repoperls/installed-perls/perl/v5.17.1-102-g7a251f7/9980/lib/site_perl/5.17.2/Lingua/EN/Tagger.pm line 955.
t/40overwrite_modifications.t ........... ok
Unescaped left brace in regex is deprecated, passed through in regex; marked by <-- HERE in m/^"?([^{"]+)"?: { <-- HERE  (.*) }/ at /home/src/perl/repoperls/installed-perls/perl/v5.17.1-102-g7a251f7/9980/lib/site_perl/5.17.2/Lingua/EN/Tagger.pm line 926.
Unescaped left brace in regex is deprecated, passed through in regex; marked by <-- HERE in m/^"?([^{"]+)"?: { <-- HERE  (.*) }/ at /home/src/perl/repoperls/installed-perls/perl/v5.17.1-102-g7a251f7/9980/lib/site_perl/5.17.2/Lingua/EN/Tagger.pm line 955.
t/45relationships.t ..................... ok
Unescaped left brace in regex is deprecated, passed through in regex; marked by <-- HERE in m/^"?([^{"]+)"?: { <-- HERE  (.*) }/ at /home/src/perl/repoperls/installed-perls/perl/v5.17.1-102-g7a251f7/9980/lib/site_perl/5.17.2/Lingua/EN/Tagger.pm line 926.
Unescaped left brace in regex is deprecated, passed through in regex; marked by <-- HERE in m/^"?([^{"]+)"?: { <-- HERE  (.*) }/ at /home/src/perl/repoperls/installed-perls/perl/v5.17.1-102-g7a251f7/9980/lib/site_perl/5.17.2/Lingua/EN/Tagger.pm line 955.
t/50rt59849.t ........................... ok
Unescaped left brace in regex is deprecated, passed through in regex; marked by <-- HERE in m/^"?([^{"]+)"?: { <-- HERE  (.*) }/ at /home/src/perl/repoperls/installed-perls/perl/v5.17.1-102-g7a251f7/9980/lib/site_perl/5.17.2/Lingua/EN/Tagger.pm line 926.
Unescaped left brace in regex is deprecated, passed through in regex; marked by <-- HERE in m/^"?([^{"]+)"?: { <-- HERE  (.*) }/ at /home/src/perl/repoperls/installed-perls/perl/v5.17.1-102-g7a251f7/9980/lib/site_perl/5.17.2/Lingua/EN/Tagger.pm line 955.
t/60dbicdump_config.t ................... ok
Unescaped left brace in regex is deprecated, passed through in regex; marked by <-- HERE in m/^"?([^{"]+)"?: { <-- HERE  (.*) }/ at /home/src/perl/repoperls/installed-perls/perl/v5.17.1-102-g7a251f7/9980/lib/site_perl/5.17.2/Lingua/EN/Tagger.pm line 926.
Unescaped left brace in regex is deprecated, passed through in regex; marked by <-- HERE in m/^"?([^{"]+)"?: { <-- HERE  (.*) }/ at /home/src/perl/repoperls/installed-perls/perl/v5.17.1-102-g7a251f7/9980/lib/site_perl/5.17.2/Lingua/EN/Tagger.pm line 955.
Unescaped left brace in regex is deprecated, passed through in regex; marked by <-- HERE in m/^"?([^{"]+)"?: { <-- HERE  (.*) }/ at /home/src/perl/repoperls/installed-perls/perl/v5.17.1-102-g7a251f7/9980/lib/site_perl/5.17.2/Lingua/EN/Tagger.pm line 926.
Unescaped left brace in regex is deprecated, passed through in regex; marked by <-- HERE in m/^"?([^{"]+)"?: { <-- HERE  (.*) }/ at /home/src/perl/repoperls/installed-perls/perl/v5.17.1-102-g7a251f7/9980/lib/site_perl/5.17.2/Lingua/EN/Tagger.pm line 955.
Unescaped left brace in regex is deprecated, passed through in regex; marked by <-- HERE in m/^"?([^{"]+)"?: { <-- HERE  (.*) }/ at /home/src/perl/repoperls/installed-perls/perl/v5.17.1-102-g7a251f7/9980/lib/site_perl/5.17.2/Lingua/EN/Tagger.pm line 926.
Unescaped left brace in regex is deprecated, passed through in regex; marked by <-- HERE in m/^"?([^{"]+)"?: { <-- HERE  (.*) }/ at /home/src/perl/repoperls/installed-perls/perl/v5.17.1-102-g7a251f7/9980/lib/site_perl/5.17.2/Lingua/EN/Tagger.pm line 955.
t/65dbicdump_invocations.t .............. ok
Unescaped left brace in regex is deprecated, passed through in regex; marked by <-- HERE in m/^"?([^{"]+)"?: { <-- HERE  (.*) }/ at /home/src/perl/repoperls/installed-perls/perl/v5.17.1-102-g7a251f7/9980/lib/site_perl/5.17.2/Lingua/EN/Tagger.pm line 926.
Unescaped left brace in regex is deprecated, passed through in regex; marked by <-- HERE in m/^"?([^{"]+)"?: { <-- HERE  (.*) }/ at /home/src/perl/repoperls/installed-perls/perl/v5.17.1-102-g7a251f7/9980/lib/site_perl/5.17.2/Lingua/EN/Tagger.pm line 955.
t/70schema_base_dispatched.t ............ ok
t/80split_name.t ........................ ok
t/90bug_58_mro.t ........................ skipped: perl 5.8 required for this test
t/backcompat/0.04006/10sqlite_common.t .. skipped: set SCHEMA_LOADER_TESTS_BACKCOMPAT to enable these tests
t/backcompat/0.04006/11mysql_common.t ... skipped: set SCHEMA_LOADER_TESTS_BACKCOMPAT to enable these tests
t/backcompat/0.04006/12pg_common.t ...... skipped: set SCHEMA_LOADER_TESTS_BACKCOMPAT to enable these tests
t/backcompat/0.04006/13db2_common.t ..... skipped: set SCHEMA_LOADER_TESTS_BACKCOMPAT to enable these tests
t/backcompat/0.04006/14ora_common.t ..... skipped: set SCHEMA_LOADER_TESTS_BACKCOMPAT to enable these tests
t/backcompat/0.04006/20invocations.t .... skipped: set SCHEMA_LOADER_TESTS_BACKCOMPAT to enable these tests
t/backcompat/0.04006/21misc_fatal.t ..... skipped: set SCHEMA_LOADER_TESTS_BACKCOMPAT to enable these tests
t/backcompat/0.04006/22dump.t ........... skipped: set SCHEMA_LOADER_TESTS_BACKCOMPAT to enable these tests
t/backcompat/0.04006/23dumpmore.t ....... skipped: set SCHEMA_LOADER_TESTS_BACKCOMPAT to enable these tests

Test Summary Report
-------------------
t/10_01sqlite_common.t                (Wstat: 256 Tests: 286 Failed: 1)
  Failed test:  8
  Non-zero exit status: 1
t/23dumpmore.t                        (Wstat: 6656 Tests: 265 Failed: 26)
  Failed tests:  1, 4, 9, 14, 20, 25, 31, 36, 42, 49, 56
                96, 139, 157, 168, 175-176, 184-185, 198
                218, 241, 254, 257, 260, 264
  Non-zero exit status: 26
t/25backcompat.t                      (Wstat: 768 Tests: 466 Failed: 3)
  Failed tests:  2-4
  Non-zero exit status: 3
Files=41, Tests=1258, 26 wallclock secs ( 0.24 usr  0.04 sys + 23.00 cusr  1.78 csys = 25.06 CPU)
Result: FAIL
Failed 3/41 test programs. 30/1258 subtests failed.
make: *** [test_dynamic] Error 255

------------------------------
PREREQUISITES
------------------------------

Prerequisite modules loaded:

requires:

    Module                         Need     Have    
    ------------------------------ -------- --------
    Carp::Clan                     0        6.04    
    Class::Accessor::Grouped       0.10002  0.10006 
    Class::C3::Componentised       1.0008   1.001000
    Class::Inspector               1.27     1.27    
    Class::Unload                  0        0.07    
    Data::Dump                     1.06     1.21    
    DBD::SQLite                    1.29     1.37    
    DBI                            1.56     1.622   
    DBIx::Class                    0.08127  0.08196 
    DBIx::Class::IntrospectableM2M 0        0.001001
    Digest::MD5                    2.36     2.52    
    Exporter                       5.63     5.67    
    File::Copy                     0        2.23    
    File::Path                     2.07     2.08_01 
    File::Spec                     0        3.39_02 
    File::Temp                     0.16     0.22    
    Hash::Merge                    0        0.12    
    IPC::Open3                     0        1.12    
    Lingua::EN::Inflect::Number    1.1      1.1     
    Lingua::EN::Inflect::Phrase    0.02     0.12    
    Lingua::EN::Tagger             0        0.19    
    List::MoreUtils                0        0.33    
    MRO::Compat                    0.09     0.11    
    namespace::clean               0.20     0.23    
    perl                           5.008001 5.017002
    Scalar::Util                   0        1.25    
    Scope::Guard                   0        0.20    
    String::CamelCase              0.02     0.02    
    String::ToIdentifier::EN       0.05     0.07    
    Sub::Name                      0        0.05    
    Task::Weaken                   0        1.04    
    Test::Exception                0        0.31    
    Test::More                     0.94     0.98    
    Test::Warn                     0.21     0.24    
    Try::Tiny                      0        0.11    

build_requires:

    Module                         Need     Have    
    ------------------------------ -------- --------
    DBD::SQLite                    1.29     1.37    
    DBI                            1.56     1.622   
    DBIx::Class::IntrospectableM2M 0        0.001001
    ExtUtils::MakeMaker            6.59     6.63_02 
    File::Copy                     0        2.23    
    File::Path                     2.07     2.08_01 
    File::Temp                     0.16     0.22    
    IPC::Open3                     0        1.12    
    Test::Exception                0        0.31    
    Test::More                     0.94     0.98    
    Test::Warn                     0.21     0.24    

configure_requires:

    Module                         Need     Have    
    ------------------------------ -------- --------
    ExtUtils::MakeMaker            6.59     6.63_02 


------------------------------
ENVIRONMENT AND OTHER CONTEXT
------------------------------

Environment variables:

    AUTOMATED_TESTING = 1
    LANG = en_US.UTF-8
    LANGUAGE = en_US:en
    PATH = /home/sand/bin:/usr/local/bin:/usr/bin:/bin:/usr/bin/X11:/usr/games:/usr/local/perl/bin:/usr/X11/bin:/sbin:/usr/sbin
    PERL5LIB = 
    PERL5OPT = 
    PERL5_CPANPLUS_IS_RUNNING = 13708
    PERL5_CPAN_IS_RUNNING = 13708
    PERL_MM_USE_DEFAULT = 1
    SHELL = /usr/bin/zsh
    TERM = screen

Perl special variables (and OS-specific diagnostics, for MSWin32):

    $^X = /mnt/k75/homesand/src/perl/repoperls/installed-perls/perl/v5.17.1-102-g7a251f7/9980/bin/perl
    $UID/$EUID = 1005 / 1005
    $GID = 1005 1005
    $EGID = 1005 1005

Perl module toolchain versions installed:

    Module              Have    
    ------------------- --------
    CPAN                1.9800  
    CPAN::Meta          2.120921
    Cwd                 3.39_02 
    ExtUtils::CBuilder  0.280208
    ExtUtils::Command   1.17    
    ExtUtils::Install   1.58    
    ExtUtils::MakeMaker 6.63_02 
    ExtUtils::Manifest  1.61    
    ExtUtils::ParseXS   3.17    
    File::Spec          3.39_02 
    JSON                2.53    
    JSON::PP            2.27200 
    Module::Build       0.40    
    Module::Signature   0.68    
    Parse::CPAN::Meta   1.4404  
    Test::Harness       3.25    
    Test::More          0.98    
    YAML                0.81    
    YAML::Syck          1.20    
    version             0.99    


--

Summary of my perl5 (revision 5 version 17 subversion 2) configuration:
  Commit id: 7a251f7a69f0a1331dd5464535c47b95dc7b7334
  Platform:
    osname=linux, osvers=3.2.0-2-amd64, archname=x86_64-linux-thread-multi
    uname='linux k83 3.2.0-2-amd64 #1 smp mon jun 11 17:24:18 utc 2012 x86_64 gnulinux '
    config_args='-Dprefix=/home/src/perl/repoperls/installed-perls/perl/v5.17.1-102-g7a251f7/9980 -Dmyhostname=k83 -Dinstallusrbinperl=n -Uversiononly -Dusedevel -des -Ui_db -Duseithreads -Uuselongdouble -DDEBUGGING=-g'
    hint=recommended, useposix=true, d_sigaction=define
    useithreads=define, usemultiplicity=define
    useperlio=define, d_sfio=undef, uselargefiles=define, usesocks=undef
    use64bitint=define, use64bitall=define, uselongdouble=undef
    usemymalloc=n, bincompat5005=undef
  Compiler:
    cc='cc', ccflags ='-D_REENTRANT -D_GNU_SOURCE -fno-strict-aliasing -pipe -fstack-protector -I/usr/local/include -D_LARGEFILE_SOURCE -D_FILE_OFFSET_BITS=64',
    optimize='-O2 -g',
    cppflags='-D_REENTRANT -D_GNU_SOURCE -fno-strict-aliasing -pipe -fstack-protector -I/usr/local/include'
    ccversion='', gccversion='4.7.0', gccosandvers=''
    intsize=4, longsize=8, ptrsize=8, doublesize=8, byteorder=12345678
    d_longlong=define, longlongsize=8, d_longdbl=define, longdblsize=16
    ivtype='long', ivsize=8, nvtype='double', nvsize=8, Off_t='off_t', lseeksize=8
    alignbytes=8, prototype=define
  Linker and Libraries:
    ld='cc', ldflags =' -fstack-protector -L/usr/local/lib'
    libpth=/usr/local/lib /lib/x86_64-linux-gnu /lib/../lib /usr/lib/x86_64-linux-gnu /usr/lib/../lib /lib /usr/lib
    libs=-lnsl -ldb -ldl -lm -lcrypt -lutil -lpthread -lc
    perllibs=-lnsl -ldl -lm -lcrypt -lutil -lpthread -lc
    libc=, so=so, useshrplib=false, libperl=libperl.a
    gnulibc_version='2.13'
  Dynamic Linking:
    dlsrc=dl_dlopen.xs, dlext=so, d_dlsymun=undef, ccdlflags='-Wl,-E'
    cccdlflags='-fPIC', lddlflags='-shared -O2 -g -L/usr/local/lib -fstack-protector'


Characteristics of this binary (from libperl): 
  Compile-time options: HAS_TIMES MULTIPLICITY PERLIO_LAYERS
                        PERL_DONT_CREATE_GVSV PERL_IMPLICIT_CONTEXT
                        PERL_MALLOC_WRAP PERL_PRESERVE_IVUV PERL_USE_DEVEL
                        USE_64_BIT_ALL USE_64_BIT_INT USE_ITHREADS
                        USE_LARGE_FILES USE_LOCALE USE_LOCALE_COLLATE
                        USE_LOCALE_CTYPE USE_LOCALE_NUMERIC USE_PERLIO
                        USE_PERL_ATOF USE_REENTRANT_API
  Built under linux
  Compiled at Jun 25 2012 08:24:04
  %ENV:
    PERL5LIB=""
    PERL5OPT=""
    PERL5_CPANPLUS_IS_RUNNING="13708"
    PERL5_CPAN_IS_RUNNING="13708"
    PERL_MM_USE_DEFAULT="1"
  @INC:
    /home/src/perl/repoperls/installed-perls/perl/v5.17.1-102-g7a251f7/9980/lib/site_perl/5.17.2/x86_64-linux-thread-multi
    /home/src/perl/repoperls/installed-perls/perl/v5.17.1-102-g7a251f7/9980/lib/site_perl/5.17.2
    /home/src/perl/repoperls/installed-perls/perl/v5.17.1-102-g7a251f7/9980/lib/5.17.2/x86_64-linux-thread-multi
    /home/src/perl/repoperls/installed-perls/perl/v5.17.1-102-g7a251f7/9980/lib/5.17.2
    .