Report for Entities-0.2

Back
From: metabase:user:320bfe00-2aae-11df-837a-5e0a49663a4f
Subject: FAIL Entities-0.2 v5.17.8 GNU/Linux
Date: 2012-12-29T18:57:09Z

This distribution has been tested as part of the CPAN Testers
project, supporting the Perl programming language.  See
http://wiki.cpantesters.org/ for more information or email
questions to cpan-testers-discuss@perl.org


--
Dear Ido Perlmuter,

This is a computer-generated report for Entities-0.2
on perl 5.17.8, created by CPAN-Reporter-1.2009.

Thank you for uploading your work to CPAN.  However, there was a problem
testing your distribution.

If you think this report is invalid, please consult the CPAN Testers Wiki
for suggestions on how to avoid getting FAIL reports for missing library
or binary dependencies, unsupported operating systems, and so on:

http://wiki.cpantesters.org/wiki/CPANAuthorNotes

Sections of this report:

    * Tester comments
    * Program output
    * Prerequisites
    * Environment and other context

------------------------------
TESTER COMMENTS
------------------------------

Additional comments from tester:

this report is from an automated smoke testing program
and was not reviewed by a human for accuracy

------------------------------
PROGRAM OUTPUT
------------------------------

Output from '/usr/bin/make test':

PERL_DL_NONLAZY=1 /tmp/basesmoker-reloperl-ZhEU/bin/perl "-MExtUtils::Command::MM" "-e" "test_harness(0, 'blib/lib', 'blib/arch')" t/*.t
# Testing Entities 0.2, Perl 5.017008, /tmp/basesmoker-reloperl-ZhEU/bin/perl
t/00-load.t ............... ok
Abilities::belongs_to() is deprecated, please use assigned_role() instead. at /tmp/loop_over_bdir-fe2osn/Entities-0.2-HQr5Uk/blib/lib/Entities/User.pm line 259.
Can't handle action of reference Entities::Action at reader Entities::Role::abilities (defined at /home/src/perl/repoperls/installed-perls/perl/v5.17.7.0-134-g833826e/9980/lib/site_perl/5.17.8/Abilities.pm line 187) line 8.

#   Failed test 'barrole can destroy_stuff'
#   at t/01-memory.t line 86.
#          got: undef
#     expected: '1'
Can't handle action of reference Entities::Action at reader Entities::User::abilities (defined at /home/src/perl/repoperls/installed-perls/perl/v5.17.7.0-134-g833826e/9980/lib/site_perl/5.17.8/Abilities.pm line 187) line 8.
Can't handle action of reference Entities::Action at reader Entities::Role::abilities (defined at /home/src/perl/repoperls/installed-perls/perl/v5.17.7.0-134-g833826e/9980/lib/site_perl/5.17.8/Abilities.pm line 187) line 8.

#   Failed test 'User can do_stuff'
#   at t/01-memory.t line 91.
#          got: undef
#     expected: '1'

#   Failed test 'User can do_more_stuff'
#   at t/01-memory.t line 92.
#          got: undef
#     expected: '1'
Abilities::belongs_to() is deprecated, please use assigned_role() instead. at t/01-memory.t line 94.
Abilities::inherits_from_role() is deprecated, please use does_role() instead. at t/01-memory.t line 95.
Abilities::inherits_from_role() is deprecated, please use does_role() instead. at t/01-memory.t line 96.

#   Failed test 'fooplan has ssh feature'
#   at t/01-memory.t line 100.
#          got: undef
#     expected: '1'

#   Failed test 'Customer has ssh feature'
#   at t/01-memory.t line 104.
#          got: undef
#     expected: '1'
Abilities::belongs_to() is deprecated, please use assigned_role() instead. at /tmp/loop_over_bdir-fe2osn/Entities-0.2-HQr5Uk/blib/lib/Entities/User.pm line 290.
Abilities::belongs_to() is deprecated, please use assigned_role() instead. at /tmp/loop_over_bdir-fe2osn/Entities-0.2-HQr5Uk/blib/lib/Entities/User.pm line 259.
Abilities::belongs_to() is deprecated, please use assigned_role() instead. at t/01-memory.t line 117.
Abilities::belongs_to() is deprecated, please use assigned_role() instead. at t/01-memory.t line 118.

#   Failed test 'User can now destory_stuff.'
#   at t/01-memory.t line 119.
#          got: undef
#     expected: '1'
Abilities::Features::inherits_from_plan() is deprecated, please use inherits_plan() instead. at t/01-memory.t line 123.

#   Failed test 'Customer now has backups feature.'
#   at t/01-memory.t line 124.
#          got: undef
#     expected: '1'

#   Failed test 'Customer still has the ssh feature.'
#   at t/01-memory.t line 125.
#          got: undef
#     expected: '1'
Abilities::takes_from() is deprecated, please use assigned_role() instead. at /tmp/loop_over_bdir-fe2osn/Entities-0.2-HQr5Uk/blib/lib/Entities/Role.pm line 287.
Abilities::takes_from() is deprecated, please use assigned_role() instead. at t/01-memory.t line 133.
Abilities::inherits_from_role() is deprecated, please use does_role() instead. at t/01-memory.t line 134.

#   Failed test 'barrole can no longer do_stuff'
#   at t/01-memory.t line 135.
#          got: undef
#     expected: '1'
Abilities::Features::inherits_from_plan() is deprecated, please use inherits_plan() instead. at t/01-memory.t line 139.
Abilities::takes_from() is deprecated, please use assigned_role() instead. at /tmp/loop_over_bdir-fe2osn/Entities-0.2-HQr5Uk/blib/lib/Entities/Role.pm line 318.
Abilities::inherits_from_role() is deprecated, please use does_role() instead. at t/01-memory.t line 151.
Abilities::Features::inherits_from_plan() is deprecated, please use inherits_plan() instead. at t/01-memory.t line 153.
# Looks like you failed 9 tests of 76.
t/01-memory.t ............. 
Dubious, test returned 9 (wstat 2304, 0x900)
Failed 9/76 subtests 
# MongoDB doesn't seem to be running.
t/02-mongodb.t ............ ok
t/manifest.t .............. skipped: Author tests not required for installation
t/release-pod-coverage.t .. skipped: these tests are for release candidate testing
t/release-pod-syntax.t .... skipped: these tests are for release candidate testing

Test Summary Report
-------------------
t/01-memory.t           (Wstat: 2304 Tests: 76 Failed: 9)
  Failed tests:  32, 37-38, 46, 50, 56, 61-62, 65
  Non-zero exit status: 9
Files=6, Tests=153,  2 wallclock secs ( 0.04 usr  0.01 sys +  1.50 cusr  0.09 csys =  1.64 CPU)
Result: FAIL
Failed 1/6 test programs. 9/153 subtests failed.
make: *** [test_dynamic] Error 255

------------------------------
PREREQUISITES
------------------------------

Prerequisite modules loaded:

requires:

    Module                       Need Have   
    ---------------------------- ---- -------
    Abilities                    0    0.3    
    Abilities::Features          0    0.3    
    Carp                         0    1.28   
    DateTime::Format::ISO8601    0    0.08   
    Digest::MD5                  0    2.52   
    MongoDB                      0    0.503.2
    Moose                        0    2.0604 
    Moose::Role                  0    2.0604 
    Moose::Util::TypeConstraints 0    2.0604 
    MooseX::Types::DateTime      0    0.08   
    MooseX::Types::Digest        0    0.03   
    MooseX::Types::Email         0    0.004  
    namespace::autoclean         0    0.13   

build_requires:

    Module                       Need Have   
    ---------------------------- ---- -------
    Test::Moose                  0    2.0604 
    Test::More                   0    0.98   

configure_requires:

    Module                       Need Have   
    ---------------------------- ---- -------
    ExtUtils::MakeMaker          6.31 6.64   


------------------------------
ENVIRONMENT AND OTHER CONTEXT
------------------------------

Environment variables:

    AUTOMATED_TESTING = 1
    LANG = en_US.UTF-8
    LANGUAGE = en_US:en
    PATH = /usr/lib/ccache:/home/sand/bin:/usr/local/bin:/usr/bin:/bin:/usr/bin/X11:/usr/games:/usr/local/perl/bin:/usr/X11/bin:/sbin:/usr/sbin
    PERL5LIB = 
    PERL5OPT = 
    PERL5_CPANPLUS_IS_RUNNING = 1501
    PERL5_CPAN_IS_RUNNING = 1501
    PERL_MM_USE_DEFAULT = 1
    SHELL = /usr/bin/zsh
    TERM = screen

Perl special variables (and OS-specific diagnostics, for MSWin32):

    $^X = /tmp/basesmoker-reloperl-ZhEU/bin/perl
    $UID/$EUID = 1005 / 1005
    $GID = 1005 1005
    $EGID = 1005 1005

Perl module toolchain versions installed:

    Module              Have    
    ------------------- --------
    CPAN                1.9800  
    CPAN::Meta          2.120921
    Cwd                 3.39_03 
    ExtUtils::CBuilder  0.280209
    ExtUtils::Command   1.17    
    ExtUtils::Install   1.58    
    ExtUtils::MakeMaker 6.64    
    ExtUtils::Manifest  1.62    
    ExtUtils::ParseXS   3.18    
    File::Spec          3.39_02 
    JSON                2.53    
    JSON::PP            2.27200 
    Module::Build       0.4003  
    Module::Signature   0.70    
    Parse::CPAN::Meta   1.4404  
    Test::Harness       3.25_01 
    Test::More          0.98    
    YAML                0.84    
    YAML::Syck          1.22    
    version             0.9901  


--

Summary of my perl5 (revision 5 version 17 subversion 8) configuration:
  Commit id: 833826ed7ad8c06c336951d9c870315ae4da189e
  Platform:
    osname=linux, osvers=3.2.0-4-amd64, archname=x86_64-linux-thread-multi
    uname='linux k83 3.2.0-4-amd64 #1 smp debian 3.2.35-2 x86_64 gnulinux '
    config_args='-Dprefix=/home/src/perl/repoperls/installed-perls/perl/v5.17.7.0-134-g833826e/9980 -Dmyhostname=k83 -Dinstallusrbinperl=n -Uversiononly -Dusedevel -des -Ui_db -Duseithreads -Uuselongdouble -DDEBUGGING=-g'
    hint=recommended, useposix=true, d_sigaction=define
    useithreads=define, usemultiplicity=define
    useperlio=define, d_sfio=undef, uselargefiles=define, usesocks=undef
    use64bitint=define, use64bitall=define, uselongdouble=undef
    usemymalloc=n, bincompat5005=undef
  Compiler:
    cc='cc', ccflags ='-D_REENTRANT -D_GNU_SOURCE -fno-strict-aliasing -pipe -fstack-protector -I/usr/local/include -D_LARGEFILE_SOURCE -D_FILE_OFFSET_BITS=64',
    optimize='-O2 -g',
    cppflags='-D_REENTRANT -D_GNU_SOURCE -fno-strict-aliasing -pipe -fstack-protector -I/usr/local/include'
    ccversion='', gccversion='4.7.2', gccosandvers=''
    intsize=4, longsize=8, ptrsize=8, doublesize=8, byteorder=12345678
    d_longlong=define, longlongsize=8, d_longdbl=define, longdblsize=16
    ivtype='long', ivsize=8, nvtype='double', nvsize=8, Off_t='off_t', lseeksize=8
    alignbytes=8, prototype=define
  Linker and Libraries:
    ld='cc', ldflags =' -fstack-protector -L/usr/local/lib'
    libpth=/usr/local/lib /lib/x86_64-linux-gnu /lib/../lib /usr/lib/x86_64-linux-gnu /usr/lib/../lib /lib /usr/lib
    libs=-lnsl -ldb -ldl -lm -lcrypt -lutil -lpthread -lc
    perllibs=-lnsl -ldl -lm -lcrypt -lutil -lpthread -lc
    libc=, so=so, useshrplib=false, libperl=libperl.a
    gnulibc_version='2.13'
  Dynamic Linking:
    dlsrc=dl_dlopen.xs, dlext=so, d_dlsymun=undef, ccdlflags='-Wl,-E'
    cccdlflags='-fPIC', lddlflags='-shared -O2 -g -L/usr/local/lib -fstack-protector'


Characteristics of this binary (from libperl): 
  Compile-time options: HAS_TIMES MULTIPLICITY PERLIO_LAYERS
                        PERL_DONT_CREATE_GVSV PERL_IMPLICIT_CONTEXT
                        PERL_MALLOC_WRAP PERL_NEW_COPY_ON_WRITE
                        PERL_PRESERVE_IVUV PERL_USE_DEVEL USE_64_BIT_ALL
                        USE_64_BIT_INT USE_ITHREADS USE_LARGE_FILES
                        USE_LOCALE USE_LOCALE_COLLATE USE_LOCALE_CTYPE
                        USE_LOCALE_NUMERIC USE_PERLIO USE_PERL_ATOF
                        USE_REENTRANT_API
  Built under linux
  Compiled at Dec 28 2012 18:57:52
  %ENV:
    PERL5LIB=""
    PERL5OPT=""
    PERL5_CPANPLUS_IS_RUNNING="1501"
    PERL5_CPAN_IS_RUNNING="1501"
    PERL_MM_USE_DEFAULT="1"
  @INC:
    /home/src/perl/repoperls/installed-perls/perl/v5.17.7.0-134-g833826e/9980/lib/site_perl/5.17.8/x86_64-linux-thread-multi
    /home/src/perl/repoperls/installed-perls/perl/v5.17.7.0-134-g833826e/9980/lib/site_perl/5.17.8
    /home/src/perl/repoperls/installed-perls/perl/v5.17.7.0-134-g833826e/9980/lib/5.17.8/x86_64-linux-thread-multi
    /home/src/perl/repoperls/installed-perls/perl/v5.17.7.0-134-g833826e/9980/lib/5.17.8
    .